37.19.208.120 - - [09/Jun/2026:08:54:46 +0000] "POST /xmlrpc.php HTTP/1.1" 200 18012 "-" "Mozilla/5.0 (Windows NT 10.0; Win64; x64) AppleWebKit/537.36 (KHTML, like Gecko) Chrome/114.0.0.0 Safari/537.36"
139.84.174.118 - - [09/Jun/2026:08:55:17 +0000] "POST /wp-cron.php?doing_wp_cron=1780995317.7864379882812500000000 HTTP/1.1" 200 3593 "-" "WordPress/6.5.8; https://mayaver.com"
141.98.11.117 - - [09/Jun/2026:08:55:17 +0000] "POST /xmlrpc.php HTTP/1.1" 200 4817 "-" "Mozilla/5.0 (X11; Linux x86_64; rv:133.0) Gecko/20100101 Firefox/133.0"
57.141.2.19 - - [09/Jun/2026:08:55:47 +0000] "GET /products/converse-one-star-japan-old-model-navy/71095185/ HTTP/1.1" 200 3563 "-" "meta-externalagent/1.1 (+https://developers.facebook.com/docs/sharing/webmasters/crawler)"
57.141.2.56 - - [09/Jun/2026:08:55:53 +0000] "GET /products/new-old-stock-abercrombie-fitch-new-york-pull-over-hoodie/79095105/ HTTP/1.1" 200 3563 "-" "meta-externalagent/1.1 (+https://developers.facebook.com/docs/sharing/webmasters/crawler)"
57.141.2.53 - - [09/Jun/2026:08:56:08 +0000] "GET /products/silk-trousers/58230225/ HTTP/1.1" 200 3563 "-" "meta-externalagent/1.1 (+https://developers.facebook.com/docs/sharing/webmasters/crawler)"
57.141.2.15 - - [09/Jun/2026:08:56:09 +0000] "GET /products/louis-vuitton-trocadero-pm-shoulder-bag-m51274-monogram-brow/39531681/ HTTP/1.1" 200 3563 "-" "meta-externalagent/1.1 (+https://developers.facebook.com/docs/sharing/webmasters/crawler)"
57.141.2.43 - - [09/Jun/2026:08:56:10 +0000] "GET /products/yohji-yamamoto-pour-homme-19aw-white-button-jacket/26048001/ HTTP/1.1" 200 3563 "-" "meta-externalagent/1.1 (+https://developers.facebook.com/docs/sharing/webmasters/crawler)"
57.141.2.43 - - [09/Jun/2026:08:56:16 +0000] "GET /products/nike-sacai-yellow-lowtop-sneakers-37-men/33099009/ HTTP/1.1" 200 3563 "-" "meta-externalagent/1.1 (+https://developers.facebook.com/docs/sharing/webmasters/crawler)"
57.141.2.45 - - [09/Jun/2026:08:56:20 +0000] "GET /products/cp-company-burgundy-knit-sweater/8768361/ HTTP/1.1" 200 3563 "-" "meta-externalagent/1.1 (+https://developers.facebook.com/docs/sharing/webmasters/crawler)"
57.141.2.67 - - [09/Jun/2026:08:56:39 +0000] "GET /products/gap-maroon-hoodie/25976601/ HTTP/1.1" 200 3563 "-" "meta-externalagent/1.1 (+https://developers.facebook.com/docs/sharing/webmasters/crawler)"
57.141.2.30 - - [09/Jun/2026:08:56:45 +0000] "GET /products/new-balance-retro-silver-lowtop-sneakers-42-men/32158041/ HTTP/1.1" 200 3563 "-" "meta-externalagent/1.1 (+https://developers.facebook.com/docs/sharing/webmasters/crawler)"
57.141.2.19 - - [09/Jun/2026:08:56:47 +0000] "GET /products/greyson-polo-shirt-mens-l-costa-palmas-golf-striped-navy-whi/52293153/ HTTP/1.1" 200 3563 "-" "meta-externalagent/1.1 (+https://developers.facebook.com/docs/sharing/webmasters/crawler)"
57.141.2.12 - - [09/Jun/2026:08:56:57 +0000] "GET /products/fendi-ff-printed-terry-cardigan/37893465/ HTTP/1.1" 200 3563 "-" "meta-externalagent/1.1 (+https://developers.facebook.com/docs/sharing/webmasters/crawler)"
57.141.2.7 - - [09/Jun/2026:08:56:57 +0000] "GET /products/vintage-chunky-loaded-buttons-stretch-bracelet/16322289/ HTTP/1.1" 200 3563 "-" "meta-externalagent/1.1 (+https://developers.facebook.com/docs/sharing/webmasters/crawler)"
57.141.2.56 - - [09/Jun/2026:08:56:59 +0000] "GET /products/junya-watanabe-men-chore-hervier-mix-leather-ad-2012/22409049/ HTTP/1.1" 200 3563 "-" "meta-externalagent/1.1 (+https://developers.facebook.com/docs/sharing/webmasters/crawler)"
57.141.2.64 - - [09/Jun/2026:08:57:15 +0000] "GET /products/jil-sander-leather-jacket/17253729/ HTTP/1.1" 200 3563 "-" "meta-externalagent/1.1 (+https://developers.facebook.com/docs/sharing/webmasters/crawler)"
57.141.2.19 - - [09/Jun/2026:08:57:24 +0000] "GET /products/vintage-levis-levi-strauss-signature-pants-42x31-khaki-men-e/53920569/ HTTP/1.1" 200 3563 "-" "meta-externalagent/1.1 (+https://developers.facebook.com/docs/sharing/webmasters/crawler)"
57.141.2.53 - - [09/Jun/2026:08:57:25 +0000] "GET /products/hermes-black-lowtop-sneakers-405-men/33122697/ HTTP/1.1" 200 3563 "-" "meta-externalagent/1.1 (+https://developers.facebook.com/docs/sharing/webmasters/crawler)"
57.141.2.31 - - [09/Jun/2026:08:57:32 +0000] "GET /products/hermes-solid-color-suit-jacket/22856553/ HTTP/1.1" 200 3563 "-" "meta-externalagent/1.1 (+https://developers.facebook.com/docs/sharing/webmasters/crawler)"
57.141.2.58 - - [09/Jun/2026:08:57:33 +0000] "GET /products/ermenegildo-zegna-wool-cashmere-brown-blazer-light-jacket-42/36733113/ HTTP/1.1" 200 3563 "-" "meta-externalagent/1.1 (+https://developers.facebook.com/docs/sharing/webmasters/crawler)"
57.141.2.34 - - [09/Jun/2026:08:57:36 +0000] "GET /products/o1s1rm0924-size-os-mini-hobo-bag-in-silver/52978617/ HTTP/1.1" 200 3563 "-" "meta-externalagent/1.1 (+https://developers.facebook.com/docs/sharing/webmasters/crawler)"
57.141.2.71 - - [09/Jun/2026:08:57:41 +0000] "GET /products/super-sexy-gothic-y2k-vintage-tank-top/54104097/ HTTP/1.1" 200 3563 "-" "meta-externalagent/1.1 (+https://developers.facebook.com/docs/sharing/webmasters/crawler)"
57.141.2.45 - - [09/Jun/2026:08:57:46 +0000] "GET /products/burberry-dress-shirt-whitecheck-read-description/75507801/ HTTP/1.1" 200 3563 "-" "meta-externalagent/1.1 (+https://developers.facebook.com/docs/sharing/webmasters/crawler)"
87.250.224.209 - - [09/Jun/2026:08:57:47 +0000] "GET /robots.txt HTTP/1.1" 200 3643 "-" "Mozilla/5.0 (compatible; YandexBot/3.0; +http://yandex.com/bots)"
213.180.203.135 - - [09/Jun/2026:08:57:48 +0000] "GET /loto-klub-onlayn-igrayte-onlayn-v-lotoclub-kazakhstan/ HTTP/1.1" 200 3588 "-" "Mozilla/5.0 (compatible; YandexBot/3.0; +http://yandex.com/bots)"
40.77.167.56 - - [09/Jun/2026:08:57:48 +0000] "GET /products/o1s1wg111025-driver-with-horsebit-shoes-in-blue/29553537/ HTTP/1.1" 200 33018 "-" "Mozilla/5.0 AppleWebKit/537.36 (KHTML, like Gecko; compatible; bingbot/2.0; +http://www.bing.com/bingbot.htm) Chrome/116.0.1938.76 Safari/537.36"
57.141.2.53 - - [09/Jun/2026:08:57:52 +0000] "GET /products/japan-core-fighter-hand-sign-thermal-longsleeve/47259057/ HTTP/1.1" 200 3563 "-" "meta-externalagent/1.1 (+https://developers.facebook.com/docs/sharing/webmasters/crawler)"
57.141.2.53 - - [09/Jun/2026:08:57:53 +0000] "GET /products/louis-vuitton-multi-hoodie-men/56892201/ HTTP/1.1" 200 3563 "-" "meta-externalagent/1.1 (+https://developers.facebook.com/docs/sharing/webmasters/crawler)"
57.141.2.32 - - [09/Jun/2026:08:57:54 +0000] "GET /products/issey-miyake-black-pants/58065585/ HTTP/1.1" 200 3563 "-" "meta-externalagent/1.1 (+https://developers.facebook.com/docs/sharing/webmasters/crawler)"
57.141.2.61 - - [09/Jun/2026:08:57:56 +0000] "GET /products/misa-pink-crochet-hoodie-sweater-shamani-size-l/53412729/ HTTP/1.1" 200 3563 "-" "meta-externalagent/1.1 (+https://developers.facebook.com/docs/sharing/webmasters/crawler)"
40.77.167.53 - - [09/Jun/2026:08:57:58 +0000] "GET /products/2000s-gianfranco-ferr-grey-wool-tailored-pants/24262113/ HTTP/1.1" 200 32486 "-" "Mozilla/5.0 AppleWebKit/537.36 (KHTML, like Gecko; compatible; bingbot/2.0; +http://www.bing.com/bingbot.htm) Chrome/116.0.1938.76 Safari/537.36"
57.141.2.37 - - [09/Jun/2026:08:57:59 +0000] "GET /products/patagonia-pants-mens-32-gray-beige-cotton-polyester-knit-str/66876681/ HTTP/1.1" 200 3563 "-" "meta-externalagent/1.1 (+https://developers.facebook.com/docs/sharing/webmasters/crawler)"
52.167.144.173 - - [09/Jun/2026:08:57:59 +0000] "GET /products/vintage-harvard-sports-club-varsity-leather-jacket-1976/59370201/ HTTP/1.1" 200 32806 "-" "Mozilla/5.0 AppleWebKit/537.36 (KHTML, like Gecko; compatible; bingbot/2.0; +http://www.bing.com/bingbot.htm) Chrome/116.0.1938.76 Safari/537.36"
52.167.144.173 - - [09/Jun/2026:08:58:01 +0000] "GET /products/emily-wetherby-coat-womens-medium-ivory-fuzzy-boucle-lined-p/37322193/ HTTP/1.1" 200 33581 "-" "Mozilla/5.0 AppleWebKit/537.36 (KHTML, like Gecko; compatible; bingbot/2.0; +http://www.bing.com/bingbot.htm) Chrome/116.0.1938.76 Safari/537.36"
57.141.2.5 - - [09/Jun/2026:08:58:05 +0000] "GET /products/trucker-jacket-denim/40272873/ HTTP/1.1" 200 3563 "-" "meta-externalagent/1.1 (+https://developers.facebook.com/docs/sharing/webmasters/crawler)"
52.167.144.173 - - [09/Jun/2026:08:58:08 +0000] "GET /products/90s-honda-motorsport-racing-bomber/20469777/ HTTP/1.1" 200 34464 "-" "Mozilla/5.0 AppleWebKit/537.36 (KHTML, like Gecko; compatible; bingbot/2.0; +http://www.bing.com/bingbot.htm) Chrome/116.0.1938.76 Safari/537.36"
52.167.144.173 - - [09/Jun/2026:08:58:11 +0000] "GET /products/stunning-vintage-g-star-mens-military-utility-jacket-bomber/61825641/ HTTP/1.1" 200 34374 "-" "Mozilla/5.0 AppleWebKit/537.36 (KHTML, like Gecko; compatible; bingbot/2.0; +http://www.bing.com/bingbot.htm) Chrome/116.0.1938.76 Safari/537.36"
57.141.2.53 - - [09/Jun/2026:08:58:13 +0000] "GET /products/fw08-ann-demeulemeester-lievre-hat/11026665/ HTTP/1.1" 200 3563 "-" "meta-externalagent/1.1 (+https://developers.facebook.com/docs/sharing/webmasters/crawler)"
57.141.2.17 - - [09/Jun/2026:08:58:36 +0000] "GET /products/vintage-houndstooth-trench-coat-women-jacket-by-mens-bigi/77417865/ HTTP/1.1" 200 3563 "-" "meta-externalagent/1.1 (+https://developers.facebook.com/docs/sharing/webmasters/crawler)"
57.141.2.56 - - [09/Jun/2026:08:58:45 +0000] "GET /products/ll-bean-womens-corduroy-relaxed-shirt-lined/10336689/ HTTP/1.1" 200 3563 "-" "meta-externalagent/1.1 (+https://developers.facebook.com/docs/sharing/webmasters/crawler)"
57.141.2.24 - - [09/Jun/2026:08:59:04 +0000] "GET /products/large-gucci-bear-christmas-ornament-vintage-tom-ford-era/24632601/ HTTP/1.1" 200 3563 "-" "meta-externalagent/1.1 (+https://developers.facebook.com/docs/sharing/webmasters/crawler)"
57.141.2.21 - - [09/Jun/2026:08:59:31 +0000] "GET /products/nike-storm-fit-nfl-on-field-apparel-mens-size-xl/56084241/ HTTP/1.1" 200 3563 "-" "meta-externalagent/1.1 (+https://developers.facebook.com/docs/sharing/webmasters/crawler)"
57.141.2.60 - - [09/Jun/2026:08:59:38 +0000] "GET /products/salvatore-ferragamo-salvatore-ferragamo-pumps-leather-shoes/49273641/ HTTP/1.1" 200 3563 "-" "meta-externalagent/1.1 (+https://developers.facebook.com/docs/sharing/webmasters/crawler)"
57.141.2.60 - - [09/Jun/2026:08:59:50 +0000] "GET /products/size-m-blue-cotton-pleated-button-fly-casual-pants/68318745/ HTTP/1.1" 200 3563 "-" "meta-externalagent/1.1 (+https://developers.facebook.com/docs/sharing/webmasters/crawler)"
57.141.2.47 - - [09/Jun/2026:08:59:58 +0000] "GET /products/nanushka-giedre-blazer/38389905/ HTTP/1.1" 200 3563 "-" "meta-externalagent/1.1 (+https://developers.facebook.com/docs/sharing/webmasters/crawler)"
57.141.2.63 - - [09/Jun/2026:09:00:07 +0000] "GET /products/flashy-black-ankle-strap-sparkling-rhinestone-wedge-2-platf/29256921/ HTTP/1.1" 200 3563 "-" "meta-externalagent/1.1 (+https://developers.facebook.com/docs/sharing/webmasters/crawler)"
57.141.2.26 - - [09/Jun/2026:09:00:10 +0000] "GET /products/la-dop-for-dancers-bondage-pants/54698385/ HTTP/1.1" 200 3563 "-" "meta-externalagent/1.1 (+https://developers.facebook.com/docs/sharing/webmasters/crawler)"
57.141.2.56 - - [09/Jun/2026:09:00:14 +0000] "GET /products/cartier-rimless-woods/55625121/ HTTP/1.1" 200 3563 "-" "meta-externalagent/1.1 (+https://developers.facebook.com/docs/sharing/webmasters/crawler)"
57.141.2.62 - - [09/Jun/2026:09:00:15 +0000] "GET /products/vivienne-westwood-size2-planet-embroidery-orange-pink-strip/67135305/ HTTP/1.1" 200 3563 "-" "meta-externalagent/1.1 (+https://developers.facebook.com/docs/sharing/webmasters/crawler)"
57.141.2.56 - - [09/Jun/2026:09:00:36 +0000] "GET /products/archive-attachment-tactical-jacket/20136801/ HTTP/1.1" 200 3563 "-" "meta-externalagent/1.1 (+https://developers.facebook.com/docs/sharing/webmasters/crawler)"
139.84.174.118 - - [09/Jun/2026:09:00:47 +0000] "POST /wp-cron.php?doing_wp_cron=1780995647.7769989967346191406250 HTTP/1.1" 200 3593 "-" "WordPress/6.5.8; https://mayaver.com"
209.38.234.78 - - [09/Jun/2026:09:00:47 +0000] "POST /xmlrpc.php HTTP/1.1" 200 4817 "-" "Mozilla/5.0 (X11; Ubuntu; Linux x86_64; rv:133.0) Gecko/20100101 Firefox/133.0"
57.141.2.30 - - [09/Jun/2026:09:00:48 +0000] "GET /products/rare-vintage-vertical-fur-coat-black/11816361/ HTTP/1.1" 200 3563 "-" "meta-externalagent/1.1 (+https://developers.facebook.com/docs/sharing/webmasters/crawler)"
57.141.2.49 - - [09/Jun/2026:09:00:49 +0000] "GET /products/miu-miu-brown-shiny-leather-wallet-new-authentic/15914577/ HTTP/1.1" 200 3563 "-" "meta-externalagent/1.1 (+https://developers.facebook.com/docs/sharing/webmasters/crawler)"
57.141.2.35 - - [09/Jun/2026:09:00:52 +0000] "GET /products/crocs-men-black-yukon-vista-ii-literide-sandal-size-12-nwob/32010393/ HTTP/1.1" 200 3563 "-" "meta-externalagent/1.1 (+https://developers.facebook.com/docs/sharing/webmasters/crawler)"
57.141.2.53 - - [09/Jun/2026:09:01:02 +0000] "GET /products/nike-x-off-white-hoodie-black/9752025/ HTTP/1.1" 200 3563 "-" "meta-externalagent/1.1 (+https://developers.facebook.com/docs/sharing/webmasters/crawler)"
57.141.2.47 - - [09/Jun/2026:09:01:11 +0000] "GET /products/dainese-moto-racing-motorcycle-leather-jacket-vintage/31881513/ HTTP/1.1" 200 3563 "-" "meta-externalagent/1.1 (+https://developers.facebook.com/docs/sharing/webmasters/crawler)"
57.141.2.29 - - [09/Jun/2026:09:01:32 +0000] "GET /products/gianni-versace-boots-ankle-shoes-leather-black-medusa-zip/63537657/ HTTP/1.1" 200 3563 "-" "meta-externalagent/1.1 (+https://developers.facebook.com/docs/sharing/webmasters/crawler)"
57.141.2.15 - - [09/Jun/2026:09:01:38 +0000] "GET /products/louis-vuitton-alma-handbag-monogram-vernis/52762209/ HTTP/1.1" 200 3563 "-" "meta-externalagent/1.1 (+https://developers.facebook.com/docs/sharing/webmasters/crawler)"
57.141.2.42 - - [09/Jun/2026:09:01:39 +0000] "GET /products/2000s-jun-takahashi-undercover-madstore-black-hoodie/37037793/ HTTP/1.1" 200 3563 "-" "meta-externalagent/1.1 (+https://developers.facebook.com/docs/sharing/webmasters/crawler)"
57.141.2.54 - - [09/Jun/2026:09:01:47 +0000] "GET /products/1970s-lee-ryder-101-z-dark-wash-jeans/14083401/ HTTP/1.1" 200 3563 "-" "meta-externalagent/1.1 (+https://developers.facebook.com/docs/sharing/webmasters/crawler)"
40.77.167.56 - - [09/Jun/2026:09:01:48 +0000] "GET /products/japanese-brand-paisley-pattern-bucket-hat-avant-garde-style/10982409/ HTTP/1.1" 200 33442 "-" "Mozilla/5.0 AppleWebKit/537.36 (KHTML, like Gecko; compatible; bingbot/2.0; +http://www.bing.com/bingbot.htm) Chrome/116.0.1938.76 Safari/537.36"
40.77.167.56 - - [09/Jun/2026:09:01:50 +0000] "GET /products/miss-sixty-vintage-knit-long-neck-sweater/21988761/ HTTP/1.1" 200 33208 "-" "Mozilla/5.0 AppleWebKit/537.36 (KHTML, like Gecko; compatible; bingbot/2.0; +http://www.bing.com/bingbot.htm) Chrome/116.0.1938.76 Safari/537.36"
57.141.2.71 - - [09/Jun/2026:09:01:58 +0000] "GET /products/vivienne-westwood-yellow-striped-saturn-scarf/47999889/ HTTP/1.1" 200 3563 "-" "meta-externalagent/1.1 (+https://developers.facebook.com/docs/sharing/webmasters/crawler)"
57.141.2.64 - - [09/Jun/2026:09:02:01 +0000] "GET /products/2008-jordan-flipsyde-walnutkhaki-dark-brown-white/23691489/ HTTP/1.1" 200 3563 "-" "meta-externalagent/1.1 (+https://developers.facebook.com/docs/sharing/webmasters/crawler)"
57.141.2.6 - - [09/Jun/2026:09:02:02 +0000] "GET /products/black-yak-utility-outdoor-hooded-sleeveless-vest-zip-jacket/17434521/ HTTP/1.1" 200 3563 "-" "meta-externalagent/1.1 (+https://developers.facebook.com/docs/sharing/webmasters/crawler)"
57.141.2.13 - - [09/Jun/2026:09:02:03 +0000] "GET /products/o1w1db10724-dunstan-crew-neck-sweater-in-grey/8976921/ HTTP/1.1" 200 3563 "-" "meta-externalagent/1.1 (+https://developers.facebook.com/docs/sharing/webmasters/crawler)"
57.141.2.54 - - [09/Jun/2026:09:02:04 +0000] "GET /products/vivienne-westwood-vintage-black-bow-shirt/38690217/ HTTP/1.1" 200 3563 "-" "meta-externalagent/1.1 (+https://developers.facebook.com/docs/sharing/webmasters/crawler)"
57.141.2.31 - - [09/Jun/2026:09:02:08 +0000] "GET /products/vintage-nike-black-hoodie-with-a-swoosh-at-the-chest-xl/60174057/ HTTP/1.1" 200 3563 "-" "meta-externalagent/1.1 (+https://developers.facebook.com/docs/sharing/webmasters/crawler)"
57.141.2.52 - - [09/Jun/2026:09:02:09 +0000] "GET /products/louis-vuitton-training-blue-lowtop-sneakers-41-men/32215761/ HTTP/1.1" 200 3563 "-" "meta-externalagent/1.1 (+https://developers.facebook.com/docs/sharing/webmasters/crawler)"
57.141.2.67 - - [09/Jun/2026:09:02:16 +0000] "GET /products/rare-vintage-margaret-howell-black-designs-women-jacket/50640009/ HTTP/1.1" 200 3563 "-" "meta-externalagent/1.1 (+https://developers.facebook.com/docs/sharing/webmasters/crawler)"
57.141.2.62 - - [09/Jun/2026:09:02:23 +0000] "GET /products/nigel-cabourn-cameraman-jacket/28709865/ HTTP/1.1" 200 3563 "-" "meta-externalagent/1.1 (+https://developers.facebook.com/docs/sharing/webmasters/crawler)"
57.141.2.52 - - [09/Jun/2026:09:02:31 +0000] "GET /products/bottega-veneta-black-ankle-chelsea-boots/21030729/ HTTP/1.1" 200 3563 "-" "meta-externalagent/1.1 (+https://developers.facebook.com/docs/sharing/webmasters/crawler)"
57.141.2.60 - - [09/Jun/2026:09:02:42 +0000] "GET /products/pattern-fiona-purple-faded-shaggy-fur-mohair-knitwear-s2276/11714937/ HTTP/1.1" 200 3563 "-" "meta-externalagent/1.1 (+https://developers.facebook.com/docs/sharing/webmasters/crawler)"
57.141.2.12 - - [09/Jun/2026:09:02:48 +0000] "GET /products/adidas-equipment-pants-90s-vintage-athletic-track-joggers/54809121/ HTTP/1.1" 200 3563 "-" "meta-externalagent/1.1 (+https://developers.facebook.com/docs/sharing/webmasters/crawler)"
57.141.2.37 - - [09/Jun/2026:09:03:09 +0000] "GET /products/vintage-cuup-bra-the-scoop-micro-ultramarine-sz-32g-color-im/48040617/ HTTP/1.1" 200 3563 "-" "meta-externalagent/1.1 (+https://developers.facebook.com/docs/sharing/webmasters/crawler)"
57.141.2.33 - - [09/Jun/2026:09:03:20 +0000] "GET /products/chrome-hearts-longsleeve/66173169/ HTTP/1.1" 200 3563 "-" "meta-externalagent/1.1 (+https://developers.facebook.com/docs/sharing/webmasters/crawler)"
57.141.2.69 - - [09/Jun/2026:09:03:23 +0000] "GET /products/embroidered-logo-mcm-cupra-pants-japan-made/46737729/ HTTP/1.1" 200 3563 "-" "meta-externalagent/1.1 (+https://developers.facebook.com/docs/sharing/webmasters/crawler)"
57.141.2.10 - - [09/Jun/2026:09:03:23 +0000] "GET /products/sam-edelman-quilted-reversible-snap-on-jacket-women-size-xl/11570889/ HTTP/1.1" 200 3563 "-" "meta-externalagent/1.1 (+https://developers.facebook.com/docs/sharing/webmasters/crawler)"
57.141.2.16 - - [09/Jun/2026:09:03:34 +0000] "GET /products/nikesb-dunk-prm-high-sequoia-homegrown-w-og-box-size12/29584857/ HTTP/1.1" 200 3563 "-" "meta-externalagent/1.1 (+https://developers.facebook.com/docs/sharing/webmasters/crawler)"
139.84.174.118 - - [09/Jun/2026:09:03:39 +0000] "POST /wp-cron.php?doing_wp_cron=1780995819.2856929302215576171875 HTTP/1.1" 200 3593 "-" "WordPress/6.5.8; https://mayaver.com"
37.19.208.120 - - [09/Jun/2026:09:03:39 +0000] "POST /xmlrpc.php HTTP/1.1" 200 18012 "-" "Mozilla/5.0 (Windows NT 10.0; Win64; x64) AppleWebKit/537.36 (KHTML, like Gecko) Chrome/114.0.0.0 Safari/537.36"
52.167.144.159 - - [09/Jun/2026:09:03:38 +0000] "GET /products/vintage-fad-times-bomber-jacket-mens-large-black-satin-embro/62074521/ HTTP/1.1" 200 33621 "-" "Mozilla/5.0 AppleWebKit/537.36 (KHTML, like Gecko; compatible; bingbot/2.0; +http://www.bing.com/bingbot.htm) Chrome/116.0.1938.76 Safari/537.36"
57.141.2.31 - - [09/Jun/2026:09:03:40 +0000] "GET /products/lee-jacket-denim-faded/77066385/ HTTP/1.1" 200 3563 "-" "meta-externalagent/1.1 (+https://developers.facebook.com/docs/sharing/webmasters/crawler)"
37.19.208.120 - - [09/Jun/2026:09:03:40 +0000] "POST /xmlrpc.php HTTP/1.1" 200 18012 "-" "Mozilla/5.0 (Windows NT 10.0; Win64; x64) AppleWebKit/537.36 (KHTML, like Gecko) Chrome/114.0.0.0 Safari/537.36"
57.141.2.61 - - [09/Jun/2026:09:03:43 +0000] "GET /products/vintage-1991-nba-finals-34-long-sleeve/46847313/ HTTP/1.1" 200 3563 "-" "meta-externalagent/1.1 (+https://developers.facebook.com/docs/sharing/webmasters/crawler)"
57.141.2.13 - - [09/Jun/2026:09:03:44 +0000] "GET /products/00s-vintage-nike-acg-womens-fleece-therma-fit-sweatshirt/41716113/ HTTP/1.1" 200 3563 "-" "meta-externalagent/1.1 (+https://developers.facebook.com/docs/sharing/webmasters/crawler)"
52.167.144.173 - - [09/Jun/2026:09:03:43 +0000] "GET /products/chanel-light-yellow-knit-short-jacket/31702377/ HTTP/1.1" 200 34010 "-" "Mozilla/5.0 AppleWebKit/537.36 (KHTML, like Gecko; compatible; bingbot/2.0; +http://www.bing.com/bingbot.htm) Chrome/116.0.1938.76 Safari/537.36"
79.127.246.212 - - [09/Jun/2026:09:03:47 +0000] "GET /wp-login.php HTTP/1.1" 200 23515 "-" "Mozilla/5.0 (Windows NT 10.0; Win64; x64) AppleWebKit/537.36 (KHTML, like Gecko) Chrome/114.0.0.0 Safari/537.36"
79.127.246.212 - - [09/Jun/2026:09:03:48 +0000] "POST /membership-account/wp-login.php HTTP/1.1" 200 3563 "-" "Mozilla/5.0 (Windows NT 10.0; Win64; x64) AppleWebKit/537.36 (KHTML, like Gecko) Chrome/114.0.0.0 Safari/537.36"
52.167.144.173 - - [09/Jun/2026:09:03:48 +0000] "GET /products/distressed-denim-pants-with-note-patch-dmc/40851489/ HTTP/1.1" 200 33411 "-" "Mozilla/5.0 AppleWebKit/537.36 (KHTML, like Gecko; compatible; bingbot/2.0; +http://www.bing.com/bingbot.htm) Chrome/116.0.1938.76 Safari/537.36"
57.141.2.55 - - [09/Jun/2026:09:03:50 +0000] "GET /products/nanni-avant-garde-knitted-crazy-glamour-belt-made-in-italy/59161185/ HTTP/1.1" 200 3563 "-" "meta-externalagent/1.1 (+https://developers.facebook.com/docs/sharing/webmasters/crawler)"
57.141.2.19 - - [09/Jun/2026:09:03:54 +0000] "GET /products/chaco-z1-classic-sandals/32186121/ HTTP/1.1" 200 3563 "-" "meta-externalagent/1.1 (+https://developers.facebook.com/docs/sharing/webmasters/crawler)"
57.141.2.69 - - [09/Jun/2026:09:04:09 +0000] "GET /products/jordan-slides/31990473/ HTTP/1.1" 200 3563 "-" "meta-externalagent/1.1 (+https://developers.facebook.com/docs/sharing/webmasters/crawler)"
57.141.2.37 - - [09/Jun/2026:09:04:09 +0000] "GET /products/nike-ispa-tactical-modular-pocket-shorts/10640313/ HTTP/1.1" 200 3563 "-" "meta-externalagent/1.1 (+https://developers.facebook.com/docs/sharing/webmasters/crawler)"
57.141.2.31 - - [09/Jun/2026:09:04:14 +0000] "GET /products/o1gr1nt0425-laundry-ribbed-rowing-mini-dress-in-dark-grey/54324753/ HTTP/1.1" 200 3563 "-" "meta-externalagent/1.1 (+https://developers.facebook.com/docs/sharing/webmasters/crawler)"
57.141.2.45 - - [09/Jun/2026:09:04:22 +0000] "GET /products/adidas-originals-samba-og-ig1987-sold-out-online/44439105/ HTTP/1.1" 200 3563 "-" "meta-externalagent/1.1 (+https://developers.facebook.com/docs/sharing/webmasters/crawler)"
57.141.2.7 - - [09/Jun/2026:09:04:31 +0000] "GET /products/salvatore-ferragamo-makeup-pouch-cosmetics-pouch-pouch-blue/39235281/ HTTP/1.1" 200 3563 "-" "meta-externalagent/1.1 (+https://developers.facebook.com/docs/sharing/webmasters/crawler)"
40.77.167.56 - - [09/Jun/2026:09:04:39 +0000] "GET /products/hermes-paris-chained-arrows-silk-ties-7962-ta/31151817/ HTTP/1.1" 200 33365 "-" "Mozilla/5.0 AppleWebKit/537.36 (KHTML, like Gecko; compatible; bingbot/2.0; +http://www.bing.com/bingbot.htm) Chrome/116.0.1938.76 Safari/537.36"
52.167.144.173 - - [09/Jun/2026:09:04:40 +0000] "GET /products/prada-turnlock-crossbody-bag-city-calf/47631273/ HTTP/1.1" 200 34935 "-" "Mozilla/5.0 AppleWebKit/537.36 (KHTML, like Gecko; compatible; bingbot/2.0; +http://www.bing.com/bingbot.htm) Chrome/116.0.1938.76 Safari/537.36"
52.167.144.173 - - [09/Jun/2026:09:04:43 +0000] "GET /products/hellstar-vertical-athletic-shorts/42583809/ HTTP/1.1" 200 33221 "-" "Mozilla/5.0 AppleWebKit/537.36 (KHTML, like Gecko; compatible; bingbot/2.0; +http://www.bing.com/bingbot.htm) Chrome/116.0.1938.76 Safari/537.36"
52.167.144.173 - - [09/Jun/2026:09:04:44 +0000] "GET /products/e-cat-messenger-bag/33657057/ HTTP/1.1" 200 33120 "-" "Mozilla/5.0 AppleWebKit/537.36 (KHTML, like Gecko; compatible; bingbot/2.0; +http://www.bing.com/bingbot.htm) Chrome/116.0.1938.76 Safari/537.36"
57.141.2.25 - - [09/Jun/2026:09:04:53 +0000] "GET /products/vintage-honk-kong-pearl-flower-beaded-evening-clutch-purse-s/41171553/ HTTP/1.1" 200 3563 "-" "meta-externalagent/1.1 (+https://developers.facebook.com/docs/sharing/webmasters/crawler)"
57.141.2.32 - - [09/Jun/2026:09:05:23 +0000] "GET /products/loungefly-peanuts-charlie-brown-mini-backpack-keychain-charm/55113825/ HTTP/1.1" 200 3563 "-" "meta-externalagent/1.1 (+https://developers.facebook.com/docs/sharing/webmasters/crawler)"
57.141.2.48 - - [09/Jun/2026:09:05:29 +0000] "GET /products/kenzo-vhtf-business-bag-2way-shoulder-rose-a4-mens-bags-popu/77892465/ HTTP/1.1" 200 3563 "-" "meta-externalagent/1.1 (+https://developers.facebook.com/docs/sharing/webmasters/crawler)"
57.141.2.55 - - [09/Jun/2026:09:05:34 +0000] "GET /products/corneliani-luxury-nylon-coat-oldmoney/79581897/ HTTP/1.1" 200 3563 "-" "meta-externalagent/1.1 (+https://developers.facebook.com/docs/sharing/webmasters/crawler)"
57.141.2.58 - - [09/Jun/2026:09:06:04 +0000] "GET /products/coach-tote-bag-denim/70719465/ HTTP/1.1" 200 3563 "-" "meta-externalagent/1.1 (+https://developers.facebook.com/docs/sharing/webmasters/crawler)"
57.141.2.7 - - [09/Jun/2026:09:06:05 +0000] "GET /products/levis-501-skinny-jeans-womens-24x32-blue-high-rise-distresse/13969761/ HTTP/1.1" 200 3563 "-" "meta-externalagent/1.1 (+https://developers.facebook.com/docs/sharing/webmasters/crawler)"
57.141.2.27 - - [09/Jun/2026:09:06:22 +0000] "GET /products/tee-vintage-woodstock-1999-griffiss-park-rome-new-york/13134753/ HTTP/1.1" 200 3563 "-" "meta-externalagent/1.1 (+https://developers.facebook.com/docs/sharing/webmasters/crawler)"
57.141.2.14 - - [09/Jun/2026:09:06:24 +0000] "GET /products/vintage-patriot-club-denim-jacket/19426689/ HTTP/1.1" 200 3563 "-" "meta-externalagent/1.1 (+https://developers.facebook.com/docs/sharing/webmasters/crawler)"
57.141.2.37 - - [09/Jun/2026:09:06:29 +0000] "GET /products/torrid-one-piece-swimsuit-wireless-polka-dot-floral-black-pl/48080865/ HTTP/1.1" 200 3563 "-" "meta-externalagent/1.1 (+https://developers.facebook.com/docs/sharing/webmasters/crawler)"
57.141.2.67 - - [09/Jun/2026:09:06:32 +0000] "GET /products/maybach-the-commander-i-sunglasses/27568233/ HTTP/1.1" 200 3563 "-" "meta-externalagent/1.1 (+https://developers.facebook.com/docs/sharing/webmasters/crawler)"
57.141.2.13 - - [09/Jun/2026:09:06:33 +0000] "GET /products/aratta-silent-journey-plaid-shirt-l-multicolor-cotton-linen/74912481/ HTTP/1.1" 200 3563 "-" "meta-externalagent/1.1 (+https://developers.facebook.com/docs/sharing/webmasters/crawler)"
57.141.2.39 - - [09/Jun/2026:09:06:36 +0000] "GET /products/zegna-sweater-men-natural/37210521/ HTTP/1.1" 200 3563 "-" "meta-externalagent/1.1 (+https://developers.facebook.com/docs/sharing/webmasters/crawler)"
139.84.174.118 - - [09/Jun/2026:09:06:40 +0000] "POST /wp-cron.php?doing_wp_cron=1780996000.2817850112915039062500 HTTP/1.1" 200 3593 "-" "WordPress/6.5.8; https://mayaver.com"
104.155.29.73 - - [09/Jun/2026:09:06:40 +0000] "GET /wp-login.php HTTP/1.1" 200 6688 "-" "Mozilla/5.0 (X11; Fedora; Linux x86_64) AppleWebKit/537.36 (KHTML, like Gecko) Chrome/133.0.0.0 Safari/537.36"
104.155.29.73 - - [09/Jun/2026:09:06:40 +0000] "POST /wp-login.php HTTP/1.1" 200 6848 "https://mayaver.com/wp-login.php" "Mozilla/5.0 (X11; Fedora; Linux x86_64) AppleWebKit/537.36 (KHTML, like Gecko) Chrome/133.0.0.0 Safari/537.36"
216.73.216.213 - - [09/Jun/2026:09:06:41 +0000] "GET /robots.txt HTTP/1.1" 200 3643 "-" "Mozilla/5.0 AppleWebKit/537.36 (KHTML, like Gecko; compatible; ClaudeBot/1.0; +claudebot@anthropic.com)"
216.73.216.213 - - [09/Jun/2026:09:06:42 +0000] "GET /products/dandy-atlas/23351049/ HTTP/1.1" 200 3588 "-" "Mozilla/5.0 AppleWebKit/537.36 (KHTML, like Gecko; compatible; ClaudeBot/1.0; +claudebot@anthropic.com)"
216.73.216.213 - - [09/Jun/2026:09:06:42 +0000] "GET /products/perfect-puffer-jacket/77218449/ HTTP/1.1" 200 3588 "-" "Mozilla/5.0 AppleWebKit/537.36 (KHTML, like Gecko; compatible; ClaudeBot/1.0; +claudebot@anthropic.com)"
216.73.216.213 - - [09/Jun/2026:09:06:43 +0000] "GET /products/sp5der-wait-sweatpants/18841521/ HTTP/1.1" 200 3588 "-" "Mozilla/5.0 AppleWebKit/537.36 (KHTML, like Gecko; compatible; ClaudeBot/1.0; +claudebot@anthropic.com)"
216.73.216.213 - - [09/Jun/2026:09:06:44 +0000] "GET /products/visvim-iris-liner-reversible-jacket/55969617/ HTTP/1.1" 200 3588 "-" "Mozilla/5.0 AppleWebKit/537.36 (KHTML, like Gecko; compatible; ClaudeBot/1.0; +claudebot@anthropic.com)"
216.73.216.213 - - [09/Jun/2026:09:06:44 +0000] "GET /products/snoopy/24411585/ HTTP/1.1" 200 3588 "-" "Mozilla/5.0 AppleWebKit/537.36 (KHTML, like Gecko; compatible; ClaudeBot/1.0; +claudebot@anthropic.com)"
216.73.216.213 - - [09/Jun/2026:09:06:45 +0000] "GET /products/balenciaga-patchwork-jacket/31516065/ HTTP/1.1" 200 3588 "-" "Mozilla/5.0 AppleWebKit/537.36 (KHTML, like Gecko; compatible; ClaudeBot/1.0; +claudebot@anthropic.com)"
216.73.216.213 - - [09/Jun/2026:09:06:45 +0000] "GET /products/vache-worker-jacket/40420953/ HTTP/1.1" 200 3588 "-" "Mozilla/5.0 AppleWebKit/537.36 (KHTML, like Gecko; compatible; ClaudeBot/1.0; +claudebot@anthropic.com)"
216.73.216.213 - - [09/Jun/2026:09:06:46 +0000] "GET /products/miniskirt/61701921/ HTTP/1.1" 200 3588 "-" "Mozilla/5.0 AppleWebKit/537.36 (KHTML, like Gecko; compatible; ClaudeBot/1.0; +claudebot@anthropic.com)"
57.141.2.24 - - [09/Jun/2026:09:06:46 +0000] "GET /products/near-new-beautiful-hermes-cor-h-pendant/62546217/ HTTP/1.1" 200 3563 "-" "meta-externalagent/1.1 (+https://developers.facebook.com/docs/sharing/webmasters/crawler)"
216.73.216.213 - - [09/Jun/2026:09:06:46 +0000] "GET /products/rings/45990921/ HTTP/1.1" 200 3588 "-" "Mozilla/5.0 AppleWebKit/537.36 (KHTML, like Gecko; compatible; ClaudeBot/1.0; +claudebot@anthropic.com)"
57.141.2.15 - - [09/Jun/2026:09:06:53 +0000] "GET /products/ralph-lauren-dyed-red-white-blue-flag-swim-trunks-shorts/18752601/ HTTP/1.1" 200 3563 "-" "meta-externalagent/1.1 (+https://developers.facebook.com/docs/sharing/webmasters/crawler)"
216.73.216.213 - - [09/Jun/2026:09:06:54 +0000] "GET /products/wool-blend-trousers/25105929/ HTTP/1.1" 200 3588 "-" "Mozilla/5.0 AppleWebKit/537.36 (KHTML, like Gecko; compatible; ClaudeBot/1.0; +claudebot@anthropic.com)"
216.73.216.213 - - [09/Jun/2026:09:06:54 +0000] "GET /products/visvim-potomac-jkt-coverall/43709457/ HTTP/1.1" 200 3588 "-" "Mozilla/5.0 AppleWebKit/537.36 (KHTML, like Gecko; compatible; ClaudeBot/1.0; +claudebot@anthropic.com)"
216.73.216.213 - - [09/Jun/2026:09:06:55 +0000] "GET /products/levis-trucker-type-2-made-crafted-jacket/40318977/ HTTP/1.1" 200 3588 "-" "Mozilla/5.0 AppleWebKit/537.36 (KHTML, like Gecko; compatible; ClaudeBot/1.0; +claudebot@anthropic.com)"
216.73.216.213 - - [09/Jun/2026:09:06:56 +0000] "GET /products/silk-shirt/27971745/ HTTP/1.1" 200 3588 "-" "Mozilla/5.0 AppleWebKit/537.36 (KHTML, like Gecko; compatible; ClaudeBot/1.0; +claudebot@anthropic.com)"
216.73.216.213 - - [09/Jun/2026:09:06:56 +0000] "GET /products/du02e7398bw-99x/49834929/ HTTP/1.1" 200 3588 "-" "Mozilla/5.0 AppleWebKit/537.36 (KHTML, like Gecko; compatible; ClaudeBot/1.0; +claudebot@anthropic.com)"
216.73.216.213 - - [09/Jun/2026:09:06:57 +0000] "GET /products/green-wool-turtleneck-sweater/22329921/ HTTP/1.1" 200 3588 "-" "Mozilla/5.0 AppleWebKit/537.36 (KHTML, like Gecko; compatible; ClaudeBot/1.0; +claudebot@anthropic.com)"
216.73.216.213 - - [09/Jun/2026:09:06:57 +0000] "GET /products/carhartt-work-jacket/34496937/ HTTP/1.1" 200 3588 "-" "Mozilla/5.0 AppleWebKit/537.36 (KHTML, like Gecko; compatible; ClaudeBot/1.0; +claudebot@anthropic.com)"
216.73.216.213 - - [09/Jun/2026:09:06:58 +0000] "GET /products/wanderlust-scallop-1pc/60035721/ HTTP/1.1" 200 3588 "-" "Mozilla/5.0 AppleWebKit/537.36 (KHTML, like Gecko; compatible; ClaudeBot/1.0; +claudebot@anthropic.com)"
216.73.216.213 - - [09/Jun/2026:09:06:58 +0000] "GET /products/moccasins/23519673/ HTTP/1.1" 200 3588 "-" "Mozilla/5.0 AppleWebKit/537.36 (KHTML, like Gecko; compatible; ClaudeBot/1.0; +claudebot@anthropic.com)"
57.141.2.4 - - [09/Jun/2026:09:06:59 +0000] "GET /news-studio/ HTTP/1.1" 200 3563 "-" "meta-externalagent/1.1 (+https://developers.facebook.com/docs/sharing/webmasters/crawler)"
57.141.2.33 - - [09/Jun/2026:09:07:02 +0000] "GET /products/vintage-biker-leather-jacket-swagger-double-collar/22675521/ HTTP/1.1" 200 3563 "-" "meta-externalagent/1.1 (+https://developers.facebook.com/docs/sharing/webmasters/crawler)"
57.141.2.25 - - [09/Jun/2026:09:07:13 +0000] "GET /products/vivienne-westwood-a-brooch-necklace/62573121/ HTTP/1.1" 200 3563 "-" "meta-externalagent/1.1 (+https://developers.facebook.com/docs/sharing/webmasters/crawler)"
216.73.216.213 - - [09/Jun/2026:09:07:36 +0000] "GET /products/pink-northface-coat/77427369/ HTTP/1.1" 200 3588 "-" "Mozilla/5.0 AppleWebKit/537.36 (KHTML, like Gecko; compatible; ClaudeBot/1.0; +claudebot@anthropic.com)"
216.73.216.213 - - [09/Jun/2026:09:07:36 +0000] "GET /products/converse-all-star-modern/23723841/ HTTP/1.1" 200 3588 "-" "Mozilla/5.0 AppleWebKit/537.36 (KHTML, like Gecko; compatible; ClaudeBot/1.0; +claudebot@anthropic.com)"
216.73.216.213 - - [09/Jun/2026:09:07:37 +0000] "GET /products/multi-color-light-jacket-size-xs/23290665/ HTTP/1.1" 200 3588 "-" "Mozilla/5.0 AppleWebKit/537.36 (KHTML, like Gecko; compatible; ClaudeBot/1.0; +claudebot@anthropic.com)"
216.73.216.213 - - [09/Jun/2026:09:07:38 +0000] "GET /products/2004-salomon-1000-down-puffer-jacket/38104713/ HTTP/1.1" 200 3588 "-" "Mozilla/5.0 AppleWebKit/537.36 (KHTML, like Gecko; compatible; ClaudeBot/1.0; +claudebot@anthropic.com)"
216.73.216.213 - - [09/Jun/2026:09:07:38 +0000] "GET /products/ntage-champion-reverse-weave/8812761/ HTTP/1.1" 200 3588 "-" "Mozilla/5.0 AppleWebKit/537.36 (KHTML, like Gecko; compatible; ClaudeBot/1.0; +claudebot@anthropic.com)"
216.73.216.213 - - [09/Jun/2026:09:07:39 +0000] "GET /products/prada-saffiano-briefcase/39411345/ HTTP/1.1" 200 3588 "-" "Mozilla/5.0 AppleWebKit/537.36 (KHTML, like Gecko; compatible; ClaudeBot/1.0; +claudebot@anthropic.com)"
216.73.216.213 - - [09/Jun/2026:09:07:39 +0000] "GET /products/rare-d9-rabbit-bag/42322977/ HTTP/1.1" 200 3588 "-" "Mozilla/5.0 AppleWebKit/537.36 (KHTML, like Gecko; compatible; ClaudeBot/1.0; +claudebot@anthropic.com)"
216.73.216.213 - - [09/Jun/2026:09:07:40 +0000] "GET /products/peekaboo-bag/53028465/ HTTP/1.1" 200 3588 "-" "Mozilla/5.0 AppleWebKit/537.36 (KHTML, like Gecko; compatible; ClaudeBot/1.0; +claudebot@anthropic.com)"
216.73.216.213 - - [09/Jun/2026:09:07:40 +0000] "GET /products/vintage-keychain/24610857/ HTTP/1.1" 200 3588 "-" "Mozilla/5.0 AppleWebKit/537.36 (KHTML, like Gecko; compatible; ClaudeBot/1.0; +claudebot@anthropic.com)"
216.73.216.213 - - [09/Jun/2026:09:07:46 +0000] "GET /products/fieldcore-green-cargo-pants/23990001/ HTTP/1.1" 200 3588 "-" "Mozilla/5.0 AppleWebKit/537.36 (KHTML, like Gecko; compatible; ClaudeBot/1.0; +claudebot@anthropic.com)"
216.73.216.213 - - [09/Jun/2026:09:07:46 +0000] "GET /products/black-aviator-sunglasses/49218369/ HTTP/1.1" 200 3588 "-" "Mozilla/5.0 AppleWebKit/537.36 (KHTML, like Gecko; compatible; ClaudeBot/1.0; +claudebot@anthropic.com)"
57.141.2.40 - - [09/Jun/2026:09:07:47 +0000] "GET /products/cuzmo-sneakers/44797089/ HTTP/1.1" 200 3563 "-" "meta-externalagent/1.1 (+https://developers.facebook.com/docs/sharing/webmasters/crawler)"
216.73.216.213 - - [09/Jun/2026:09:07:47 +0000] "GET /products/true-religion-alpha-bomber-jacket-skull-back-patch-s/77234601/ HTTP/1.1" 200 3588 "-" "Mozilla/5.0 AppleWebKit/537.36 (KHTML, like Gecko; compatible; ClaudeBot/1.0; +claudebot@anthropic.com)"
216.73.216.213 - - [09/Jun/2026:09:07:47 +0000] "GET /products/the-rolling-stones-varsity-jacket/19073601/ HTTP/1.1" 200 3588 "-" "Mozilla/5.0 AppleWebKit/537.36 (KHTML, like Gecko; compatible; ClaudeBot/1.0; +claudebot@anthropic.com)"
216.73.216.213 - - [09/Jun/2026:09:07:48 +0000] "GET /products/as98-leather-boots/32767689/ HTTP/1.1" 200 3588 "-" "Mozilla/5.0 AppleWebKit/537.36 (KHTML, like Gecko; compatible; ClaudeBot/1.0; +claudebot@anthropic.com)"
216.73.216.213 - - [09/Jun/2026:09:07:48 +0000] "GET /products/acne-studios-white-sweatshirt-with-back-patch-logo/79160241/ HTTP/1.1" 200 3588 "-" "Mozilla/5.0 AppleWebKit/537.36 (KHTML, like Gecko; compatible; ClaudeBot/1.0; +claudebot@anthropic.com)"
216.73.216.213 - - [09/Jun/2026:09:07:49 +0000] "GET /products/60s-swingster-nylon-racing-jacket/17190513/ HTTP/1.1" 200 3588 "-" "Mozilla/5.0 AppleWebKit/537.36 (KHTML, like Gecko; compatible; ClaudeBot/1.0; +claudebot@anthropic.com)"
216.73.216.213 - - [09/Jun/2026:09:07:49 +0000] "GET /products/archive-gucci-velour-jacket/50552385/ HTTP/1.1" 200 3588 "-" "Mozilla/5.0 AppleWebKit/537.36 (KHTML, like Gecko; compatible; ClaudeBot/1.0; +claudebot@anthropic.com)"
216.73.216.213 - - [09/Jun/2026:09:07:50 +0000] "GET /products/alexander-wang-purple-shorts/67212657/ HTTP/1.1" 200 3588 "-" "Mozilla/5.0 AppleWebKit/537.36 (KHTML, like Gecko; compatible; ClaudeBot/1.0; +claudebot@anthropic.com)"
57.141.2.71 - - [09/Jun/2026:09:07:53 +0000] "GET /products/issey-miyake-black-cargo-pants-miyake-japan-casual-pants/13557777/ HTTP/1.1" 200 3563 "-" "meta-externalagent/1.1 (+https://developers.facebook.com/docs/sharing/webmasters/crawler)"
216.73.216.213 - - [09/Jun/2026:09:07:58 +0000] "GET /products/von-dutch-wool-jacket-8460-010/50523969/ HTTP/1.1" 200 3588 "-" "Mozilla/5.0 AppleWebKit/537.36 (KHTML, like Gecko; compatible; ClaudeBot/1.0; +claudebot@anthropic.com)"
216.73.216.213 - - [09/Jun/2026:09:07:58 +0000] "GET /products/burberry-black-label-casual-jacket/8982825/ HTTP/1.1" 200 3588 "-" "Mozilla/5.0 AppleWebKit/537.36 (KHTML, like Gecko; compatible; ClaudeBot/1.0; +claudebot@anthropic.com)"
216.73.216.213 - - [09/Jun/2026:09:08:00 +0000] "GET /products/supreme-vanson-leathers-ls-top/43933737/ HTTP/1.1" 200 3588 "-" "Mozilla/5.0 AppleWebKit/537.36 (KHTML, like Gecko; compatible; ClaudeBot/1.0; +claudebot@anthropic.com)"
216.73.216.213 - - [09/Jun/2026:09:08:00 +0000] "GET /products/black-leather-card-holder/24732945/ HTTP/1.1" 200 3588 "-" "Mozilla/5.0 AppleWebKit/537.36 (KHTML, like Gecko; compatible; ClaudeBot/1.0; +claudebot@anthropic.com)"
216.73.216.213 - - [09/Jun/2026:09:08:01 +0000] "GET /products/nike-sb-dunk-high-send-help-size-10/29838057/ HTTP/1.1" 200 3588 "-" "Mozilla/5.0 AppleWebKit/537.36 (KHTML, like Gecko; compatible; ClaudeBot/1.0; +claudebot@anthropic.com)"
216.73.216.213 - - [09/Jun/2026:09:08:01 +0000] "GET /products/stussy-basic-skullcap-beanie-os-black/18098817/ HTTP/1.1" 200 3588 "-" "Mozilla/5.0 AppleWebKit/537.36 (KHTML, like Gecko; compatible; ClaudeBot/1.0; +claudebot@anthropic.com)"
216.73.216.213 - - [09/Jun/2026:09:08:02 +0000] "GET /products/9899-predator-waist-bag/33856737/ HTTP/1.1" 200 3588 "-" "Mozilla/5.0 AppleWebKit/537.36 (KHTML, like Gecko; compatible; ClaudeBot/1.0; +claudebot@anthropic.com)"
216.73.216.213 - - [09/Jun/2026:09:08:02 +0000] "GET /products/other-stories-coat/37574217/ HTTP/1.1" 200 3588 "-" "Mozilla/5.0 AppleWebKit/537.36 (KHTML, like Gecko; compatible; ClaudeBot/1.0; +claudebot@anthropic.com)"
216.73.216.213 - - [09/Jun/2026:09:08:03 +0000] "GET /products/casual-trousers/25121841/ HTTP/1.1" 200 3588 "-" "Mozilla/5.0 AppleWebKit/537.36 (KHTML, like Gecko; compatible; ClaudeBot/1.0; +claudebot@anthropic.com)"
57.141.2.51 - - [09/Jun/2026:09:08:08 +0000] "GET /products/highlighter-yellow-telfar-wallet/26979993/ HTTP/1.1" 200 3563 "-" "meta-externalagent/1.1 (+https://developers.facebook.com/docs/sharing/webmasters/crawler)"
57.141.2.69 - - [09/Jun/2026:09:08:09 +0000] "GET /products/no-boundaries-pants-womens-medium-green-cargo-pants-straight/46514793/ HTTP/1.1" 200 3563 "-" "meta-externalagent/1.1 (+https://developers.facebook.com/docs/sharing/webmasters/crawler)"
57.141.2.48 - - [09/Jun/2026:09:08:10 +0000] "GET /products/devin-booker-nike-air-force-1-moss-point-2019/44655993/ HTTP/1.1" 200 3563 "-" "meta-externalagent/1.1 (+https://developers.facebook.com/docs/sharing/webmasters/crawler)"
57.141.2.61 - - [09/Jun/2026:09:08:18 +0000] "GET /products/vintage-90s-burberrys-london-sweater-v-neck-old-money-style/68447721/ HTTP/1.1" 200 3563 "-" "meta-externalagent/1.1 (+https://developers.facebook.com/docs/sharing/webmasters/crawler)"
57.141.2.53 - - [09/Jun/2026:09:08:21 +0000] "GET /products/tommy-hilfiger-new-carnival-rosa-floral-bikini-bottom-xl/11074233/ HTTP/1.1" 200 3563 "-" "meta-externalagent/1.1 (+https://developers.facebook.com/docs/sharing/webmasters/crawler)"
216.73.216.213 - - [09/Jun/2026:09:08:26 +0000] "GET /products/gnarcotic-slip-ons-rare-underground-drop/71150385/ HTTP/1.1" 200 3588 "-" "Mozilla/5.0 AppleWebKit/537.36 (KHTML, like Gecko; compatible; ClaudeBot/1.0; +claudebot@anthropic.com)"
216.73.216.213 - - [09/Jun/2026:09:08:26 +0000] "GET /products/agnes-b-striped-skirt/61529697/ HTTP/1.1" 200 3588 "-" "Mozilla/5.0 AppleWebKit/537.36 (KHTML, like Gecko; compatible; ClaudeBot/1.0; +claudebot@anthropic.com)"
216.73.216.213 - - [09/Jun/2026:09:08:27 +0000] "GET /products/gucci-dionysus-mini-chain-bag/70555257/ HTTP/1.1" 200 3588 "-" "Mozilla/5.0 AppleWebKit/537.36 (KHTML, like Gecko; compatible; ClaudeBot/1.0; +claudebot@anthropic.com)"
216.73.216.213 - - [09/Jun/2026:09:08:28 +0000] "GET /products/supreme-luminaid-packlight-nova-ss18/27414609/ HTTP/1.1" 200 3588 "-" "Mozilla/5.0 AppleWebKit/537.36 (KHTML, like Gecko; compatible; ClaudeBot/1.0; +claudebot@anthropic.com)"
216.73.216.213 - - [09/Jun/2026:09:08:28 +0000] "GET /products/rare-supra-skytops-zebra/29948529/ HTTP/1.1" 200 3588 "-" "Mozilla/5.0 AppleWebKit/537.36 (KHTML, like Gecko; compatible; ClaudeBot/1.0; +claudebot@anthropic.com)"
216.73.216.213 - - [09/Jun/2026:09:08:29 +0000] "GET /products/balenciaga-mastercard-windbreaker-jacket/56030409/ HTTP/1.1" 200 3588 "-" "Mozilla/5.0 AppleWebKit/537.36 (KHTML, like Gecko; compatible; ClaudeBot/1.0; +claudebot@anthropic.com)"
216.73.216.213 - - [09/Jun/2026:09:08:29 +0000] "GET /products/nike-vintage-pants/54704241/ HTTP/1.1" 200 3588 "-" "Mozilla/5.0 AppleWebKit/537.36 (KHTML, like Gecko; compatible; ClaudeBot/1.0; +claudebot@anthropic.com)"
216.73.216.213 - - [09/Jun/2026:09:08:30 +0000] "GET /products/palm-angels-tshirt-cropped/59859969/ HTTP/1.1" 200 3588 "-" "Mozilla/5.0 AppleWebKit/537.36 (KHTML, like Gecko; compatible; ClaudeBot/1.0; +claudebot@anthropic.com)"
216.73.216.213 - - [09/Jun/2026:09:08:30 +0000] "GET /products/saint-laurent-sheer-tie-neck-blouse/75453921/ HTTP/1.1" 200 3588 "-" "Mozilla/5.0 AppleWebKit/537.36 (KHTML, like Gecko; compatible; ClaudeBot/1.0; +claudebot@anthropic.com)"
57.141.2.36 - - [09/Jun/2026:09:08:39 +0000] "GET /products/o1s1wg110226-heels-in-multicolor/34126905/ HTTP/1.1" 200 3563 "-" "meta-externalagent/1.1 (+https://developers.facebook.com/docs/sharing/webmasters/crawler)"
57.141.2.28 - - [09/Jun/2026:09:08:48 +0000] "GET /products/hmdd-blank-mesh-shorts/42570297/ HTTP/1.1" 200 3563 "-" "meta-externalagent/1.1 (+https://developers.facebook.com/docs/sharing/webmasters/crawler)"
57.141.2.62 - - [09/Jun/2026:09:08:49 +0000] "GET /products/reformation-dress/58473441/ HTTP/1.1" 200 3563 "-" "meta-externalagent/1.1 (+https://developers.facebook.com/docs/sharing/webmasters/crawler)"
139.84.174.118 - - [09/Jun/2026:09:08:55 +0000] "POST /wp-cron.php?doing_wp_cron=1780996135.9032011032104492187500 HTTP/1.1" 200 3593 "-" "WordPress/6.5.8; https://mayaver.com"
37.19.208.120 - - [09/Jun/2026:09:08:55 +0000] "POST /xmlrpc.php HTTP/1.1" 200 18012 "-" "Mozilla/5.0 (Windows NT 10.0; Win64; x64) AppleWebKit/537.36 (KHTML, like Gecko) Chrome/114.0.0.0 Safari/537.36"
57.141.2.45 - - [09/Jun/2026:09:08:55 +0000] "GET /products/off-white-virgil-sunglasses/27463593/ HTTP/1.1" 200 3563 "-" "meta-externalagent/1.1 (+https://developers.facebook.com/docs/sharing/webmasters/crawler)"
37.19.208.120 - - [09/Jun/2026:09:08:57 +0000] "POST /xmlrpc.php HTTP/1.1" 200 18012 "-" "Mozilla/5.0 (Windows NT 10.0; Win64; x64) AppleWebKit/537.36 (KHTML, like Gecko) Chrome/114.0.0.0 Safari/537.36"
57.141.2.31 - - [09/Jun/2026:09:09:06 +0000] "GET /products/fjallraven-abisko-tracking-down-vest/17511201/ HTTP/1.1" 200 3563 "-" "meta-externalagent/1.1 (+https://developers.facebook.com/docs/sharing/webmasters/crawler)"
57.141.2.55 - - [09/Jun/2026:09:09:13 +0000] "GET /products/eileen-fisher-blazer-shirt-womens-xl-striped-button-top-blac/74784033/ HTTP/1.1" 200 3563 "-" "meta-externalagent/1.1 (+https://developers.facebook.com/docs/sharing/webmasters/crawler)"
57.141.2.16 - - [09/Jun/2026:09:09:15 +0000] "GET /products/vintage-kansas-city-chief-nfl-team-big-logo-sweatshirt/56521017/ HTTP/1.1" 200 3563 "-" "meta-externalagent/1.1 (+https://developers.facebook.com/docs/sharing/webmasters/crawler)"
216.73.216.213 - - [09/Jun/2026:09:09:20 +0000] "GET /products/vintage-pierre-balmain-paris-jacket/57350169/ HTTP/1.1" 200 3588 "-" "Mozilla/5.0 AppleWebKit/537.36 (KHTML, like Gecko; compatible; ClaudeBot/1.0; +claudebot@anthropic.com)"
216.73.216.213 - - [09/Jun/2026:09:09:20 +0000] "GET /products/tasman-lace-slippers/71221761/ HTTP/1.1" 200 3588 "-" "Mozilla/5.0 AppleWebKit/537.36 (KHTML, like Gecko; compatible; ClaudeBot/1.0; +claudebot@anthropic.com)"
57.141.2.54 - - [09/Jun/2026:09:09:20 +0000] "GET /products/silk-blouse/75356673/ HTTP/1.1" 200 3563 "-" "meta-externalagent/1.1 (+https://developers.facebook.com/docs/sharing/webmasters/crawler)"
57.141.2.56 - - [09/Jun/2026:09:09:21 +0000] "GET /products/vintage-stevens-made-in-japan-bootcut-denim-jeans/28150593/ HTTP/1.1" 200 3563 "-" "meta-externalagent/1.1 (+https://developers.facebook.com/docs/sharing/webmasters/crawler)"
216.73.216.213 - - [09/Jun/2026:09:09:21 +0000] "GET /products/rick-owens-gray-forever-trousers/23966265/ HTTP/1.1" 200 3588 "-" "Mozilla/5.0 AppleWebKit/537.36 (KHTML, like Gecko; compatible; ClaudeBot/1.0; +claudebot@anthropic.com)"
216.73.216.213 - - [09/Jun/2026:09:09:21 +0000] "GET /products/black-leather-coin-purse/14780601/ HTTP/1.1" 200 3588 "-" "Mozilla/5.0 AppleWebKit/537.36 (KHTML, like Gecko; compatible; ClaudeBot/1.0; +claudebot@anthropic.com)"
216.73.216.213 - - [09/Jun/2026:09:09:22 +0000] "GET /products/agnes-b-crochet-best/17462241/ HTTP/1.1" 200 3588 "-" "Mozilla/5.0 AppleWebKit/537.36 (KHTML, like Gecko; compatible; ClaudeBot/1.0; +claudebot@anthropic.com)"
216.73.216.213 - - [09/Jun/2026:09:09:22 +0000] "GET /products/black-classic-avec-long-fitted-midi/76041153/ HTTP/1.1" 200 3588 "-" "Mozilla/5.0 AppleWebKit/537.36 (KHTML, like Gecko; compatible; ClaudeBot/1.0; +claudebot@anthropic.com)"
216.73.216.213 - - [09/Jun/2026:09:09:23 +0000] "GET /products/chrome-hearts-dagger-charm-pendant-top/24321489/ HTTP/1.1" 200 3588 "-" "Mozilla/5.0 AppleWebKit/537.36 (KHTML, like Gecko; compatible; ClaudeBot/1.0; +claudebot@anthropic.com)"
216.73.216.213 - - [09/Jun/2026:09:09:23 +0000] "GET /products/louis-vuitton-monogram-mini-amazon-shoulder-bag-m45238/47486001/ HTTP/1.1" 200 3588 "-" "Mozilla/5.0 AppleWebKit/537.36 (KHTML, like Gecko; compatible; ClaudeBot/1.0; +claudebot@anthropic.com)"
216.73.216.213 - - [09/Jun/2026:09:09:24 +0000] "GET /products/adidas-x-sp5der-tee-black/14856657/ HTTP/1.1" 200 3588 "-" "Mozilla/5.0 AppleWebKit/537.36 (KHTML, like Gecko; compatible; ClaudeBot/1.0; +claudebot@anthropic.com)"
216.73.216.213 - - [09/Jun/2026:09:09:27 +0000] "GET /products/vintage-nike-windbreaker-zip-jacket-navy/39795057/ HTTP/1.1" 200 3588 "-" "Mozilla/5.0 AppleWebKit/537.36 (KHTML, like Gecko; compatible; ClaudeBot/1.0; +claudebot@anthropic.com)"
216.73.216.213 - - [09/Jun/2026:09:09:27 +0000] "GET /products/junya-watanabe-commedes-garons-flare-wool-pant/25131249/ HTTP/1.1" 200 3588 "-" "Mozilla/5.0 AppleWebKit/537.36 (KHTML, like Gecko; compatible; ClaudeBot/1.0; +claudebot@anthropic.com)"
216.73.216.213 - - [09/Jun/2026:09:09:28 +0000] "GET /products/zara-women/37996881/ HTTP/1.1" 200 3588 "-" "Mozilla/5.0 AppleWebKit/537.36 (KHTML, like Gecko; compatible; ClaudeBot/1.0; +claudebot@anthropic.com)"
216.73.216.213 - - [09/Jun/2026:09:09:28 +0000] "GET /products/dr-martens-lace-up-boots/11974209/ HTTP/1.1" 200 3588 "-" "Mozilla/5.0 AppleWebKit/537.36 (KHTML, like Gecko; compatible; ClaudeBot/1.0; +claudebot@anthropic.com)"
216.73.216.213 - - [09/Jun/2026:09:09:29 +0000] "GET /products/o1bcso1str0624-sandals-in-black/36302385/ HTTP/1.1" 200 3588 "-" "Mozilla/5.0 AppleWebKit/537.36 (KHTML, like Gecko; compatible; ClaudeBot/1.0; +claudebot@anthropic.com)"
216.73.216.213 - - [09/Jun/2026:09:09:29 +0000] "GET /products/louis-vuitton-nigo-collaboration-green-sweater/37134921/ HTTP/1.1" 200 3588 "-" "Mozilla/5.0 AppleWebKit/537.36 (KHTML, like Gecko; compatible; ClaudeBot/1.0; +claudebot@anthropic.com)"
216.73.216.213 - - [09/Jun/2026:09:09:30 +0000] "GET /products/giant-trekking-bootslike-visvim-or-rick-owens/21374313/ HTTP/1.1" 200 3588 "-" "Mozilla/5.0 AppleWebKit/537.36 (KHTML, like Gecko; compatible; ClaudeBot/1.0; +claudebot@anthropic.com)"
216.73.216.213 - - [09/Jun/2026:09:09:30 +0000] "GET /products/fendi-leather-shoulder-sling-bag/47373585/ HTTP/1.1" 200 3588 "-" "Mozilla/5.0 AppleWebKit/537.36 (KHTML, like Gecko; compatible; ClaudeBot/1.0; +claudebot@anthropic.com)"
216.73.216.213 - - [09/Jun/2026:09:09:31 +0000] "GET /products/chlo-paddington-handbag/74311641/ HTTP/1.1" 200 3588 "-" "Mozilla/5.0 AppleWebKit/537.36 (KHTML, like Gecko; compatible; ClaudeBot/1.0; +claudebot@anthropic.com)"
57.141.2.59 - - [09/Jun/2026:09:09:34 +0000] "GET /products/vintage-stussy-women-hold-ice-cream-faded-long-sleeve/46991721/ HTTP/1.1" 200 3563 "-" "meta-externalagent/1.1 (+https://developers.facebook.com/docs/sharing/webmasters/crawler)"
216.73.216.213 - - [09/Jun/2026:09:09:38 +0000] "GET /products/o1d2blof1024-maxi-skirt-in-brown/61415409/ HTTP/1.1" 200 3588 "-" "Mozilla/5.0 AppleWebKit/537.36 (KHTML, like Gecko; compatible; ClaudeBot/1.0; +claudebot@anthropic.com)"
