34.24.159.89 - - [09/Jun/2026:07:14:51 +0000] "POST //xmlrpc.php HTTP/1.1" 200 18010 "-" "Mozilla/5.0 (Windows NT 10.0; Win64; x64) AppleWebKit/537.36 (KHTML, like Gecko) Chrome/95.0.4638.69 Safari/537.36"
34.24.159.89 - - [09/Jun/2026:07:14:52 +0000] "POST //xmlrpc.php HTTP/1.1" 200 18010 "-" "Mozilla/5.0 (Windows NT 10.0; Win64; x64) AppleWebKit/537.36 (KHTML, like Gecko) Chrome/95.0.4638.69 Safari/537.36"
34.24.159.89 - - [09/Jun/2026:07:14:53 +0000] "POST //xmlrpc.php HTTP/1.1" 200 18010 "-" "Mozilla/5.0 (Windows NT 10.0; Win64; x64) AppleWebKit/537.36 (KHTML, like Gecko) Chrome/95.0.4638.69 Safari/537.36"
34.24.159.89 - - [09/Jun/2026:07:14:53 +0000] "POST //xmlrpc.php HTTP/1.1" 200 18010 "-" "Mozilla/5.0 (Windows NT 10.0; Win64; x64) AppleWebKit/537.36 (KHTML, like Gecko) Chrome/95.0.4638.69 Safari/537.36"
34.24.159.89 - - [09/Jun/2026:07:14:54 +0000] "POST //xmlrpc.php HTTP/1.1" 200 18010 "-" "Mozilla/5.0 (Windows NT 10.0; Win64; x64) AppleWebKit/537.36 (KHTML, like Gecko) Chrome/95.0.4638.69 Safari/537.36"
34.24.159.89 - - [09/Jun/2026:07:14:54 +0000] "POST //xmlrpc.php HTTP/1.1" 200 18010 "-" "Mozilla/5.0 (Windows NT 10.0; Win64; x64) AppleWebKit/537.36 (KHTML, like Gecko) Chrome/95.0.4638.69 Safari/537.36"
216.73.216.213 - - [09/Jun/2026:07:14:55 +0000] "GET /products/fendi-8bl114-mini-duffle-bag-2way-shoulder-bag-hand-bag-red/16387257/ HTTP/1.1" 200 3588 "-" "Mozilla/5.0 AppleWebKit/537.36 (KHTML, like Gecko; compatible; ClaudeBot/1.0; +claudebot@anthropic.com)"
216.73.216.213 - - [09/Jun/2026:07:14:55 +0000] "GET /products/bottega-veneta-alfie-slipper-in-gold/69003249/ HTTP/1.1" 200 3588 "-" "Mozilla/5.0 AppleWebKit/537.36 (KHTML, like Gecko; compatible; ClaudeBot/1.0; +claudebot@anthropic.com)"
216.73.216.213 - - [09/Jun/2026:07:14:55 +0000] "GET /products/vintage-acne-studios-scarf-muffler-wool-stole-wraps-scarves/49564977/ HTTP/1.1" 200 3588 "-" "Mozilla/5.0 AppleWebKit/537.36 (KHTML, like Gecko; compatible; ClaudeBot/1.0; +claudebot@anthropic.com)"
34.24.159.89 - - [09/Jun/2026:07:14:55 +0000] "POST //xmlrpc.php HTTP/1.1" 200 18010 "-" "Mozilla/5.0 (Windows NT 10.0; Win64; x64) AppleWebKit/537.36 (KHTML, like Gecko) Chrome/95.0.4638.69 Safari/537.36"
216.73.216.213 - - [09/Jun/2026:07:14:55 +0000] "GET /products/le-bob-artichaut-white-bucket-hat-with-logo-patch-on-the-fro/60404889/ HTTP/1.1" 200 3588 "-" "Mozilla/5.0 AppleWebKit/537.36 (KHTML, like Gecko; compatible; ClaudeBot/1.0; +claudebot@anthropic.com)"
216.73.216.213 - - [09/Jun/2026:07:14:55 +0000] "GET /products/paolo-simonini-camouflage-brogue-mens-shoes/23659065/ HTTP/1.1" 200 3588 "-" "Mozilla/5.0 AppleWebKit/537.36 (KHTML, like Gecko; compatible; ClaudeBot/1.0; +claudebot@anthropic.com)"
216.73.216.213 - - [09/Jun/2026:07:14:55 +0000] "GET /products/vintage-chicago-bulls-no-23-jordan-s-champion-unique/66763521/ HTTP/1.1" 200 3588 "-" "Mozilla/5.0 AppleWebKit/537.36 (KHTML, like Gecko; compatible; ClaudeBot/1.0; +claudebot@anthropic.com)"
216.73.216.213 - - [09/Jun/2026:07:14:55 +0000] "GET /products/nike-air-force-1-just-do-it-pack-jdi-gs-size-55y-new/51726465/ HTTP/1.1" 200 3588 "-" "Mozilla/5.0 AppleWebKit/537.36 (KHTML, like Gecko; compatible; ClaudeBot/1.0; +claudebot@anthropic.com)"
34.24.159.89 - - [09/Jun/2026:07:14:56 +0000] "POST //xmlrpc.php HTTP/1.1" 200 18010 "-" "Mozilla/5.0 (Windows NT 10.0; Win64; x64) AppleWebKit/537.36 (KHTML, like Gecko) Chrome/95.0.4638.69 Safari/537.36"
216.73.216.213 - - [09/Jun/2026:07:14:55 +0000] "GET /products/vintage-gerome-bacerlona-leather-made-in-spain/59631609/ HTTP/1.1" 200 3588 "-" "Mozilla/5.0 AppleWebKit/537.36 (KHTML, like Gecko; compatible; ClaudeBot/1.0; +claudebot@anthropic.com)"
216.73.216.213 - - [09/Jun/2026:07:14:56 +0000] "GET /products/gucci-brooklyn-gg-supreme-low-sneaker-size10-eu44-us11/33299361/ HTTP/1.1" 200 3588 "-" "Mozilla/5.0 AppleWebKit/537.36 (KHTML, like Gecko; compatible; ClaudeBot/1.0; +claudebot@anthropic.com)"
216.73.216.213 - - [09/Jun/2026:07:14:56 +0000] "GET /products/hobbs-london-short-red-dress-size-10/75792897/ HTTP/1.1" 200 3588 "-" "Mozilla/5.0 AppleWebKit/537.36 (KHTML, like Gecko; compatible; ClaudeBot/1.0; +claudebot@anthropic.com)"
34.24.159.89 - - [09/Jun/2026:07:14:56 +0000] "POST //xmlrpc.php HTTP/1.1" 200 18010 "-" "Mozilla/5.0 (Windows NT 10.0; Win64; x64) AppleWebKit/537.36 (KHTML, like Gecko) Chrome/95.0.4638.69 Safari/537.36"
216.73.216.213 - - [09/Jun/2026:07:14:56 +0000] "GET /products/paris-georgia-women-tops-pg475-black/75659241/ HTTP/1.1" 200 3588 "-" "Mozilla/5.0 AppleWebKit/537.36 (KHTML, like Gecko; compatible; ClaudeBot/1.0; +claudebot@anthropic.com)"
216.73.216.213 - - [09/Jun/2026:07:14:56 +0000] "GET /products/burberry-skirt-woman-green/46520193/ HTTP/1.1" 200 3588 "-" "Mozilla/5.0 AppleWebKit/537.36 (KHTML, like Gecko; compatible; ClaudeBot/1.0; +claudebot@anthropic.com)"
216.73.216.213 - - [09/Jun/2026:07:14:56 +0000] "GET /products/vintage-japanese-faded-cargo-pants/23805297/ HTTP/1.1" 200 3588 "-" "Mozilla/5.0 AppleWebKit/537.36 (KHTML, like Gecko; compatible; ClaudeBot/1.0; +claudebot@anthropic.com)"
34.24.159.89 - - [09/Jun/2026:07:14:57 +0000] "POST //xmlrpc.php HTTP/1.1" 200 18010 "-" "Mozilla/5.0 (Windows NT 10.0; Win64; x64) AppleWebKit/537.36 (KHTML, like Gecko) Chrome/95.0.4638.69 Safari/537.36"
34.24.159.89 - - [09/Jun/2026:07:14:57 +0000] "POST //xmlrpc.php HTTP/1.1" 200 18010 "-" "Mozilla/5.0 (Windows NT 10.0; Win64; x64) AppleWebKit/537.36 (KHTML, like Gecko) Chrome/95.0.4638.69 Safari/537.36"
34.24.159.89 - - [09/Jun/2026:07:14:58 +0000] "POST //xmlrpc.php HTTP/1.1" 200 18010 "-" "Mozilla/5.0 (Windows NT 10.0; Win64; x64) AppleWebKit/537.36 (KHTML, like Gecko) Chrome/95.0.4638.69 Safari/537.36"
34.24.159.89 - - [09/Jun/2026:07:14:59 +0000] "POST //xmlrpc.php HTTP/1.1" 200 18010 "-" "Mozilla/5.0 (Windows NT 10.0; Win64; x64) AppleWebKit/537.36 (KHTML, like Gecko) Chrome/95.0.4638.69 Safari/537.36"
57.141.2.3 - - [09/Jun/2026:07:14:59 +0000] "GET /products/sick-2in1-vintage-1990s-leather-jacket-vest-bomber-baggy-m/22554513/ HTTP/1.1" 200 3563 "-" "meta-externalagent/1.1 (+https://developers.facebook.com/docs/sharing/webmasters/crawler)"
34.24.159.89 - - [09/Jun/2026:07:14:59 +0000] "POST //xmlrpc.php HTTP/1.1" 200 18010 "-" "Mozilla/5.0 (Windows NT 10.0; Win64; x64) AppleWebKit/537.36 (KHTML, like Gecko) Chrome/95.0.4638.69 Safari/537.36"
34.24.159.89 - - [09/Jun/2026:07:15:00 +0000] "POST //xmlrpc.php HTTP/1.1" 200 18010 "-" "Mozilla/5.0 (Windows NT 10.0; Win64; x64) AppleWebKit/537.36 (KHTML, like Gecko) Chrome/95.0.4638.69 Safari/537.36"
34.24.159.89 - - [09/Jun/2026:07:15:00 +0000] "POST //xmlrpc.php HTTP/1.1" 200 18010 "-" "Mozilla/5.0 (Windows NT 10.0; Win64; x64) AppleWebKit/537.36 (KHTML, like Gecko) Chrome/95.0.4638.69 Safari/537.36"
34.24.159.89 - - [09/Jun/2026:07:15:01 +0000] "POST //xmlrpc.php HTTP/1.1" 200 18010 "-" "Mozilla/5.0 (Windows NT 10.0; Win64; x64) AppleWebKit/537.36 (KHTML, like Gecko) Chrome/95.0.4638.69 Safari/537.36"
34.24.159.89 - - [09/Jun/2026:07:15:02 +0000] "POST //xmlrpc.php HTTP/1.1" 200 18010 "-" "Mozilla/5.0 (Windows NT 10.0; Win64; x64) AppleWebKit/537.36 (KHTML, like Gecko) Chrome/95.0.4638.69 Safari/537.36"
57.141.2.23 - - [09/Jun/2026:07:15:02 +0000] "GET /products/roper-gold-collection-shirt-mens-17-34-white-bib-front-pearl/64330977/ HTTP/1.1" 200 3563 "-" "meta-externalagent/1.1 (+https://developers.facebook.com/docs/sharing/webmasters/crawler)"
34.24.159.89 - - [09/Jun/2026:07:15:02 +0000] "POST //xmlrpc.php HTTP/1.1" 200 18010 "-" "Mozilla/5.0 (Windows NT 10.0; Win64; x64) AppleWebKit/537.36 (KHTML, like Gecko) Chrome/95.0.4638.69 Safari/537.36"
34.24.159.89 - - [09/Jun/2026:07:15:03 +0000] "POST //xmlrpc.php HTTP/1.1" 200 18010 "-" "Mozilla/5.0 (Windows NT 10.0; Win64; x64) AppleWebKit/537.36 (KHTML, like Gecko) Chrome/95.0.4638.69 Safari/537.36"
34.24.159.89 - - [09/Jun/2026:07:15:03 +0000] "POST //xmlrpc.php HTTP/1.1" 200 18010 "-" "Mozilla/5.0 (Windows NT 10.0; Win64; x64) AppleWebKit/537.36 (KHTML, like Gecko) Chrome/95.0.4638.69 Safari/537.36"
34.24.159.89 - - [09/Jun/2026:07:15:04 +0000] "POST //xmlrpc.php HTTP/1.1" 200 18010 "-" "Mozilla/5.0 (Windows NT 10.0; Win64; x64) AppleWebKit/537.36 (KHTML, like Gecko) Chrome/95.0.4638.69 Safari/537.36"
34.24.159.89 - - [09/Jun/2026:07:15:05 +0000] "POST //xmlrpc.php HTTP/1.1" 200 18010 "-" "Mozilla/5.0 (Windows NT 10.0; Win64; x64) AppleWebKit/537.36 (KHTML, like Gecko) Chrome/95.0.4638.69 Safari/537.36"
34.24.159.89 - - [09/Jun/2026:07:15:05 +0000] "POST //xmlrpc.php HTTP/1.1" 200 18010 "-" "Mozilla/5.0 (Windows NT 10.0; Win64; x64) AppleWebKit/537.36 (KHTML, like Gecko) Chrome/95.0.4638.69 Safari/537.36"
34.24.159.89 - - [09/Jun/2026:07:15:06 +0000] "POST //xmlrpc.php HTTP/1.1" 200 18010 "-" "Mozilla/5.0 (Windows NT 10.0; Win64; x64) AppleWebKit/537.36 (KHTML, like Gecko) Chrome/95.0.4638.69 Safari/537.36"
34.24.159.89 - - [09/Jun/2026:07:15:07 +0000] "POST //xmlrpc.php HTTP/1.1" 200 18010 "-" "Mozilla/5.0 (Windows NT 10.0; Win64; x64) AppleWebKit/537.36 (KHTML, like Gecko) Chrome/95.0.4638.69 Safari/537.36"
34.24.159.89 - - [09/Jun/2026:07:15:07 +0000] "POST //xmlrpc.php HTTP/1.1" 200 18010 "-" "Mozilla/5.0 (Windows NT 10.0; Win64; x64) AppleWebKit/537.36 (KHTML, like Gecko) Chrome/95.0.4638.69 Safari/537.36"
34.24.159.89 - - [09/Jun/2026:07:15:08 +0000] "POST //xmlrpc.php HTTP/1.1" 200 18010 "-" "Mozilla/5.0 (Windows NT 10.0; Win64; x64) AppleWebKit/537.36 (KHTML, like Gecko) Chrome/95.0.4638.69 Safari/537.36"
34.24.159.89 - - [09/Jun/2026:07:15:08 +0000] "POST //xmlrpc.php HTTP/1.1" 200 18010 "-" "Mozilla/5.0 (Windows NT 10.0; Win64; x64) AppleWebKit/537.36 (KHTML, like Gecko) Chrome/95.0.4638.69 Safari/537.36"
34.24.159.89 - - [09/Jun/2026:07:15:09 +0000] "POST //xmlrpc.php HTTP/1.1" 200 18010 "-" "Mozilla/5.0 (Windows NT 10.0; Win64; x64) AppleWebKit/537.36 (KHTML, like Gecko) Chrome/95.0.4638.69 Safari/537.36"
34.24.159.89 - - [09/Jun/2026:07:15:10 +0000] "POST //xmlrpc.php HTTP/1.1" 200 18010 "-" "Mozilla/5.0 (Windows NT 10.0; Win64; x64) AppleWebKit/537.36 (KHTML, like Gecko) Chrome/95.0.4638.69 Safari/537.36"
34.24.159.89 - - [09/Jun/2026:07:15:10 +0000] "POST //xmlrpc.php HTTP/1.1" 200 18010 "-" "Mozilla/5.0 (Windows NT 10.0; Win64; x64) AppleWebKit/537.36 (KHTML, like Gecko) Chrome/95.0.4638.69 Safari/537.36"
216.73.216.213 - - [09/Jun/2026:07:15:10 +0000] "GET /products/2026-world-cup-brazil-player-10-rodrygo-jersey-away/72599553/ HTTP/1.1" 200 3588 "-" "Mozilla/5.0 AppleWebKit/537.36 (KHTML, like Gecko; compatible; ClaudeBot/1.0; +claudebot@anthropic.com)"
216.73.216.213 - - [09/Jun/2026:07:15:10 +0000] "GET /products/astroboi-hearts-white-rhinestone-print-t-shirt-small/43567569/ HTTP/1.1" 200 3588 "-" "Mozilla/5.0 AppleWebKit/537.36 (KHTML, like Gecko; compatible; ClaudeBot/1.0; +claudebot@anthropic.com)"
216.73.216.213 - - [09/Jun/2026:07:15:10 +0000] "GET /products/seven7-jeans-womens-18-blue-dark-wash-boot-cut-denim-cotton/14291913/ HTTP/1.1" 200 3588 "-" "Mozilla/5.0 AppleWebKit/537.36 (KHTML, like Gecko; compatible; ClaudeBot/1.0; +claudebot@anthropic.com)"
216.73.216.213 - - [09/Jun/2026:07:15:10 +0000] "GET /products/o1la1rc1a1124-skater-long-sleeve-t-shirt-oversized-white/47290617/ HTTP/1.1" 200 3588 "-" "Mozilla/5.0 AppleWebKit/537.36 (KHTML, like Gecko; compatible; ClaudeBot/1.0; +claudebot@anthropic.com)"
216.73.216.213 - - [09/Jun/2026:07:15:10 +0000] "GET /products/sezane-le-crop-wide-leg-high-rise-denim-jeans-pants/65542377/ HTTP/1.1" 200 3588 "-" "Mozilla/5.0 AppleWebKit/537.36 (KHTML, like Gecko; compatible; ClaudeBot/1.0; +claudebot@anthropic.com)"
216.73.216.213 - - [09/Jun/2026:07:15:10 +0000] "GET /products/lemaire-gray-high-waist-denim-straight-jeans-new-authentic/58341345/ HTTP/1.1" 200 3588 "-" "Mozilla/5.0 AppleWebKit/537.36 (KHTML, like Gecko; compatible; ClaudeBot/1.0; +claudebot@anthropic.com)"
216.73.216.213 - - [09/Jun/2026:07:15:10 +0000] "GET /products/uvu-divine-stampede-london-marathon-cut-off-in-black/76385337/ HTTP/1.1" 200 3588 "-" "Mozilla/5.0 AppleWebKit/537.36 (KHTML, like Gecko; compatible; ClaudeBot/1.0; +claudebot@anthropic.com)"
34.24.159.89 - - [09/Jun/2026:07:15:11 +0000] "POST //xmlrpc.php HTTP/1.1" 200 18010 "-" "Mozilla/5.0 (Windows NT 10.0; Win64; x64) AppleWebKit/537.36 (KHTML, like Gecko) Chrome/95.0.4638.69 Safari/537.36"
216.73.216.213 - - [09/Jun/2026:07:15:11 +0000] "GET /products/torrid-boyfriend-shorts-18-blue-denim-pockets-ripped-distres/58192665/ HTTP/1.1" 200 3588 "-" "Mozilla/5.0 AppleWebKit/537.36 (KHTML, like Gecko; compatible; ClaudeBot/1.0; +claudebot@anthropic.com)"
216.73.216.213 - - [09/Jun/2026:07:15:11 +0000] "GET /products/isaac-sellam-french-leather-king-bomber-keel-leather-jacket/45620361/ HTTP/1.1" 200 3588 "-" "Mozilla/5.0 AppleWebKit/537.36 (KHTML, like Gecko; compatible; ClaudeBot/1.0; +claudebot@anthropic.com)"
216.73.216.213 - - [09/Jun/2026:07:15:11 +0000] "GET /products/vintage-no-calvin-klein-nwt-womens-xl-jacket-trucker-jacket/11820369/ HTTP/1.1" 200 3588 "-" "Mozilla/5.0 AppleWebKit/537.36 (KHTML, like Gecko; compatible; ClaudeBot/1.0; +claudebot@anthropic.com)"
139.84.174.118 - - [09/Jun/2026:07:15:12 +0000] "POST /wp-cron.php?doing_wp_cron=1780989312.1630809307098388671875 HTTP/1.1" 200 3593 "-" "WordPress/6.5.8; https://mayaver.com"
34.24.159.89 - - [09/Jun/2026:07:15:11 +0000] "POST //xmlrpc.php HTTP/1.1" 200 18010 "-" "Mozilla/5.0 (Windows NT 10.0; Win64; x64) AppleWebKit/537.36 (KHTML, like Gecko) Chrome/95.0.4638.69 Safari/537.36"
216.73.216.213 - - [09/Jun/2026:07:15:11 +0000] "GET /products/vtg-union-made-empire-new-york-wool-jacket-hoodie/26521089/ HTTP/1.1" 200 3588 "-" "Mozilla/5.0 AppleWebKit/537.36 (KHTML, like Gecko; compatible; ClaudeBot/1.0; +claudebot@anthropic.com)"
216.73.216.213 - - [09/Jun/2026:07:15:11 +0000] "GET /products/polo-jeans-company-puffer-vest-reversible-vintage/29032545/ HTTP/1.1" 200 3588 "-" "Mozilla/5.0 AppleWebKit/537.36 (KHTML, like Gecko; compatible; ClaudeBot/1.0; +claudebot@anthropic.com)"
216.73.216.213 - - [09/Jun/2026:07:15:11 +0000] "GET /products/birkenstock-mayari-shoe-size75-eu38-brown-leather-strappy/51833865/ HTTP/1.1" 200 3588 "-" "Mozilla/5.0 AppleWebKit/537.36 (KHTML, like Gecko; compatible; ClaudeBot/1.0; +claudebot@anthropic.com)"
34.24.159.89 - - [09/Jun/2026:07:15:12 +0000] "POST //xmlrpc.php HTTP/1.1" 200 18010 "-" "Mozilla/5.0 (Windows NT 10.0; Win64; x64) AppleWebKit/537.36 (KHTML, like Gecko) Chrome/95.0.4638.69 Safari/537.36"
34.24.159.89 - - [09/Jun/2026:07:15:13 +0000] "POST //xmlrpc.php HTTP/1.1" 200 18010 "-" "Mozilla/5.0 (Windows NT 10.0; Win64; x64) AppleWebKit/537.36 (KHTML, like Gecko) Chrome/95.0.4638.69 Safari/537.36"
216.73.216.213 - - [09/Jun/2026:07:15:13 +0000] "GET /products/melloday-womens-mixed-media-twofer-maxi-dress-sz-l/51278817/ HTTP/1.1" 200 3588 "-" "Mozilla/5.0 AppleWebKit/537.36 (KHTML, like Gecko; compatible; ClaudeBot/1.0; +claudebot@anthropic.com)"
216.73.216.213 - - [09/Jun/2026:07:15:13 +0000] "GET /products/celine-retro-printed-green-hoodie-xs-women/79131465/ HTTP/1.1" 200 3588 "-" "Mozilla/5.0 AppleWebKit/537.36 (KHTML, like Gecko; compatible; ClaudeBot/1.0; +claudebot@anthropic.com)"
216.73.216.213 - - [09/Jun/2026:07:15:13 +0000] "GET /products/vintage-y2k-carhartt-style-realtree-camo-crewneck-sweatshirt/25900113/ HTTP/1.1" 200 3588 "-" "Mozilla/5.0 AppleWebKit/537.36 (KHTML, like Gecko; compatible; ClaudeBot/1.0; +claudebot@anthropic.com)"
216.73.216.213 - - [09/Jun/2026:07:15:13 +0000] "GET /products/vintage-70s-streetwear-leather-moto-bomber-jacket-black/31651209/ HTTP/1.1" 200 3588 "-" "Mozilla/5.0 AppleWebKit/537.36 (KHTML, like Gecko; compatible; ClaudeBot/1.0; +claudebot@anthropic.com)"
216.73.216.213 - - [09/Jun/2026:07:15:13 +0000] "GET /products/vintage-soka-university-of-america-sweatshirt-crewneck/8611233/ HTTP/1.1" 200 3588 "-" "Mozilla/5.0 AppleWebKit/537.36 (KHTML, like Gecko; compatible; ClaudeBot/1.0; +claudebot@anthropic.com)"
216.73.216.213 - - [09/Jun/2026:07:15:13 +0000] "GET /products/plein-sud-bodycon-padded-semi-transparent-midi-dress/51293745/ HTTP/1.1" 200 3588 "-" "Mozilla/5.0 AppleWebKit/537.36 (KHTML, like Gecko; compatible; ClaudeBot/1.0; +claudebot@anthropic.com)"
216.73.216.213 - - [09/Jun/2026:07:15:13 +0000] "GET /products/faherty-brand-striped-sweater-knit-terry-baja-hoodie-size-m/79187337/ HTTP/1.1" 200 3588 "-" "Mozilla/5.0 AppleWebKit/537.36 (KHTML, like Gecko; compatible; ClaudeBot/1.0; +claudebot@anthropic.com)"
34.24.159.89 - - [09/Jun/2026:07:15:13 +0000] "POST //xmlrpc.php HTTP/1.1" 200 18010 "-" "Mozilla/5.0 (Windows NT 10.0; Win64; x64) AppleWebKit/537.36 (KHTML, like Gecko) Chrome/95.0.4638.69 Safari/537.36"
216.73.216.213 - - [09/Jun/2026:07:15:14 +0000] "GET /products/vintage-arnold-palmer-aop-golf-floral-polo-tee-shirt/10037409/ HTTP/1.1" 200 3588 "-" "Mozilla/5.0 AppleWebKit/537.36 (KHTML, like Gecko; compatible; ClaudeBot/1.0; +claudebot@anthropic.com)"
216.73.216.213 - - [09/Jun/2026:07:15:14 +0000] "GET /products/vintage-adidas-trefoil-big-logo-hoodie-sweater/73409721/ HTTP/1.1" 200 3588 "-" "Mozilla/5.0 AppleWebKit/537.36 (KHTML, like Gecko; compatible; ClaudeBot/1.0; +claudebot@anthropic.com)"
34.24.159.89 - - [09/Jun/2026:07:15:14 +0000] "POST //xmlrpc.php HTTP/1.1" 200 18010 "-" "Mozilla/5.0 (Windows NT 10.0; Win64; x64) AppleWebKit/537.36 (KHTML, like Gecko) Chrome/95.0.4638.69 Safari/537.36"
216.73.216.213 - - [09/Jun/2026:07:15:14 +0000] "GET /products/as98-airstep-leather-boots-avantgarde-bohos-ankle-shoes/11954985/ HTTP/1.1" 200 3588 "-" "Mozilla/5.0 AppleWebKit/537.36 (KHTML, like Gecko; compatible; ClaudeBot/1.0; +claudebot@anthropic.com)"
216.73.216.213 - - [09/Jun/2026:07:15:14 +0000] "GET /products/adidas-baseball-cap-hat-blue-cotton-one-size-os-adult-adjust/18026265/ HTTP/1.1" 200 3588 "-" "Mozilla/5.0 AppleWebKit/537.36 (KHTML, like Gecko; compatible; ClaudeBot/1.0; +claudebot@anthropic.com)"
216.73.216.213 - - [09/Jun/2026:07:15:14 +0000] "GET /products/vintage-y2k-gap-heavy-cotton-ribbed-knit-half-zip-sweater/34949433/ HTTP/1.1" 200 3588 "-" "Mozilla/5.0 AppleWebKit/537.36 (KHTML, like Gecko; compatible; ClaudeBot/1.0; +claudebot@anthropic.com)"
216.73.216.213 - - [09/Jun/2026:07:15:14 +0000] "GET /products/sunaokuwahara-issey-miyake-color-block-cardigan/68814657/ HTTP/1.1" 200 3588 "-" "Mozilla/5.0 AppleWebKit/537.36 (KHTML, like Gecko; compatible; ClaudeBot/1.0; +claudebot@anthropic.com)"
34.24.159.89 - - [09/Jun/2026:07:15:15 +0000] "POST //xmlrpc.php HTTP/1.1" 200 18010 "-" "Mozilla/5.0 (Windows NT 10.0; Win64; x64) AppleWebKit/537.36 (KHTML, like Gecko) Chrome/95.0.4638.69 Safari/537.36"
34.24.159.89 - - [09/Jun/2026:07:15:15 +0000] "POST //xmlrpc.php HTTP/1.1" 200 18010 "-" "Mozilla/5.0 (Windows NT 10.0; Win64; x64) AppleWebKit/537.36 (KHTML, like Gecko) Chrome/95.0.4638.69 Safari/537.36"
34.24.159.89 - - [09/Jun/2026:07:15:16 +0000] "POST //xmlrpc.php HTTP/1.1" 200 18010 "-" "Mozilla/5.0 (Windows NT 10.0; Win64; x64) AppleWebKit/537.36 (KHTML, like Gecko) Chrome/95.0.4638.69 Safari/537.36"
34.24.159.89 - - [09/Jun/2026:07:15:17 +0000] "POST //xmlrpc.php HTTP/1.1" 200 18010 "-" "Mozilla/5.0 (Windows NT 10.0; Win64; x64) AppleWebKit/537.36 (KHTML, like Gecko) Chrome/95.0.4638.69 Safari/537.36"
34.24.159.89 - - [09/Jun/2026:07:15:17 +0000] "POST //xmlrpc.php HTTP/1.1" 200 18010 "-" "Mozilla/5.0 (Windows NT 10.0; Win64; x64) AppleWebKit/537.36 (KHTML, like Gecko) Chrome/95.0.4638.69 Safari/537.36"
34.24.159.89 - - [09/Jun/2026:07:15:18 +0000] "POST //xmlrpc.php HTTP/1.1" 200 18010 "-" "Mozilla/5.0 (Windows NT 10.0; Win64; x64) AppleWebKit/537.36 (KHTML, like Gecko) Chrome/95.0.4638.69 Safari/537.36"
34.24.159.89 - - [09/Jun/2026:07:15:19 +0000] "POST //xmlrpc.php HTTP/1.1" 200 18010 "-" "Mozilla/5.0 (Windows NT 10.0; Win64; x64) AppleWebKit/537.36 (KHTML, like Gecko) Chrome/95.0.4638.69 Safari/537.36"
34.24.159.89 - - [09/Jun/2026:07:15:19 +0000] "POST //xmlrpc.php HTTP/1.1" 200 18010 "-" "Mozilla/5.0 (Windows NT 10.0; Win64; x64) AppleWebKit/537.36 (KHTML, like Gecko) Chrome/95.0.4638.69 Safari/537.36"
34.24.159.89 - - [09/Jun/2026:07:15:20 +0000] "POST //xmlrpc.php HTTP/1.1" 200 18010 "-" "Mozilla/5.0 (Windows NT 10.0; Win64; x64) AppleWebKit/537.36 (KHTML, like Gecko) Chrome/95.0.4638.69 Safari/537.36"
34.24.159.89 - - [09/Jun/2026:07:15:21 +0000] "POST //xmlrpc.php HTTP/1.1" 200 18010 "-" "Mozilla/5.0 (Windows NT 10.0; Win64; x64) AppleWebKit/537.36 (KHTML, like Gecko) Chrome/95.0.4638.69 Safari/537.36"
34.24.159.89 - - [09/Jun/2026:07:15:21 +0000] "POST //xmlrpc.php HTTP/1.1" 200 18010 "-" "Mozilla/5.0 (Windows NT 10.0; Win64; x64) AppleWebKit/537.36 (KHTML, like Gecko) Chrome/95.0.4638.69 Safari/537.36"
34.24.159.89 - - [09/Jun/2026:07:15:22 +0000] "POST //xmlrpc.php HTTP/1.1" 200 18010 "-" "Mozilla/5.0 (Windows NT 10.0; Win64; x64) AppleWebKit/537.36 (KHTML, like Gecko) Chrome/95.0.4638.69 Safari/537.36"
34.24.159.89 - - [09/Jun/2026:07:15:22 +0000] "POST //xmlrpc.php HTTP/1.1" 200 18010 "-" "Mozilla/5.0 (Windows NT 10.0; Win64; x64) AppleWebKit/537.36 (KHTML, like Gecko) Chrome/95.0.4638.69 Safari/537.36"
34.24.159.89 - - [09/Jun/2026:07:15:23 +0000] "POST //xmlrpc.php HTTP/1.1" 200 18010 "-" "Mozilla/5.0 (Windows NT 10.0; Win64; x64) AppleWebKit/537.36 (KHTML, like Gecko) Chrome/95.0.4638.69 Safari/537.36"
34.24.159.89 - - [09/Jun/2026:07:15:24 +0000] "POST //xmlrpc.php HTTP/1.1" 200 18010 "-" "Mozilla/5.0 (Windows NT 10.0; Win64; x64) AppleWebKit/537.36 (KHTML, like Gecko) Chrome/95.0.4638.69 Safari/537.36"
34.24.159.89 - - [09/Jun/2026:07:15:24 +0000] "POST //xmlrpc.php HTTP/1.1" 200 18010 "-" "Mozilla/5.0 (Windows NT 10.0; Win64; x64) AppleWebKit/537.36 (KHTML, like Gecko) Chrome/95.0.4638.69 Safari/537.36"
34.24.159.89 - - [09/Jun/2026:07:15:25 +0000] "POST //xmlrpc.php HTTP/1.1" 200 18010 "-" "Mozilla/5.0 (Windows NT 10.0; Win64; x64) AppleWebKit/537.36 (KHTML, like Gecko) Chrome/95.0.4638.69 Safari/537.36"
34.24.159.89 - - [09/Jun/2026:07:15:26 +0000] "POST //xmlrpc.php HTTP/1.1" 200 18010 "-" "Mozilla/5.0 (Windows NT 10.0; Win64; x64) AppleWebKit/537.36 (KHTML, like Gecko) Chrome/95.0.4638.69 Safari/537.36"
34.24.159.89 - - [09/Jun/2026:07:15:26 +0000] "POST //xmlrpc.php HTTP/1.1" 200 18010 "-" "Mozilla/5.0 (Windows NT 10.0; Win64; x64) AppleWebKit/537.36 (KHTML, like Gecko) Chrome/95.0.4638.69 Safari/537.36"
34.24.159.89 - - [09/Jun/2026:07:15:27 +0000] "POST //xmlrpc.php HTTP/1.1" 200 18010 "-" "Mozilla/5.0 (Windows NT 10.0; Win64; x64) AppleWebKit/537.36 (KHTML, like Gecko) Chrome/95.0.4638.69 Safari/537.36"
34.24.159.89 - - [09/Jun/2026:07:15:28 +0000] "POST //xmlrpc.php HTTP/1.1" 200 18010 "-" "Mozilla/5.0 (Windows NT 10.0; Win64; x64) AppleWebKit/537.36 (KHTML, like Gecko) Chrome/95.0.4638.69 Safari/537.36"
34.24.159.89 - - [09/Jun/2026:07:15:28 +0000] "POST //xmlrpc.php HTTP/1.1" 200 18010 "-" "Mozilla/5.0 (Windows NT 10.0; Win64; x64) AppleWebKit/537.36 (KHTML, like Gecko) Chrome/95.0.4638.69 Safari/537.36"
34.24.159.89 - - [09/Jun/2026:07:15:29 +0000] "POST //xmlrpc.php HTTP/1.1" 200 18010 "-" "Mozilla/5.0 (Windows NT 10.0; Win64; x64) AppleWebKit/537.36 (KHTML, like Gecko) Chrome/95.0.4638.69 Safari/537.36"
34.24.159.89 - - [09/Jun/2026:07:15:29 +0000] "POST //xmlrpc.php HTTP/1.1" 200 18010 "-" "Mozilla/5.0 (Windows NT 10.0; Win64; x64) AppleWebKit/537.36 (KHTML, like Gecko) Chrome/95.0.4638.69 Safari/537.36"
57.141.2.67 - - [09/Jun/2026:07:15:29 +0000] "GET /products/vintage-japan-zipper-parachute-cargo-pants-style-y2k-hype/68190393/ HTTP/1.1" 200 3563 "-" "meta-externalagent/1.1 (+https://developers.facebook.com/docs/sharing/webmasters/crawler)"
34.24.159.89 - - [09/Jun/2026:07:15:30 +0000] "POST //xmlrpc.php HTTP/1.1" 200 18010 "-" "Mozilla/5.0 (Windows NT 10.0; Win64; x64) AppleWebKit/537.36 (KHTML, like Gecko) Chrome/95.0.4638.69 Safari/537.36"
34.24.159.89 - - [09/Jun/2026:07:15:31 +0000] "POST //xmlrpc.php HTTP/1.1" 200 18010 "-" "Mozilla/5.0 (Windows NT 10.0; Win64; x64) AppleWebKit/537.36 (KHTML, like Gecko) Chrome/95.0.4638.69 Safari/537.36"
34.24.159.89 - - [09/Jun/2026:07:15:31 +0000] "POST //xmlrpc.php HTTP/1.1" 200 18010 "-" "Mozilla/5.0 (Windows NT 10.0; Win64; x64) AppleWebKit/537.36 (KHTML, like Gecko) Chrome/95.0.4638.69 Safari/537.36"
34.24.159.89 - - [09/Jun/2026:07:15:32 +0000] "POST //xmlrpc.php HTTP/1.1" 200 18010 "-" "Mozilla/5.0 (Windows NT 10.0; Win64; x64) AppleWebKit/537.36 (KHTML, like Gecko) Chrome/95.0.4638.69 Safari/537.36"
34.24.159.89 - - [09/Jun/2026:07:15:32 +0000] "POST //xmlrpc.php HTTP/1.1" 200 18010 "-" "Mozilla/5.0 (Windows NT 10.0; Win64; x64) AppleWebKit/537.36 (KHTML, like Gecko) Chrome/95.0.4638.69 Safari/537.36"
52.167.144.216 - - [09/Jun/2026:07:15:28 +0000] "GET /products/arnold-palmer-renown-polo-t-shirt-long-sleeve/52369449/ HTTP/1.1" 200 34180 "-" "Mozilla/5.0 AppleWebKit/537.36 (KHTML, like Gecko; compatible; bingbot/2.0; +http://www.bing.com/bingbot.htm) Chrome/116.0.1938.76 Safari/537.36"
34.24.159.89 - - [09/Jun/2026:07:15:33 +0000] "POST //xmlrpc.php HTTP/1.1" 200 18010 "-" "Mozilla/5.0 (Windows NT 10.0; Win64; x64) AppleWebKit/537.36 (KHTML, like Gecko) Chrome/95.0.4638.69 Safari/537.36"
34.24.159.89 - - [09/Jun/2026:07:15:34 +0000] "POST //xmlrpc.php HTTP/1.1" 200 18010 "-" "Mozilla/5.0 (Windows NT 10.0; Win64; x64) AppleWebKit/537.36 (KHTML, like Gecko) Chrome/95.0.4638.69 Safari/537.36"
40.77.167.32 - - [09/Jun/2026:07:15:33 +0000] "GET /products/dior-ss04-strip-jacket/40542273/ HTTP/1.1" 200 32979 "-" "Mozilla/5.0 AppleWebKit/537.36 (KHTML, like Gecko; compatible; bingbot/2.0; +http://www.bing.com/bingbot.htm) Chrome/116.0.1938.76 Safari/537.36"
34.24.159.89 - - [09/Jun/2026:07:15:34 +0000] "POST //xmlrpc.php HTTP/1.1" 200 18010 "-" "Mozilla/5.0 (Windows NT 10.0; Win64; x64) AppleWebKit/537.36 (KHTML, like Gecko) Chrome/95.0.4638.69 Safari/537.36"
52.167.144.216 - - [09/Jun/2026:07:15:33 +0000] "GET /products/square-rib-a-p-dress/32521545/ HTTP/1.1" 200 32497 "-" "Mozilla/5.0 AppleWebKit/537.36 (KHTML, like Gecko; compatible; bingbot/2.0; +http://www.bing.com/bingbot.htm) Chrome/116.0.1938.76 Safari/537.36"
34.24.159.89 - - [09/Jun/2026:07:15:35 +0000] "POST //xmlrpc.php HTTP/1.1" 200 18010 "-" "Mozilla/5.0 (Windows NT 10.0; Win64; x64) AppleWebKit/537.36 (KHTML, like Gecko) Chrome/95.0.4638.69 Safari/537.36"
34.24.159.89 - - [09/Jun/2026:07:15:35 +0000] "POST //xmlrpc.php HTTP/1.1" 200 18010 "-" "Mozilla/5.0 (Windows NT 10.0; Win64; x64) AppleWebKit/537.36 (KHTML, like Gecko) Chrome/95.0.4638.69 Safari/537.36"
40.77.167.32 - - [09/Jun/2026:07:15:35 +0000] "GET /products/homer-a-ok-pendant/61123545/ HTTP/1.1" 200 32516 "-" "Mozilla/5.0 AppleWebKit/537.36 (KHTML, like Gecko; compatible; bingbot/2.0; +http://www.bing.com/bingbot.htm) Chrome/116.0.1938.76 Safari/537.36"
34.24.159.89 - - [09/Jun/2026:07:15:36 +0000] "POST //xmlrpc.php HTTP/1.1" 200 18010 "-" "Mozilla/5.0 (Windows NT 10.0; Win64; x64) AppleWebKit/537.36 (KHTML, like Gecko) Chrome/95.0.4638.69 Safari/537.36"
34.24.159.89 - - [09/Jun/2026:07:15:37 +0000] "POST //xmlrpc.php HTTP/1.1" 200 18010 "-" "Mozilla/5.0 (Windows NT 10.0; Win64; x64) AppleWebKit/537.36 (KHTML, like Gecko) Chrome/95.0.4638.69 Safari/537.36"
52.167.144.216 - - [09/Jun/2026:07:15:35 +0000] "GET /products/vintage-polo-ralph-lauren-big-pony-rugby-shirt-long-sleeve/74157897/ HTTP/1.1" 200 34580 "-" "Mozilla/5.0 AppleWebKit/537.36 (KHTML, like Gecko; compatible; bingbot/2.0; +http://www.bing.com/bingbot.htm) Chrome/116.0.1938.76 Safari/537.36"
34.24.159.89 - - [09/Jun/2026:07:15:37 +0000] "POST //xmlrpc.php HTTP/1.1" 200 18010 "-" "Mozilla/5.0 (Windows NT 10.0; Win64; x64) AppleWebKit/537.36 (KHTML, like Gecko) Chrome/95.0.4638.69 Safari/537.36"
34.24.159.89 - - [09/Jun/2026:07:15:38 +0000] "POST //xmlrpc.php HTTP/1.1" 200 18010 "-" "Mozilla/5.0 (Windows NT 10.0; Win64; x64) AppleWebKit/537.36 (KHTML, like Gecko) Chrome/95.0.4638.69 Safari/537.36"
57.141.2.38 - - [09/Jun/2026:07:15:38 +0000] "GET /products/glacier-fur-hairy-punk-grunge-lgb-buckle-jacket-winter/11614401/ HTTP/1.1" 200 3563 "-" "meta-externalagent/1.1 (+https://developers.facebook.com/docs/sharing/webmasters/crawler)"
34.24.159.89 - - [09/Jun/2026:07:15:39 +0000] "POST //xmlrpc.php HTTP/1.1" 200 18010 "-" "Mozilla/5.0 (Windows NT 10.0; Win64; x64) AppleWebKit/537.36 (KHTML, like Gecko) Chrome/95.0.4638.69 Safari/537.36"
34.24.159.89 - - [09/Jun/2026:07:15:39 +0000] "POST //xmlrpc.php HTTP/1.1" 200 18010 "-" "Mozilla/5.0 (Windows NT 10.0; Win64; x64) AppleWebKit/537.36 (KHTML, like Gecko) Chrome/95.0.4638.69 Safari/537.36"
34.24.159.89 - - [09/Jun/2026:07:15:40 +0000] "POST //xmlrpc.php HTTP/1.1" 200 18010 "-" "Mozilla/5.0 (Windows NT 10.0; Win64; x64) AppleWebKit/537.36 (KHTML, like Gecko) Chrome/95.0.4638.69 Safari/537.36"
34.24.159.89 - - [09/Jun/2026:07:15:41 +0000] "POST //xmlrpc.php HTTP/1.1" 200 18010 "-" "Mozilla/5.0 (Windows NT 10.0; Win64; x64) AppleWebKit/537.36 (KHTML, like Gecko) Chrome/95.0.4638.69 Safari/537.36"
34.24.159.89 - - [09/Jun/2026:07:15:42 +0000] "POST //xmlrpc.php HTTP/1.1" 200 18010 "-" "Mozilla/5.0 (Windows NT 10.0; Win64; x64) AppleWebKit/537.36 (KHTML, like Gecko) Chrome/95.0.4638.69 Safari/537.36"
34.24.159.89 - - [09/Jun/2026:07:15:42 +0000] "POST //xmlrpc.php HTTP/1.1" 200 18010 "-" "Mozilla/5.0 (Windows NT 10.0; Win64; x64) AppleWebKit/537.36 (KHTML, like Gecko) Chrome/95.0.4638.69 Safari/537.36"
57.141.2.61 - - [09/Jun/2026:07:15:42 +0000] "GET /products/bape-multi-space-sweatshirt-pullover/76226001/ HTTP/1.1" 200 3563 "-" "meta-externalagent/1.1 (+https://developers.facebook.com/docs/sharing/webmasters/crawler)"
34.24.159.89 - - [09/Jun/2026:07:15:43 +0000] "POST //xmlrpc.php HTTP/1.1" 200 18010 "-" "Mozilla/5.0 (Windows NT 10.0; Win64; x64) AppleWebKit/537.36 (KHTML, like Gecko) Chrome/95.0.4638.69 Safari/537.36"
34.24.159.89 - - [09/Jun/2026:07:15:44 +0000] "POST //xmlrpc.php HTTP/1.1" 200 18010 "-" "Mozilla/5.0 (Windows NT 10.0; Win64; x64) AppleWebKit/537.36 (KHTML, like Gecko) Chrome/95.0.4638.69 Safari/537.36"
34.24.159.89 - - [09/Jun/2026:07:15:44 +0000] "POST //xmlrpc.php HTTP/1.1" 200 18010 "-" "Mozilla/5.0 (Windows NT 10.0; Win64; x64) AppleWebKit/537.36 (KHTML, like Gecko) Chrome/95.0.4638.69 Safari/537.36"
34.24.159.89 - - [09/Jun/2026:07:15:45 +0000] "POST //xmlrpc.php HTTP/1.1" 200 18010 "-" "Mozilla/5.0 (Windows NT 10.0; Win64; x64) AppleWebKit/537.36 (KHTML, like Gecko) Chrome/95.0.4638.69 Safari/537.36"
34.24.159.89 - - [09/Jun/2026:07:15:46 +0000] "POST //xmlrpc.php HTTP/1.1" 200 18010 "-" "Mozilla/5.0 (Windows NT 10.0; Win64; x64) AppleWebKit/537.36 (KHTML, like Gecko) Chrome/95.0.4638.69 Safari/537.36"
34.24.159.89 - - [09/Jun/2026:07:15:46 +0000] "POST //xmlrpc.php HTTP/1.1" 200 18010 "-" "Mozilla/5.0 (Windows NT 10.0; Win64; x64) AppleWebKit/537.36 (KHTML, like Gecko) Chrome/95.0.4638.69 Safari/537.36"
216.73.216.213 - - [09/Jun/2026:07:15:46 +0000] "GET /products/psycho-bunny-polo-shirt-mens-large-orange-100-pima-cotton-sk/66242169/ HTTP/1.1" 200 3588 "-" "Mozilla/5.0 AppleWebKit/537.36 (KHTML, like Gecko; compatible; ClaudeBot/1.0; +claudebot@anthropic.com)"
216.73.216.213 - - [09/Jun/2026:07:15:46 +0000] "GET /products/ss15-neighborhood-embroidered-souvenir-pap-hoodie/8693889/ HTTP/1.1" 200 3588 "-" "Mozilla/5.0 AppleWebKit/537.36 (KHTML, like Gecko; compatible; ClaudeBot/1.0; +claudebot@anthropic.com)"
216.73.216.213 - - [09/Jun/2026:07:15:46 +0000] "GET /products/other-junya-watanabe-man-wn-b026-shirt-cotton-dress-shirt-wn/48874521/ HTTP/1.1" 200 3588 "-" "Mozilla/5.0 AppleWebKit/537.36 (KHTML, like Gecko; compatible; ClaudeBot/1.0; +claudebot@anthropic.com)"
216.73.216.213 - - [09/Jun/2026:07:15:46 +0000] "GET /products/zimerrli-of-switzerland-luxury-designer-long-sleeve-sise-xs/27956505/ HTTP/1.1" 200 3588 "-" "Mozilla/5.0 AppleWebKit/537.36 (KHTML, like Gecko; compatible; ClaudeBot/1.0; +claudebot@anthropic.com)"
216.73.216.213 - - [09/Jun/2026:07:15:46 +0000] "GET /products/vintage-levis-silvertab-jeans-mens-34x34-baggy-denim-90s-gru/18561201/ HTTP/1.1" 200 3588 "-" "Mozilla/5.0 AppleWebKit/537.36 (KHTML, like Gecko; compatible; ClaudeBot/1.0; +claudebot@anthropic.com)"
216.73.216.213 - - [09/Jun/2026:07:15:46 +0000] "GET /products/new-fear-of-god-essentials-light-oatmeal-sweat-shorts-size-l/10976145/ HTTP/1.1" 200 3588 "-" "Mozilla/5.0 AppleWebKit/537.36 (KHTML, like Gecko; compatible; ClaudeBot/1.0; +claudebot@anthropic.com)"
216.73.216.213 - - [09/Jun/2026:07:15:46 +0000] "GET /products/balenciaga-bb0207s-everyday-twist-0207-004-fashion/35639841/ HTTP/1.1" 200 3588 "-" "Mozilla/5.0 AppleWebKit/537.36 (KHTML, like Gecko; compatible; ClaudeBot/1.0; +claudebot@anthropic.com)"
34.24.159.89 - - [09/Jun/2026:07:15:47 +0000] "POST //xmlrpc.php HTTP/1.1" 200 18010 "-" "Mozilla/5.0 (Windows NT 10.0; Win64; x64) AppleWebKit/537.36 (KHTML, like Gecko) Chrome/95.0.4638.69 Safari/537.36"
216.73.216.213 - - [09/Jun/2026:07:15:47 +0000] "GET /products/nike-free-50-shoe-womens-size-7-580591-446-gray-pink-white/51926409/ HTTP/1.1" 200 3588 "-" "Mozilla/5.0 AppleWebKit/537.36 (KHTML, like Gecko; compatible; ClaudeBot/1.0; +claudebot@anthropic.com)"
34.24.159.89 - - [09/Jun/2026:07:15:47 +0000] "POST //xmlrpc.php HTTP/1.1" 200 18010 "-" "Mozilla/5.0 (Windows NT 10.0; Win64; x64) AppleWebKit/537.36 (KHTML, like Gecko) Chrome/95.0.4638.69 Safari/537.36"
216.73.216.213 - - [09/Jun/2026:07:15:47 +0000] "GET /products/amazing-y2k-vintage-super-sexy-glamour-tank-top/54096057/ HTTP/1.1" 200 3588 "-" "Mozilla/5.0 AppleWebKit/537.36 (KHTML, like Gecko; compatible; ClaudeBot/1.0; +claudebot@anthropic.com)"
216.73.216.213 - - [09/Jun/2026:07:15:47 +0000] "GET /products/vintage-y2k-faded-tee-shirt-tie-die-sun-kanye-l/12875817/ HTTP/1.1" 200 3588 "-" "Mozilla/5.0 AppleWebKit/537.36 (KHTML, like Gecko; compatible; ClaudeBot/1.0; +claudebot@anthropic.com)"
216.73.216.213 - - [09/Jun/2026:07:15:47 +0000] "GET /products/vtg-japanese-sly-product-military-hoodie-jacket/69981849/ HTTP/1.1" 200 3588 "-" "Mozilla/5.0 AppleWebKit/537.36 (KHTML, like Gecko; compatible; ClaudeBot/1.0; +claudebot@anthropic.com)"
216.73.216.213 - - [09/Jun/2026:07:15:47 +0000] "GET /products/ermenegildo-zegna-blazer-mens-46-long-cashmere-brown-jacket/36637977/ HTTP/1.1" 200 3588 "-" "Mozilla/5.0 AppleWebKit/537.36 (KHTML, like Gecko; compatible; ClaudeBot/1.0; +claudebot@anthropic.com)"
216.73.216.213 - - [09/Jun/2026:07:15:47 +0000] "GET /products/ss04-yohji-yamamoto-y-3-adidas-striped-selvedge-jeans/48313305/ HTTP/1.1" 200 3588 "-" "Mozilla/5.0 AppleWebKit/537.36 (KHTML, like Gecko; compatible; ClaudeBot/1.0; +claudebot@anthropic.com)"
34.24.159.89 - - [09/Jun/2026:07:15:48 +0000] "POST //xmlrpc.php HTTP/1.1" 200 18010 "-" "Mozilla/5.0 (Windows NT 10.0; Win64; x64) AppleWebKit/537.36 (KHTML, like Gecko) Chrome/95.0.4638.69 Safari/537.36"
34.24.159.89 - - [09/Jun/2026:07:15:49 +0000] "POST //xmlrpc.php HTTP/1.1" 200 18010 "-" "Mozilla/5.0 (Windows NT 10.0; Win64; x64) AppleWebKit/537.36 (KHTML, like Gecko) Chrome/95.0.4638.69 Safari/537.36"
34.24.159.89 - - [09/Jun/2026:07:15:49 +0000] "POST //xmlrpc.php HTTP/1.1" 200 18010 "-" "Mozilla/5.0 (Windows NT 10.0; Win64; x64) AppleWebKit/537.36 (KHTML, like Gecko) Chrome/95.0.4638.69 Safari/537.36"
34.24.159.89 - - [09/Jun/2026:07:15:50 +0000] "POST //xmlrpc.php HTTP/1.1" 200 18010 "-" "Mozilla/5.0 (Windows NT 10.0; Win64; x64) AppleWebKit/537.36 (KHTML, like Gecko) Chrome/95.0.4638.69 Safari/537.36"
34.24.159.89 - - [09/Jun/2026:07:15:50 +0000] "POST //xmlrpc.php HTTP/1.1" 200 18010 "-" "Mozilla/5.0 (Windows NT 10.0; Win64; x64) AppleWebKit/537.36 (KHTML, like Gecko) Chrome/95.0.4638.69 Safari/537.36"
40.77.167.51 - - [09/Jun/2026:07:15:49 +0000] "GET /products/spacemen-3-for-all-the-fucked-up-90s-t-shirt/25266945/ HTTP/1.1" 200 32742 "-" "Mozilla/5.0 AppleWebKit/537.36 (KHTML, like Gecko; compatible; bingbot/2.0; +http://www.bing.com/bingbot.htm) Chrome/116.0.1938.76 Safari/537.36"
34.24.159.89 - - [09/Jun/2026:07:15:51 +0000] "POST //xmlrpc.php HTTP/1.1" 200 18010 "-" "Mozilla/5.0 (Windows NT 10.0; Win64; x64) AppleWebKit/537.36 (KHTML, like Gecko) Chrome/95.0.4638.69 Safari/537.36"
34.24.159.89 - - [09/Jun/2026:07:15:52 +0000] "POST //xmlrpc.php HTTP/1.1" 200 18010 "-" "Mozilla/5.0 (Windows NT 10.0; Win64; x64) AppleWebKit/537.36 (KHTML, like Gecko) Chrome/95.0.4638.69 Safari/537.36"
34.24.159.89 - - [09/Jun/2026:07:15:52 +0000] "POST //xmlrpc.php HTTP/1.1" 200 18010 "-" "Mozilla/5.0 (Windows NT 10.0; Win64; x64) AppleWebKit/537.36 (KHTML, like Gecko) Chrome/95.0.4638.69 Safari/537.36"
34.24.159.89 - - [09/Jun/2026:07:15:53 +0000] "POST //xmlrpc.php HTTP/1.1" 200 18010 "-" "Mozilla/5.0 (Windows NT 10.0; Win64; x64) AppleWebKit/537.36 (KHTML, like Gecko) Chrome/95.0.4638.69 Safari/537.36"
34.24.159.89 - - [09/Jun/2026:07:15:53 +0000] "POST //xmlrpc.php HTTP/1.1" 200 18010 "-" "Mozilla/5.0 (Windows NT 10.0; Win64; x64) AppleWebKit/537.36 (KHTML, like Gecko) Chrome/95.0.4638.69 Safari/537.36"
34.24.159.89 - - [09/Jun/2026:07:15:54 +0000] "POST //xmlrpc.php HTTP/1.1" 200 18010 "-" "Mozilla/5.0 (Windows NT 10.0; Win64; x64) AppleWebKit/537.36 (KHTML, like Gecko) Chrome/95.0.4638.69 Safari/537.36"
34.24.159.89 - - [09/Jun/2026:07:15:55 +0000] "POST //xmlrpc.php HTTP/1.1" 200 18010 "-" "Mozilla/5.0 (Windows NT 10.0; Win64; x64) AppleWebKit/537.36 (KHTML, like Gecko) Chrome/95.0.4638.69 Safari/537.36"
34.24.159.89 - - [09/Jun/2026:07:15:55 +0000] "POST //xmlrpc.php HTTP/1.1" 200 18010 "-" "Mozilla/5.0 (Windows NT 10.0; Win64; x64) AppleWebKit/537.36 (KHTML, like Gecko) Chrome/95.0.4638.69 Safari/537.36"
34.24.159.89 - - [09/Jun/2026:07:15:56 +0000] "POST //xmlrpc.php HTTP/1.1" 200 18010 "-" "Mozilla/5.0 (Windows NT 10.0; Win64; x64) AppleWebKit/537.36 (KHTML, like Gecko) Chrome/95.0.4638.69 Safari/537.36"
34.24.159.89 - - [09/Jun/2026:07:15:56 +0000] "POST //xmlrpc.php HTTP/1.1" 200 18010 "-" "Mozilla/5.0 (Windows NT 10.0; Win64; x64) AppleWebKit/537.36 (KHTML, like Gecko) Chrome/95.0.4638.69 Safari/537.36"
34.24.159.89 - - [09/Jun/2026:07:15:57 +0000] "POST //xmlrpc.php HTTP/1.1" 200 18010 "-" "Mozilla/5.0 (Windows NT 10.0; Win64; x64) AppleWebKit/537.36 (KHTML, like Gecko) Chrome/95.0.4638.69 Safari/537.36"
34.24.159.89 - - [09/Jun/2026:07:15:58 +0000] "POST //xmlrpc.php HTTP/1.1" 200 18010 "-" "Mozilla/5.0 (Windows NT 10.0; Win64; x64) AppleWebKit/537.36 (KHTML, like Gecko) Chrome/95.0.4638.69 Safari/537.36"
34.24.159.89 - - [09/Jun/2026:07:15:58 +0000] "POST //xmlrpc.php HTTP/1.1" 200 18010 "-" "Mozilla/5.0 (Windows NT 10.0; Win64; x64) AppleWebKit/537.36 (KHTML, like Gecko) Chrome/95.0.4638.69 Safari/537.36"
34.24.159.89 - - [09/Jun/2026:07:15:59 +0000] "POST //xmlrpc.php HTTP/1.1" 200 18010 "-" "Mozilla/5.0 (Windows NT 10.0; Win64; x64) AppleWebKit/537.36 (KHTML, like Gecko) Chrome/95.0.4638.69 Safari/537.36"
34.24.159.89 - - [09/Jun/2026:07:15:59 +0000] "POST //xmlrpc.php HTTP/1.1" 200 18010 "-" "Mozilla/5.0 (Windows NT 10.0; Win64; x64) AppleWebKit/537.36 (KHTML, like Gecko) Chrome/95.0.4638.69 Safari/537.36"
34.24.159.89 - - [09/Jun/2026:07:16:00 +0000] "POST //xmlrpc.php HTTP/1.1" 200 18010 "-" "Mozilla/5.0 (Windows NT 10.0; Win64; x64) AppleWebKit/537.36 (KHTML, like Gecko) Chrome/95.0.4638.69 Safari/537.36"
34.24.159.89 - - [09/Jun/2026:07:16:00 +0000] "POST //xmlrpc.php HTTP/1.1" 200 18010 "-" "Mozilla/5.0 (Windows NT 10.0; Win64; x64) AppleWebKit/537.36 (KHTML, like Gecko) Chrome/95.0.4638.69 Safari/537.36"
34.24.159.89 - - [09/Jun/2026:07:16:01 +0000] "POST //xmlrpc.php HTTP/1.1" 200 18010 "-" "Mozilla/5.0 (Windows NT 10.0; Win64; x64) AppleWebKit/537.36 (KHTML, like Gecko) Chrome/95.0.4638.69 Safari/537.36"
34.24.159.89 - - [09/Jun/2026:07:16:01 +0000] "POST //xmlrpc.php HTTP/1.1" 200 18010 "-" "Mozilla/5.0 (Windows NT 10.0; Win64; x64) AppleWebKit/537.36 (KHTML, like Gecko) Chrome/95.0.4638.69 Safari/537.36"
34.24.159.89 - - [09/Jun/2026:07:16:02 +0000] "POST //xmlrpc.php HTTP/1.1" 200 18010 "-" "Mozilla/5.0 (Windows NT 10.0; Win64; x64) AppleWebKit/537.36 (KHTML, like Gecko) Chrome/95.0.4638.69 Safari/537.36"
34.24.159.89 - - [09/Jun/2026:07:16:03 +0000] "POST //xmlrpc.php HTTP/1.1" 200 18010 "-" "Mozilla/5.0 (Windows NT 10.0; Win64; x64) AppleWebKit/537.36 (KHTML, like Gecko) Chrome/95.0.4638.69 Safari/537.36"
34.24.159.89 - - [09/Jun/2026:07:16:03 +0000] "POST //xmlrpc.php HTTP/1.1" 200 18010 "-" "Mozilla/5.0 (Windows NT 10.0; Win64; x64) AppleWebKit/537.36 (KHTML, like Gecko) Chrome/95.0.4638.69 Safari/537.36"
57.141.2.9 - - [09/Jun/2026:07:16:03 +0000] "GET /products/maison-martin-margiela-avant-garde-real-leather-high-boots/12233337/ HTTP/1.1" 200 3563 "-" "meta-externalagent/1.1 (+https://developers.facebook.com/docs/sharing/webmasters/crawler)"
34.24.159.89 - - [09/Jun/2026:07:16:04 +0000] "POST //xmlrpc.php HTTP/1.1" 200 18010 "-" "Mozilla/5.0 (Windows NT 10.0; Win64; x64) AppleWebKit/537.36 (KHTML, like Gecko) Chrome/95.0.4638.69 Safari/537.36"
34.24.159.89 - - [09/Jun/2026:07:16:04 +0000] "POST //xmlrpc.php HTTP/1.1" 200 18010 "-" "Mozilla/5.0 (Windows NT 10.0; Win64; x64) AppleWebKit/537.36 (KHTML, like Gecko) Chrome/95.0.4638.69 Safari/537.36"
34.24.159.89 - - [09/Jun/2026:07:16:05 +0000] "POST //xmlrpc.php HTTP/1.1" 200 18010 "-" "Mozilla/5.0 (Windows NT 10.0; Win64; x64) AppleWebKit/537.36 (KHTML, like Gecko) Chrome/95.0.4638.69 Safari/537.36"
34.24.159.89 - - [09/Jun/2026:07:16:06 +0000] "POST //xmlrpc.php HTTP/1.1" 200 18010 "-" "Mozilla/5.0 (Windows NT 10.0; Win64; x64) AppleWebKit/537.36 (KHTML, like Gecko) Chrome/95.0.4638.69 Safari/537.36"
34.24.159.89 - - [09/Jun/2026:07:16:06 +0000] "POST //xmlrpc.php HTTP/1.1" 200 18010 "-" "Mozilla/5.0 (Windows NT 10.0; Win64; x64) AppleWebKit/537.36 (KHTML, like Gecko) Chrome/95.0.4638.69 Safari/537.36"
34.24.159.89 - - [09/Jun/2026:07:16:07 +0000] "POST //xmlrpc.php HTTP/1.1" 200 18010 "-" "Mozilla/5.0 (Windows NT 10.0; Win64; x64) AppleWebKit/537.36 (KHTML, like Gecko) Chrome/95.0.4638.69 Safari/537.36"
34.24.159.89 - - [09/Jun/2026:07:16:08 +0000] "POST //xmlrpc.php HTTP/1.1" 200 18010 "-" "Mozilla/5.0 (Windows NT 10.0; Win64; x64) AppleWebKit/537.36 (KHTML, like Gecko) Chrome/95.0.4638.69 Safari/537.36"
216.73.216.213 - - [09/Jun/2026:07:16:08 +0000] "GET /products/clarks-originals-x-ronnie-fieg-sandford2vibram-sole-size-11/43055937/ HTTP/1.1" 200 3588 "-" "Mozilla/5.0 AppleWebKit/537.36 (KHTML, like Gecko; compatible; ClaudeBot/1.0; +claudebot@anthropic.com)"
216.73.216.213 - - [09/Jun/2026:07:16:08 +0000] "GET /products/vintage-nike-sportwear-hoodie-full-zip-sweatshirt-blue-women/79351185/ HTTP/1.1" 200 3588 "-" "Mozilla/5.0 AppleWebKit/537.36 (KHTML, like Gecko; compatible; ClaudeBot/1.0; +claudebot@anthropic.com)"
216.73.216.213 - - [09/Jun/2026:07:16:08 +0000] "GET /products/nwt-coach-woman-archival-buckle-clog-shoes-merlot-cco05-us-7/35940177/ HTTP/1.1" 200 3588 "-" "Mozilla/5.0 AppleWebKit/537.36 (KHTML, like Gecko; compatible; ClaudeBot/1.0; +claudebot@anthropic.com)"
216.73.216.213 - - [09/Jun/2026:07:16:08 +0000] "GET /products/vintage-gucci-black-signature-travel-luggage-garment-duffle/53039289/ HTTP/1.1" 200 3588 "-" "Mozilla/5.0 AppleWebKit/537.36 (KHTML, like Gecko; compatible; ClaudeBot/1.0; +claudebot@anthropic.com)"
216.73.216.213 - - [09/Jun/2026:07:16:08 +0000] "GET /products/00s-dolly-angela-lgb-if-six-was-nine-style-faux-fur-parka/11606289/ HTTP/1.1" 200 3588 "-" "Mozilla/5.0 AppleWebKit/537.36 (KHTML, like Gecko; compatible; ClaudeBot/1.0; +claudebot@anthropic.com)"
216.73.216.213 - - [09/Jun/2026:07:16:08 +0000] "GET /products/rare-nike-fc-augsburg-germany-bundesleageue-football-jersey/72554625/ HTTP/1.1" 200 3588 "-" "Mozilla/5.0 AppleWebKit/537.36 (KHTML, like Gecko; compatible; ClaudeBot/1.0; +claudebot@anthropic.com)"
216.73.216.213 - - [09/Jun/2026:07:16:08 +0000] "GET /products/other-iena-french-tuck-band-collar-blouse-others-tops-240519/49374489/ HTTP/1.1" 200 3588 "-" "Mozilla/5.0 AppleWebKit/537.36 (KHTML, like Gecko; compatible; ClaudeBot/1.0; +claudebot@anthropic.com)"
34.24.159.89 - - [09/Jun/2026:07:16:08 +0000] "POST //xmlrpc.php HTTP/1.1" 200 18010 "-" "Mozilla/5.0 (Windows NT 10.0; Win64; x64) AppleWebKit/537.36 (KHTML, like Gecko) Chrome/95.0.4638.69 Safari/537.36"
216.73.216.213 - - [09/Jun/2026:07:16:09 +0000] "GET /products/santorelli-dress-shirt-mens-16-3435-beige-plaid-trim-fit-cot/64466145/ HTTP/1.1" 200 3588 "-" "Mozilla/5.0 AppleWebKit/537.36 (KHTML, like Gecko; compatible; ClaudeBot/1.0; +claudebot@anthropic.com)"
34.24.159.89 - - [09/Jun/2026:07:16:09 +0000] "POST //xmlrpc.php HTTP/1.1" 200 18010 "-" "Mozilla/5.0 (Windows NT 10.0; Win64; x64) AppleWebKit/537.36 (KHTML, like Gecko) Chrome/95.0.4638.69 Safari/537.36"
216.73.216.213 - - [09/Jun/2026:07:16:09 +0000] "GET /products/vintage-the-real-mccoys-skinny-selvege-jeans-pants/72967305/ HTTP/1.1" 200 3588 "-" "Mozilla/5.0 AppleWebKit/537.36 (KHTML, like Gecko; compatible; ClaudeBot/1.0; +claudebot@anthropic.com)"
216.73.216.213 - - [09/Jun/2026:07:16:09 +0000] "GET /products/tiffany-co-tiffanyco-atlas-silver-925-necklace-metal-necklac/48760209/ HTTP/1.1" 200 3588 "-" "Mozilla/5.0 AppleWebKit/537.36 (KHTML, like Gecko; compatible; ClaudeBot/1.0; +claudebot@anthropic.com)"
216.73.216.213 - - [09/Jun/2026:07:16:09 +0000] "GET /products/brooks-brothers-camel-hair-blazer-sport-coat-made-in-usa-che/36401097/ HTTP/1.1" 200 3588 "-" "Mozilla/5.0 AppleWebKit/537.36 (KHTML, like Gecko; compatible; ClaudeBot/1.0; +claudebot@anthropic.com)"
216.73.216.213 - - [09/Jun/2026:07:16:09 +0000] "GET /products/vivienne-westwood-scarf-muffler-neckwear-t458/17703033/ HTTP/1.1" 200 3588 "-" "Mozilla/5.0 AppleWebKit/537.36 (KHTML, like Gecko; compatible; ClaudeBot/1.0; +claudebot@anthropic.com)"
216.73.216.213 - - [09/Jun/2026:07:16:09 +0000] "GET /products/jacquemus-le-ovalo-shoulder-bag-women-usa-duties-paid/70380081/ HTTP/1.1" 200 3588 "-" "Mozilla/5.0 AppleWebKit/537.36 (KHTML, like Gecko; compatible; ClaudeBot/1.0; +claudebot@anthropic.com)"
34.24.159.89 - - [09/Jun/2026:07:16:10 +0000] "POST //xmlrpc.php HTTP/1.1" 200 18010 "-" "Mozilla/5.0 (Windows NT 10.0; Win64; x64) AppleWebKit/537.36 (KHTML, like Gecko) Chrome/95.0.4638.69 Safari/537.36"
34.24.159.89 - - [09/Jun/2026:07:16:10 +0000] "POST //xmlrpc.php HTTP/1.1" 200 18010 "-" "Mozilla/5.0 (Windows NT 10.0; Win64; x64) AppleWebKit/537.36 (KHTML, like Gecko) Chrome/95.0.4638.69 Safari/537.36"
34.24.159.89 - - [09/Jun/2026:07:16:11 +0000] "POST //xmlrpc.php HTTP/1.1" 200 18010 "-" "Mozilla/5.0 (Windows NT 10.0; Win64; x64) AppleWebKit/537.36 (KHTML, like Gecko) Chrome/95.0.4638.69 Safari/537.36"
139.84.174.118 - - [09/Jun/2026:07:16:12 +0000] "POST /wp-cron.php?doing_wp_cron=1780989372.1536700725555419921875 HTTP/1.1" 200 3593 "-" "WordPress/6.5.8; https://mayaver.com"
34.24.159.89 - - [09/Jun/2026:07:16:11 +0000] "POST //xmlrpc.php HTTP/1.1" 200 18010 "-" "Mozilla/5.0 (Windows NT 10.0; Win64; x64) AppleWebKit/537.36 (KHTML, like Gecko) Chrome/95.0.4638.69 Safari/537.36"
34.24.159.89 - - [09/Jun/2026:07:16:12 +0000] "POST //xmlrpc.php HTTP/1.1" 200 18010 "-" "Mozilla/5.0 (Windows NT 10.0; Win64; x64) AppleWebKit/537.36 (KHTML, like Gecko) Chrome/95.0.4638.69 Safari/537.36"
34.24.159.89 - - [09/Jun/2026:07:16:13 +0000] "POST //xmlrpc.php HTTP/1.1" 200 18010 "-" "Mozilla/5.0 (Windows NT 10.0; Win64; x64) AppleWebKit/537.36 (KHTML, like Gecko) Chrome/95.0.4638.69 Safari/537.36"
34.24.159.89 - - [09/Jun/2026:07:16:13 +0000] "POST //xmlrpc.php HTTP/1.1" 200 18010 "-" "Mozilla/5.0 (Windows NT 10.0; Win64; x64) AppleWebKit/537.36 (KHTML, like Gecko) Chrome/95.0.4638.69 Safari/537.36"
34.24.159.89 - - [09/Jun/2026:07:16:14 +0000] "POST //xmlrpc.php HTTP/1.1" 200 18010 "-" "Mozilla/5.0 (Windows NT 10.0; Win64; x64) AppleWebKit/537.36 (KHTML, like Gecko) Chrome/95.0.4638.69 Safari/537.36"
34.24.159.89 - - [09/Jun/2026:07:16:15 +0000] "POST //xmlrpc.php HTTP/1.1" 200 18010 "-" "Mozilla/5.0 (Windows NT 10.0; Win64; x64) AppleWebKit/537.36 (KHTML, like Gecko) Chrome/95.0.4638.69 Safari/537.36"
34.24.159.89 - - [09/Jun/2026:07:16:15 +0000] "POST //xmlrpc.php HTTP/1.1" 200 18010 "-" "Mozilla/5.0 (Windows NT 10.0; Win64; x64) AppleWebKit/537.36 (KHTML, like Gecko) Chrome/95.0.4638.69 Safari/537.36"
34.24.159.89 - - [09/Jun/2026:07:16:16 +0000] "POST //xmlrpc.php HTTP/1.1" 200 18010 "-" "Mozilla/5.0 (Windows NT 10.0; Win64; x64) AppleWebKit/537.36 (KHTML, like Gecko) Chrome/95.0.4638.69 Safari/537.36"
34.24.159.89 - - [09/Jun/2026:07:16:17 +0000] "POST //xmlrpc.php HTTP/1.1" 200 18010 "-" "Mozilla/5.0 (Windows NT 10.0; Win64; x64) AppleWebKit/537.36 (KHTML, like Gecko) Chrome/95.0.4638.69 Safari/537.36"
34.24.159.89 - - [09/Jun/2026:07:16:17 +0000] "POST //xmlrpc.php HTTP/1.1" 200 18010 "-" "Mozilla/5.0 (Windows NT 10.0; Win64; x64) AppleWebKit/537.36 (KHTML, like Gecko) Chrome/95.0.4638.69 Safari/537.36"
34.24.159.89 - - [09/Jun/2026:07:16:18 +0000] "POST //xmlrpc.php HTTP/1.1" 200 18010 "-" "Mozilla/5.0 (Windows NT 10.0; Win64; x64) AppleWebKit/537.36 (KHTML, like Gecko) Chrome/95.0.4638.69 Safari/537.36"
34.24.159.89 - - [09/Jun/2026:07:16:18 +0000] "POST //xmlrpc.php HTTP/1.1" 200 18010 "-" "Mozilla/5.0 (Windows NT 10.0; Win64; x64) AppleWebKit/537.36 (KHTML, like Gecko) Chrome/95.0.4638.69 Safari/537.36"
34.24.159.89 - - [09/Jun/2026:07:16:19 +0000] "POST //xmlrpc.php HTTP/1.1" 200 18010 "-" "Mozilla/5.0 (Windows NT 10.0; Win64; x64) AppleWebKit/537.36 (KHTML, like Gecko) Chrome/95.0.4638.69 Safari/537.36"
34.24.159.89 - - [09/Jun/2026:07:16:20 +0000] "POST //xmlrpc.php HTTP/1.1" 200 18010 "-" "Mozilla/5.0 (Windows NT 10.0; Win64; x64) AppleWebKit/537.36 (KHTML, like Gecko) Chrome/95.0.4638.69 Safari/537.36"
34.24.159.89 - - [09/Jun/2026:07:16:20 +0000] "POST //xmlrpc.php HTTP/1.1" 200 18010 "-" "Mozilla/5.0 (Windows NT 10.0; Win64; x64) AppleWebKit/537.36 (KHTML, like Gecko) Chrome/95.0.4638.69 Safari/537.36"
34.24.159.89 - - [09/Jun/2026:07:16:21 +0000] "POST //xmlrpc.php HTTP/1.1" 200 18010 "-" "Mozilla/5.0 (Windows NT 10.0; Win64; x64) AppleWebKit/537.36 (KHTML, like Gecko) Chrome/95.0.4638.69 Safari/537.36"
