176.123.1.37 - - [09/Jun/2026:11:55:04 +0000] "POST /xmlrpc.php HTTP/1.1" 403 4358 "-" "Mozilla/5.0 (Windows NT 10.0; Win64; x64) AppleWebKit/537.36 (KHTML, like Gecko) Chrome/114.0.0.0 Safari/537.36 Edg/114.0.1823.43"
156.146.61.34 - - [09/Jun/2026:11:55:11 +0000] "POST /xmlrpc.php HTTP/1.1" 403 4358 "-" "Mozilla/5.0 (Windows NT 10.0; Win64; x64) AppleWebKit/537.36 (KHTML, like Gecko) Chrome/108.0.0.0 Safari/537.36"
156.146.61.34 - - [09/Jun/2026:11:55:11 +0000] "POST /xmlrpc.php HTTP/1.1" 403 4358 "-" "Mozilla/5.0 (Windows NT 10.0; Win64; x64) AppleWebKit/537.36 (KHTML, like Gecko) Chrome/108.0.0.0 Safari/537.36"
156.146.61.34 - - [09/Jun/2026:11:55:12 +0000] "POST /xmlrpc.php HTTP/1.1" 403 4358 "-" "Mozilla/5.0 (Windows NT 10.0; Win64; x64) AppleWebKit/537.36 (KHTML, like Gecko) Chrome/108.0.0.0 Safari/537.36"
156.146.61.34 - - [09/Jun/2026:11:55:12 +0000] "POST /xmlrpc.php HTTP/1.1" 403 4358 "-" "Mozilla/5.0 (Windows NT 10.0; Win64; x64) AppleWebKit/537.36 (KHTML, like Gecko) Chrome/108.0.0.0 Safari/537.36"
139.84.174.118 - - [09/Jun/2026:11:55:18 +0000] "POST /wp-cron.php?doing_wp_cron=1781006118.1506459712982177734375 HTTP/1.1" 403 4358 "-" "WordPress/6.5.8; https://mayaver.com"
57.141.2.36 - - [09/Jun/2026:11:55:17 +0000] "GET /products/thom-browne-black-wool-womens-sweater-0089/63793641/ HTTP/1.1" 404 115176 "-" "meta-externalagent/1.1 (+https://developers.facebook.com/docs/sharing/webmasters/crawler)"
57.141.2.57 - - [09/Jun/2026:11:55:39 +0000] "GET /products/versace-gianni-ribbon-wedge-mules-size-365/47807193/ HTTP/1.1" 404 115176 "-" "meta-externalagent/1.1 (+https://developers.facebook.com/docs/sharing/webmasters/crawler)"
208.68.37.246 - - [09/Jun/2026:11:55:46 +0000] "GET /wp-login.php HTTP/1.1" 403 4358 "-" "Mozilla/5.0 (Windows NT 10.0; Win64; x64; rv:133.0) Gecko/20100101 Firefox/133.0"
208.68.37.246 - - [09/Jun/2026:11:55:46 +0000] "POST /wp-login.php HTTP/1.1" 403 4358 "https://mayaver.com/wp-login.php" "Mozilla/5.0 (Windows NT 10.0; Win64; x64; rv:133.0) Gecko/20100101 Firefox/133.0"
57.141.2.51 - - [09/Jun/2026:11:56:07 +0000] "GET /products/fw19-holographic-emergency-tee/25261377/ HTTP/1.1" 404 115161 "-" "meta-externalagent/1.1 (+https://developers.facebook.com/docs/sharing/webmasters/crawler)"
142.93.10.93 - - [09/Jun/2026:11:56:16 +0000] "POST /xmlrpc.php HTTP/1.1" 403 4358 "-" "Mozilla/5.0 (Macintosh; Intel Mac OS X 14_7_4) AppleWebKit/537.36 (KHTML, like Gecko) Chrome/133.0.0.0 Safari/537.36"
139.84.174.118 - - [09/Jun/2026:11:56:28 +0000] "POST /wp-cron.php?doing_wp_cron=1781006188.1455230712890625000000 HTTP/1.1" 403 4358 "-" "WordPress/6.5.8; https://mayaver.com"
57.141.2.52 - - [09/Jun/2026:11:56:27 +0000] "GET /products/other-slobe-iena-skirt-others-skirts-duty-free-for-usa/49452729/ HTTP/1.1" 404 115176 "-" "meta-externalagent/1.1 (+https://developers.facebook.com/docs/sharing/webmasters/crawler)"
142.93.10.93 - - [09/Jun/2026:11:56:27 +0000] "GET /wp-json/wp/v2/users/me HTTP/1.1" 401 17996 "-" "Mozilla/5.0 (Macintosh; Intel Mac OS X 14_7_4) AppleWebKit/537.36 (KHTML, like Gecko) Chrome/133.0.0.0 Safari/537.36"
52.167.144.237 - - [09/Jun/2026:11:56:35 +0000] "GET /products/quest-arctic-blast-boots-womens-3-waterproof-insulated-snow/32900721/ HTTP/1.1" 200 30248 "-" "Mozilla/5.0 AppleWebKit/537.36 (KHTML, like Gecko; compatible; bingbot/2.0; +http://www.bing.com/bingbot.htm) Chrome/116.0.1938.76 Safari/537.36"
52.167.144.229 - - [09/Jun/2026:11:56:40 +0000] "GET /products/rare-runway-soldout-brand-new-celine-hedi-slimane-logo-belt/55913865/ HTTP/1.1" 200 29524 "-" "Mozilla/5.0 AppleWebKit/537.36 (KHTML, like Gecko; compatible; bingbot/2.0; +http://www.bing.com/bingbot.htm) Chrome/116.0.1938.76 Safari/537.36"
78.142.18.172 - - [09/Jun/2026:11:57:26 +0000] "POST /xmlrpc.php HTTP/1.1" 403 4358 "-" "Mozilla/5.0 (Windows NT 10.0; Win64; x64; rv:133.0) Gecko/20100101 Firefox/133.0"
139.84.174.118 - - [09/Jun/2026:11:57:40 +0000] "POST /wp-cron.php?doing_wp_cron=1781006260.5051760673522949218750 HTTP/1.1" 403 4358 "-" "WordPress/6.5.8; https://mayaver.com"
78.142.18.172 - - [09/Jun/2026:11:57:39 +0000] "GET /wp-json/wp/v2/users/me HTTP/1.1" 401 17996 "-" "Mozilla/5.0 (Windows NT 10.0; Win64; x64; rv:133.0) Gecko/20100101 Firefox/133.0"
181.20.72.160 - - [09/Jun/2026:11:57:42 +0000] "GET /jugabet-y-la-sencillez-que-conecta-a-jugadores-con-las-apuestas-en-linea/ HTTP/1.1" 404 115176 "-" "Mozilla/5.0 (Macintosh; Intel Mac OS X 10_15_3) AppleWebKit/537.36 (KHTML, like Gecko) Chrome/87.0.4280.88 Safari/537.36"
57.141.2.6 - - [09/Jun/2026:11:57:57 +0000] "GET /products/chrome-hearts-clitorial/27518529/ HTTP/1.1" 404 115167 "-" "meta-externalagent/1.1 (+https://developers.facebook.com/docs/sharing/webmasters/crawler)"
52.167.144.229 - - [09/Jun/2026:11:58:26 +0000] "GET /products/vintage-danton-france-faded-blue-chore-work-jacket/39961713/ HTTP/1.1" 200 29431 "-" "Mozilla/5.0 AppleWebKit/537.36 (KHTML, like Gecko; compatible; bingbot/2.0; +http://www.bing.com/bingbot.htm) Chrome/116.0.1938.76 Safari/537.36"
139.84.174.118 - - [09/Jun/2026:11:58:45 +0000] "POST /wp-cron.php?doing_wp_cron=1781006325.5853168964385986328125 HTTP/1.1" 403 4358 "-" "WordPress/6.5.8; https://mayaver.com"
43.134.162.36 - - [09/Jun/2026:11:58:44 +0000] "GET /?edit=/var/www/vhosts/mayaver.com/httpdocs/wp-content/themes/aihub/page.php HTTP/1.1" 301 18492 "-" "Mozilla/5.0 (iPhone; CPU iPhone OS 13_2_3 like Mac OS X) AppleWebKit/605.1.15 (KHTML, like Gecko) Version/13.0.3 Mobile/15E148 Safari/604.1"
43.134.162.36 - - [09/Jun/2026:11:58:47 +0000] "GET /?edit=%2Fvar%2Fwww%2Fvhosts%2Fmayaver.com%2Fhttpdocs%2Fwp-content%2Fthemes%2Faihub%2Fpage.php HTTP/1.1" 200 39276 "https://mayaver.com/?edit=/var/www/vhosts/mayaver.com/httpdocs/wp-content/themes/aihub/page.php" "Mozilla/5.0 (iPhone; CPU iPhone OS 13_2_3 like Mac OS X) AppleWebKit/605.1.15 (KHTML, like Gecko) Version/13.0.3 Mobile/15E148 Safari/604.1"
57.141.2.36 - - [09/Jun/2026:11:58:55 +0000] "GET /products/vintage-oneill-surfing-sweatshirt/56478489/ HTTP/1.1" 404 115176 "-" "meta-externalagent/1.1 (+https://developers.facebook.com/docs/sharing/webmasters/crawler)"
57.141.2.36 - - [09/Jun/2026:11:59:06 +0000] "GET /products/comme-des-garcons-spliced-polyester-long-sleeve-jacket/37797129/ HTTP/1.1" 404 115176 "-" "meta-externalagent/1.1 (+https://developers.facebook.com/docs/sharing/webmasters/crawler)"
139.84.174.118 - - [09/Jun/2026:12:00:12 +0000] "POST /wp-cron.php?doing_wp_cron=1781006412.9058439731597900390625 HTTP/1.1" 403 4358 "-" "WordPress/6.5.8; https://mayaver.com"
94.187.23.207 - - [09/Jun/2026:12:00:11 +0000] "GET /things-to-understand-their-abdomen-fitness/ HTTP/1.1" 404 115176 "-" "Mozilla/5.0 (Macintosh; Intel Mac OS X 10_13_6) AppleWebKit/537.36 (KHTML, like Gecko) Chrome/100.0.4896.75 Safari/537.36"
104.244.72.22 - - [09/Jun/2026:12:00:15 +0000] "GET /cccsitemap.xml HTTP/1.1" 200 3584 "-" "googlebot,google,google.com"
57.141.2.58 - - [09/Jun/2026:12:00:21 +0000] "GET /products/vintage-oneill-surfing-sweatshirt/56478489/ HTTP/1.1" 404 115167 "-" "meta-externalagent/1.1 (+https://developers.facebook.com/docs/sharing/webmasters/crawler)"
104.244.72.22 - - [09/Jun/2026:12:00:17 +0000] "GET /sitemapindex2024.xml HTTP/1.1" 200 10982 "-" "googlebot,google,google.com"
57.141.2.2 - - [09/Jun/2026:12:00:45 +0000] "GET /products/ams-couture-m-blue-lined-blazer-74291/36420537/ HTTP/1.1" 404 115176 "-" "meta-externalagent/1.1 (+https://developers.facebook.com/docs/sharing/webmasters/crawler)"
57.141.2.13 - - [09/Jun/2026:12:00:48 +0000] "GET /products/tornado-mart-blazer/64271841/ HTTP/1.1" 404 115176 "-" "meta-externalagent/1.1 (+https://developers.facebook.com/docs/sharing/webmasters/crawler)"
139.84.174.118 - - [09/Jun/2026:12:01:24 +0000] "POST /wp-cron.php?doing_wp_cron=1781006484.2270879745483398437500 HTTP/1.1" 403 4358 "-" "WordPress/6.5.8; https://mayaver.com"
57.141.2.63 - - [09/Jun/2026:12:01:24 +0000] "GET /products/fendi-new-monster-black-wool-sweater/36831489/ HTTP/1.1" 404 115176 "-" "meta-externalagent/1.1 (+https://developers.facebook.com/docs/sharing/webmasters/crawler)"
57.141.2.21 - - [09/Jun/2026:12:01:25 +0000] "GET /products/mercibeaucoup/74395401/ HTTP/1.1" 404 115161 "-" "meta-externalagent/1.1 (+https://developers.facebook.com/docs/sharing/webmasters/crawler)"
57.141.2.53 - - [09/Jun/2026:12:01:56 +0000] "GET /products/vtg-carlo-colucci-colorblock-chunky-knit-blend-sweater/73368465/ HTTP/1.1" 404 115176 "-" "meta-externalagent/1.1 (+https://developers.facebook.com/docs/sharing/webmasters/crawler)"
57.141.2.61 - - [09/Jun/2026:12:01:58 +0000] "GET /products/y-3-black-jackets-bomber-jackets/76763169/ HTTP/1.1" 404 115176 "-" "meta-externalagent/1.1 (+https://developers.facebook.com/docs/sharing/webmasters/crawler)"
57.141.2.53 - - [09/Jun/2026:12:02:21 +0000] "GET /products/swarovski-louison-strandage-white-leaves-rhs-crystal-new/24668745/ HTTP/1.1" 404 115176 "-" "meta-externalagent/1.1 (+https://developers.facebook.com/docs/sharing/webmasters/crawler)"
139.84.174.118 - - [09/Jun/2026:12:02:28 +0000] "POST /wp-cron.php?doing_wp_cron=1781006548.1709411144256591796875 HTTP/1.1" 403 4358 "-" "WordPress/6.5.8; https://mayaver.com"
57.141.2.49 - - [09/Jun/2026:12:02:27 +0000] "GET /products/free-people-pressed-in-flowers-kimono-jacket-sz-s-oversized/50202513/ HTTP/1.1" 404 115176 "-" "meta-externalagent/1.1 (+https://developers.facebook.com/docs/sharing/webmasters/crawler)"
57.141.2.24 - - [09/Jun/2026:12:03:00 +0000] "GET /products/like-new-tods-heart-stud-leather-red-2-way-shoulder-bag-0969/16287705/ HTTP/1.1" 404 115176 "-" "meta-externalagent/1.1 (+https://developers.facebook.com/docs/sharing/webmasters/crawler)"
57.141.2.12 - - [09/Jun/2026:12:03:21 +0000] "GET /category/metaverse/ HTTP/1.1" 200 147946 "-" "meta-externalagent/1.1 (+https://developers.facebook.com/docs/sharing/webmasters/crawler)"
139.84.174.118 - - [09/Jun/2026:12:03:35 +0000] "POST /wp-cron.php?doing_wp_cron=1781006615.4914190769195556640625 HTTP/1.1" 403 4358 "-" "WordPress/6.5.8; https://mayaver.com"
57.141.2.39 - - [09/Jun/2026:12:03:35 +0000] "GET /products/sunice-megan-superlitefx-stretch-thermal-14-zip-thermal-xl/41664681/ HTTP/1.1" 404 115176 "-" "meta-externalagent/1.1 (+https://developers.facebook.com/docs/sharing/webmasters/crawler)"
57.141.2.43 - - [09/Jun/2026:12:03:35 +0000] "GET /products/fender-guitar-strap-tote-bag/33534945/ HTTP/1.1" 404 115176 "-" "meta-externalagent/1.1 (+https://developers.facebook.com/docs/sharing/webmasters/crawler)"
57.141.2.7 - - [09/Jun/2026:12:03:38 +0000] "GET /products/issey-miyake-mens-wool-diamond-knit-blazer-size-2/77731953/ HTTP/1.1" 404 115176 "-" "meta-externalagent/1.1 (+https://developers.facebook.com/docs/sharing/webmasters/crawler)"
57.141.2.43 - - [09/Jun/2026:12:03:39 +0000] "GET /products/jil-sander-salmon-pink-pure-cotton-shirt-top/27888609/ HTTP/1.1" 404 115176 "-" "meta-externalagent/1.1 (+https://developers.facebook.com/docs/sharing/webmasters/crawler)"
57.141.2.36 - - [09/Jun/2026:12:04:07 +0000] "GET /products/vintage-indiana-baseball-mlb-team-varsity-jacket/39915369/ HTTP/1.1" 404 115176 "-" "meta-externalagent/1.1 (+https://developers.facebook.com/docs/sharing/webmasters/crawler)"
139.84.174.118 - - [09/Jun/2026:12:04:36 +0000] "POST /wp-cron.php?doing_wp_cron=1781006676.8859210014343261718750 HTTP/1.1" 403 4358 "-" "WordPress/6.5.8; https://mayaver.com"
57.141.2.18 - - [09/Jun/2026:12:04:36 +0000] "GET /products/2000s-adidas-x-missy-elliott-snow-boots-high/12333633/ HTTP/1.1" 404 115176 "-" "meta-externalagent/1.1 (+https://developers.facebook.com/docs/sharing/webmasters/crawler)"
57.141.2.43 - - [09/Jun/2026:12:04:48 +0000] "GET /products/zucca-travail-casual-jacket/9616017/ HTTP/1.1" 404 115176 "-" "meta-externalagent/1.1 (+https://developers.facebook.com/docs/sharing/webmasters/crawler)"
139.84.174.118 - - [09/Jun/2026:12:05:42 +0000] "POST /wp-cron.php?doing_wp_cron=1781006742.2820219993591308593750 HTTP/1.1" 403 4358 "-" "WordPress/6.5.8; https://mayaver.com"
57.141.2.61 - - [09/Jun/2026:12:05:42 +0000] "GET /products/true-vintage-pointer-usa-carpenter-hickory-baggy-jeans/40688961/ HTTP/1.1" 404 115176 "-" "meta-externalagent/1.1 (+https://developers.facebook.com/docs/sharing/webmasters/crawler)"
57.141.2.36 - - [09/Jun/2026:12:05:45 +0000] "GET /products/kenzo-jungle-paris-x-hm-big-logo-tiger-sweatshirt/56488281/ HTTP/1.1" 404 115176 "-" "meta-externalagent/1.1 (+https://developers.facebook.com/docs/sharing/webmasters/crawler)"
114.119.146.55 - - [09/Jun/2026:12:05:45 +0000] "GET /kak-skachat-1khbet-na-planshet-s-bolshim-ekranom-dlia-udobstva/?lang=en HTTP/1.1" 404 115176 "https://mayaver.com/kak-skachat-1khbet-na-planshet-s-bolshim-ekranom-dlia-udobstva/" "Mozilla/5.0 (Linux; Android 7.0;) AppleWebKit/537.36 (HTML, like Gecko) Mobile Safari/537.36 (compatible; PetalBot;+https://webmaster.petalsearch.com/site/petalbot)"
57.141.2.38 - - [09/Jun/2026:12:05:57 +0000] "GET /products/simkhai-belted-foldover-wedge-boots-size-39/12189825/ HTTP/1.1" 404 115176 "-" "meta-externalagent/1.1 (+https://developers.facebook.com/docs/sharing/webmasters/crawler)"
57.141.2.58 - - [09/Jun/2026:12:06:24 +0000] "GET /products/vintage-90s-hugo-boss-zip-up-leather-jacket-size-s/61901985/ HTTP/1.1" 404 115176 "-" "meta-externalagent/1.1 (+https://developers.facebook.com/docs/sharing/webmasters/crawler)"
57.141.2.36 - - [09/Jun/2026:12:06:30 +0000] "GET /products/raw-selvedge-denim-jacket-guess-mens-rex-embroidered/40275273/ HTTP/1.1" 404 115176 "-" "meta-externalagent/1.1 (+https://developers.facebook.com/docs/sharing/webmasters/crawler)"
139.84.174.118 - - [09/Jun/2026:12:07:17 +0000] "POST /wp-cron.php?doing_wp_cron=1781006837.5954749584197998046875 HTTP/1.1" 403 4358 "-" "WordPress/6.5.8; https://mayaver.com"
185.15.38.84 - - [09/Jun/2026:12:07:16 +0000] "GET / HTTP/1.1" 200 39045 "-" "Mozilla/5.0 (Windows NT 10.0; Win64; x64) AppleWebKit/537.36 (KHTML, like Gecko) Chrome/120.0.0.0 Safari/537.36"
57.141.2.52 - - [09/Jun/2026:12:07:28 +0000] "GET /products/sz-46-helmut-lang-98ss-extra-layer-classic-denim-jacket/26410833/ HTTP/1.1" 404 115176 "-" "meta-externalagent/1.1 (+https://developers.facebook.com/docs/sharing/webmasters/crawler)"
57.141.2.14 - - [09/Jun/2026:12:07:43 +0000] "GET /products/maison-margiela-archive-fashion-photo-framed-9x12/55174689/ HTTP/1.1" 404 115176 "-" "meta-externalagent/1.1 (+https://developers.facebook.com/docs/sharing/webmasters/crawler)"
57.141.2.53 - - [09/Jun/2026:12:08:06 +0000] "GET /products/o1rshd1-smooth-rim-bb-icon-derbie-shoes-in-black/30690225/ HTTP/1.1" 404 115176 "-" "meta-externalagent/1.1 (+https://developers.facebook.com/docs/sharing/webmasters/crawler)"
185.15.38.84 - - [09/Jun/2026:12:08:17 +0000] "POST /wp-admin/admin-ajax.php?action=sm_ping HTTP/1.1" 403 4358 "-" "Mozilla/5.0 (Windows NT 10.0; Win64; x64) AppleWebKit/537.36 (KHTML, like Gecko) Chrome/120.0.0.0 Safari/537.36"
185.15.38.84 - - [09/Jun/2026:12:08:19 +0000] "POST /wp-admin/admin-ajax.php?action=hnpt_ping HTTP/1.1" 403 4358 "-" "Mozilla/5.0 (Windows NT 10.0; Win64; x64) AppleWebKit/537.36 (KHTML, like Gecko) Chrome/120.0.0.0 Safari/537.36"
139.84.174.118 - - [09/Jun/2026:12:08:20 +0000] "POST /wp-cron.php?doing_wp_cron=1781006900.6533238887786865234375 HTTP/1.1" 403 4358 "-" "WordPress/6.5.8; https://mayaver.com"
57.141.2.56 - - [09/Jun/2026:12:08:20 +0000] "GET /products/hysterical-glamour-all-over-logo-hoodie-sweater/79061577/ HTTP/1.1" 404 115176 "-" "meta-externalagent/1.1 (+https://developers.facebook.com/docs/sharing/webmasters/crawler)"
57.141.2.36 - - [09/Jun/2026:12:08:21 +0000] "GET /products/leather-jacket/17306457/ HTTP/1.1" 404 115176 "-" "meta-externalagent/1.1 (+https://developers.facebook.com/docs/sharing/webmasters/crawler)"
27.33.95.131 - - [09/Jun/2026:12:08:28 +0000] "GET /wp-login.php HTTP/1.1" 403 4358 "-" "Mozilla/5.0 (X11; Fedora; Linux x86_64) AppleWebKit/537.36 (KHTML, like Gecko) Chrome/133.0.0.0 Safari/537.36"
27.33.95.131 - - [09/Jun/2026:12:08:32 +0000] "POST /wp-login.php HTTP/1.1" 403 4358 "https://mayaver.com/wp-login.php" "Mozilla/5.0 (X11; Fedora; Linux x86_64) AppleWebKit/537.36 (KHTML, like Gecko) Chrome/133.0.0.0 Safari/537.36"
43.130.78.203 - - [09/Jun/2026:12:09:07 +0000] "GET /?file=/var/www/vhosts/mayaver.com/httpdocs/wp-content/themes/aihub/footer.php HTTP/1.1" 301 4182 "-" "Mozilla/5.0 (iPhone; CPU iPhone OS 13_2_3 like Mac OS X) AppleWebKit/605.1.15 (KHTML, like Gecko) Version/13.0.3 Mobile/15E148 Safari/604.1"
43.130.78.203 - - [09/Jun/2026:12:09:10 +0000] "GET /?file=%2Fvar%2Fwww%2Fvhosts%2Fmayaver.com%2Fhttpdocs%2Fwp-content%2Fthemes%2Faihub%2Ffooter.php HTTP/1.1" 200 38234 "https://mayaver.com/?file=/var/www/vhosts/mayaver.com/httpdocs/wp-content/themes/aihub/footer.php" "Mozilla/5.0 (iPhone; CPU iPhone OS 13_2_3 like Mac OS X) AppleWebKit/605.1.15 (KHTML, like Gecko) Version/13.0.3 Mobile/15E148 Safari/604.1"
57.141.2.40 - - [09/Jun/2026:12:09:19 +0000] "GET /products/lanvin-curblace-black-cotton-hoodie-new-authentic-mens-s/56858793/ HTTP/1.1" 404 115176 "-" "meta-externalagent/1.1 (+https://developers.facebook.com/docs/sharing/webmasters/crawler)"
139.84.174.118 - - [09/Jun/2026:12:09:30 +0000] "POST /wp-cron.php?doing_wp_cron=1781006970.2847929000854492187500 HTTP/1.1" 403 4358 "-" "WordPress/6.5.8; https://mayaver.com"
77.75.79.62 - - [09/Jun/2026:12:09:30 +0000] "GET /tree-house/ HTTP/1.1" 200 12976 "-" "Mozilla/5.0 (compatible; SeznamBot/4.0; +https://o-seznam.cz/napoveda/vyhledavani/en/seznambot-crawler/)"
77.75.79.62 - - [09/Jun/2026:12:09:30 +0000] "GET /robots.txt HTTP/1.1" 200 3633 "-" "Mozilla/5.0 (compatible; SeznamBot/4.0; +https://o-seznam.cz/napoveda/vyhledavani/en/seznambot-crawler/)"
57.141.2.3 - - [09/Jun/2026:12:10:06 +0000] "GET /products/yohji-yamamoto-ys-wool-floral-drawstring-tote-bag/47664849/ HTTP/1.1" 404 115176 "-" "meta-externalagent/1.1 (+https://developers.facebook.com/docs/sharing/webmasters/crawler)"
139.84.174.118 - - [09/Jun/2026:12:10:36 +0000] "POST /wp-cron.php?doing_wp_cron=1781007036.0348820686340332031250 HTTP/1.1" 403 4358 "-" "WordPress/6.5.8; https://mayaver.com"
57.141.2.20 - - [09/Jun/2026:12:10:35 +0000] "GET /products/givenchy-metal-buckle-detail-long-sleeve-shirt/50929665/ HTTP/1.1" 404 115176 "-" "meta-externalagent/1.1 (+https://developers.facebook.com/docs/sharing/webmasters/crawler)"
216.73.216.213 - - [09/Jun/2026:12:10:43 +0000] "GET /robots.txt HTTP/1.1" 200 3633 "-" "Mozilla/5.0 AppleWebKit/537.36 (KHTML, like Gecko; compatible; ClaudeBot/1.0; +claudebot@anthropic.com)"
216.73.216.213 - - [09/Jun/2026:12:10:44 +0000] "GET /items/j908033939677/ HTTP/1.1" 404 115176 "-" "Mozilla/5.0 AppleWebKit/537.36 (KHTML, like Gecko; compatible; ClaudeBot/1.0; +claudebot@anthropic.com)"
216.73.216.213 - - [09/Jun/2026:12:10:45 +0000] "GET /items/j90803732071/ HTTP/1.1" 404 115176 "-" "Mozilla/5.0 AppleWebKit/537.36 (KHTML, like Gecko; compatible; ClaudeBot/1.0; +claudebot@anthropic.com)"
216.73.216.213 - - [09/Jun/2026:12:10:45 +0000] "GET /items/f90845972201/ HTTP/1.1" 404 115123 "-" "Mozilla/5.0 AppleWebKit/537.36 (KHTML, like Gecko; compatible; ClaudeBot/1.0; +claudebot@anthropic.com)"
216.73.216.213 - - [09/Jun/2026:12:10:46 +0000] "GET /items/e90821805830/ HTTP/1.1" 404 115123 "-" "Mozilla/5.0 AppleWebKit/537.36 (KHTML, like Gecko; compatible; ClaudeBot/1.0; +claudebot@anthropic.com)"
216.73.216.213 - - [09/Jun/2026:12:10:46 +0000] "GET /items/f90832465321/ HTTP/1.1" 404 115123 "-" "Mozilla/5.0 AppleWebKit/537.36 (KHTML, like Gecko; compatible; ClaudeBot/1.0; +claudebot@anthropic.com)"
216.73.216.213 - - [09/Jun/2026:12:10:47 +0000] "GET /items/n90845802455/ HTTP/1.1" 404 115123 "-" "Mozilla/5.0 AppleWebKit/537.36 (KHTML, like Gecko; compatible; ClaudeBot/1.0; +claudebot@anthropic.com)"
216.73.216.213 - - [09/Jun/2026:12:10:47 +0000] "GET /items/t90793471925/ HTTP/1.1" 404 115123 "-" "Mozilla/5.0 AppleWebKit/537.36 (KHTML, like Gecko; compatible; ClaudeBot/1.0; +claudebot@anthropic.com)"
216.73.216.213 - - [09/Jun/2026:12:10:48 +0000] "GET /items/c9080725632/ HTTP/1.1" 404 115123 "-" "Mozilla/5.0 AppleWebKit/537.36 (KHTML, like Gecko; compatible; ClaudeBot/1.0; +claudebot@anthropic.com)"
216.73.216.213 - - [09/Jun/2026:12:10:48 +0000] "GET /items/j90835357331/ HTTP/1.1" 404 115123 "-" "Mozilla/5.0 AppleWebKit/537.36 (KHTML, like Gecko; compatible; ClaudeBot/1.0; +claudebot@anthropic.com)"
216.73.216.213 - - [09/Jun/2026:12:10:48 +0000] "GET /items/x90793074155/ HTTP/1.1" 404 115114 "-" "Mozilla/5.0 AppleWebKit/537.36 (KHTML, like Gecko; compatible; ClaudeBot/1.0; +claudebot@anthropic.com)"
216.73.216.213 - - [09/Jun/2026:12:10:49 +0000] "GET /items/f90835297813/ HTTP/1.1" 404 115123 "-" "Mozilla/5.0 AppleWebKit/537.36 (KHTML, like Gecko; compatible; ClaudeBot/1.0; +claudebot@anthropic.com)"
192.121.146.24 - - [09/Jun/2026:12:10:48 +0000] "GET /robots.txt HTTP/1.1" 200 3633 "http://mayaver.com/robots.txt" "Mozilla/5.0 (iPhone; CPU iPhone OS 17_3_1 like Mac OS X) AppleWebKit/605.1.15 (KHTML, like Gecko) Version/17.3.1 Mobile/15E148 Safari/604"
216.73.216.213 - - [09/Jun/2026:12:10:49 +0000] "GET /items/b9080913221/ HTTP/1.1" 404 115108 "-" "Mozilla/5.0 AppleWebKit/537.36 (KHTML, like Gecko; compatible; ClaudeBot/1.0; +claudebot@anthropic.com)"
216.73.216.213 - - [09/Jun/2026:12:10:49 +0000] "GET /items/t90809671313/ HTTP/1.1" 404 115108 "-" "Mozilla/5.0 AppleWebKit/537.36 (KHTML, like Gecko; compatible; ClaudeBot/1.0; +claudebot@anthropic.com)"
216.73.216.213 - - [09/Jun/2026:12:10:50 +0000] "GET /items/e9080865072/ HTTP/1.1" 404 115114 "-" "Mozilla/5.0 AppleWebKit/537.36 (KHTML, like Gecko; compatible; ClaudeBot/1.0; +claudebot@anthropic.com)"
216.73.216.213 - - [09/Jun/2026:12:10:50 +0000] "GET /items/f90796035459/ HTTP/1.1" 404 115123 "-" "Mozilla/5.0 AppleWebKit/537.36 (KHTML, like Gecko; compatible; ClaudeBot/1.0; +claudebot@anthropic.com)"
216.73.216.213 - - [09/Jun/2026:12:10:50 +0000] "GET /items/e9080903786/ HTTP/1.1" 404 115108 "-" "Mozilla/5.0 AppleWebKit/537.36 (KHTML, like Gecko; compatible; ClaudeBot/1.0; +claudebot@anthropic.com)"
216.73.216.213 - - [09/Jun/2026:12:10:51 +0000] "GET /items/e90824807608/ HTTP/1.1" 404 115123 "-" "Mozilla/5.0 AppleWebKit/537.36 (KHTML, like Gecko; compatible; ClaudeBot/1.0; +claudebot@anthropic.com)"
216.73.216.213 - - [09/Jun/2026:12:10:51 +0000] "GET /items/e9080719212/ HTTP/1.1" 404 115123 "-" "Mozilla/5.0 AppleWebKit/537.36 (KHTML, like Gecko; compatible; ClaudeBot/1.0; +claudebot@anthropic.com)"
216.73.216.213 - - [09/Jun/2026:12:10:51 +0000] "GET /items/u90821858366/ HTTP/1.1" 404 115114 "-" "Mozilla/5.0 AppleWebKit/537.36 (KHTML, like Gecko; compatible; ClaudeBot/1.0; +claudebot@anthropic.com)"
216.73.216.213 - - [09/Jun/2026:12:10:51 +0000] "GET /items/d9080810783/ HTTP/1.1" 404 115114 "-" "Mozilla/5.0 AppleWebKit/537.36 (KHTML, like Gecko; compatible; ClaudeBot/1.0; +claudebot@anthropic.com)"
216.73.216.213 - - [09/Jun/2026:12:10:52 +0000] "GET /items/e90793005808/ HTTP/1.1" 404 115114 "-" "Mozilla/5.0 AppleWebKit/537.36 (KHTML, like Gecko; compatible; ClaudeBot/1.0; +claudebot@anthropic.com)"
216.73.216.213 - - [09/Jun/2026:12:10:52 +0000] "GET /items/j9080756553/ HTTP/1.1" 404 115123 "-" "Mozilla/5.0 AppleWebKit/537.36 (KHTML, like Gecko; compatible; ClaudeBot/1.0; +claudebot@anthropic.com)"
216.73.216.213 - - [09/Jun/2026:12:10:52 +0000] "GET /items/k90803752014/ HTTP/1.1" 404 115114 "-" "Mozilla/5.0 AppleWebKit/537.36 (KHTML, like Gecko; compatible; ClaudeBot/1.0; +claudebot@anthropic.com)"
192.36.198.147 - - [09/Jun/2026:12:10:51 +0000] "GET / HTTP/1.1" 200 39045 "http://mayaver.com/" "Mozilla/5.0 (iPhone; CPU iPhone OS 17_3_1 like Mac OS X) AppleWebKit/605.1.15 (KHTML, like Gecko) Version/17.3.1 Mobile/15E148 Safari/604"
216.73.216.213 - - [09/Jun/2026:12:10:52 +0000] "GET /items/j9080863283/ HTTP/1.1" 404 115123 "-" "Mozilla/5.0 AppleWebKit/537.36 (KHTML, like Gecko; compatible; ClaudeBot/1.0; +claudebot@anthropic.com)"
216.73.216.213 - - [09/Jun/2026:12:10:52 +0000] "GET /items/d9080869985/ HTTP/1.1" 404 115123 "-" "Mozilla/5.0 AppleWebKit/537.36 (KHTML, like Gecko; compatible; ClaudeBot/1.0; +claudebot@anthropic.com)"
216.73.216.213 - - [09/Jun/2026:12:10:53 +0000] "GET /items/d90842916705/ HTTP/1.1" 404 115123 "-" "Mozilla/5.0 AppleWebKit/537.36 (KHTML, like Gecko; compatible; ClaudeBot/1.0; +claudebot@anthropic.com)"
216.73.216.213 - - [09/Jun/2026:12:10:53 +0000] "GET /items/w9080720478/ HTTP/1.1" 404 115108 "-" "Mozilla/5.0 AppleWebKit/537.36 (KHTML, like Gecko; compatible; ClaudeBot/1.0; +claudebot@anthropic.com)"
216.73.216.213 - - [09/Jun/2026:12:10:53 +0000] "GET /items/j9080763495/ HTTP/1.1" 404 115123 "-" "Mozilla/5.0 AppleWebKit/537.36 (KHTML, like Gecko; compatible; ClaudeBot/1.0; +claudebot@anthropic.com)"
216.73.216.213 - - [09/Jun/2026:12:10:54 +0000] "GET /items/e90796068556/ HTTP/1.1" 404 115123 "-" "Mozilla/5.0 AppleWebKit/537.36 (KHTML, like Gecko; compatible; ClaudeBot/1.0; +claudebot@anthropic.com)"
216.73.216.213 - - [09/Jun/2026:12:10:54 +0000] "GET /items/l90796277421/ HTTP/1.1" 404 115123 "-" "Mozilla/5.0 AppleWebKit/537.36 (KHTML, like Gecko; compatible; ClaudeBot/1.0; +claudebot@anthropic.com)"
216.73.216.213 - - [09/Jun/2026:12:10:54 +0000] "GET /items/b9080819985/ HTTP/1.1" 404 115123 "-" "Mozilla/5.0 AppleWebKit/537.36 (KHTML, like Gecko; compatible; ClaudeBot/1.0; +claudebot@anthropic.com)"
216.73.216.213 - - [09/Jun/2026:12:10:54 +0000] "GET /items/c9080797808/ HTTP/1.1" 404 115123 "-" "Mozilla/5.0 AppleWebKit/537.36 (KHTML, like Gecko; compatible; ClaudeBot/1.0; +claudebot@anthropic.com)"
216.73.216.213 - - [09/Jun/2026:12:10:54 +0000] "GET /items/d90814076513/ HTTP/1.1" 404 115123 "-" "Mozilla/5.0 AppleWebKit/537.36 (KHTML, like Gecko; compatible; ClaudeBot/1.0; +claudebot@anthropic.com)"
216.73.216.213 - - [09/Jun/2026:12:10:54 +0000] "GET /items/w9080717358/ HTTP/1.1" 404 115123 "-" "Mozilla/5.0 AppleWebKit/537.36 (KHTML, like Gecko; compatible; ClaudeBot/1.0; +claudebot@anthropic.com)"
216.73.216.213 - - [09/Jun/2026:12:10:55 +0000] "GET /items/x90821530613/ HTTP/1.1" 404 115114 "-" "Mozilla/5.0 AppleWebKit/537.36 (KHTML, like Gecko; compatible; ClaudeBot/1.0; +claudebot@anthropic.com)"
216.73.216.213 - - [09/Jun/2026:12:10:55 +0000] "GET /items/b90796069593/ HTTP/1.1" 404 115123 "-" "Mozilla/5.0 AppleWebKit/537.36 (KHTML, like Gecko; compatible; ClaudeBot/1.0; +claudebot@anthropic.com)"
216.73.216.213 - - [09/Jun/2026:12:10:55 +0000] "GET /items/b90793070909/ HTTP/1.1" 404 115123 "-" "Mozilla/5.0 AppleWebKit/537.36 (KHTML, like Gecko; compatible; ClaudeBot/1.0; +claudebot@anthropic.com)"
216.73.216.213 - - [09/Jun/2026:12:10:55 +0000] "GET /items/d90809569481/ HTTP/1.1" 404 115123 "-" "Mozilla/5.0 AppleWebKit/537.36 (KHTML, like Gecko; compatible; ClaudeBot/1.0; +claudebot@anthropic.com)"
216.73.216.213 - - [09/Jun/2026:12:10:55 +0000] "GET /items/b9080905655/ HTTP/1.1" 404 115123 "-" "Mozilla/5.0 AppleWebKit/537.36 (KHTML, like Gecko; compatible; ClaudeBot/1.0; +claudebot@anthropic.com)"
216.73.216.213 - - [09/Jun/2026:12:10:56 +0000] "GET /items/j9080788845/ HTTP/1.1" 404 115123 "-" "Mozilla/5.0 AppleWebKit/537.36 (KHTML, like Gecko; compatible; ClaudeBot/1.0; +claudebot@anthropic.com)"
216.73.216.213 - - [09/Jun/2026:12:10:56 +0000] "GET /items/x90848754739/ HTTP/1.1" 404 115123 "-" "Mozilla/5.0 AppleWebKit/537.36 (KHTML, like Gecko; compatible; ClaudeBot/1.0; +claudebot@anthropic.com)"
216.73.216.213 - - [09/Jun/2026:12:10:56 +0000] "GET /items/d9080970215/ HTTP/1.1" 404 115123 "-" "Mozilla/5.0 AppleWebKit/537.36 (KHTML, like Gecko; compatible; ClaudeBot/1.0; +claudebot@anthropic.com)"
216.73.216.213 - - [09/Jun/2026:12:10:57 +0000] "GET /items/h90814106521/ HTTP/1.1" 404 115108 "-" "Mozilla/5.0 AppleWebKit/537.36 (KHTML, like Gecko; compatible; ClaudeBot/1.0; +claudebot@anthropic.com)"
216.73.216.213 - - [09/Jun/2026:12:10:57 +0000] "GET /items/e90806579976/ HTTP/1.1" 404 115123 "-" "Mozilla/5.0 AppleWebKit/537.36 (KHTML, like Gecko; compatible; ClaudeBot/1.0; +claudebot@anthropic.com)"
216.73.216.213 - - [09/Jun/2026:12:10:57 +0000] "GET /items/v90796260921/ HTTP/1.1" 404 115114 "-" "Mozilla/5.0 AppleWebKit/537.36 (KHTML, like Gecko; compatible; ClaudeBot/1.0; +claudebot@anthropic.com)"
216.73.216.213 - - [09/Jun/2026:12:10:57 +0000] "GET /items/b90803553079/ HTTP/1.1" 404 115114 "-" "Mozilla/5.0 AppleWebKit/537.36 (KHTML, like Gecko; compatible; ClaudeBot/1.0; +claudebot@anthropic.com)"
216.73.216.213 - - [09/Jun/2026:12:10:57 +0000] "GET /items/n90838356721/ HTTP/1.1" 404 115123 "-" "Mozilla/5.0 AppleWebKit/537.36 (KHTML, like Gecko; compatible; ClaudeBot/1.0; +claudebot@anthropic.com)"
216.73.216.213 - - [09/Jun/2026:12:10:57 +0000] "GET /items/c90832092608/ HTTP/1.1" 404 115114 "-" "Mozilla/5.0 AppleWebKit/537.36 (KHTML, like Gecko; compatible; ClaudeBot/1.0; +claudebot@anthropic.com)"
216.73.216.213 - - [09/Jun/2026:12:10:58 +0000] "GET /items/r90845939713/ HTTP/1.1" 404 115123 "-" "Mozilla/5.0 AppleWebKit/537.36 (KHTML, like Gecko; compatible; ClaudeBot/1.0; +claudebot@anthropic.com)"
216.73.216.213 - - [09/Jun/2026:12:10:58 +0000] "GET /items/j90824989821/ HTTP/1.1" 404 115123 "-" "Mozilla/5.0 AppleWebKit/537.36 (KHTML, like Gecko; compatible; ClaudeBot/1.0; +claudebot@anthropic.com)"
216.73.216.213 - - [09/Jun/2026:12:10:58 +0000] "GET /items/v90838245241/ HTTP/1.1" 404 115123 "-" "Mozilla/5.0 AppleWebKit/537.36 (KHTML, like Gecko; compatible; ClaudeBot/1.0; +claudebot@anthropic.com)"
216.73.216.213 - - [09/Jun/2026:12:10:58 +0000] "GET /items/b9080839641/ HTTP/1.1" 404 115123 "-" "Mozilla/5.0 AppleWebKit/537.36 (KHTML, like Gecko; compatible; ClaudeBot/1.0; +claudebot@anthropic.com)"
216.73.216.213 - - [09/Jun/2026:12:10:58 +0000] "GET /items/b90824938749/ HTTP/1.1" 404 115123 "-" "Mozilla/5.0 AppleWebKit/537.36 (KHTML, like Gecko; compatible; ClaudeBot/1.0; +claudebot@anthropic.com)"
216.73.216.213 - - [09/Jun/2026:12:10:59 +0000] "GET /items/w9080812908/ HTTP/1.1" 404 115114 "-" "Mozilla/5.0 AppleWebKit/537.36 (KHTML, like Gecko; compatible; ClaudeBot/1.0; +claudebot@anthropic.com)"
216.73.216.213 - - [09/Jun/2026:12:10:59 +0000] "GET /items/p90793156021/ HTTP/1.1" 404 115123 "-" "Mozilla/5.0 AppleWebKit/537.36 (KHTML, like Gecko; compatible; ClaudeBot/1.0; +claudebot@anthropic.com)"
216.73.216.213 - - [09/Jun/2026:12:10:59 +0000] "GET /items/d90806810439/ HTTP/1.1" 404 115123 "-" "Mozilla/5.0 AppleWebKit/537.36 (KHTML, like Gecko; compatible; ClaudeBot/1.0; +claudebot@anthropic.com)"
216.73.216.213 - - [09/Jun/2026:12:10:59 +0000] "GET /items/a9080937738/ HTTP/1.1" 404 115114 "-" "Mozilla/5.0 AppleWebKit/537.36 (KHTML, like Gecko; compatible; ClaudeBot/1.0; +claudebot@anthropic.com)"
216.73.216.213 - - [09/Jun/2026:12:11:00 +0000] "GET /items/w9080901282/ HTTP/1.1" 404 115114 "-" "Mozilla/5.0 AppleWebKit/537.36 (KHTML, like Gecko; compatible; ClaudeBot/1.0; +claudebot@anthropic.com)"
216.73.216.213 - - [09/Jun/2026:12:11:00 +0000] "GET /items/s90835100746/ HTTP/1.1" 404 115114 "-" "Mozilla/5.0 AppleWebKit/537.36 (KHTML, like Gecko; compatible; ClaudeBot/1.0; +claudebot@anthropic.com)"
216.73.216.213 - - [09/Jun/2026:12:11:00 +0000] "GET /items/d90803666025/ HTTP/1.1" 404 115114 "-" "Mozilla/5.0 AppleWebKit/537.36 (KHTML, like Gecko; compatible; ClaudeBot/1.0; +claudebot@anthropic.com)"
216.73.216.213 - - [09/Jun/2026:12:11:00 +0000] "GET /items/c9080920476/ HTTP/1.1" 404 115114 "-" "Mozilla/5.0 AppleWebKit/537.36 (KHTML, like Gecko; compatible; ClaudeBot/1.0; +claudebot@anthropic.com)"
216.73.216.213 - - [09/Jun/2026:12:11:00 +0000] "GET /items/v90809795231/ HTTP/1.1" 404 115123 "-" "Mozilla/5.0 AppleWebKit/537.36 (KHTML, like Gecko; compatible; ClaudeBot/1.0; +claudebot@anthropic.com)"
216.73.216.213 - - [09/Jun/2026:12:11:01 +0000] "GET /items/b90845866949/ HTTP/1.1" 404 115123 "-" "Mozilla/5.0 AppleWebKit/537.36 (KHTML, like Gecko; compatible; ClaudeBot/1.0; +claudebot@anthropic.com)"
216.73.216.213 - - [09/Jun/2026:12:11:01 +0000] "GET /items/a9080907942/ HTTP/1.1" 404 115123 "-" "Mozilla/5.0 AppleWebKit/537.36 (KHTML, like Gecko; compatible; ClaudeBot/1.0; +claudebot@anthropic.com)"
216.73.216.213 - - [09/Jun/2026:12:11:01 +0000] "GET /items/r9080952003/ HTTP/1.1" 404 115123 "-" "Mozilla/5.0 AppleWebKit/537.36 (KHTML, like Gecko; compatible; ClaudeBot/1.0; +claudebot@anthropic.com)"
216.73.216.213 - - [09/Jun/2026:12:11:01 +0000] "GET /items/p90838142821/ HTTP/1.1" 404 115114 "-" "Mozilla/5.0 AppleWebKit/537.36 (KHTML, like Gecko; compatible; ClaudeBot/1.0; +claudebot@anthropic.com)"
216.73.216.213 - - [09/Jun/2026:12:11:01 +0000] "GET /items/v90832185421/ HTTP/1.1" 404 115123 "-" "Mozilla/5.0 AppleWebKit/537.36 (KHTML, like Gecko; compatible; ClaudeBot/1.0; +claudebot@anthropic.com)"
216.73.216.213 - - [09/Jun/2026:12:11:02 +0000] "GET /items/o9080859986/ HTTP/1.1" 404 115123 "-" "Mozilla/5.0 AppleWebKit/537.36 (KHTML, like Gecko; compatible; ClaudeBot/1.0; +claudebot@anthropic.com)"
216.73.216.213 - - [09/Jun/2026:12:11:02 +0000] "GET /items/v9080795253/ HTTP/1.1" 404 115123 "-" "Mozilla/5.0 AppleWebKit/537.36 (KHTML, like Gecko; compatible; ClaudeBot/1.0; +claudebot@anthropic.com)"
216.73.216.213 - - [09/Jun/2026:12:11:02 +0000] "GET /items/b9080930771/ HTTP/1.1" 404 115123 "-" "Mozilla/5.0 AppleWebKit/537.36 (KHTML, like Gecko; compatible; ClaudeBot/1.0; +claudebot@anthropic.com)"
216.73.216.213 - - [09/Jun/2026:12:11:02 +0000] "GET /items/v90814334321/ HTTP/1.1" 404 115123 "-" "Mozilla/5.0 AppleWebKit/537.36 (KHTML, like Gecko; compatible; ClaudeBot/1.0; +claudebot@anthropic.com)"
216.73.216.213 - - [09/Jun/2026:12:11:03 +0000] "GET /items/a90827727872/ HTTP/1.1" 404 115114 "-" "Mozilla/5.0 AppleWebKit/537.36 (KHTML, like Gecko; compatible; ClaudeBot/1.0; +claudebot@anthropic.com)"
216.73.216.213 - - [09/Jun/2026:12:11:03 +0000] "GET /items/f90845982575/ HTTP/1.1" 404 115123 "-" "Mozilla/5.0 AppleWebKit/537.36 (KHTML, like Gecko; compatible; ClaudeBot/1.0; +claudebot@anthropic.com)"
216.73.216.213 - - [09/Jun/2026:12:11:03 +0000] "GET /items/i90832209484/ HTTP/1.1" 404 115114 "-" "Mozilla/5.0 AppleWebKit/537.36 (KHTML, like Gecko; compatible; ClaudeBot/1.0; +claudebot@anthropic.com)"
45.136.155.105 - - [09/Jun/2026:12:11:07 +0000] "POST /xmlrpc.php HTTP/1.1" 403 4358 "-" "Mozilla/5.0 (Windows NT 10.0; Win64; x64) AppleWebKit/537.36 (KHTML, like Gecko) Chrome/114.0.0.0 Safari/537.36"
216.73.216.213 - - [09/Jun/2026:12:11:05 +0000] "GET /items/w9080909420/ HTTP/1.1" 404 115161 "-" "Mozilla/5.0 AppleWebKit/537.36 (KHTML, like Gecko; compatible; ClaudeBot/1.0; +claudebot@anthropic.com)"
216.73.216.213 - - [09/Jun/2026:12:11:05 +0000] "GET /items/e90811486290/ HTTP/1.1" 404 115176 "-" "Mozilla/5.0 AppleWebKit/537.36 (KHTML, like Gecko; compatible; ClaudeBot/1.0; +claudebot@anthropic.com)"
216.73.216.213 - - [09/Jun/2026:12:11:05 +0000] "GET /items/j90809538131/ HTTP/1.1" 404 115176 "-" "Mozilla/5.0 AppleWebKit/537.36 (KHTML, like Gecko; compatible; ClaudeBot/1.0; +claudebot@anthropic.com)"
216.73.216.213 - - [09/Jun/2026:12:11:05 +0000] "GET /items/a90803754552/ HTTP/1.1" 404 115167 "-" "Mozilla/5.0 AppleWebKit/537.36 (KHTML, like Gecko; compatible; ClaudeBot/1.0; +claudebot@anthropic.com)"
216.73.216.213 - - [09/Jun/2026:12:11:05 +0000] "GET /items/a90817152154/ HTTP/1.1" 404 115176 "-" "Mozilla/5.0 AppleWebKit/537.36 (KHTML, like Gecko; compatible; ClaudeBot/1.0; +claudebot@anthropic.com)"
216.73.216.213 - - [09/Jun/2026:12:11:07 +0000] "GET /items/e90811201200/ HTTP/1.1" 404 115123 "-" "Mozilla/5.0 AppleWebKit/537.36 (KHTML, like Gecko; compatible; ClaudeBot/1.0; +claudebot@anthropic.com)"
45.136.155.105 - - [09/Jun/2026:12:11:08 +0000] "POST /xmlrpc.php HTTP/1.1" 403 4358 "-" "Mozilla/5.0 (Windows NT 10.0; Win64; x64) AppleWebKit/537.36 (KHTML, like Gecko) Chrome/114.0.0.0 Safari/537.36"
216.73.216.213 - - [09/Jun/2026:12:11:08 +0000] "GET /items/u9080907936/ HTTP/1.1" 404 115123 "-" "Mozilla/5.0 AppleWebKit/537.36 (KHTML, like Gecko; compatible; ClaudeBot/1.0; +claudebot@anthropic.com)"
216.73.216.213 - - [09/Jun/2026:12:11:08 +0000] "GET /items/t90803609049/ HTTP/1.1" 404 115114 "-" "Mozilla/5.0 AppleWebKit/537.36 (KHTML, like Gecko; compatible; ClaudeBot/1.0; +claudebot@anthropic.com)"
216.73.216.213 - - [09/Jun/2026:12:11:08 +0000] "GET /items/b90821740541/ HTTP/1.1" 404 115114 "-" "Mozilla/5.0 AppleWebKit/537.36 (KHTML, like Gecko; compatible; ClaudeBot/1.0; +claudebot@anthropic.com)"
216.73.216.213 - - [09/Jun/2026:12:11:08 +0000] "GET /items/b90832318573/ HTTP/1.1" 404 115123 "-" "Mozilla/5.0 AppleWebKit/537.36 (KHTML, like Gecko; compatible; ClaudeBot/1.0; +claudebot@anthropic.com)"
216.73.216.213 - - [09/Jun/2026:12:11:08 +0000] "GET /items/o90835477404/ HTTP/1.1" 404 115123 "-" "Mozilla/5.0 AppleWebKit/537.36 (KHTML, like Gecko; compatible; ClaudeBot/1.0; +claudebot@anthropic.com)"
216.73.216.213 - - [09/Jun/2026:12:11:08 +0000] "GET /items/f90803600923/ HTTP/1.1" 404 115108 "-" "Mozilla/5.0 AppleWebKit/537.36 (KHTML, like Gecko; compatible; ClaudeBot/1.0; +claudebot@anthropic.com)"
216.73.216.213 - - [09/Jun/2026:12:11:09 +0000] "GET /items/d90824618249/ HTTP/1.1" 404 115123 "-" "Mozilla/5.0 AppleWebKit/537.36 (KHTML, like Gecko; compatible; ClaudeBot/1.0; +claudebot@anthropic.com)"
216.73.216.213 - - [09/Jun/2026:12:11:09 +0000] "GET /items/e90821839136/ HTTP/1.1" 404 115114 "-" "Mozilla/5.0 AppleWebKit/537.36 (KHTML, like Gecko; compatible; ClaudeBot/1.0; +claudebot@anthropic.com)"
216.73.216.213 - - [09/Jun/2026:12:11:09 +0000] "GET /items/d9080953211/ HTTP/1.1" 404 115123 "-" "Mozilla/5.0 AppleWebKit/537.36 (KHTML, like Gecko; compatible; ClaudeBot/1.0; +claudebot@anthropic.com)"
216.73.216.213 - - [09/Jun/2026:12:11:10 +0000] "GET /items/w90848784274/ HTTP/1.1" 404 115114 "-" "Mozilla/5.0 AppleWebKit/537.36 (KHTML, like Gecko; compatible; ClaudeBot/1.0; +claudebot@anthropic.com)"
216.73.216.213 - - [09/Jun/2026:12:11:09 +0000] "GET /items/d90809908859/ HTTP/1.1" 404 115114 "-" "Mozilla/5.0 AppleWebKit/537.36 (KHTML, like Gecko; compatible; ClaudeBot/1.0; +claudebot@anthropic.com)"
216.73.216.213 - - [09/Jun/2026:12:11:10 +0000] "GET /items/d90848979775/ HTTP/1.1" 404 115123 "-" "Mozilla/5.0 AppleWebKit/537.36 (KHTML, like Gecko; compatible; ClaudeBot/1.0; +claudebot@anthropic.com)"
216.73.216.213 - - [09/Jun/2026:12:11:10 +0000] "GET /items/e90806866548/ HTTP/1.1" 404 115123 "-" "Mozilla/5.0 AppleWebKit/537.36 (KHTML, like Gecko; compatible; ClaudeBot/1.0; +claudebot@anthropic.com)"
216.73.216.213 - - [09/Jun/2026:12:11:10 +0000] "GET /items/u9080840960/ HTTP/1.1" 404 115123 "-" "Mozilla/5.0 AppleWebKit/537.36 (KHTML, like Gecko; compatible; ClaudeBot/1.0; +claudebot@anthropic.com)"
216.73.216.213 - - [09/Jun/2026:12:11:10 +0000] "GET /items/p9080727465/ HTTP/1.1" 404 115123 "-" "Mozilla/5.0 AppleWebKit/537.36 (KHTML, like Gecko; compatible; ClaudeBot/1.0; +claudebot@anthropic.com)"
216.73.216.213 - - [09/Jun/2026:12:11:10 +0000] "GET /items/j90803794341/ HTTP/1.1" 404 115114 "-" "Mozilla/5.0 AppleWebKit/537.36 (KHTML, like Gecko; compatible; ClaudeBot/1.0; +claudebot@anthropic.com)"
216.73.216.213 - - [09/Jun/2026:12:11:11 +0000] "GET /items/d9080756001/ HTTP/1.1" 404 115123 "-" "Mozilla/5.0 AppleWebKit/537.36 (KHTML, like Gecko; compatible; ClaudeBot/1.0; +claudebot@anthropic.com)"
216.73.216.213 - - [09/Jun/2026:12:11:11 +0000] "GET /items/c90845879014/ HTTP/1.1" 404 115123 "-" "Mozilla/5.0 AppleWebKit/537.36 (KHTML, like Gecko; compatible; ClaudeBot/1.0; +claudebot@anthropic.com)"
216.73.216.213 - - [09/Jun/2026:12:11:11 +0000] "GET /items/e90835480410/ HTTP/1.1" 404 115114 "-" "Mozilla/5.0 AppleWebKit/537.36 (KHTML, like Gecko; compatible; ClaudeBot/1.0; +claudebot@anthropic.com)"
216.73.216.213 - - [09/Jun/2026:12:11:11 +0000] "GET /items/c90845871968/ HTTP/1.1" 404 115114 "-" "Mozilla/5.0 AppleWebKit/537.36 (KHTML, like Gecko; compatible; ClaudeBot/1.0; +claudebot@anthropic.com)"
216.73.216.213 - - [09/Jun/2026:12:11:11 +0000] "GET /items/d90842999385/ HTTP/1.1" 404 115108 "-" "Mozilla/5.0 AppleWebKit/537.36 (KHTML, like Gecko; compatible; ClaudeBot/1.0; +claudebot@anthropic.com)"
216.73.216.213 - - [09/Jun/2026:12:11:12 +0000] "GET /items/c9080873390/ HTTP/1.1" 404 115123 "-" "Mozilla/5.0 AppleWebKit/537.36 (KHTML, like Gecko; compatible; ClaudeBot/1.0; +claudebot@anthropic.com)"
216.73.216.213 - - [09/Jun/2026:12:11:12 +0000] "GET /items/c9080896400/ HTTP/1.1" 404 115123 "-" "Mozilla/5.0 AppleWebKit/537.36 (KHTML, like Gecko; compatible; ClaudeBot/1.0; +claudebot@anthropic.com)"
216.73.216.213 - - [09/Jun/2026:12:11:12 +0000] "GET /items/f90832079689/ HTTP/1.1" 404 115114 "-" "Mozilla/5.0 AppleWebKit/537.36 (KHTML, like Gecko; compatible; ClaudeBot/1.0; +claudebot@anthropic.com)"
216.73.216.213 - - [09/Jun/2026:12:11:12 +0000] "GET /items/v9080869197/ HTTP/1.1" 404 115108 "-" "Mozilla/5.0 AppleWebKit/537.36 (KHTML, like Gecko; compatible; ClaudeBot/1.0; +claudebot@anthropic.com)"
216.73.216.213 - - [09/Jun/2026:12:11:13 +0000] "GET /items/b90796498697/ HTTP/1.1" 404 115114 "-" "Mozilla/5.0 AppleWebKit/537.36 (KHTML, like Gecko; compatible; ClaudeBot/1.0; +claudebot@anthropic.com)"
216.73.216.213 - - [09/Jun/2026:12:11:13 +0000] "GET /items/l9080709183/ HTTP/1.1" 404 115123 "-" "Mozilla/5.0 AppleWebKit/537.36 (KHTML, like Gecko; compatible; ClaudeBot/1.0; +claudebot@anthropic.com)"
216.73.216.213 - - [09/Jun/2026:12:11:13 +0000] "GET /items/d90832148015/ HTTP/1.1" 404 115108 "-" "Mozilla/5.0 AppleWebKit/537.36 (KHTML, like Gecko; compatible; ClaudeBot/1.0; +claudebot@anthropic.com)"
216.73.216.213 - - [09/Jun/2026:12:11:13 +0000] "GET /items/d9080702805/ HTTP/1.1" 404 115123 "-" "Mozilla/5.0 AppleWebKit/537.36 (KHTML, like Gecko; compatible; ClaudeBot/1.0; +claudebot@anthropic.com)"
216.73.216.213 - - [09/Jun/2026:12:11:13 +0000] "GET /items/k90803606284/ HTTP/1.1" 404 115108 "-" "Mozilla/5.0 AppleWebKit/537.36 (KHTML, like Gecko; compatible; ClaudeBot/1.0; +claudebot@anthropic.com)"
216.73.216.213 - - [09/Jun/2026:12:11:14 +0000] "GET /items/c90838492014/ HTTP/1.1" 404 115114 "-" "Mozilla/5.0 AppleWebKit/537.36 (KHTML, like Gecko; compatible; ClaudeBot/1.0; +claudebot@anthropic.com)"
216.73.216.213 - - [09/Jun/2026:12:11:14 +0000] "GET /items/u908027972740/ HTTP/1.1" 404 115108 "-" "Mozilla/5.0 AppleWebKit/537.36 (KHTML, like Gecko; compatible; ClaudeBot/1.0; +claudebot@anthropic.com)"
216.73.216.213 - - [09/Jun/2026:12:11:14 +0000] "GET /items/r90842515513/ HTTP/1.1" 404 115123 "-" "Mozilla/5.0 AppleWebKit/537.36 (KHTML, like Gecko; compatible; ClaudeBot/1.0; +claudebot@anthropic.com)"
216.73.216.213 - - [09/Jun/2026:12:11:14 +0000] "GET /items/e9080983346/ HTTP/1.1" 404 115108 "-" "Mozilla/5.0 AppleWebKit/537.36 (KHTML, like Gecko; compatible; ClaudeBot/1.0; +claudebot@anthropic.com)"
216.73.216.213 - - [09/Jun/2026:12:11:14 +0000] "GET /items/f90832473979/ HTTP/1.1" 404 115123 "-" "Mozilla/5.0 AppleWebKit/537.36 (KHTML, like Gecko; compatible; ClaudeBot/1.0; +claudebot@anthropic.com)"
216.73.216.213 - - [09/Jun/2026:12:11:14 +0000] "GET /items/e90842997202/ HTTP/1.1" 404 115123 "-" "Mozilla/5.0 AppleWebKit/537.36 (KHTML, like Gecko; compatible; ClaudeBot/1.0; +claudebot@anthropic.com)"
216.73.216.213 - - [09/Jun/2026:12:11:15 +0000] "GET /items/e90821703182/ HTTP/1.1" 404 115123 "-" "Mozilla/5.0 AppleWebKit/537.36 (KHTML, like Gecko; compatible; ClaudeBot/1.0; +claudebot@anthropic.com)"
216.73.216.213 - - [09/Jun/2026:12:11:15 +0000] "GET /items/e90793482050/ HTTP/1.1" 404 115123 "-" "Mozilla/5.0 AppleWebKit/537.36 (KHTML, like Gecko; compatible; ClaudeBot/1.0; +claudebot@anthropic.com)"
216.73.216.213 - - [09/Jun/2026:12:11:15 +0000] "GET /items/a90806955880/ HTTP/1.1" 404 115114 "-" "Mozilla/5.0 AppleWebKit/537.36 (KHTML, like Gecko; compatible; ClaudeBot/1.0; +claudebot@anthropic.com)"
216.73.216.213 - - [09/Jun/2026:12:11:15 +0000] "GET /items/x90845677613/ HTTP/1.1" 404 115123 "-" "Mozilla/5.0 AppleWebKit/537.36 (KHTML, like Gecko; compatible; ClaudeBot/1.0; +claudebot@anthropic.com)"
216.73.216.213 - - [09/Jun/2026:12:11:16 +0000] "GET /items/e90824549402/ HTTP/1.1" 404 115123 "-" "Mozilla/5.0 AppleWebKit/537.36 (KHTML, like Gecko; compatible; ClaudeBot/1.0; +claudebot@anthropic.com)"
216.73.216.213 - - [09/Jun/2026:12:11:16 +0000] "GET /items/d90827583913/ HTTP/1.1" 404 115114 "-" "Mozilla/5.0 AppleWebKit/537.36 (KHTML, like Gecko; compatible; ClaudeBot/1.0; +claudebot@anthropic.com)"
216.73.216.213 - - [09/Jun/2026:12:11:16 +0000] "GET /items/c9080853500/ HTTP/1.1" 404 115123 "-" "Mozilla/5.0 AppleWebKit/537.36 (KHTML, like Gecko; compatible; ClaudeBot/1.0; +claudebot@anthropic.com)"
216.73.216.213 - - [09/Jun/2026:12:11:16 +0000] "GET /items/o9080767296/ HTTP/1.1" 404 115123 "-" "Mozilla/5.0 AppleWebKit/537.36 (KHTML, like Gecko; compatible; ClaudeBot/1.0; +claudebot@anthropic.com)"
216.73.216.213 - - [09/Jun/2026:12:11:16 +0000] "GET /items/d90845640985/ HTTP/1.1" 404 115123 "-" "Mozilla/5.0 AppleWebKit/537.36 (KHTML, like Gecko; compatible; ClaudeBot/1.0; +claudebot@anthropic.com)"
216.73.216.213 - - [09/Jun/2026:12:11:17 +0000] "GET /items/f90806941429/ HTTP/1.1" 404 115123 "-" "Mozilla/5.0 AppleWebKit/537.36 (KHTML, like Gecko; compatible; ClaudeBot/1.0; +claudebot@anthropic.com)"
216.73.216.213 - - [09/Jun/2026:12:11:17 +0000] "GET /items/b9080978325/ HTTP/1.1" 404 115123 "-" "Mozilla/5.0 AppleWebKit/537.36 (KHTML, like Gecko; compatible; ClaudeBot/1.0; +claudebot@anthropic.com)"
216.73.216.213 - - [09/Jun/2026:12:11:17 +0000] "GET /items/c90796093124/ HTTP/1.1" 404 115123 "-" "Mozilla/5.0 AppleWebKit/537.36 (KHTML, like Gecko; compatible; ClaudeBot/1.0; +claudebot@anthropic.com)"
216.73.216.213 - - [09/Jun/2026:12:11:17 +0000] "GET /items/k9080947212/ HTTP/1.1" 404 115123 "-" "Mozilla/5.0 AppleWebKit/537.36 (KHTML, like Gecko; compatible; ClaudeBot/1.0; +claudebot@anthropic.com)"
216.73.216.213 - - [09/Jun/2026:12:11:18 +0000] "GET /items/d90793100447/ HTTP/1.1" 404 115108 "-" "Mozilla/5.0 AppleWebKit/537.36 (KHTML, like Gecko; compatible; ClaudeBot/1.0; +claudebot@anthropic.com)"
216.73.216.213 - - [09/Jun/2026:12:11:18 +0000] "GET /items/t90817262621/ HTTP/1.1" 404 115123 "-" "Mozilla/5.0 AppleWebKit/537.36 (KHTML, like Gecko; compatible; ClaudeBot/1.0; +claudebot@anthropic.com)"
216.73.216.213 - - [09/Jun/2026:12:11:18 +0000] "GET /items/b9080656965/ HTTP/1.1" 404 115123 "-" "Mozilla/5.0 AppleWebKit/537.36 (KHTML, like Gecko; compatible; ClaudeBot/1.0; +claudebot@anthropic.com)"
216.73.216.213 - - [09/Jun/2026:12:11:18 +0000] "GET /items/j90803583429/ HTTP/1.1" 404 115108 "-" "Mozilla/5.0 AppleWebKit/537.36 (KHTML, like Gecko; compatible; ClaudeBot/1.0; +claudebot@anthropic.com)"
216.73.216.213 - - [09/Jun/2026:12:11:18 +0000] "GET /items/j90832094071/ HTTP/1.1" 404 115114 "-" "Mozilla/5.0 AppleWebKit/537.36 (KHTML, like Gecko; compatible; ClaudeBot/1.0; +claudebot@anthropic.com)"
216.73.216.213 - - [09/Jun/2026:12:11:18 +0000] "GET /items/j90803551137/ HTTP/1.1" 404 115114 "-" "Mozilla/5.0 AppleWebKit/537.36 (KHTML, like Gecko; compatible; ClaudeBot/1.0; +claudebot@anthropic.com)"
216.73.216.213 - - [09/Jun/2026:12:11:19 +0000] "GET /items/p90799201593/ HTTP/1.1" 404 115108 "-" "Mozilla/5.0 AppleWebKit/537.36 (KHTML, like Gecko; compatible; ClaudeBot/1.0; +claudebot@anthropic.com)"
216.73.216.213 - - [09/Jun/2026:12:11:19 +0000] "GET /items/l9080805201/ HTTP/1.1" 404 115123 "-" "Mozilla/5.0 AppleWebKit/537.36 (KHTML, like Gecko; compatible; ClaudeBot/1.0; +claudebot@anthropic.com)"
216.73.216.213 - - [09/Jun/2026:12:11:20 +0000] "GET /items/l9080855433/ HTTP/1.1" 404 115114 "-" "Mozilla/5.0 AppleWebKit/537.36 (KHTML, like Gecko; compatible; ClaudeBot/1.0; +claudebot@anthropic.com)"
216.73.216.213 - - [09/Jun/2026:12:11:20 +0000] "GET /items/j90803829987/ HTTP/1.1" 404 115123 "-" "Mozilla/5.0 AppleWebKit/537.36 (KHTML, like Gecko; compatible; ClaudeBot/1.0; +claudebot@anthropic.com)"
216.73.216.213 - - [09/Jun/2026:12:11:20 +0000] "GET /items/v90842860849/ HTTP/1.1" 404 115123 "-" "Mozilla/5.0 AppleWebKit/537.36 (KHTML, like Gecko; compatible; ClaudeBot/1.0; +claudebot@anthropic.com)"
216.73.216.213 - - [09/Jun/2026:12:11:20 +0000] "GET /items/b90842537571/ HTTP/1.1" 404 115114 "-" "Mozilla/5.0 AppleWebKit/537.36 (KHTML, like Gecko; compatible; ClaudeBot/1.0; +claudebot@anthropic.com)"
216.73.216.213 - - [09/Jun/2026:12:11:20 +0000] "GET /items/e90821745146/ HTTP/1.1" 404 115123 "-" "Mozilla/5.0 AppleWebKit/537.36 (KHTML, like Gecko; compatible; ClaudeBot/1.0; +claudebot@anthropic.com)"
216.73.216.213 - - [09/Jun/2026:12:11:20 +0000] "GET /items/b90814217899/ HTTP/1.1" 404 115114 "-" "Mozilla/5.0 AppleWebKit/537.36 (KHTML, like Gecko; compatible; ClaudeBot/1.0; +claudebot@anthropic.com)"
216.73.216.213 - - [09/Jun/2026:12:11:20 +0000] "GET /items/q90842835546/ HTTP/1.1" 404 115114 "-" "Mozilla/5.0 AppleWebKit/537.36 (KHTML, like Gecko; compatible; ClaudeBot/1.0; +claudebot@anthropic.com)"
216.73.216.213 - - [09/Jun/2026:12:11:21 +0000] "GET /items/e90845670340/ HTTP/1.1" 404 115123 "-" "Mozilla/5.0 AppleWebKit/537.36 (KHTML, like Gecko; compatible; ClaudeBot/1.0; +claudebot@anthropic.com)"
216.73.216.213 - - [09/Jun/2026:12:11:21 +0000] "GET /items/j90803956243/ HTTP/1.1" 404 115123 "-" "Mozilla/5.0 AppleWebKit/537.36 (KHTML, like Gecko; compatible; ClaudeBot/1.0; +claudebot@anthropic.com)"
216.73.216.213 - - [09/Jun/2026:12:11:21 +0000] "GET /items/x90803559549/ HTTP/1.1" 404 115114 "-" "Mozilla/5.0 AppleWebKit/537.36 (KHTML, like Gecko; compatible; ClaudeBot/1.0; +claudebot@anthropic.com)"
216.73.216.213 - - [09/Jun/2026:12:11:22 +0000] "GET /items/p9080828631/ HTTP/1.1" 404 115123 "-" "Mozilla/5.0 AppleWebKit/537.36 (KHTML, like Gecko; compatible; ClaudeBot/1.0; +claudebot@anthropic.com)"
216.73.216.213 - - [09/Jun/2026:12:11:22 +0000] "GET /items/e90832498080/ HTTP/1.1" 404 115123 "-" "Mozilla/5.0 AppleWebKit/537.36 (KHTML, like Gecko; compatible; ClaudeBot/1.0; +claudebot@anthropic.com)"
