216.73.216.213 - - [09/Jun/2026:09:09:38 +0000] "GET /products/travis-scott-cactus-jack-x-ap-card-holder/14373369/ HTTP/1.1" 200 3588 "-" "Mozilla/5.0 AppleWebKit/537.36 (KHTML, like Gecko; compatible; ClaudeBot/1.0; +claudebot@anthropic.com)"
216.73.216.213 - - [09/Jun/2026:09:09:39 +0000] "GET /products/thin-finn-dry-black-coated/73133073/ HTTP/1.1" 200 3588 "-" "Mozilla/5.0 AppleWebKit/537.36 (KHTML, like Gecko; compatible; ClaudeBot/1.0; +claudebot@anthropic.com)"
57.141.2.26 - - [09/Jun/2026:09:09:40 +0000] "GET /products/kipling-red-nylon-japanese-unisex-gorpcore-hype-backpack/77963433/ HTTP/1.1" 200 3563 "-" "meta-externalagent/1.1 (+https://developers.facebook.com/docs/sharing/webmasters/crawler)"
216.73.216.213 - - [09/Jun/2026:09:09:40 +0000] "GET /products/frog-30mm-reversible-belt-90cm/78562593/ HTTP/1.1" 200 3588 "-" "Mozilla/5.0 AppleWebKit/537.36 (KHTML, like Gecko; compatible; ClaudeBot/1.0; +claudebot@anthropic.com)"
216.73.216.213 - - [09/Jun/2026:09:09:40 +0000] "GET /products/hermes-leather-midi-skirt-dmc/54715665/ HTTP/1.1" 200 3588 "-" "Mozilla/5.0 AppleWebKit/537.36 (KHTML, like Gecko; compatible; ClaudeBot/1.0; +claudebot@anthropic.com)"
216.73.216.213 - - [09/Jun/2026:09:09:41 +0000] "GET /products/chic-floral-straw-tote-womens-elegance/16331121/ HTTP/1.1" 200 3588 "-" "Mozilla/5.0 AppleWebKit/537.36 (KHTML, like Gecko; compatible; ClaudeBot/1.0; +claudebot@anthropic.com)"
216.73.216.213 - - [09/Jun/2026:09:09:41 +0000] "GET /products/00s-japan-burberry-blue-label-down-jacket/11476569/ HTTP/1.1" 200 3588 "-" "Mozilla/5.0 AppleWebKit/537.36 (KHTML, like Gecko; compatible; ClaudeBot/1.0; +claudebot@anthropic.com)"
216.73.216.213 - - [09/Jun/2026:09:09:42 +0000] "GET /products/in-the-attic-camo-denim-button-shirt/12483513/ HTTP/1.1" 200 3588 "-" "Mozilla/5.0 AppleWebKit/537.36 (KHTML, like Gecko; compatible; ClaudeBot/1.0; +claudebot@anthropic.com)"
57.141.2.23 - - [09/Jun/2026:09:09:42 +0000] "GET /products/tommy-hilfiger-luxury-faux-fur-down-jacket/37930689/ HTTP/1.1" 200 3563 "-" "meta-externalagent/1.1 (+https://developers.facebook.com/docs/sharing/webmasters/crawler)"
216.73.216.213 - - [09/Jun/2026:09:09:42 +0000] "GET /products/hermes-col-h-500078fk-earrings/62216193/ HTTP/1.1" 200 3588 "-" "Mozilla/5.0 AppleWebKit/537.36 (KHTML, like Gecko; compatible; ClaudeBot/1.0; +claudebot@anthropic.com)"
66.249.77.160 - - [09/Jun/2026:09:09:44 +0000] "GET /obzor-khostinga-na-2026-god-vps-nachinaya-ot-249-rubley-tarify-i-mneniya-polzovateley/ HTTP/1.1" 200 3588 "-" "Mozilla/5.0 (Linux; Android 6.0.1; Nexus 5X Build/MMB29P) AppleWebKit/537.36 (KHTML, like Gecko) Chrome/148.0.7778.96 Mobile Safari/537.36 (compatible; GoogleOther)"
216.73.216.213 - - [09/Jun/2026:09:09:49 +0000] "GET /products/vintage-esordio-leather-jacket-shearling-cropped/45592665/ HTTP/1.1" 200 3588 "-" "Mozilla/5.0 AppleWebKit/537.36 (KHTML, like Gecko; compatible; ClaudeBot/1.0; +claudebot@anthropic.com)"
216.73.216.213 - - [09/Jun/2026:09:09:49 +0000] "GET /products/dries-van-noten-extra-fine-mohair-wool-sweater/36790329/ HTTP/1.1" 200 3588 "-" "Mozilla/5.0 AppleWebKit/537.36 (KHTML, like Gecko; compatible; ClaudeBot/1.0; +claudebot@anthropic.com)"
216.73.216.213 - - [09/Jun/2026:09:09:50 +0000] "GET /products/loewe-size30180cm-wool-and-cashmere-scarves/48053721/ HTTP/1.1" 200 3588 "-" "Mozilla/5.0 AppleWebKit/537.36 (KHTML, like Gecko; compatible; ClaudeBot/1.0; +claudebot@anthropic.com)"
216.73.216.213 - - [09/Jun/2026:09:09:51 +0000] "GET /products/bootleggers-green-thermal-zig-zag-logo/35081193/ HTTP/1.1" 200 3588 "-" "Mozilla/5.0 AppleWebKit/537.36 (KHTML, like Gecko; compatible; ClaudeBot/1.0; +claudebot@anthropic.com)"
216.73.216.213 - - [09/Jun/2026:09:09:51 +0000] "GET /products/g-star-raw-cargo-service-boots/63440745/ HTTP/1.1" 200 3588 "-" "Mozilla/5.0 AppleWebKit/537.36 (KHTML, like Gecko; compatible; ClaudeBot/1.0; +claudebot@anthropic.com)"
216.73.216.213 - - [09/Jun/2026:09:09:52 +0000] "GET /products/rick-owens-size-s-double-layered-shorts/21754425/ HTTP/1.1" 200 3588 "-" "Mozilla/5.0 AppleWebKit/537.36 (KHTML, like Gecko; compatible; ClaudeBot/1.0; +claudebot@anthropic.com)"
216.73.216.213 - - [09/Jun/2026:09:09:52 +0000] "GET /products/air-jordan-retro-5-oreo/30833097/ HTTP/1.1" 200 3588 "-" "Mozilla/5.0 AppleWebKit/537.36 (KHTML, like Gecko; compatible; ClaudeBot/1.0; +claudebot@anthropic.com)"
216.73.216.213 - - [09/Jun/2026:09:09:53 +0000] "GET /products/louis-vuitton-edge-gold-sunglasses/27470769/ HTTP/1.1" 200 3588 "-" "Mozilla/5.0 AppleWebKit/537.36 (KHTML, like Gecko; compatible; ClaudeBot/1.0; +claudebot@anthropic.com)"
216.73.216.213 - - [09/Jun/2026:09:09:53 +0000] "GET /products/kenzo-earth-logo-crew-sweatshirt/41861745/ HTTP/1.1" 200 3588 "-" "Mozilla/5.0 AppleWebKit/537.36 (KHTML, like Gecko; compatible; ClaudeBot/1.0; +claudebot@anthropic.com)"
57.141.2.61 - - [09/Jun/2026:09:09:56 +0000] "GET /products/japanese-spec-outfitter-double-breasted-coat-denim-jacket/40248489/ HTTP/1.1" 200 3563 "-" "meta-externalagent/1.1 (+https://developers.facebook.com/docs/sharing/webmasters/crawler)"
216.73.216.213 - - [09/Jun/2026:09:10:17 +0000] "GET /products/louis-vuitton-horizon-earphones/69852201/ HTTP/1.1" 200 3588 "-" "Mozilla/5.0 AppleWebKit/537.36 (KHTML, like Gecko; compatible; ClaudeBot/1.0; +claudebot@anthropic.com)"
216.73.216.213 - - [09/Jun/2026:09:10:17 +0000] "GET /products/evisu-vintage-denim-jacket-with-yellow-ears/19487673/ HTTP/1.1" 200 3588 "-" "Mozilla/5.0 AppleWebKit/537.36 (KHTML, like Gecko; compatible; ClaudeBot/1.0; +claudebot@anthropic.com)"
57.141.2.62 - - [09/Jun/2026:09:10:17 +0000] "GET /products/burberrys-nova-check-polo-long-sleeve-shirt-gold-button/43808817/ HTTP/1.1" 200 3563 "-" "meta-externalagent/1.1 (+https://developers.facebook.com/docs/sharing/webmasters/crawler)"
216.73.216.213 - - [09/Jun/2026:09:10:18 +0000] "GET /products/prada-black-nylon-pocket-skirt/46525209/ HTTP/1.1" 200 3588 "-" "Mozilla/5.0 AppleWebKit/537.36 (KHTML, like Gecko; compatible; ClaudeBot/1.0; +claudebot@anthropic.com)"
216.73.216.213 - - [09/Jun/2026:09:10:18 +0000] "GET /products/ami-gray-logo-crewneck-sweatshirt-s/76152609/ HTTP/1.1" 200 3588 "-" "Mozilla/5.0 AppleWebKit/537.36 (KHTML, like Gecko; compatible; ClaudeBot/1.0; +claudebot@anthropic.com)"
139.84.174.118 - - [09/Jun/2026:09:10:19 +0000] "POST /wp-cron.php?doing_wp_cron=1780996219.4107830524444580078125 HTTP/1.1" 200 3593 "-" "WordPress/6.5.8; https://mayaver.com"
37.19.208.120 - - [09/Jun/2026:09:10:19 +0000] "POST /xmlrpc.php HTTP/1.1" 200 18012 "-" "Mozilla/5.0 (Windows NT 10.0; Win64; x64) AppleWebKit/537.36 (KHTML, like Gecko) Chrome/114.0.0.0 Safari/537.36"
216.73.216.213 - - [09/Jun/2026:09:10:19 +0000] "GET /products/00s-tornado-mart-japan-coated-master-jacket/57311553/ HTTP/1.1" 200 3588 "-" "Mozilla/5.0 AppleWebKit/537.36 (KHTML, like Gecko; compatible; ClaudeBot/1.0; +claudebot@anthropic.com)"
216.73.216.213 - - [09/Jun/2026:09:10:19 +0000] "GET /products/saint-laurent-white-striped-leather-sleeve-jacket/78201537/ HTTP/1.1" 200 3588 "-" "Mozilla/5.0 AppleWebKit/537.36 (KHTML, like Gecko; compatible; ClaudeBot/1.0; +claudebot@anthropic.com)"
216.73.216.213 - - [09/Jun/2026:09:10:20 +0000] "GET /products/rick-owens-adidas-springblade-sz-9/32971329/ HTTP/1.1" 200 3588 "-" "Mozilla/5.0 AppleWebKit/537.36 (KHTML, like Gecko; compatible; ClaudeBot/1.0; +claudebot@anthropic.com)"
37.19.208.120 - - [09/Jun/2026:09:10:20 +0000] "POST /xmlrpc.php HTTP/1.1" 200 18012 "-" "Mozilla/5.0 (Windows NT 10.0; Win64; x64) AppleWebKit/537.36 (KHTML, like Gecko) Chrome/114.0.0.0 Safari/537.36"
216.73.216.213 - - [09/Jun/2026:09:10:20 +0000] "GET /products/rick-owens-23ss-edfu-ma1-bomber-jacket-dmc/76684617/ HTTP/1.1" 200 3588 "-" "Mozilla/5.0 AppleWebKit/537.36 (KHTML, like Gecko; compatible; ClaudeBot/1.0; +claudebot@anthropic.com)"
216.73.216.213 - - [09/Jun/2026:09:10:21 +0000] "GET /products/boots-stc-wet-weather-canada/63451881/ HTTP/1.1" 200 3588 "-" "Mozilla/5.0 AppleWebKit/537.36 (KHTML, like Gecko; compatible; ClaudeBot/1.0; +claudebot@anthropic.com)"
216.73.216.213 - - [09/Jun/2026:09:10:25 +0000] "GET /products/junk-store-original-cotton-tote-slim-bag/77929377/ HTTP/1.1" 200 3588 "-" "Mozilla/5.0 AppleWebKit/537.36 (KHTML, like Gecko; compatible; ClaudeBot/1.0; +claudebot@anthropic.com)"
216.73.216.213 - - [09/Jun/2026:09:10:25 +0000] "GET /products/burberry-graffiti-print-checked-hoodie/76174329/ HTTP/1.1" 200 3588 "-" "Mozilla/5.0 AppleWebKit/537.36 (KHTML, like Gecko; compatible; ClaudeBot/1.0; +claudebot@anthropic.com)"
216.73.216.213 - - [09/Jun/2026:09:10:26 +0000] "GET /products/alexander-wang-rhinestone-bow-knit-cardigan/53484129/ HTTP/1.1" 200 3588 "-" "Mozilla/5.0 AppleWebKit/537.36 (KHTML, like Gecko; compatible; ClaudeBot/1.0; +claudebot@anthropic.com)"
216.73.216.213 - - [09/Jun/2026:09:10:26 +0000] "GET /products/ss25-supreme-hooded-zip-up-thermal-leopard/73674177/ HTTP/1.1" 200 3588 "-" "Mozilla/5.0 AppleWebKit/537.36 (KHTML, like Gecko; compatible; ClaudeBot/1.0; +claudebot@anthropic.com)"
216.73.216.213 - - [09/Jun/2026:09:10:27 +0000] "GET /products/balenciaga-white-blue-checkered-shirt-jacket/10453545/ HTTP/1.1" 200 3588 "-" "Mozilla/5.0 AppleWebKit/537.36 (KHTML, like Gecko; compatible; ClaudeBot/1.0; +claudebot@anthropic.com)"
216.73.216.213 - - [09/Jun/2026:09:10:27 +0000] "GET /products/air-max-1-prm-ugly-duckling-pecan/52069185/ HTTP/1.1" 200 3588 "-" "Mozilla/5.0 AppleWebKit/537.36 (KHTML, like Gecko; compatible; ClaudeBot/1.0; +claudebot@anthropic.com)"
216.73.216.213 - - [09/Jun/2026:09:10:28 +0000] "GET /products/wahnfrieden-undercover-records-tee/51037953/ HTTP/1.1" 200 3588 "-" "Mozilla/5.0 AppleWebKit/537.36 (KHTML, like Gecko; compatible; ClaudeBot/1.0; +claudebot@anthropic.com)"
216.73.216.213 - - [09/Jun/2026:09:10:28 +0000] "GET /products/contrasted-ami-de-coeur-sweatshirt/69940857/ HTTP/1.1" 200 3588 "-" "Mozilla/5.0 AppleWebKit/537.36 (KHTML, like Gecko; compatible; ClaudeBot/1.0; +claudebot@anthropic.com)"
216.73.216.213 - - [09/Jun/2026:09:10:29 +0000] "GET /products/miss-sixty-vest-jacket-leopard-pattern-print-y2k-avant-garde/17409009/ HTTP/1.1" 200 3588 "-" "Mozilla/5.0 AppleWebKit/537.36 (KHTML, like Gecko; compatible; ClaudeBot/1.0; +claudebot@anthropic.com)"
57.141.2.21 - - [09/Jun/2026:09:10:32 +0000] "GET /products/gucci-shoulder-bag-patent-leather-dark-brown-002-002/47485737/ HTTP/1.1" 200 3563 "-" "meta-externalagent/1.1 (+https://developers.facebook.com/docs/sharing/webmasters/crawler)"
37.19.208.120 - - [09/Jun/2026:09:10:39 +0000] "POST /xmlrpc.php HTTP/1.1" 200 18012 "-" "Mozilla/5.0 (Windows NT 10.0; Win64; x64) AppleWebKit/537.36 (KHTML, like Gecko) Chrome/114.0.0.0 Safari/537.36"
37.19.208.120 - - [09/Jun/2026:09:10:41 +0000] "POST /xmlrpc.php HTTP/1.1" 200 18012 "-" "Mozilla/5.0 (Windows NT 10.0; Win64; x64) AppleWebKit/537.36 (KHTML, like Gecko) Chrome/114.0.0.0 Safari/537.36"
57.141.2.4 - - [09/Jun/2026:09:10:49 +0000] "GET /products/saint-michael-x-berberjin-young-tee/34841121/ HTTP/1.1" 200 3563 "-" "meta-externalagent/1.1 (+https://developers.facebook.com/docs/sharing/webmasters/crawler)"
216.73.216.213 - - [09/Jun/2026:09:10:56 +0000] "GET /products/air-jordan-13-retro-2017-bred-2017/64864809/ HTTP/1.1" 200 3588 "-" "Mozilla/5.0 AppleWebKit/537.36 (KHTML, like Gecko; compatible; ClaudeBot/1.0; +claudebot@anthropic.com)"
216.73.216.213 - - [09/Jun/2026:09:10:56 +0000] "GET /products/prada-color-block-logo-trousers-size-46/18215097/ HTTP/1.1" 200 3588 "-" "Mozilla/5.0 AppleWebKit/537.36 (KHTML, like Gecko; compatible; ClaudeBot/1.0; +claudebot@anthropic.com)"
216.73.216.213 - - [09/Jun/2026:09:10:57 +0000] "GET /products/edfu-ss-23-rick-owens-yellow-translucent-ramones/64831953/ HTTP/1.1" 200 3588 "-" "Mozilla/5.0 AppleWebKit/537.36 (KHTML, like Gecko; compatible; ClaudeBot/1.0; +claudebot@anthropic.com)"
216.73.216.213 - - [09/Jun/2026:09:10:58 +0000] "GET /products/o1s1wg110624-bb-monogram-pyjama-pants-in-red/67453113/ HTTP/1.1" 200 3588 "-" "Mozilla/5.0 AppleWebKit/537.36 (KHTML, like Gecko; compatible; ClaudeBot/1.0; +claudebot@anthropic.com)"
216.73.216.213 - - [09/Jun/2026:09:10:58 +0000] "GET /products/avirex-muroc-army-air-field-flight/62017257/ HTTP/1.1" 200 3588 "-" "Mozilla/5.0 AppleWebKit/537.36 (KHTML, like Gecko; compatible; ClaudeBot/1.0; +claudebot@anthropic.com)"
57.141.2.27 - - [09/Jun/2026:09:10:58 +0000] "GET /products/celine-handkerchief-bandana-neckerchief-b483/31251825/ HTTP/1.1" 200 3563 "-" "meta-externalagent/1.1 (+https://developers.facebook.com/docs/sharing/webmasters/crawler)"
216.73.216.213 - - [09/Jun/2026:09:10:59 +0000] "GET /products/lady-z-patent-leather-pumps/34282545/ HTTP/1.1" 200 3588 "-" "Mozilla/5.0 AppleWebKit/537.36 (KHTML, like Gecko; compatible; ClaudeBot/1.0; +claudebot@anthropic.com)"
216.73.216.213 - - [09/Jun/2026:09:10:59 +0000] "GET /products/voyage-cropped-zip-up-hoodie/60192201/ HTTP/1.1" 200 3588 "-" "Mozilla/5.0 AppleWebKit/537.36 (KHTML, like Gecko; compatible; ClaudeBot/1.0; +claudebot@anthropic.com)"
216.73.216.213 - - [09/Jun/2026:09:11:00 +0000] "GET /products/max-mara-teddy-bear-cape-short-coat-16588a/37585977/ HTTP/1.1" 200 3588 "-" "Mozilla/5.0 AppleWebKit/537.36 (KHTML, like Gecko; compatible; ClaudeBot/1.0; +claudebot@anthropic.com)"
216.73.216.213 - - [09/Jun/2026:09:11:00 +0000] "GET /products/o1w1db10126-reversible-check-cape-in-multicolor/37691841/ HTTP/1.1" 200 3588 "-" "Mozilla/5.0 AppleWebKit/537.36 (KHTML, like Gecko; compatible; ClaudeBot/1.0; +claudebot@anthropic.com)"
216.73.216.213 - - [09/Jun/2026:09:11:02 +0000] "GET /products/swf-utilitarian-midi-dress-floss-pink/75928233/ HTTP/1.1" 200 3588 "-" "Mozilla/5.0 AppleWebKit/537.36 (KHTML, like Gecko; compatible; ClaudeBot/1.0; +claudebot@anthropic.com)"
216.73.216.213 - - [09/Jun/2026:09:11:02 +0000] "GET /products/oc11z1025-wedge-mules-in-green/71601753/ HTTP/1.1" 200 3588 "-" "Mozilla/5.0 AppleWebKit/537.36 (KHTML, like Gecko; compatible; ClaudeBot/1.0; +claudebot@anthropic.com)"
216.73.216.213 - - [09/Jun/2026:09:11:02 +0000] "GET /products/claiborne-performance-quarter-zip-sweatshirt-mens-large-gray/8628657/ HTTP/1.1" 200 3588 "-" "Mozilla/5.0 AppleWebKit/537.36 (KHTML, like Gecko; compatible; ClaudeBot/1.0; +claudebot@anthropic.com)"
216.73.216.213 - - [09/Jun/2026:09:11:03 +0000] "GET /products/2020-balenciaga-oversized-irregular-button-up-shirt/12471297/ HTTP/1.1" 200 3588 "-" "Mozilla/5.0 AppleWebKit/537.36 (KHTML, like Gecko; compatible; ClaudeBot/1.0; +claudebot@anthropic.com)"
216.73.216.213 - - [09/Jun/2026:09:11:03 +0000] "GET /products/hermes-pochette-bazaar-pm-066399ck-handbag-pouch/39268929/ HTTP/1.1" 200 3588 "-" "Mozilla/5.0 AppleWebKit/537.36 (KHTML, like Gecko; compatible; ClaudeBot/1.0; +claudebot@anthropic.com)"
216.73.216.213 - - [09/Jun/2026:09:11:04 +0000] "GET /products/o1mle0725-puddle-slingback-sandals-in-unicorn/36667065/ HTTP/1.1" 200 3588 "-" "Mozilla/5.0 AppleWebKit/537.36 (KHTML, like Gecko; compatible; ClaudeBot/1.0; +claudebot@anthropic.com)"
216.73.216.213 - - [09/Jun/2026:09:11:04 +0000] "GET /products/dg-leather-short-sleeve-top-size-42/62730729/ HTTP/1.1" 200 3588 "-" "Mozilla/5.0 AppleWebKit/537.36 (KHTML, like Gecko; compatible; ClaudeBot/1.0; +claudebot@anthropic.com)"
216.73.216.213 - - [09/Jun/2026:09:11:05 +0000] "GET /products/chrome-hearts-shagass-wine-red-glasses-szos/55503561/ HTTP/1.1" 200 3588 "-" "Mozilla/5.0 AppleWebKit/537.36 (KHTML, like Gecko; compatible; ClaudeBot/1.0; +claudebot@anthropic.com)"
216.73.216.213 - - [09/Jun/2026:09:11:05 +0000] "GET /products/prestige-blue-deerskin-shorts/10711305/ HTTP/1.1" 200 3588 "-" "Mozilla/5.0 AppleWebKit/537.36 (KHTML, like Gecko; compatible; ClaudeBot/1.0; +claudebot@anthropic.com)"
57.141.2.6 - - [09/Jun/2026:09:11:09 +0000] "GET /products/givenchy-lion-pattern-printed-zipper-small-calfskin-handba/33835785/ HTTP/1.1" 200 3563 "-" "meta-externalagent/1.1 (+https://developers.facebook.com/docs/sharing/webmasters/crawler)"
57.141.2.1 - - [09/Jun/2026:09:11:12 +0000] "GET /products/1dr-shoulder-bag/47572953/ HTTP/1.1" 200 3563 "-" "meta-externalagent/1.1 (+https://developers.facebook.com/docs/sharing/webmasters/crawler)"
216.73.216.213 - - [09/Jun/2026:09:11:31 +0000] "GET /products/vivienne-tam-pleated-maxi-dress/51462897/ HTTP/1.1" 200 3588 "-" "Mozilla/5.0 AppleWebKit/537.36 (KHTML, like Gecko; compatible; ClaudeBot/1.0; +claudebot@anthropic.com)"
216.73.216.213 - - [09/Jun/2026:09:11:31 +0000] "GET /products/gucci-pink-green-zip-hooded-all/70111497/ HTTP/1.1" 200 3588 "-" "Mozilla/5.0 AppleWebKit/537.36 (KHTML, like Gecko; compatible; ClaudeBot/1.0; +claudebot@anthropic.com)"
216.73.216.213 - - [09/Jun/2026:09:11:31 +0000] "GET /products/advantage-cycle-triangle-silver-hoodie-made-in-japan/37175409/ HTTP/1.1" 200 3588 "-" "Mozilla/5.0 AppleWebKit/537.36 (KHTML, like Gecko; compatible; ClaudeBot/1.0; +claudebot@anthropic.com)"
216.73.216.213 - - [09/Jun/2026:09:11:32 +0000] "GET /products/hermes-da-vinci-pegasus-silk-scarf-2501-nextarrow/17759385/ HTTP/1.1" 200 3588 "-" "Mozilla/5.0 AppleWebKit/537.36 (KHTML, like Gecko; compatible; ClaudeBot/1.0; +claudebot@anthropic.com)"
216.73.216.213 - - [09/Jun/2026:09:11:33 +0000] "GET /products/o1y0226-cardigan-in-black/63962001/ HTTP/1.1" 200 3588 "-" "Mozilla/5.0 AppleWebKit/537.36 (KHTML, like Gecko; compatible; ClaudeBot/1.0; +claudebot@anthropic.com)"
216.73.216.213 - - [09/Jun/2026:09:11:33 +0000] "GET /products/diesel-2000s-y2k-low-waisted-flared-cargo-pants/46742505/ HTTP/1.1" 200 3588 "-" "Mozilla/5.0 AppleWebKit/537.36 (KHTML, like Gecko; compatible; ClaudeBot/1.0; +claudebot@anthropic.com)"
216.73.216.213 - - [09/Jun/2026:09:11:34 +0000] "GET /products/valentino-studded-oversized-overcoat-46s-4200/45694617/ HTTP/1.1" 200 3588 "-" "Mozilla/5.0 AppleWebKit/537.36 (KHTML, like Gecko; compatible; ClaudeBot/1.0; +claudebot@anthropic.com)"
216.73.216.213 - - [09/Jun/2026:09:11:34 +0000] "GET /products/ancient-greek-sandals-brown-boots/12266145/ HTTP/1.1" 200 3588 "-" "Mozilla/5.0 AppleWebKit/537.36 (KHTML, like Gecko; compatible; ClaudeBot/1.0; +claudebot@anthropic.com)"
216.73.216.213 - - [09/Jun/2026:09:11:35 +0000] "GET /products/amiri-beach-club-swim-trunks/18893937/ HTTP/1.1" 200 3588 "-" "Mozilla/5.0 AppleWebKit/537.36 (KHTML, like Gecko; compatible; ClaudeBot/1.0; +claudebot@anthropic.com)"
216.73.216.213 - - [09/Jun/2026:09:11:42 +0000] "GET /products/tony-hawk-skate-apparel-quilted-puffer-jacket-5171-177/26222649/ HTTP/1.1" 200 3588 "-" "Mozilla/5.0 AppleWebKit/537.36 (KHTML, like Gecko; compatible; ClaudeBot/1.0; +claudebot@anthropic.com)"
216.73.216.213 - - [09/Jun/2026:09:11:42 +0000] "GET /products/taft-charcoal-plaid-leather-mens-boots/21181137/ HTTP/1.1" 200 3588 "-" "Mozilla/5.0 AppleWebKit/537.36 (KHTML, like Gecko; compatible; ClaudeBot/1.0; +claudebot@anthropic.com)"
216.73.216.213 - - [09/Jun/2026:09:11:44 +0000] "GET /products/nocta-x-venice-fc-2425-home/16903041/ HTTP/1.1" 200 3588 "-" "Mozilla/5.0 AppleWebKit/537.36 (KHTML, like Gecko; compatible; ClaudeBot/1.0; +claudebot@anthropic.com)"
216.73.216.213 - - [09/Jun/2026:09:11:44 +0000] "GET /products/2-boxes-of-ss25-supreme-eagle-creek-pack-it-compression-bags/77958417/ HTTP/1.1" 200 3588 "-" "Mozilla/5.0 AppleWebKit/537.36 (KHTML, like Gecko; compatible; ClaudeBot/1.0; +claudebot@anthropic.com)"
216.73.216.213 - - [09/Jun/2026:09:11:45 +0000] "GET /products/givenchy-handkerchief-neckerchief-bandana-h739/31028625/ HTTP/1.1" 200 3588 "-" "Mozilla/5.0 AppleWebKit/537.36 (KHTML, like Gecko; compatible; ClaudeBot/1.0; +claudebot@anthropic.com)"
216.73.216.213 - - [09/Jun/2026:09:11:45 +0000] "GET /products/givenchy-green-embroidered-long-sleeve-t-shirt/28032441/ HTTP/1.1" 200 3588 "-" "Mozilla/5.0 AppleWebKit/537.36 (KHTML, like Gecko; compatible; ClaudeBot/1.0; +claudebot@anthropic.com)"
216.73.216.213 - - [09/Jun/2026:09:11:46 +0000] "GET /products/nike-dunk-low-michigan-youth-6/15686817/ HTTP/1.1" 200 3588 "-" "Mozilla/5.0 AppleWebKit/537.36 (KHTML, like Gecko; compatible; ClaudeBot/1.0; +claudebot@anthropic.com)"
216.73.216.213 - - [09/Jun/2026:09:11:46 +0000] "GET /products/martine-rose-toon-oversized-fleece/73524033/ HTTP/1.1" 200 3588 "-" "Mozilla/5.0 AppleWebKit/537.36 (KHTML, like Gecko; compatible; ClaudeBot/1.0; +claudebot@anthropic.com)"
216.73.216.213 - - [09/Jun/2026:09:11:47 +0000] "GET /products/allsaints-elmore-double-breasted-linen-cotton-blazer-jacket/36520209/ HTTP/1.1" 200 3588 "-" "Mozilla/5.0 AppleWebKit/537.36 (KHTML, like Gecko; compatible; ClaudeBot/1.0; +claudebot@anthropic.com)"
57.141.2.61 - - [09/Jun/2026:09:12:12 +0000] "GET /products/schlussel-paint-splash-snake-skin-studdet-flare-denim/40646553/ HTTP/1.1" 200 3563 "-" "meta-externalagent/1.1 (+https://developers.facebook.com/docs/sharing/webmasters/crawler)"
216.73.216.213 - - [09/Jun/2026:09:12:17 +0000] "GET /products/kapital-chino-old-man-sea-cap/60692169/ HTTP/1.1" 200 3588 "-" "Mozilla/5.0 AppleWebKit/537.36 (KHTML, like Gecko; compatible; ClaudeBot/1.0; +claudebot@anthropic.com)"
216.73.216.213 - - [09/Jun/2026:09:12:17 +0000] "GET /products/louis-vuitton-boucle-doreille-earring-set-m67036-silver-and/62246097/ HTTP/1.1" 200 3588 "-" "Mozilla/5.0 AppleWebKit/537.36 (KHTML, like Gecko; compatible; ClaudeBot/1.0; +claudebot@anthropic.com)"
216.73.216.213 - - [09/Jun/2026:09:12:18 +0000] "GET /products/womens-the-north-face-full-zip-quilted-down-jacket-sherpa/37868889/ HTTP/1.1" 200 3588 "-" "Mozilla/5.0 AppleWebKit/537.36 (KHTML, like Gecko; compatible; ClaudeBot/1.0; +claudebot@anthropic.com)"
216.73.216.213 - - [09/Jun/2026:09:12:19 +0000] "GET /products/stussy-troops-magazine-appendix-crossbody-bag/67605105/ HTTP/1.1" 200 3588 "-" "Mozilla/5.0 AppleWebKit/537.36 (KHTML, like Gecko; compatible; ClaudeBot/1.0; +claudebot@anthropic.com)"
216.73.216.213 - - [09/Jun/2026:09:12:19 +0000] "GET /products/fendi-pink-silk-neckerchief-star-logo-print/49537617/ HTTP/1.1" 200 3588 "-" "Mozilla/5.0 AppleWebKit/537.36 (KHTML, like Gecko; compatible; ClaudeBot/1.0; +claudebot@anthropic.com)"
216.73.216.213 - - [09/Jun/2026:09:12:20 +0000] "GET /products/jil-sander-mens-gray-black-check-wool-coat/22595961/ HTTP/1.1" 200 3588 "-" "Mozilla/5.0 AppleWebKit/537.36 (KHTML, like Gecko; compatible; ClaudeBot/1.0; +claudebot@anthropic.com)"
216.73.216.213 - - [09/Jun/2026:09:12:20 +0000] "GET /products/vintage-90s-j-crew-collared-button-down-shirt-plaid-cotton/9170817/ HTTP/1.1" 200 3588 "-" "Mozilla/5.0 AppleWebKit/537.36 (KHTML, like Gecko; compatible; ClaudeBot/1.0; +claudebot@anthropic.com)"
216.73.216.213 - - [09/Jun/2026:09:12:21 +0000] "GET /products/gucci-old-gucci-shoulder-bag-suede-and-leather/47642385/ HTTP/1.1" 200 3588 "-" "Mozilla/5.0 AppleWebKit/537.36 (KHTML, like Gecko; compatible; ClaudeBot/1.0; +claudebot@anthropic.com)"
216.73.216.213 - - [09/Jun/2026:09:12:21 +0000] "GET /products/saint-mxxxxxx-x-bape-camo-track-pants/19023921/ HTTP/1.1" 200 3588 "-" "Mozilla/5.0 AppleWebKit/537.36 (KHTML, like Gecko; compatible; ClaudeBot/1.0; +claudebot@anthropic.com)"
57.141.2.14 - - [09/Jun/2026:09:12:24 +0000] "GET /products/rick-owens-drkshdw-cowl-neck-zip-front-cropped-hoodie/79138641/ HTTP/1.1" 200 3563 "-" "meta-externalagent/1.1 (+https://developers.facebook.com/docs/sharing/webmasters/crawler)"
57.141.2.53 - - [09/Jun/2026:09:12:28 +0000] "GET /products/oc11z0825-size-os-tote-bag-in-blue/39297897/ HTTP/1.1" 200 3563 "-" "meta-externalagent/1.1 (+https://developers.facebook.com/docs/sharing/webmasters/crawler)"
57.141.2.34 - - [09/Jun/2026:09:12:29 +0000] "GET /products/mr-junko-handkerchief-neckerchief-pocketsquares/31062441/ HTTP/1.1" 200 3563 "-" "meta-externalagent/1.1 (+https://developers.facebook.com/docs/sharing/webmasters/crawler)"
57.141.2.57 - - [09/Jun/2026:09:12:37 +0000] "GET /products/vintage-uniqlo-final-home-style-casual-stadium-jacket/79589529/ HTTP/1.1" 200 3563 "-" "meta-externalagent/1.1 (+https://developers.facebook.com/docs/sharing/webmasters/crawler)"
216.73.216.213 - - [09/Jun/2026:09:12:45 +0000] "GET /products/louis-vuitton-louis-vuitton-ellipse-monogram-coated-canvas-b/52972329/ HTTP/1.1" 200 3588 "-" "Mozilla/5.0 AppleWebKit/537.36 (KHTML, like Gecko; compatible; ClaudeBot/1.0; +claudebot@anthropic.com)"
216.73.216.213 - - [09/Jun/2026:09:12:45 +0000] "GET /products/dior-sleeveless-dress-36-99-new/51416625/ HTTP/1.1" 200 3588 "-" "Mozilla/5.0 AppleWebKit/537.36 (KHTML, like Gecko; compatible; ClaudeBot/1.0; +claudebot@anthropic.com)"
57.141.2.20 - - [09/Jun/2026:09:12:46 +0000] "GET /products/genuine-leather-jacket-by-diesel-industry-hooded-jacket/17362281/ HTTP/1.1" 200 3563 "-" "meta-externalagent/1.1 (+https://developers.facebook.com/docs/sharing/webmasters/crawler)"
216.73.216.213 - - [09/Jun/2026:09:12:46 +0000] "GET /products/vintage-issey-miyake-long-coat-hooded-jacket/56373441/ HTTP/1.1" 200 3588 "-" "Mozilla/5.0 AppleWebKit/537.36 (KHTML, like Gecko; compatible; ClaudeBot/1.0; +claudebot@anthropic.com)"
216.73.216.213 - - [09/Jun/2026:09:12:47 +0000] "GET /products/chrome-hearts-ewlp-cross-band-necklace/55473465/ HTTP/1.1" 200 3588 "-" "Mozilla/5.0 AppleWebKit/537.36 (KHTML, like Gecko; compatible; ClaudeBot/1.0; +claudebot@anthropic.com)"
57.141.2.51 - - [09/Jun/2026:09:12:47 +0000] "GET /products/vintage-y2k-pops-lemon-short-sleeve-tshirt-women-ifsix-style/62786289/ HTTP/1.1" 200 3563 "-" "meta-externalagent/1.1 (+https://developers.facebook.com/docs/sharing/webmasters/crawler)"
216.73.216.213 - - [09/Jun/2026:09:12:48 +0000] "GET /products/vintage-polo-ralph-lauren-cargo-pants/24238137/ HTTP/1.1" 200 3588 "-" "Mozilla/5.0 AppleWebKit/537.36 (KHTML, like Gecko; compatible; ClaudeBot/1.0; +claudebot@anthropic.com)"
139.84.174.118 - - [09/Jun/2026:09:12:49 +0000] "POST /wp-cron.php?doing_wp_cron=1780996369.0001630783081054687500 HTTP/1.1" 200 3593 "-" "WordPress/6.5.8; https://mayaver.com"
79.127.164.178 - - [09/Jun/2026:09:12:48 +0000] "POST /xmlrpc.php HTTP/1.1" 200 18012 "-" "Mozilla/5.0 (Windows NT 10.0; Win64; x64) AppleWebKit/537.36 (KHTML, like Gecko) Chrome/114.0.0.0 Safari/537.36"
216.73.216.213 - - [09/Jun/2026:09:12:48 +0000] "GET /products/vintage-marithe-francois-girbaud-black-straight-velvet-pants/46704729/ HTTP/1.1" 200 3588 "-" "Mozilla/5.0 AppleWebKit/537.36 (KHTML, like Gecko; compatible; ClaudeBot/1.0; +claudebot@anthropic.com)"
57.141.2.19 - - [09/Jun/2026:09:12:49 +0000] "GET /products/shellac-wool-leather-sleeve-bikers-jacket/45451761/ HTTP/1.1" 200 3563 "-" "meta-externalagent/1.1 (+https://developers.facebook.com/docs/sharing/webmasters/crawler)"
216.73.216.213 - - [09/Jun/2026:09:12:49 +0000] "GET /products/balmain-paris-blazer-strong-shoulders-luxury-fit/64236969/ HTTP/1.1" 200 3588 "-" "Mozilla/5.0 AppleWebKit/537.36 (KHTML, like Gecko; compatible; ClaudeBot/1.0; +claudebot@anthropic.com)"
216.73.216.213 - - [09/Jun/2026:09:12:49 +0000] "GET /products/brand-new-post-archive-faction-paf-70-tech-jacket-right/23279553/ HTTP/1.1" 200 3588 "-" "Mozilla/5.0 AppleWebKit/537.36 (KHTML, like Gecko; compatible; ClaudeBot/1.0; +claudebot@anthropic.com)"
216.73.216.213 - - [09/Jun/2026:09:12:50 +0000] "GET /products/rarearmani-collezioni-trench-coats/26321385/ HTTP/1.1" 200 3588 "-" "Mozilla/5.0 AppleWebKit/537.36 (KHTML, like Gecko; compatible; ClaudeBot/1.0; +claudebot@anthropic.com)"
57.141.2.39 - - [09/Jun/2026:09:12:51 +0000] "GET / HTTP/1.1" 200 3521 "-" "meta-externalagent/1.1 (+https://developers.facebook.com/docs/sharing/webmasters/crawler)"
79.127.164.178 - - [09/Jun/2026:09:12:52 +0000] "POST /xmlrpc.php HTTP/1.1" 200 18012 "-" "Mozilla/5.0 (Windows NT 10.0; Win64; x64) AppleWebKit/537.36 (KHTML, like Gecko) Chrome/114.0.0.0 Safari/537.36"
216.73.216.213 - - [09/Jun/2026:09:13:11 +0000] "GET /products/dior-mens-grey-casual-summer-shorts/54510969/ HTTP/1.1" 200 3588 "-" "Mozilla/5.0 AppleWebKit/537.36 (KHTML, like Gecko; compatible; ClaudeBot/1.0; +claudebot@anthropic.com)"
216.73.216.213 - - [09/Jun/2026:09:13:11 +0000] "GET /products/patrizia-spring-step-karis-green-heeled-leather-sandals-open/51880209/ HTTP/1.1" 200 3588 "-" "Mozilla/5.0 AppleWebKit/537.36 (KHTML, like Gecko; compatible; ClaudeBot/1.0; +claudebot@anthropic.com)"
216.73.216.213 - - [09/Jun/2026:09:13:12 +0000] "GET /products/prada-blue-floral-towel-hoodie/79208025/ HTTP/1.1" 200 3588 "-" "Mozilla/5.0 AppleWebKit/537.36 (KHTML, like Gecko; compatible; ClaudeBot/1.0; +claudebot@anthropic.com)"
216.73.216.213 - - [09/Jun/2026:09:13:12 +0000] "GET /products/johnny-was-blossom-rosie-cupra-rayon/75151929/ HTTP/1.1" 200 3588 "-" "Mozilla/5.0 AppleWebKit/537.36 (KHTML, like Gecko; compatible; ClaudeBot/1.0; +claudebot@anthropic.com)"
216.73.216.213 - - [09/Jun/2026:09:13:13 +0000] "GET /products/gomme-homme-longsleeve-t-shirt/52407657/ HTTP/1.1" 200 3588 "-" "Mozilla/5.0 AppleWebKit/537.36 (KHTML, like Gecko; compatible; ClaudeBot/1.0; +claudebot@anthropic.com)"
216.73.216.213 - - [09/Jun/2026:09:13:13 +0000] "GET /products/ll-bean-womens-fleece-lined-rugged-cozy-winter-boots/12077241/ HTTP/1.1" 200 3588 "-" "Mozilla/5.0 AppleWebKit/537.36 (KHTML, like Gecko; compatible; ClaudeBot/1.0; +claudebot@anthropic.com)"
216.73.216.213 - - [09/Jun/2026:09:13:14 +0000] "GET /products/seller-1fc-koln-200405-vintage-soccer-jersey-third-kit/72342969/ HTTP/1.1" 200 3588 "-" "Mozilla/5.0 AppleWebKit/537.36 (KHTML, like Gecko; compatible; ClaudeBot/1.0; +claudebot@anthropic.com)"
216.73.216.213 - - [09/Jun/2026:09:13:14 +0000] "GET /products/gucci-blue-swimsuit-new-authentic-womens-size4/63038817/ HTTP/1.1" 200 3588 "-" "Mozilla/5.0 AppleWebKit/537.36 (KHTML, like Gecko; compatible; ClaudeBot/1.0; +claudebot@anthropic.com)"
57.141.2.3 - - [09/Jun/2026:09:13:16 +0000] "GET /products/vintage-michiko-london-jacket/39772833/ HTTP/1.1" 200 3563 "-" "meta-externalagent/1.1 (+https://developers.facebook.com/docs/sharing/webmasters/crawler)"
57.141.2.28 - - [09/Jun/2026:09:13:21 +0000] "GET /products/taos-weaver-leather-sandals-womens-sz-9m40eu-light-gold-buck/51798657/ HTTP/1.1" 200 3563 "-" "meta-externalagent/1.1 (+https://developers.facebook.com/docs/sharing/webmasters/crawler)"
57.141.2.31 - - [09/Jun/2026:09:13:21 +0000] "GET /products/handcrafted-repurpose-elegant-mint-green-pearl-necklace/62542497/ HTTP/1.1" 200 3563 "-" "meta-externalagent/1.1 (+https://developers.facebook.com/docs/sharing/webmasters/crawler)"
57.141.2.43 - - [09/Jun/2026:09:13:22 +0000] "GET /products/vintage-llbean-fleece-sherpa-zip-up-jacket/22979049/ HTTP/1.1" 200 3563 "-" "meta-externalagent/1.1 (+https://developers.facebook.com/docs/sharing/webmasters/crawler)"
216.73.216.213 - - [09/Jun/2026:09:13:23 +0000] "GET /products/saint-laurent-paris-fw16-watch-it-tee-by-hedi-slimane/15032385/ HTTP/1.1" 200 3588 "-" "Mozilla/5.0 AppleWebKit/537.36 (KHTML, like Gecko; compatible; ClaudeBot/1.0; +claudebot@anthropic.com)"
216.73.216.213 - - [09/Jun/2026:09:13:23 +0000] "GET /products/yohji-yamamoto-ysaccs-circle-two-way-bag/67546137/ HTTP/1.1" 200 3588 "-" "Mozilla/5.0 AppleWebKit/537.36 (KHTML, like Gecko; compatible; ClaudeBot/1.0; +claudebot@anthropic.com)"
216.73.216.213 - - [09/Jun/2026:09:13:24 +0000] "GET /products/columbia-mens-small-green-fleece-14-zip-pullover-hiking-poly/68869809/ HTTP/1.1" 200 3588 "-" "Mozilla/5.0 AppleWebKit/537.36 (KHTML, like Gecko; compatible; ClaudeBot/1.0; +claudebot@anthropic.com)"
216.73.216.213 - - [09/Jun/2026:09:13:25 +0000] "GET /products/comme-des-garcons-homme-plus-15aw-jk5-blazer-jacket/57158769/ HTTP/1.1" 200 3588 "-" "Mozilla/5.0 AppleWebKit/537.36 (KHTML, like Gecko; compatible; ClaudeBot/1.0; +claudebot@anthropic.com)"
216.73.216.213 - - [09/Jun/2026:09:13:25 +0000] "GET /products/vintage-exotic-hide-mens-65d-orange-brown-leather-boots/20976513/ HTTP/1.1" 200 3588 "-" "Mozilla/5.0 AppleWebKit/537.36 (KHTML, like Gecko; compatible; ClaudeBot/1.0; +claudebot@anthropic.com)"
216.73.216.213 - - [09/Jun/2026:09:13:26 +0000] "GET /products/burberry-ss2017-henry-moore-reclining-figures-trench-coat/37394409/ HTTP/1.1" 200 3588 "-" "Mozilla/5.0 AppleWebKit/537.36 (KHTML, like Gecko; compatible; ClaudeBot/1.0; +claudebot@anthropic.com)"
216.73.216.213 - - [09/Jun/2026:09:13:26 +0000] "GET /products/vivienne-westwood-red-label-longsleeve-collar/27873345/ HTTP/1.1" 200 3588 "-" "Mozilla/5.0 AppleWebKit/537.36 (KHTML, like Gecko; compatible; ClaudeBot/1.0; +claudebot@anthropic.com)"
216.73.216.213 - - [09/Jun/2026:09:13:27 +0000] "GET /products/vintage-clawmark-black-denim-jcrew-distressed-denim/50042217/ HTTP/1.1" 200 3588 "-" "Mozilla/5.0 AppleWebKit/537.36 (KHTML, like Gecko; compatible; ClaudeBot/1.0; +claudebot@anthropic.com)"
216.73.216.213 - - [09/Jun/2026:09:13:29 +0000] "GET /products/burberry-london-cotton-checked-nova-check-short-sleeve/25370817/ HTTP/1.1" 200 3588 "-" "Mozilla/5.0 AppleWebKit/537.36 (KHTML, like Gecko; compatible; ClaudeBot/1.0; +claudebot@anthropic.com)"
216.73.216.213 - - [09/Jun/2026:09:13:29 +0000] "GET /products/issey-miyake-vintage-polo-shirt/52472553/ HTTP/1.1" 200 3588 "-" "Mozilla/5.0 AppleWebKit/537.36 (KHTML, like Gecko; compatible; ClaudeBot/1.0; +claudebot@anthropic.com)"
216.73.216.213 - - [09/Jun/2026:09:13:30 +0000] "GET /products/the-north-face-classic-fleece-hoodie-jacket/56687337/ HTTP/1.1" 200 3588 "-" "Mozilla/5.0 AppleWebKit/537.36 (KHTML, like Gecko; compatible; ClaudeBot/1.0; +claudebot@anthropic.com)"
216.73.216.213 - - [09/Jun/2026:09:13:31 +0000] "GET /products/rick-owens-brown-bermuda-cotton-shorts-new-authentic-men/54516345/ HTTP/1.1" 200 3588 "-" "Mozilla/5.0 AppleWebKit/537.36 (KHTML, like Gecko; compatible; ClaudeBot/1.0; +claudebot@anthropic.com)"
216.73.216.213 - - [09/Jun/2026:09:13:31 +0000] "GET /products/vintage-prada-italy-belt-brigitte-bardots-style/59301225/ HTTP/1.1" 200 3588 "-" "Mozilla/5.0 AppleWebKit/537.36 (KHTML, like Gecko; compatible; ClaudeBot/1.0; +claudebot@anthropic.com)"
216.73.216.213 - - [09/Jun/2026:09:13:32 +0000] "GET /products/dior-grey-cotton-womens-skirt-0089/46828617/ HTTP/1.1" 200 3588 "-" "Mozilla/5.0 AppleWebKit/537.36 (KHTML, like Gecko; compatible; ClaudeBot/1.0; +claudebot@anthropic.com)"
216.73.216.213 - - [09/Jun/2026:09:13:32 +0000] "GET /products/thml-blouse-shirt-floral-embroidered-ruffle-flutter-sleeve-h/38772273/ HTTP/1.1" 200 3588 "-" "Mozilla/5.0 AppleWebKit/537.36 (KHTML, like Gecko; compatible; ClaudeBot/1.0; +claudebot@anthropic.com)"
216.73.216.213 - - [09/Jun/2026:09:13:33 +0000] "GET /products/supreme-cargo-camo-camouflage-pants-blue-size-34-large-ss21/21651057/ HTTP/1.1" 200 3588 "-" "Mozilla/5.0 AppleWebKit/537.36 (KHTML, like Gecko; compatible; ClaudeBot/1.0; +claudebot@anthropic.com)"
57.141.2.47 - - [09/Jun/2026:09:13:44 +0000] "GET /products/takeo-kikuchi-denim-pant-printed-tire-marks-art-regular/18651825/ HTTP/1.1" 200 3563 "-" "meta-externalagent/1.1 (+https://developers.facebook.com/docs/sharing/webmasters/crawler)"
216.73.216.213 - - [09/Jun/2026:09:13:46 +0000] "GET /products/size-m-red-grey-camouflage-silk-button-up-long-sleeve-shirt/12653937/ HTTP/1.1" 200 3588 "-" "Mozilla/5.0 AppleWebKit/537.36 (KHTML, like Gecko; compatible; ClaudeBot/1.0; +claudebot@anthropic.com)"
216.73.216.213 - - [09/Jun/2026:09:13:46 +0000] "GET /products/super-iconic-sold-out-horsebit-leather-quentin-leather-lofer/23684481/ HTTP/1.1" 200 3588 "-" "Mozilla/5.0 AppleWebKit/537.36 (KHTML, like Gecko; compatible; ClaudeBot/1.0; +claudebot@anthropic.com)"
216.73.216.213 - - [09/Jun/2026:09:13:48 +0000] "GET /products/everly-anthropology-blue-white-stripe-off-the-shoulder-tunic/58769481/ HTTP/1.1" 200 3588 "-" "Mozilla/5.0 AppleWebKit/537.36 (KHTML, like Gecko; compatible; ClaudeBot/1.0; +claudebot@anthropic.com)"
216.73.216.213 - - [09/Jun/2026:09:13:48 +0000] "GET /products/vintage-burberry-brit-jumper-navy-cashmere-knitted-pullover/20017881/ HTTP/1.1" 200 3588 "-" "Mozilla/5.0 AppleWebKit/537.36 (KHTML, like Gecko; compatible; ClaudeBot/1.0; +claudebot@anthropic.com)"
216.73.216.213 - - [09/Jun/2026:09:13:49 +0000] "GET /products/quick-salemarni-pink-cinder-rose-crepe-tank-top/75155361/ HTTP/1.1" 200 3588 "-" "Mozilla/5.0 AppleWebKit/537.36 (KHTML, like Gecko; compatible; ClaudeBot/1.0; +claudebot@anthropic.com)"
216.73.216.213 - - [09/Jun/2026:09:13:49 +0000] "GET /products/90s-stussy-rare-multi-central-logo-retro-y2k-sweatshirt/64066401/ HTTP/1.1" 200 3588 "-" "Mozilla/5.0 AppleWebKit/537.36 (KHTML, like Gecko; compatible; ClaudeBot/1.0; +claudebot@anthropic.com)"
216.73.216.213 - - [09/Jun/2026:09:13:50 +0000] "GET /products/avenue-jacket-coat-quilted-full-zip-up-red-24-plus-women-lon/77336049/ HTTP/1.1" 200 3588 "-" "Mozilla/5.0 AppleWebKit/537.36 (KHTML, like Gecko; compatible; ClaudeBot/1.0; +claudebot@anthropic.com)"
216.73.216.213 - - [09/Jun/2026:09:13:50 +0000] "GET /products/o1s1wg110625-escape-mule-in-canvas-in-multicolor/71553009/ HTTP/1.1" 200 3588 "-" "Mozilla/5.0 AppleWebKit/537.36 (KHTML, like Gecko; compatible; ClaudeBot/1.0; +claudebot@anthropic.com)"
57.141.2.47 - - [09/Jun/2026:09:14:00 +0000] "GET /products/dr-slump-arale-japanese-cartoon-manga-anime-tee/57706257/ HTTP/1.1" 200 3563 "-" "meta-externalagent/1.1 (+https://developers.facebook.com/docs/sharing/webmasters/crawler)"
57.141.2.35 - - [09/Jun/2026:09:14:02 +0000] "GET /products/thom-browne-classic-waffle-knit-jogger-pants/21689673/ HTTP/1.1" 200 3563 "-" "meta-externalagent/1.1 (+https://developers.facebook.com/docs/sharing/webmasters/crawler)"
57.141.2.61 - - [09/Jun/2026:09:14:05 +0000] "GET /privacy-policy/ HTTP/1.1" 200 3563 "-" "meta-externalagent/1.1 (+https://developers.facebook.com/docs/sharing/webmasters/crawler)"
57.141.2.24 - - [09/Jun/2026:09:14:31 +0000] "GET /products/peanuts-scarf-muffler-neckwear/55817361/ HTTP/1.1" 200 3563 "-" "meta-externalagent/1.1 (+https://developers.facebook.com/docs/sharing/webmasters/crawler)"
216.73.216.213 - - [09/Jun/2026:09:14:37 +0000] "GET /products/lyocell-piquet-short-sleeves-polo-shirt/12909153/ HTTP/1.1" 200 3588 "-" "Mozilla/5.0 AppleWebKit/537.36 (KHTML, like Gecko; compatible; ClaudeBot/1.0; +claudebot@anthropic.com)"
216.73.216.213 - - [09/Jun/2026:09:14:37 +0000] "GET /products/gucci-neon-green-gg-biker-shorts-size-m/67081881/ HTTP/1.1" 200 3588 "-" "Mozilla/5.0 AppleWebKit/537.36 (KHTML, like Gecko; compatible; ClaudeBot/1.0; +claudebot@anthropic.com)"
216.73.216.213 - - [09/Jun/2026:09:14:38 +0000] "GET /products/vintage-anniversary-1957-leather-moto-style-jacket-9481ac/31674849/ HTTP/1.1" 200 3588 "-" "Mozilla/5.0 AppleWebKit/537.36 (KHTML, like Gecko; compatible; ClaudeBot/1.0; +claudebot@anthropic.com)"
216.73.216.213 - - [09/Jun/2026:09:14:38 +0000] "GET /products/gucci-x-adidas-men-magic-sponge-gg-demetria-platform-sandal/71012289/ HTTP/1.1" 200 3588 "-" "Mozilla/5.0 AppleWebKit/537.36 (KHTML, like Gecko; compatible; ClaudeBot/1.0; +claudebot@anthropic.com)"
216.73.216.213 - - [09/Jun/2026:09:14:39 +0000] "GET /products/loungefly-disney-lilo-stitch-badness-level-fanny-pack-boxl/16137873/ HTTP/1.1" 200 3588 "-" "Mozilla/5.0 AppleWebKit/537.36 (KHTML, like Gecko; compatible; ClaudeBot/1.0; +claudebot@anthropic.com)"
216.73.216.213 - - [09/Jun/2026:09:14:39 +0000] "GET /products/jean-paul-gaultier-textured-lace-structure-zip-hoodie/79067313/ HTTP/1.1" 200 3588 "-" "Mozilla/5.0 AppleWebKit/537.36 (KHTML, like Gecko; compatible; ClaudeBot/1.0; +claudebot@anthropic.com)"
216.73.216.213 - - [09/Jun/2026:09:14:40 +0000] "GET /products/new-bottega-veneta-bv1005s-005-tan-sunglasses-authentic/35678241/ HTTP/1.1" 200 3588 "-" "Mozilla/5.0 AppleWebKit/537.36 (KHTML, like Gecko; compatible; ClaudeBot/1.0; +claudebot@anthropic.com)"
57.141.2.47 - - [09/Jun/2026:09:14:40 +0000] "GET /products/1998-cdghp-contrast-stitching-longsleeve/43569033/ HTTP/1.1" 200 3563 "-" "meta-externalagent/1.1 (+https://developers.facebook.com/docs/sharing/webmasters/crawler)"
216.73.216.213 - - [09/Jun/2026:09:14:40 +0000] "GET /products/southern-tide-lsu-tigers-logo-khaki-ball-cap-adjustable-size/18042873/ HTTP/1.1" 200 3588 "-" "Mozilla/5.0 AppleWebKit/537.36 (KHTML, like Gecko; compatible; ClaudeBot/1.0; +claudebot@anthropic.com)"
57.141.2.53 - - [09/Jun/2026:09:14:41 +0000] "GET /products/virgin-wool-blazer/38518041/ HTTP/1.1" 200 3563 "-" "meta-externalagent/1.1 (+https://developers.facebook.com/docs/sharing/webmasters/crawler)"
216.73.216.213 - - [09/Jun/2026:09:14:42 +0000] "GET /products/oc11z0226-illuminate-drawn-sheath-dress-in-multicolor/32472201/ HTTP/1.1" 200 3588 "-" "Mozilla/5.0 AppleWebKit/537.36 (KHTML, like Gecko; compatible; ClaudeBot/1.0; +claudebot@anthropic.com)"
216.73.216.213 - - [09/Jun/2026:09:14:42 +0000] "GET /products/y2k-death-leprosy-grunge-band-thrashed-cutoff-tank-top/76439793/ HTTP/1.1" 200 3588 "-" "Mozilla/5.0 AppleWebKit/537.36 (KHTML, like Gecko; compatible; ClaudeBot/1.0; +claudebot@anthropic.com)"
216.73.216.213 - - [09/Jun/2026:09:14:43 +0000] "GET /products/avant-garde-leather-messenger-bag-y2k-kmrii-style-hype/33425985/ HTTP/1.1" 200 3588 "-" "Mozilla/5.0 AppleWebKit/537.36 (KHTML, like Gecko; compatible; ClaudeBot/1.0; +claudebot@anthropic.com)"
216.73.216.213 - - [09/Jun/2026:09:14:44 +0000] "GET /products/mercedes-benz-west-germany-card-wallet-black-leather/14383281/ HTTP/1.1" 200 3588 "-" "Mozilla/5.0 AppleWebKit/537.36 (KHTML, like Gecko; compatible; ClaudeBot/1.0; +claudebot@anthropic.com)"
216.73.216.213 - - [09/Jun/2026:09:14:44 +0000] "GET /products/citizen-wr100-quartz-watch-japanese-brand/60759489/ HTTP/1.1" 200 3588 "-" "Mozilla/5.0 AppleWebKit/537.36 (KHTML, like Gecko; compatible; ClaudeBot/1.0; +claudebot@anthropic.com)"
216.73.216.213 - - [09/Jun/2026:09:14:45 +0000] "GET /products/2000s-sin-army-tactical-cargo-camo-military-jacket-y2k-lgb/57064905/ HTTP/1.1" 200 3588 "-" "Mozilla/5.0 AppleWebKit/537.36 (KHTML, like Gecko; compatible; ClaudeBot/1.0; +claudebot@anthropic.com)"
216.73.216.213 - - [09/Jun/2026:09:14:45 +0000] "GET /products/louis-vuitton-louis-vuitton-monogram-montsouris-2way-bag-m43/70781097/ HTTP/1.1" 200 3588 "-" "Mozilla/5.0 AppleWebKit/537.36 (KHTML, like Gecko; compatible; ClaudeBot/1.0; +claudebot@anthropic.com)"
57.141.2.3 - - [09/Jun/2026:09:14:45 +0000] "GET /products/ipanema-pm/47564265/ HTTP/1.1" 200 3563 "-" "meta-externalagent/1.1 (+https://developers.facebook.com/docs/sharing/webmasters/crawler)"
216.73.216.213 - - [09/Jun/2026:09:14:46 +0000] "GET /products/vintage-cherokee-purple-nylon-joggers-xl/42782409/ HTTP/1.1" 200 3588 "-" "Mozilla/5.0 AppleWebKit/537.36 (KHTML, like Gecko; compatible; ClaudeBot/1.0; +claudebot@anthropic.com)"
216.73.216.213 - - [09/Jun/2026:09:14:58 +0000] "GET /products/yohji-yamamoto-woven-tote-bag-2503-nextarrow/67629369/ HTTP/1.1" 200 3588 "-" "Mozilla/5.0 AppleWebKit/537.36 (KHTML, like Gecko; compatible; ClaudeBot/1.0; +claudebot@anthropic.com)"
216.73.216.213 - - [09/Jun/2026:09:14:58 +0000] "GET /products/morgan-homme-knitwear-design-with-scarf/73544601/ HTTP/1.1" 200 3588 "-" "Mozilla/5.0 AppleWebKit/537.36 (KHTML, like Gecko; compatible; ClaudeBot/1.0; +claudebot@anthropic.com)"
216.73.216.213 - - [09/Jun/2026:09:15:00 +0000] "GET /products/unique-thigh-high-wine-red-velvet-fold-over-skirted-chunky-h/32850057/ HTTP/1.1" 200 3588 "-" "Mozilla/5.0 AppleWebKit/537.36 (KHTML, like Gecko; compatible; ClaudeBot/1.0; +claudebot@anthropic.com)"
216.73.216.213 - - [09/Jun/2026:09:15:00 +0000] "GET /products/vintage-superstar-mizuno-trackpants-logo-like-a-pepsi/18690033/ HTTP/1.1" 200 3588 "-" "Mozilla/5.0 AppleWebKit/537.36 (KHTML, like Gecko; compatible; ClaudeBot/1.0; +claudebot@anthropic.com)"
216.73.216.213 - - [09/Jun/2026:09:15:01 +0000] "GET /products/o1rshd1-rec-knit-graffiti-speed-20-lt-sneakers-blackwhite/64686897/ HTTP/1.1" 200 3588 "-" "Mozilla/5.0 AppleWebKit/537.36 (KHTML, like Gecko; compatible; ClaudeBot/1.0; +claudebot@anthropic.com)"
216.73.216.213 - - [09/Jun/2026:09:15:01 +0000] "GET /products/principles-petite-gatsby-flapper-dress-style-beaded-dress/58787913/ HTTP/1.1" 200 3588 "-" "Mozilla/5.0 AppleWebKit/537.36 (KHTML, like Gecko; compatible; ClaudeBot/1.0; +claudebot@anthropic.com)"
216.73.216.213 - - [09/Jun/2026:09:15:02 +0000] "GET /products/brooks-brothers-button-down-shirt-mens-s-red-plaid-long-slee/43902465/ HTTP/1.1" 200 3588 "-" "Mozilla/5.0 AppleWebKit/537.36 (KHTML, like Gecko; compatible; ClaudeBot/1.0; +claudebot@anthropic.com)"
216.73.216.213 - - [09/Jun/2026:09:15:02 +0000] "GET /products/vintage-melton-wool-flannel-red-button-up-shirt-motorcycle-m/13172769/ HTTP/1.1" 200 3588 "-" "Mozilla/5.0 AppleWebKit/537.36 (KHTML, like Gecko; compatible; ClaudeBot/1.0; +claudebot@anthropic.com)"
57.141.2.55 - - [09/Jun/2026:09:15:05 +0000] "GET /products/bape-polo-shirt/73713729/ HTTP/1.1" 200 3563 "-" "meta-externalagent/1.1 (+https://developers.facebook.com/docs/sharing/webmasters/crawler)"
57.141.2.63 - - [09/Jun/2026:09:15:11 +0000] "GET /products/dolce-gabbana-white-shirt-with-black-bow/75416841/ HTTP/1.1" 200 3563 "-" "meta-externalagent/1.1 (+https://developers.facebook.com/docs/sharing/webmasters/crawler)"
57.141.2.63 - - [09/Jun/2026:09:15:12 +0000] "GET /products/wolverine-floorhand-romeo-waterproof-leather-brown-work-boot/32753577/ HTTP/1.1" 200 3563 "-" "meta-externalagent/1.1 (+https://developers.facebook.com/docs/sharing/webmasters/crawler)"
216.73.216.213 - - [09/Jun/2026:09:15:12 +0000] "GET /products/kith-x-columbia-new-rare-mens-shorts-l/21764193/ HTTP/1.1" 200 3588 "-" "Mozilla/5.0 AppleWebKit/537.36 (KHTML, like Gecko; compatible; ClaudeBot/1.0; +claudebot@anthropic.com)"
216.73.216.213 - - [09/Jun/2026:09:15:12 +0000] "GET /products/burberry-embroidered-logo-polo-shirt-in-red-0079/74108313/ HTTP/1.1" 200 3588 "-" "Mozilla/5.0 AppleWebKit/537.36 (KHTML, like Gecko; compatible; ClaudeBot/1.0; +claudebot@anthropic.com)"
216.73.216.213 - - [09/Jun/2026:09:15:13 +0000] "GET /products/coperni-x-tamagotchi-organic-cotton-t-shirt/74958873/ HTTP/1.1" 200 3588 "-" "Mozilla/5.0 AppleWebKit/537.36 (KHTML, like Gecko; compatible; ClaudeBot/1.0; +claudebot@anthropic.com)"
216.73.216.213 - - [09/Jun/2026:09:15:13 +0000] "GET /products/boglioli-coat-blazer-jacket-plaid-check-sport-coat-suit-eu58/36564417/ HTTP/1.1" 200 3588 "-" "Mozilla/5.0 AppleWebKit/537.36 (KHTML, like Gecko; compatible; ClaudeBot/1.0; +claudebot@anthropic.com)"
216.73.216.213 - - [09/Jun/2026:09:15:14 +0000] "GET /products/the-attico-diana-parachute-white-canvas-overshirt-new-auth/37441161/ HTTP/1.1" 200 3588 "-" "Mozilla/5.0 AppleWebKit/537.36 (KHTML, like Gecko; compatible; ClaudeBot/1.0; +claudebot@anthropic.com)"
216.73.216.213 - - [09/Jun/2026:09:15:14 +0000] "GET /products/issey-miyake-im-product-nylon-tote-bag-with-leather-strap/70428345/ HTTP/1.1" 200 3588 "-" "Mozilla/5.0 AppleWebKit/537.36 (KHTML, like Gecko; compatible; ClaudeBot/1.0; +claudebot@anthropic.com)"
57.141.2.60 - - [09/Jun/2026:09:15:15 +0000] "GET /products/prada-sport-black-mesh-synthetic-drawstring-driving-shoes-wo/51885057/ HTTP/1.1" 200 3563 "-" "meta-externalagent/1.1 (+https://developers.facebook.com/docs/sharing/webmasters/crawler)"
216.73.216.213 - - [09/Jun/2026:09:15:15 +0000] "GET /products/vintage-tan-and-brown-carhart-santa-fe-jacket-xl/26393985/ HTTP/1.1" 200 3588 "-" "Mozilla/5.0 AppleWebKit/537.36 (KHTML, like Gecko; compatible; ClaudeBot/1.0; +claudebot@anthropic.com)"
216.73.216.213 - - [09/Jun/2026:09:15:15 +0000] "GET /products/paul-smith-italian-silk-jacquard-neck-tie-56x375/31305225/ HTTP/1.1" 200 3588 "-" "Mozilla/5.0 AppleWebKit/537.36 (KHTML, like Gecko; compatible; ClaudeBot/1.0; +claudebot@anthropic.com)"
57.141.2.23 - - [09/Jun/2026:09:15:22 +0000] "GET /products/saint-laurent-paris-glitter-gradient-purple-high-heels/34119969/ HTTP/1.1" 200 3563 "-" "meta-externalagent/1.1 (+https://developers.facebook.com/docs/sharing/webmasters/crawler)"
57.141.2.55 - - [09/Jun/2026:09:15:27 +0000] "GET /products/louis-vuitton-papillon-pochette-monogram-canvas/74478681/ HTTP/1.1" 200 3563 "-" "meta-externalagent/1.1 (+https://developers.facebook.com/docs/sharing/webmasters/crawler)"
216.73.216.213 - - [09/Jun/2026:09:15:29 +0000] "GET /products/kenzo-mens-100-wool-flat-front-tuxedo-dress-pants-black-48x2/77755257/ HTTP/1.1" 200 3588 "-" "Mozilla/5.0 AppleWebKit/537.36 (KHTML, like Gecko; compatible; ClaudeBot/1.0; +claudebot@anthropic.com)"
216.73.216.213 - - [09/Jun/2026:09:15:29 +0000] "GET /products/phineas-cole-dress-shirt-men-155-lavender-glen-check-designe/64475169/ HTTP/1.1" 200 3588 "-" "Mozilla/5.0 AppleWebKit/537.36 (KHTML, like Gecko; compatible; ClaudeBot/1.0; +claudebot@anthropic.com)"
216.73.216.213 - - [09/Jun/2026:09:15:30 +0000] "GET /products/edmonton-oilers-ccm-hockey-jersey-team-canada/72711489/ HTTP/1.1" 200 3588 "-" "Mozilla/5.0 AppleWebKit/537.36 (KHTML, like Gecko; compatible; ClaudeBot/1.0; +claudebot@anthropic.com)"
216.73.216.213 - - [09/Jun/2026:09:15:30 +0000] "GET /products/herno-women-skirts-gn000007d12431sz9300-black/61243185/ HTTP/1.1" 200 3588 "-" "Mozilla/5.0 AppleWebKit/537.36 (KHTML, like Gecko; compatible; ClaudeBot/1.0; +claudebot@anthropic.com)"
216.73.216.213 - - [09/Jun/2026:09:15:31 +0000] "GET /products/vintage-80s-gold-mesh-handkerchief-necklace-a7864/62411433/ HTTP/1.1" 200 3588 "-" "Mozilla/5.0 AppleWebKit/537.36 (KHTML, like Gecko; compatible; ClaudeBot/1.0; +claudebot@anthropic.com)"
216.73.216.213 - - [09/Jun/2026:09:15:31 +0000] "GET /products/o1s22i1n0325-poliuretano-slippers-in-blue/36276033/ HTTP/1.1" 200 3588 "-" "Mozilla/5.0 AppleWebKit/537.36 (KHTML, like Gecko; compatible; ClaudeBot/1.0; +claudebot@anthropic.com)"
216.73.216.213 - - [09/Jun/2026:09:15:32 +0000] "GET /products/rick-owens-men-t-shirts-ru01e5250rc-09-black/46936857/ HTTP/1.1" 200 3588 "-" "Mozilla/5.0 AppleWebKit/537.36 (KHTML, like Gecko; compatible; ClaudeBot/1.0; +claudebot@anthropic.com)"
216.73.216.213 - - [09/Jun/2026:09:15:32 +0000] "GET /products/45rpm-buttom-up-short-sleeve-shirt/12672297/ HTTP/1.1" 200 3588 "-" "Mozilla/5.0 AppleWebKit/537.36 (KHTML, like Gecko; compatible; ClaudeBot/1.0; +claudebot@anthropic.com)"
