52.167.144.169 - - [09/Jun/2026:07:45:51 +0000] "GET /products/other-leonard-jacket-others-outerwear-duty-free-for-usa/55322841/ HTTP/1.1" 200 33467 "-" "Mozilla/5.0 AppleWebKit/537.36 (KHTML, like Gecko; compatible; bingbot/2.0; +http://www.bing.com/bingbot.htm) Chrome/116.0.1938.76 Safari/537.36"
40.77.167.26 - - [09/Jun/2026:07:45:55 +0000] "GET /products/vintage-brown-juicy-couture-velour-2000s-embroidered-logo/41415033/ HTTP/1.1" 200 34046 "-" "Mozilla/5.0 AppleWebKit/537.36 (KHTML, like Gecko; compatible; bingbot/2.0; +http://www.bing.com/bingbot.htm) Chrome/116.0.1938.76 Safari/537.36"
57.141.2.66 - - [09/Jun/2026:07:46:06 +0000] "GET /products/balmain-womens-black-wool-jacket-in-size-xl-0089/31707441/ HTTP/1.1" 200 3563 "-" "meta-externalagent/1.1 (+https://developers.facebook.com/docs/sharing/webmasters/crawler)"
57.141.2.53 - - [09/Jun/2026:07:46:16 +0000] "GET /products/meridian-italy-leather-sheepskin-jacket/22638369/ HTTP/1.1" 200 3563 "-" "meta-externalagent/1.1 (+https://developers.facebook.com/docs/sharing/webmasters/crawler)"
57.141.2.52 - - [09/Jun/2026:07:46:17 +0000] "GET /products/stone-island-2005-heavyweight-wool-knit-spellout-cardigan/34488033/ HTTP/1.1" 200 3563 "-" "meta-externalagent/1.1 (+https://developers.facebook.com/docs/sharing/webmasters/crawler)"
57.141.2.69 - - [09/Jun/2026:07:46:19 +0000] "GET /products/sunglasses/35469297/ HTTP/1.1" 200 3563 "-" "meta-externalagent/1.1 (+https://developers.facebook.com/docs/sharing/webmasters/crawler)"
57.141.2.59 - - [09/Jun/2026:07:46:24 +0000] "GET /products/reebok-colorblock-hooded-puffer-coat-navyroyal/79676313/ HTTP/1.1" 200 3563 "-" "meta-externalagent/1.1 (+https://developers.facebook.com/docs/sharing/webmasters/crawler)"
57.141.2.38 - - [09/Jun/2026:07:46:33 +0000] "GET /products/gucci-gg-flora-monogram-pre-owned-wallet/27095265/ HTTP/1.1" 200 3563 "-" "meta-externalagent/1.1 (+https://developers.facebook.com/docs/sharing/webmasters/crawler)"
57.141.2.9 - - [09/Jun/2026:07:46:36 +0000] "GET /products/rare-vintage-90s-polo-ralph-lauren-stripe-shirt/66359361/ HTTP/1.1" 200 3563 "-" "meta-externalagent/1.1 (+https://developers.facebook.com/docs/sharing/webmasters/crawler)"
57.141.2.25 - - [09/Jun/2026:07:46:44 +0000] "GET /products/jcrew-sweater-womens-size-large-navy-blue-turtleneck-tight-k/22260297/ HTTP/1.1" 200 3563 "-" "meta-externalagent/1.1 (+https://developers.facebook.com/docs/sharing/webmasters/crawler)"
85.208.96.196 - - [09/Jun/2026:07:46:45 +0000] "GET /robots.txt HTTP/1.1" 200 3643 "-" "Mozilla/5.0 (compatible; SemrushBot/7~bl; +http://www.semrush.com/bot.html)"
185.191.171.16 - - [09/Jun/2026:07:46:50 +0000] "GET /aurum-star-casino-bestes-erreichbar-casino-confoederatio-helvetica/ HTTP/1.1" 200 3588 "-" "Mozilla/5.0 (compatible; SemrushBot/7~bl; +http://www.semrush.com/bot.html)"
57.141.2.29 - - [09/Jun/2026:07:46:51 +0000] "GET /products/jil-sander-classic-womens-suit/77363961/ HTTP/1.1" 200 3563 "-" "meta-externalagent/1.1 (+https://developers.facebook.com/docs/sharing/webmasters/crawler)"
57.141.2.53 - - [09/Jun/2026:07:46:51 +0000] "GET /products/sm-new-york-cherise-lace-up-back-tall-boots-brown-size-11/32831961/ HTTP/1.1" 200 3563 "-" "meta-externalagent/1.1 (+https://developers.facebook.com/docs/sharing/webmasters/crawler)"
40.77.167.6 - - [09/Jun/2026:07:47:12 +0000] "GET /products/ovo-x-cordura-shoulder-bag/67825473/ HTTP/1.1" 200 34166 "-" "Mozilla/5.0 AppleWebKit/537.36 (KHTML, like Gecko; compatible; bingbot/2.0; +http://www.bing.com/bingbot.htm) Chrome/116.0.1938.76 Safari/537.36"
40.77.167.6 - - [09/Jun/2026:07:47:14 +0000] "GET /products/lvc-embroidered-orange-tabs-made-in-usa/65431593/ HTTP/1.1" 200 33477 "-" "Mozilla/5.0 AppleWebKit/537.36 (KHTML, like Gecko; compatible; bingbot/2.0; +http://www.bing.com/bingbot.htm) Chrome/116.0.1938.76 Safari/537.36"
57.141.2.41 - - [09/Jun/2026:07:47:15 +0000] "GET /products/haider-ackermann-pants/23956041/ HTTP/1.1" 200 3563 "-" "meta-externalagent/1.1 (+https://developers.facebook.com/docs/sharing/webmasters/crawler)"
57.141.2.47 - - [09/Jun/2026:07:47:16 +0000] "GET /products/miu-miu-womens-wide-leg-pants/25058049/ HTTP/1.1" 200 3563 "-" "meta-externalagent/1.1 (+https://developers.facebook.com/docs/sharing/webmasters/crawler)"
57.141.2.12 - - [09/Jun/2026:07:47:16 +0000] "GET /products/low-waist-straight-skirt/61647033/ HTTP/1.1" 200 3563 "-" "meta-externalagent/1.1 (+https://developers.facebook.com/docs/sharing/webmasters/crawler)"
40.77.167.6 - - [09/Jun/2026:07:47:16 +0000] "GET /products/xtl-double-waist-military-outdoor-hiphop-camo-cargo-pants/68396025/ HTTP/1.1" 200 33632 "-" "Mozilla/5.0 AppleWebKit/537.36 (KHTML, like Gecko; compatible; bingbot/2.0; +http://www.bing.com/bingbot.htm) Chrome/116.0.1938.76 Safari/537.36"
40.77.167.6 - - [09/Jun/2026:07:47:18 +0000] "GET /products/vintage-90s-aladdin-gene-tee-movie-cartoons/15046065/ HTTP/1.1" 200 32857 "-" "Mozilla/5.0 AppleWebKit/537.36 (KHTML, like Gecko; compatible; bingbot/2.0; +http://www.bing.com/bingbot.htm) Chrome/116.0.1938.76 Safari/537.36"
57.141.2.51 - - [09/Jun/2026:07:47:20 +0000] "GET /durga-puja-wgl/ HTTP/1.1" 200 3563 "-" "meta-externalagent/1.1 (+https://developers.facebook.com/docs/sharing/webmasters/crawler)"
57.141.2.31 - - [09/Jun/2026:07:47:35 +0000] "GET /products/chic-green-acetate-womens-womens-sunglasses/35454249/ HTTP/1.1" 200 3563 "-" "meta-externalagent/1.1 (+https://developers.facebook.com/docs/sharing/webmasters/crawler)"
57.141.2.20 - - [09/Jun/2026:07:47:35 +0000] "GET /products/the-perfect-black-silk-button-up-shirt/31354233/ HTTP/1.1" 200 3563 "-" "meta-externalagent/1.1 (+https://developers.facebook.com/docs/sharing/webmasters/crawler)"
57.141.2.30 - - [09/Jun/2026:07:47:39 +0000] "GET /products/prada-archive-vintage-biker-gladiator-boots-with-many-belts/12233385/ HTTP/1.1" 200 3563 "-" "meta-externalagent/1.1 (+https://developers.facebook.com/docs/sharing/webmasters/crawler)"
40.77.167.26 - - [09/Jun/2026:07:47:41 +0000] "GET /products/vintage-sunfaded-coen-navy-button-jacket/23144337/ HTTP/1.1" 200 34381 "-" "Mozilla/5.0 AppleWebKit/537.36 (KHTML, like Gecko; compatible; bingbot/2.0; +http://www.bing.com/bingbot.htm) Chrome/116.0.1938.76 Safari/537.36"
57.141.2.53 - - [09/Jun/2026:07:47:45 +0000] "GET /products/hugo-boss-trench-coat-rain-waterproof-size-l/28714113/ HTTP/1.1" 200 3563 "-" "meta-externalagent/1.1 (+https://developers.facebook.com/docs/sharing/webmasters/crawler)"
57.141.2.7 - - [09/Jun/2026:07:47:50 +0000] "GET /products/balmain-white-ox-head-buckle-sleeveless-cotton-top/54500385/ HTTP/1.1" 200 3563 "-" "meta-externalagent/1.1 (+https://developers.facebook.com/docs/sharing/webmasters/crawler)"
57.141.2.53 - - [09/Jun/2026:07:48:13 +0000] "GET /products/mens-brown-sheepskin-leather-aviator-bomber-jacket-msz/45714321/ HTTP/1.1" 200 3563 "-" "meta-externalagent/1.1 (+https://developers.facebook.com/docs/sharing/webmasters/crawler)"
40.77.167.6 - - [09/Jun/2026:07:48:21 +0000] "GET /products/lou-lou-zipped-ankle-boots-in-suede/34008081/ HTTP/1.1" 200 32651 "-" "Mozilla/5.0 AppleWebKit/537.36 (KHTML, like Gecko; compatible; bingbot/2.0; +http://www.bing.com/bingbot.htm) Chrome/116.0.1938.76 Safari/537.36"
57.141.2.10 - - [09/Jun/2026:07:48:28 +0000] "GET /products/gothic-punk-five-pointed-star-buckle-pu-leather/67788513/ HTTP/1.1" 200 3563 "-" "meta-externalagent/1.1 (+https://developers.facebook.com/docs/sharing/webmasters/crawler)"
57.141.2.71 - - [09/Jun/2026:07:48:35 +0000] "GET /products/y2k-stussy-baseball-raglan-tee/43924737/ HTTP/1.1" 200 3563 "-" "meta-externalagent/1.1 (+https://developers.facebook.com/docs/sharing/webmasters/crawler)"
57.141.2.54 - - [09/Jun/2026:07:48:55 +0000] "GET /products/nike-ctr-360-i-fg-leather-soccer-football-cleats-boots/63437625/ HTTP/1.1" 200 3563 "-" "meta-externalagent/1.1 (+https://developers.facebook.com/docs/sharing/webmasters/crawler)"
57.141.2.53 - - [09/Jun/2026:07:48:59 +0000] "GET /products/o1g2r1mq1224-floral-t-shirts-in-black/62945937/ HTTP/1.1" 200 3563 "-" "meta-externalagent/1.1 (+https://developers.facebook.com/docs/sharing/webmasters/crawler)"
57.141.2.29 - - [09/Jun/2026:07:49:05 +0000] "GET /products/fendi-cravatte-100-wool-ff-nova-checked-monogram-scarf/49537473/ HTTP/1.1" 200 3563 "-" "meta-externalagent/1.1 (+https://developers.facebook.com/docs/sharing/webmasters/crawler)"
57.141.2.11 - - [09/Jun/2026:07:49:06 +0000] "GET /products/in-the-attic-double-breasted-hooded-jacket/56385513/ HTTP/1.1" 200 3563 "-" "meta-externalagent/1.1 (+https://developers.facebook.com/docs/sharing/webmasters/crawler)"
57.141.2.71 - - [09/Jun/2026:07:49:13 +0000] "GET /products/nice-designfur-vest-hoodies/28892217/ HTTP/1.1" 200 3563 "-" "meta-externalagent/1.1 (+https://developers.facebook.com/docs/sharing/webmasters/crawler)"
57.141.2.53 - - [09/Jun/2026:07:49:31 +0000] "GET /products/clarks-wallabee-shoes/23359977/ HTTP/1.1" 200 3563 "-" "meta-externalagent/1.1 (+https://developers.facebook.com/docs/sharing/webmasters/crawler)"
57.141.2.58 - - [09/Jun/2026:07:49:32 +0000] "GET /products/gucci-interlocking-g-black-leather-sandals-new/59243553/ HTTP/1.1" 200 3563 "-" "meta-externalagent/1.1 (+https://developers.facebook.com/docs/sharing/webmasters/crawler)"
57.141.2.58 - - [09/Jun/2026:07:49:39 +0000] "GET /products/burberry-kimono-japanese-plaid-traditional-clothing/76718961/ HTTP/1.1" 200 3563 "-" "meta-externalagent/1.1 (+https://developers.facebook.com/docs/sharing/webmasters/crawler)"
57.141.2.65 - - [09/Jun/2026:07:49:41 +0000] "GET /products/vintage-prada-real-leather-brown-belt-logo/42192153/ HTTP/1.1" 200 3563 "-" "meta-externalagent/1.1 (+https://developers.facebook.com/docs/sharing/webmasters/crawler)"
57.141.2.14 - - [09/Jun/2026:07:49:53 +0000] "GET /products/chrome-hearts-r18-roll-chain-silver-necklace/24437289/ HTTP/1.1" 200 3563 "-" "meta-externalagent/1.1 (+https://developers.facebook.com/docs/sharing/webmasters/crawler)"
57.141.2.39 - - [09/Jun/2026:07:49:57 +0000] "GET /products/vintage-walls-workwear-jacket-hooded/78151929/ HTTP/1.1" 200 3563 "-" "meta-externalagent/1.1 (+https://developers.facebook.com/docs/sharing/webmasters/crawler)"
57.141.2.23 - - [09/Jun/2026:07:50:05 +0000] "GET /products/burberry-womens-brown-cotton-trench-coat/38186217/ HTTP/1.1" 200 3563 "-" "meta-externalagent/1.1 (+https://developers.facebook.com/docs/sharing/webmasters/crawler)"
57.141.2.16 - - [09/Jun/2026:07:50:55 +0000] "GET /products/gucci-casual-printed-beige-t-shirt-xxs-women/66028329/ HTTP/1.1" 200 3563 "-" "meta-externalagent/1.1 (+https://developers.facebook.com/docs/sharing/webmasters/crawler)"
57.141.2.57 - - [09/Jun/2026:07:51:11 +0000] "GET /products/playmakers-official-green-joggers/54814593/ HTTP/1.1" 200 3563 "-" "meta-externalagent/1.1 (+https://developers.facebook.com/docs/sharing/webmasters/crawler)"
57.141.2.53 - - [09/Jun/2026:07:51:23 +0000] "GET /products/rick-owens-drkshdw-low-ramones/70842777/ HTTP/1.1" 200 3563 "-" "meta-externalagent/1.1 (+https://developers.facebook.com/docs/sharing/webmasters/crawler)"
57.141.2.13 - - [09/Jun/2026:07:51:42 +0000] "GET /products/stylish-brown-leather-dress-shoes-by-j-murphy-9m/43456209/ HTTP/1.1" 200 3563 "-" "meta-externalagent/1.1 (+https://developers.facebook.com/docs/sharing/webmasters/crawler)"
57.141.2.69 - - [09/Jun/2026:07:52:44 +0000] "GET /products/o1loc1c11025-short-in-mustard-brown/67462017/ HTTP/1.1" 200 3563 "-" "meta-externalagent/1.1 (+https://developers.facebook.com/docs/sharing/webmasters/crawler)"
57.141.2.59 - - [09/Jun/2026:07:53:07 +0000] "GET /products/vintage-y2k-nike-sweatpants-mens-l-baggy-dark-navy-blue-grey/42920289/ HTTP/1.1" 200 3563 "-" "meta-externalagent/1.1 (+https://developers.facebook.com/docs/sharing/webmasters/crawler)"
57.141.2.22 - - [09/Jun/2026:07:53:35 +0000] "GET /products/skater-longsleeve-t-shirt-oversized/46927353/ HTTP/1.1" 200 3563 "-" "meta-externalagent/1.1 (+https://developers.facebook.com/docs/sharing/webmasters/crawler)"
57.141.2.50 - - [09/Jun/2026:07:53:37 +0000] "GET /products/louis-vuitton-wallet/24667425/ HTTP/1.1" 200 3563 "-" "meta-externalagent/1.1 (+https://developers.facebook.com/docs/sharing/webmasters/crawler)"
216.73.216.213 - - [09/Jun/2026:07:53:48 +0000] "GET /sitemap.xml HTTP/1.1" 200 12442 "-" "Mozilla/5.0 AppleWebKit/537.36 (KHTML, like Gecko; compatible; ClaudeBot/1.0; +claudebot@anthropic.com)"
57.141.2.62 - - [09/Jun/2026:07:53:50 +0000] "GET /products/skeleton-beach-theatre-tee-light-archival-white/68659041/ HTTP/1.1" 200 3563 "-" "meta-externalagent/1.1 (+https://developers.facebook.com/docs/sharing/webmasters/crawler)"
57.141.2.63 - - [09/Jun/2026:07:54:04 +0000] "GET /products/vintage-80s-russel-athletic-grassyhill-reunion-tees/15033609/ HTTP/1.1" 200 3563 "-" "meta-externalagent/1.1 (+https://developers.facebook.com/docs/sharing/webmasters/crawler)"
57.141.2.19 - - [09/Jun/2026:07:54:18 +0000] "GET /products/vintage-miami-dolphins-nfl-american-football-club-starter/20433585/ HTTP/1.1" 200 3563 "-" "meta-externalagent/1.1 (+https://developers.facebook.com/docs/sharing/webmasters/crawler)"
57.141.2.6 - - [09/Jun/2026:07:54:25 +0000] "GET /products/vintage-sterling-silver-ring-chrysocolla-size-7-modern/61117545/ HTTP/1.1" 200 3563 "-" "meta-externalagent/1.1 (+https://developers.facebook.com/docs/sharing/webmasters/crawler)"
57.141.2.51 - - [09/Jun/2026:07:54:47 +0000] "GET /products/number-nine-2004-velvet-sleeve-blazer/56024121/ HTTP/1.1" 200 3563 "-" "meta-externalagent/1.1 (+https://developers.facebook.com/docs/sharing/webmasters/crawler)"
57.141.2.34 - - [09/Jun/2026:07:54:54 +0000] "GET /products/valentino-new-printed-shorts/42624393/ HTTP/1.1" 200 3563 "-" "meta-externalagent/1.1 (+https://developers.facebook.com/docs/sharing/webmasters/crawler)"
216.73.216.213 - - [09/Jun/2026:07:55:23 +0000] "GET /products/nike-dunks-7y/64924569/ HTTP/1.1" 200 3588 "-" "Mozilla/5.0 AppleWebKit/537.36 (KHTML, like Gecko; compatible; ClaudeBot/1.0; +claudebot@anthropic.com)"
216.73.216.213 - - [09/Jun/2026:07:55:23 +0000] "GET /products/dior-cd-earring/62204409/ HTTP/1.1" 200 3588 "-" "Mozilla/5.0 AppleWebKit/537.36 (KHTML, like Gecko; compatible; ClaudeBot/1.0; +claudebot@anthropic.com)"
216.73.216.213 - - [09/Jun/2026:07:55:24 +0000] "GET /products/swimsuit/8186265/ HTTP/1.1" 200 3588 "-" "Mozilla/5.0 AppleWebKit/537.36 (KHTML, like Gecko; compatible; ClaudeBot/1.0; +claudebot@anthropic.com)"
216.73.216.213 - - [09/Jun/2026:07:55:25 +0000] "GET /products/monogram-pouch-bag/42376329/ HTTP/1.1" 200 3588 "-" "Mozilla/5.0 AppleWebKit/537.36 (KHTML, like Gecko; compatible; ClaudeBot/1.0; +claudebot@anthropic.com)"
216.73.216.213 - - [09/Jun/2026:07:55:25 +0000] "GET /products/chanel-coco-mark-backpack/67843329/ HTTP/1.1" 200 3588 "-" "Mozilla/5.0 AppleWebKit/537.36 (KHTML, like Gecko; compatible; ClaudeBot/1.0; +claudebot@anthropic.com)"
216.73.216.213 - - [09/Jun/2026:07:55:26 +0000] "GET /products/sweatshirt/76610481/ HTTP/1.1" 200 3588 "-" "Mozilla/5.0 AppleWebKit/537.36 (KHTML, like Gecko; compatible; ClaudeBot/1.0; +claudebot@anthropic.com)"
216.73.216.213 - - [09/Jun/2026:07:55:27 +0000] "GET /products/snap-slide/71160489/ HTTP/1.1" 200 3588 "-" "Mozilla/5.0 AppleWebKit/537.36 (KHTML, like Gecko; compatible; ClaudeBot/1.0; +claudebot@anthropic.com)"
216.73.216.213 - - [09/Jun/2026:07:55:27 +0000] "GET /products/helmut-lang-button-up/9457905/ HTTP/1.1" 200 3588 "-" "Mozilla/5.0 AppleWebKit/537.36 (KHTML, like Gecko; compatible; ClaudeBot/1.0; +claudebot@anthropic.com)"
216.73.216.213 - - [09/Jun/2026:07:55:28 +0000] "GET /products/patchwork-leather-jacket/22580433/ HTTP/1.1" 200 3588 "-" "Mozilla/5.0 AppleWebKit/537.36 (KHTML, like Gecko; compatible; ClaudeBot/1.0; +claudebot@anthropic.com)"
57.141.2.36 - - [09/Jun/2026:07:55:32 +0000] "GET /products/vintage-90s-the-south-will-rise-again-t-shirt-travis-scott/76335633/ HTTP/1.1" 200 3563 "-" "meta-externalagent/1.1 (+https://developers.facebook.com/docs/sharing/webmasters/crawler)"
57.141.2.37 - - [09/Jun/2026:07:55:49 +0000] "GET /products/o1y0426-low-top-sneakers-in-pink/51838521/ HTTP/1.1" 200 3563 "-" "meta-externalagent/1.1 (+https://developers.facebook.com/docs/sharing/webmasters/crawler)"
57.141.2.2 - - [09/Jun/2026:07:55:50 +0000] "GET /products/christian-wijnants-floral-wrap-dress-size-36-pristine/76101321/ HTTP/1.1" 200 3563 "-" "meta-externalagent/1.1 (+https://developers.facebook.com/docs/sharing/webmasters/crawler)"
216.73.216.213 - - [09/Jun/2026:07:56:14 +0000] "GET /products/bearbrick-100-display-case/55250625/ HTTP/1.1" 200 3588 "-" "Mozilla/5.0 AppleWebKit/537.36 (KHTML, like Gecko; compatible; ClaudeBot/1.0; +claudebot@anthropic.com)"
216.73.216.213 - - [09/Jun/2026:07:56:14 +0000] "GET /products/cannnone-leather-jacket-ss26/45829449/ HTTP/1.1" 200 3588 "-" "Mozilla/5.0 AppleWebKit/537.36 (KHTML, like Gecko; compatible; ClaudeBot/1.0; +claudebot@anthropic.com)"
216.73.216.213 - - [09/Jun/2026:07:56:15 +0000] "GET /products/dior-necklace/20642265/ HTTP/1.1" 200 3588 "-" "Mozilla/5.0 AppleWebKit/537.36 (KHTML, like Gecko; compatible; ClaudeBot/1.0; +claudebot@anthropic.com)"
216.73.216.213 - - [09/Jun/2026:07:56:15 +0000] "GET /products/stratus-vest/44294289/ HTTP/1.1" 200 3588 "-" "Mozilla/5.0 AppleWebKit/537.36 (KHTML, like Gecko; compatible; ClaudeBot/1.0; +claudebot@anthropic.com)"
216.73.216.213 - - [09/Jun/2026:07:56:16 +0000] "GET /products/oversized-pocket-down-jacket-black/34753545/ HTTP/1.1" 200 3588 "-" "Mozilla/5.0 AppleWebKit/537.36 (KHTML, like Gecko; compatible; ClaudeBot/1.0; +claudebot@anthropic.com)"
216.73.216.213 - - [09/Jun/2026:07:56:16 +0000] "GET /products/carven-blouse/75409425/ HTTP/1.1" 200 3588 "-" "Mozilla/5.0 AppleWebKit/537.36 (KHTML, like Gecko; compatible; ClaudeBot/1.0; +claudebot@anthropic.com)"
216.73.216.213 - - [09/Jun/2026:07:56:17 +0000] "GET /products/gucci-black-nylon-backpack/42390345/ HTTP/1.1" 200 3588 "-" "Mozilla/5.0 AppleWebKit/537.36 (KHTML, like Gecko; compatible; ClaudeBot/1.0; +claudebot@anthropic.com)"
216.73.216.213 - - [09/Jun/2026:07:56:17 +0000] "GET /products/291295-homme/66186921/ HTTP/1.1" 200 3588 "-" "Mozilla/5.0 AppleWebKit/537.36 (KHTML, like Gecko; compatible; ClaudeBot/1.0; +claudebot@anthropic.com)"
216.73.216.213 - - [09/Jun/2026:07:56:18 +0000] "GET /products/faur-fur-patchwork-leather-vest/44185833/ HTTP/1.1" 200 3588 "-" "Mozilla/5.0 AppleWebKit/537.36 (KHTML, like Gecko; compatible; ClaudeBot/1.0; +claudebot@anthropic.com)"
216.73.216.213 - - [09/Jun/2026:07:56:51 +0000] "GET /products/black-leather-lace/63551433/ HTTP/1.1" 200 3588 "-" "Mozilla/5.0 AppleWebKit/537.36 (KHTML, like Gecko; compatible; ClaudeBot/1.0; +claudebot@anthropic.com)"
216.73.216.213 - - [09/Jun/2026:07:56:51 +0000] "GET /products/nfl-49ers-coat-jacket/19497537/ HTTP/1.1" 200 3588 "-" "Mozilla/5.0 AppleWebKit/537.36 (KHTML, like Gecko; compatible; ClaudeBot/1.0; +claudebot@anthropic.com)"
216.73.216.213 - - [09/Jun/2026:07:56:52 +0000] "GET /products/bape-multi-space-shorts-designer/10651305/ HTTP/1.1" 200 3588 "-" "Mozilla/5.0 AppleWebKit/537.36 (KHTML, like Gecko; compatible; ClaudeBot/1.0; +claudebot@anthropic.com)"
216.73.216.213 - - [09/Jun/2026:07:56:53 +0000] "GET /products/marmot-x-goretex-jacket/39839073/ HTTP/1.1" 200 3588 "-" "Mozilla/5.0 AppleWebKit/537.36 (KHTML, like Gecko; compatible; ClaudeBot/1.0; +claudebot@anthropic.com)"
216.73.216.213 - - [09/Jun/2026:07:56:53 +0000] "GET /products/gg-canvas-interlocking-icon-drawstring-hobo/52742793/ HTTP/1.1" 200 3588 "-" "Mozilla/5.0 AppleWebKit/537.36 (KHTML, like Gecko; compatible; ClaudeBot/1.0; +claudebot@anthropic.com)"
216.73.216.213 - - [09/Jun/2026:07:56:54 +0000] "GET /products/villas-3103-jacket/38056881/ HTTP/1.1" 200 3588 "-" "Mozilla/5.0 AppleWebKit/537.36 (KHTML, like Gecko; compatible; ClaudeBot/1.0; +claudebot@anthropic.com)"
216.73.216.213 - - [09/Jun/2026:07:56:54 +0000] "GET /products/oversized-tank-sz-3/76236921/ HTTP/1.1" 200 3588 "-" "Mozilla/5.0 AppleWebKit/537.36 (KHTML, like Gecko; compatible; ClaudeBot/1.0; +claudebot@anthropic.com)"
216.73.216.213 - - [09/Jun/2026:07:56:55 +0000] "GET /products/moschino-blazer/38493777/ HTTP/1.1" 200 3588 "-" "Mozilla/5.0 AppleWebKit/537.36 (KHTML, like Gecko; compatible; ClaudeBot/1.0; +claudebot@anthropic.com)"
216.73.216.213 - - [09/Jun/2026:07:56:55 +0000] "GET /products/purple-acetate-womens-frames/69067593/ HTTP/1.1" 200 3588 "-" "Mozilla/5.0 AppleWebKit/537.36 (KHTML, like Gecko; compatible; ClaudeBot/1.0; +claudebot@anthropic.com)"
139.84.174.118 - - [09/Jun/2026:07:57:00 +0000] "POST /wp-cron.php?doing_wp_cron=1780991820.0575339794158935546875 HTTP/1.1" 200 3593 "-" "WordPress/6.5.8; https://mayaver.com"
159.203.25.248 - - [09/Jun/2026:07:56:59 +0000] "POST /xmlrpc.php HTTP/1.1" 200 4817 "-" "Mozilla/5.0 (Macintosh; Intel Mac OS X 11_7_10) AppleWebKit/537.36 (KHTML, like Gecko) Chrome/133.0.0.0 Safari/537.36"
216.73.216.213 - - [09/Jun/2026:07:57:04 +0000] "GET /products/logo-t-shirt/35130393/ HTTP/1.1" 200 3588 "-" "Mozilla/5.0 AppleWebKit/537.36 (KHTML, like Gecko; compatible; ClaudeBot/1.0; +claudebot@anthropic.com)"
216.73.216.213 - - [09/Jun/2026:07:57:04 +0000] "GET /products/rock-revival-denim-jacket/40559577/ HTTP/1.1" 200 3588 "-" "Mozilla/5.0 AppleWebKit/537.36 (KHTML, like Gecko; compatible; ClaudeBot/1.0; +claudebot@anthropic.com)"
57.141.2.49 - - [09/Jun/2026:07:57:04 +0000] "GET /products/koi-fish-gold-tone-rhinestone-fish-brooch-pin-with-green-eye/16419033/ HTTP/1.1" 200 3563 "-" "meta-externalagent/1.1 (+https://developers.facebook.com/docs/sharing/webmasters/crawler)"
216.73.216.213 - - [09/Jun/2026:07:57:05 +0000] "GET /products/louis-vuitton-trainer-sneakers-k17/33019521/ HTTP/1.1" 200 3588 "-" "Mozilla/5.0 AppleWebKit/537.36 (KHTML, like Gecko; compatible; ClaudeBot/1.0; +claudebot@anthropic.com)"
216.73.216.213 - - [09/Jun/2026:07:57:05 +0000] "GET /products/the-gv-gallery-plaid-cargos/13653321/ HTTP/1.1" 200 3588 "-" "Mozilla/5.0 AppleWebKit/537.36 (KHTML, like Gecko; compatible; ClaudeBot/1.0; +claudebot@anthropic.com)"
216.73.216.213 - - [09/Jun/2026:07:57:06 +0000] "GET /products/chrome-hearts-crop-top/27716049/ HTTP/1.1" 200 3588 "-" "Mozilla/5.0 AppleWebKit/537.36 (KHTML, like Gecko; compatible; ClaudeBot/1.0; +claudebot@anthropic.com)"
216.73.216.213 - - [09/Jun/2026:07:57:06 +0000] "GET /products/monogram-logo-leather-long-wallet/35779617/ HTTP/1.1" 200 3588 "-" "Mozilla/5.0 AppleWebKit/537.36 (KHTML, like Gecko; compatible; ClaudeBot/1.0; +claudebot@anthropic.com)"
216.73.216.213 - - [09/Jun/2026:07:57:07 +0000] "GET /products/tom-ford-black-belts/69041265/ HTTP/1.1" 200 3588 "-" "Mozilla/5.0 AppleWebKit/537.36 (KHTML, like Gecko; compatible; ClaudeBot/1.0; +claudebot@anthropic.com)"
216.73.216.213 - - [09/Jun/2026:07:57:07 +0000] "GET /products/sp5der-beluga-double-layer-shorts/42916545/ HTTP/1.1" 200 3588 "-" "Mozilla/5.0 AppleWebKit/537.36 (KHTML, like Gecko; compatible; ClaudeBot/1.0; +claudebot@anthropic.com)"
216.73.216.213 - - [09/Jun/2026:07:57:08 +0000] "GET /products/prada-wool-sweater-cardigan/73551849/ HTTP/1.1" 200 3588 "-" "Mozilla/5.0 AppleWebKit/537.36 (KHTML, like Gecko; compatible; ClaudeBot/1.0; +claudebot@anthropic.com)"
57.141.2.67 - - [09/Jun/2026:07:57:10 +0000] "GET /products/o1mle0325-size-m-domino-semi-patent-leather-belt-in-black/68914281/ HTTP/1.1" 200 3563 "-" "meta-externalagent/1.1 (+https://developers.facebook.com/docs/sharing/webmasters/crawler)"
216.73.216.213 - - [09/Jun/2026:07:57:10 +0000] "GET /products/black-leather-rockstud-pointed-heels/34013097/ HTTP/1.1" 200 3588 "-" "Mozilla/5.0 AppleWebKit/537.36 (KHTML, like Gecko; compatible; ClaudeBot/1.0; +claudebot@anthropic.com)"
216.73.216.213 - - [09/Jun/2026:07:57:10 +0000] "GET /products/prada-side-pocket-tote-nylon/70421025/ HTTP/1.1" 200 3588 "-" "Mozilla/5.0 AppleWebKit/537.36 (KHTML, like Gecko; compatible; ClaudeBot/1.0; +claudebot@anthropic.com)"
216.73.216.213 - - [09/Jun/2026:07:57:11 +0000] "GET /products/helmut-lang-pilot-leather-jacket-2504-nextarrow/79737417/ HTTP/1.1" 200 3588 "-" "Mozilla/5.0 AppleWebKit/537.36 (KHTML, like Gecko; compatible; ClaudeBot/1.0; +claudebot@anthropic.com)"
216.73.216.213 - - [09/Jun/2026:07:57:12 +0000] "GET /products/ppfm-flashback-69-polo-shirt/73814337/ HTTP/1.1" 200 3588 "-" "Mozilla/5.0 AppleWebKit/537.36 (KHTML, like Gecko; compatible; ClaudeBot/1.0; +claudebot@anthropic.com)"
216.73.216.213 - - [09/Jun/2026:07:57:12 +0000] "GET /products/carhartt-sweater/73656273/ HTTP/1.1" 200 3588 "-" "Mozilla/5.0 AppleWebKit/537.36 (KHTML, like Gecko; compatible; ClaudeBot/1.0; +claudebot@anthropic.com)"
216.73.216.213 - - [09/Jun/2026:07:57:13 +0000] "GET /products/balenciaga-denim-jacket-q4/19252809/ HTTP/1.1" 200 3588 "-" "Mozilla/5.0 AppleWebKit/537.36 (KHTML, like Gecko; compatible; ClaudeBot/1.0; +claudebot@anthropic.com)"
216.73.216.213 - - [09/Jun/2026:07:57:13 +0000] "GET /products/vintage-pract-studio-jacket-kapital-style/34783545/ HTTP/1.1" 200 3588 "-" "Mozilla/5.0 AppleWebKit/537.36 (KHTML, like Gecko; compatible; ClaudeBot/1.0; +claudebot@anthropic.com)"
216.73.216.213 - - [09/Jun/2026:07:57:14 +0000] "GET /products/marmot-8000m-down-suit/48405465/ HTTP/1.1" 200 3588 "-" "Mozilla/5.0 AppleWebKit/537.36 (KHTML, like Gecko; compatible; ClaudeBot/1.0; +claudebot@anthropic.com)"
216.73.216.213 - - [09/Jun/2026:07:57:14 +0000] "GET /products/karen-walker-silk-blouses/75198657/ HTTP/1.1" 200 3588 "-" "Mozilla/5.0 AppleWebKit/537.36 (KHTML, like Gecko; compatible; ClaudeBot/1.0; +claudebot@anthropic.com)"
57.141.2.7 - - [09/Jun/2026:07:57:17 +0000] "GET /products/other-travis-scott-mcdnald-hoodie-textile-sweatshirts-hoodie/55317249/ HTTP/1.1" 200 3563 "-" "meta-externalagent/1.1 (+https://developers.facebook.com/docs/sharing/webmasters/crawler)"
57.141.2.3 - - [09/Jun/2026:07:57:21 +0000] "GET /products/palace-racer-top/20082921/ HTTP/1.1" 200 3563 "-" "meta-externalagent/1.1 (+https://developers.facebook.com/docs/sharing/webmasters/crawler)"
57.141.2.8 - - [09/Jun/2026:07:57:23 +0000] "GET /products/vintage-fubu-new-york-streetwear-oversized-tee/50808993/ HTTP/1.1" 200 3563 "-" "meta-externalagent/1.1 (+https://developers.facebook.com/docs/sharing/webmasters/crawler)"
216.73.216.213 - - [09/Jun/2026:07:57:26 +0000] "GET /products/mens-leather-laptop-case/67859409/ HTTP/1.1" 200 3588 "-" "Mozilla/5.0 AppleWebKit/537.36 (KHTML, like Gecko; compatible; ClaudeBot/1.0; +claudebot@anthropic.com)"
216.73.216.213 - - [09/Jun/2026:07:57:26 +0000] "GET /products/hysteric-glamour-multipocket-puffer-tote-bag/33826545/ HTTP/1.1" 200 3588 "-" "Mozilla/5.0 AppleWebKit/537.36 (KHTML, like Gecko; compatible; ClaudeBot/1.0; +claudebot@anthropic.com)"
216.73.216.213 - - [09/Jun/2026:07:57:26 +0000] "GET /products/toteme-neutrals-scarves/11235705/ HTTP/1.1" 200 3588 "-" "Mozilla/5.0 AppleWebKit/537.36 (KHTML, like Gecko; compatible; ClaudeBot/1.0; +claudebot@anthropic.com)"
216.73.216.213 - - [09/Jun/2026:07:57:27 +0000] "GET /products/palace-washed-out-bomber-jacket-l/61712553/ HTTP/1.1" 200 3588 "-" "Mozilla/5.0 AppleWebKit/537.36 (KHTML, like Gecko; compatible; ClaudeBot/1.0; +claudebot@anthropic.com)"
57.141.2.53 - - [09/Jun/2026:07:57:27 +0000] "GET /products/tag-heuer-tag-heuer-professional-stainless-steel-metal-quart/48934641/ HTTP/1.1" 200 3563 "-" "meta-externalagent/1.1 (+https://developers.facebook.com/docs/sharing/webmasters/crawler)"
216.73.216.213 - - [09/Jun/2026:07:57:27 +0000] "GET /products/pierre-balmain-silk-scarf/49404609/ HTTP/1.1" 200 3588 "-" "Mozilla/5.0 AppleWebKit/537.36 (KHTML, like Gecko; compatible; ClaudeBot/1.0; +claudebot@anthropic.com)"
216.73.216.213 - - [09/Jun/2026:07:57:28 +0000] "GET /products/gucci-runway-rare-hat/61147425/ HTTP/1.1" 200 3588 "-" "Mozilla/5.0 AppleWebKit/537.36 (KHTML, like Gecko; compatible; ClaudeBot/1.0; +claudebot@anthropic.com)"
216.73.216.213 - - [09/Jun/2026:07:57:29 +0000] "GET /products/adidas-design-cargo-pant-multi-pocket/25002345/ HTTP/1.1" 200 3588 "-" "Mozilla/5.0 AppleWebKit/537.36 (KHTML, like Gecko; compatible; ClaudeBot/1.0; +claudebot@anthropic.com)"
216.73.216.213 - - [09/Jun/2026:07:57:29 +0000] "GET /products/acne-studios-2021f-jeans/65233089/ HTTP/1.1" 200 3588 "-" "Mozilla/5.0 AppleWebKit/537.36 (KHTML, like Gecko; compatible; ClaudeBot/1.0; +claudebot@anthropic.com)"
216.73.216.213 - - [09/Jun/2026:07:57:30 +0000] "GET /products/rare-comme-des-garcons-coat/36667281/ HTTP/1.1" 200 3588 "-" "Mozilla/5.0 AppleWebKit/537.36 (KHTML, like Gecko; compatible; ClaudeBot/1.0; +claudebot@anthropic.com)"
57.141.2.33 - - [09/Jun/2026:07:57:30 +0000] "GET /products/alexander-wang-geometric-jacket/61770009/ HTTP/1.1" 200 3563 "-" "meta-externalagent/1.1 (+https://developers.facebook.com/docs/sharing/webmasters/crawler)"
57.141.2.22 - - [09/Jun/2026:07:57:36 +0000] "GET /products/louis-vuitton-trainer-black-orange-sneakers/31961169/ HTTP/1.1" 200 3563 "-" "meta-externalagent/1.1 (+https://developers.facebook.com/docs/sharing/webmasters/crawler)"
57.141.2.47 - - [09/Jun/2026:07:57:37 +0000] "GET /products/engineered-garments-wool-herringbone-puffer-vest/63199305/ HTTP/1.1" 200 3563 "-" "meta-externalagent/1.1 (+https://developers.facebook.com/docs/sharing/webmasters/crawler)"
57.141.2.53 - - [09/Jun/2026:07:57:42 +0000] "GET /products/vintage-80s-burberrys-nova-check-wool-trench-coat/28657953/ HTTP/1.1" 200 3563 "-" "meta-externalagent/1.1 (+https://developers.facebook.com/docs/sharing/webmasters/crawler)"
57.141.2.53 - - [09/Jun/2026:07:57:45 +0000] "GET /products/adidas-sneakers/15474897/ HTTP/1.1" 200 3563 "-" "meta-externalagent/1.1 (+https://developers.facebook.com/docs/sharing/webmasters/crawler)"
57.141.2.4 - - [09/Jun/2026:07:57:45 +0000] "GET /products/vintage-fruit-of-the-loom-new-york-city-print-sweatshirt-lsz/26034297/ HTTP/1.1" 200 3563 "-" "meta-externalagent/1.1 (+https://developers.facebook.com/docs/sharing/webmasters/crawler)"
216.73.216.213 - - [09/Jun/2026:07:57:52 +0000] "GET /products/montblanc-lafuma-fleece-quilted-jackets/57190833/ HTTP/1.1" 200 3588 "-" "Mozilla/5.0 AppleWebKit/537.36 (KHTML, like Gecko; compatible; ClaudeBot/1.0; +claudebot@anthropic.com)"
216.73.216.213 - - [09/Jun/2026:07:57:52 +0000] "GET /products/hermes-cashmere-sweater-size-38/53366889/ HTTP/1.1" 200 3588 "-" "Mozilla/5.0 AppleWebKit/537.36 (KHTML, like Gecko; compatible; ClaudeBot/1.0; +claudebot@anthropic.com)"
57.141.2.63 - - [09/Jun/2026:07:57:52 +0000] "GET /products/miu-miu-0mu-04zs-22c60o-sunglasses/35760633/ HTTP/1.1" 200 3563 "-" "meta-externalagent/1.1 (+https://developers.facebook.com/docs/sharing/webmasters/crawler)"
216.73.216.213 - - [09/Jun/2026:07:57:53 +0000] "GET /products/evenriver-utility-double-knee-cargo-pants-6941-99/66901953/ HTTP/1.1" 200 3588 "-" "Mozilla/5.0 AppleWebKit/537.36 (KHTML, like Gecko; compatible; ClaudeBot/1.0; +claudebot@anthropic.com)"
216.73.216.213 - - [09/Jun/2026:07:57:53 +0000] "GET /products/equipment-size-s-black-tan-leopard-wool-silk-pullover/22252641/ HTTP/1.1" 200 3588 "-" "Mozilla/5.0 AppleWebKit/537.36 (KHTML, like Gecko; compatible; ClaudeBot/1.0; +claudebot@anthropic.com)"
216.73.216.213 - - [09/Jun/2026:07:57:54 +0000] "GET /products/first-step-japan-shearling-jackets-moleskin/22579401/ HTTP/1.1" 200 3588 "-" "Mozilla/5.0 AppleWebKit/537.36 (KHTML, like Gecko; compatible; ClaudeBot/1.0; +claudebot@anthropic.com)"
216.73.216.213 - - [09/Jun/2026:07:57:54 +0000] "GET /products/adidas-x-dime-studded-gore-tex-jacket/28708569/ HTTP/1.1" 200 3588 "-" "Mozilla/5.0 AppleWebKit/537.36 (KHTML, like Gecko; compatible; ClaudeBot/1.0; +claudebot@anthropic.com)"
216.73.216.213 - - [09/Jun/2026:07:57:55 +0000] "GET /products/pink-mesh-rita-ballerinas/59054865/ HTTP/1.1" 200 3588 "-" "Mozilla/5.0 AppleWebKit/537.36 (KHTML, like Gecko; compatible; ClaudeBot/1.0; +claudebot@anthropic.com)"
216.73.216.213 - - [09/Jun/2026:07:57:55 +0000] "GET /products/nikelab-acg-gore-tex-coat/28647825/ HTTP/1.1" 200 3588 "-" "Mozilla/5.0 AppleWebKit/537.36 (KHTML, like Gecko; compatible; ClaudeBot/1.0; +claudebot@anthropic.com)"
216.73.216.213 - - [09/Jun/2026:07:57:56 +0000] "GET /products/supreme-baggy-jeans/40939689/ HTTP/1.1" 200 3588 "-" "Mozilla/5.0 AppleWebKit/537.36 (KHTML, like Gecko; compatible; ClaudeBot/1.0; +claudebot@anthropic.com)"
57.141.2.22 - - [09/Jun/2026:07:58:04 +0000] "GET /products/oak-fort-pants-women-adult-8-high-waisted-cotton-blend-strai/46770705/ HTTP/1.1" 200 3563 "-" "meta-externalagent/1.1 (+https://developers.facebook.com/docs/sharing/webmasters/crawler)"
139.84.174.118 - - [09/Jun/2026:07:58:12 +0000] "POST /wp-cron.php?doing_wp_cron=1780991892.0730230808258056640625 HTTP/1.1" 200 3593 "-" "WordPress/6.5.8; https://mayaver.com"
208.109.240.82 - - [09/Jun/2026:07:58:11 +0000] "GET /wp-login.php HTTP/1.1" 200 6688 "-" "Mozilla/5.0 (Windows NT 10.0; WOW64) AppleWebKit/537.36 (KHTML, like Gecko) Chrome/133.0.0.0 Safari/537.36"
208.109.240.82 - - [09/Jun/2026:07:58:17 +0000] "POST /wp-login.php HTTP/1.1" 200 6848 "https://mayaver.com/wp-login.php" "Mozilla/5.0 (Windows NT 10.0; WOW64) AppleWebKit/537.36 (KHTML, like Gecko) Chrome/133.0.0.0 Safari/537.36"
57.141.2.63 - - [09/Jun/2026:07:58:22 +0000] "GET /products/louis-vuitton-gray-wool-oversized-blazer-and-pants-48/77833497/ HTTP/1.1" 200 3563 "-" "meta-externalagent/1.1 (+https://developers.facebook.com/docs/sharing/webmasters/crawler)"
57.141.2.23 - - [09/Jun/2026:07:58:26 +0000] "GET /products/polo-ralph-lauren-retro-wool-blend-tapered-sweatpants/21573057/ HTTP/1.1" 200 3563 "-" "meta-externalagent/1.1 (+https://developers.facebook.com/docs/sharing/webmasters/crawler)"
216.73.216.213 - - [09/Jun/2026:07:58:30 +0000] "GET /products/osprey-elroy-messenger-bag-burnt-orange-gray-sipper-side-lap/33409521/ HTTP/1.1" 200 3588 "-" "Mozilla/5.0 AppleWebKit/537.36 (KHTML, like Gecko; compatible; ClaudeBot/1.0; +claudebot@anthropic.com)"
216.73.216.213 - - [09/Jun/2026:07:58:30 +0000] "GET /products/ralph-lauren-zip-sweater-size-l/73368441/ HTTP/1.1" 200 3588 "-" "Mozilla/5.0 AppleWebKit/537.36 (KHTML, like Gecko; compatible; ClaudeBot/1.0; +claudebot@anthropic.com)"
216.73.216.213 - - [09/Jun/2026:07:58:31 +0000] "GET /products/glam-slam-hobo-micro-shoulder-bag/70636329/ HTTP/1.1" 200 3588 "-" "Mozilla/5.0 AppleWebKit/537.36 (KHTML, like Gecko; compatible; ClaudeBot/1.0; +claudebot@anthropic.com)"
216.73.216.213 - - [09/Jun/2026:07:58:32 +0000] "GET /products/prada-green-crossbody-chain-bag/78656889/ HTTP/1.1" 200 3588 "-" "Mozilla/5.0 AppleWebKit/537.36 (KHTML, like Gecko; compatible; ClaudeBot/1.0; +claudebot@anthropic.com)"
216.73.216.213 - - [09/Jun/2026:07:58:32 +0000] "GET /products/rhone-pants-men-extra-large-blue-performance-jogger-zip-pock/53995473/ HTTP/1.1" 200 3588 "-" "Mozilla/5.0 AppleWebKit/537.36 (KHTML, like Gecko; compatible; ClaudeBot/1.0; +claudebot@anthropic.com)"
216.73.216.213 - - [09/Jun/2026:07:58:33 +0000] "GET /products/brown-leather-shoulder-bag-pre-owned/47672937/ HTTP/1.1" 200 3588 "-" "Mozilla/5.0 AppleWebKit/537.36 (KHTML, like Gecko; compatible; ClaudeBot/1.0; +claudebot@anthropic.com)"
216.73.216.213 - - [09/Jun/2026:07:58:33 +0000] "GET /products/levis-jacket-womens-medium-blue-denim-trucker-button-front-l/11687961/ HTTP/1.1" 200 3588 "-" "Mozilla/5.0 AppleWebKit/537.36 (KHTML, like Gecko; compatible; ClaudeBot/1.0; +claudebot@anthropic.com)"
216.73.216.213 - - [09/Jun/2026:07:58:34 +0000] "GET /products/rick-owens-cargo-ramones-drkshdw/64833249/ HTTP/1.1" 200 3588 "-" "Mozilla/5.0 AppleWebKit/537.36 (KHTML, like Gecko; compatible; ClaudeBot/1.0; +claudebot@anthropic.com)"
216.73.216.213 - - [09/Jun/2026:07:58:34 +0000] "GET /products/prada-chain-front-zip-tote-quilted-tessuto/39266529/ HTTP/1.1" 200 3588 "-" "Mozilla/5.0 AppleWebKit/537.36 (KHTML, like Gecko; compatible; ClaudeBot/1.0; +claudebot@anthropic.com)"
216.73.216.213 - - [09/Jun/2026:07:58:37 +0000] "GET /products/dll-bull-green-utility-cargo-multipocket-pants-1582/68363025/ HTTP/1.1" 200 3588 "-" "Mozilla/5.0 AppleWebKit/537.36 (KHTML, like Gecko; compatible; ClaudeBot/1.0; +claudebot@anthropic.com)"
216.73.216.213 - - [09/Jun/2026:07:58:37 +0000] "GET /products/slp-t-rex-city-backpack-by-hedi-slimane/67835217/ HTTP/1.1" 200 3588 "-" "Mozilla/5.0 AppleWebKit/537.36 (KHTML, like Gecko; compatible; ClaudeBot/1.0; +claudebot@anthropic.com)"
216.73.216.213 - - [09/Jun/2026:07:58:38 +0000] "GET /products/vintage-hops-suntory-malts-tee-nice-design/25294089/ HTTP/1.1" 200 3588 "-" "Mozilla/5.0 AppleWebKit/537.36 (KHTML, like Gecko; compatible; ClaudeBot/1.0; +claudebot@anthropic.com)"
216.73.216.213 - - [09/Jun/2026:07:58:38 +0000] "GET /products/dior-striped-knit-sweater-size-38/41867937/ HTTP/1.1" 200 3588 "-" "Mozilla/5.0 AppleWebKit/537.36 (KHTML, like Gecko; compatible; ClaudeBot/1.0; +claudebot@anthropic.com)"
216.73.216.213 - - [09/Jun/2026:07:58:39 +0000] "GET /products/purple-magazine-ss-2012-issue-17/55253625/ HTTP/1.1" 200 3588 "-" "Mozilla/5.0 AppleWebKit/537.36 (KHTML, like Gecko; compatible; ClaudeBot/1.0; +claudebot@anthropic.com)"
216.73.216.213 - - [09/Jun/2026:07:58:39 +0000] "GET /products/divided-blue-ripped-distressed-denim-5956/65183649/ HTTP/1.1" 200 3588 "-" "Mozilla/5.0 AppleWebKit/537.36 (KHTML, like Gecko; compatible; ClaudeBot/1.0; +claudebot@anthropic.com)"
216.73.216.213 - - [09/Jun/2026:07:58:40 +0000] "GET /products/global-work-jacket-hooded-anorak-style-cargo-pockets/76627689/ HTTP/1.1" 200 3588 "-" "Mozilla/5.0 AppleWebKit/537.36 (KHTML, like Gecko; compatible; ClaudeBot/1.0; +claudebot@anthropic.com)"
57.141.2.58 - - [09/Jun/2026:07:58:40 +0000] "GET /products/nike-pants-mens-m-black-club-woven-tapered-athleisure-track/67978833/ HTTP/1.1" 200 3563 "-" "meta-externalagent/1.1 (+https://developers.facebook.com/docs/sharing/webmasters/crawler)"
216.73.216.213 - - [09/Jun/2026:07:58:40 +0000] "GET /products/new-prada-sunglasses-black-acetate-rectangle-square-i/15786297/ HTTP/1.1" 200 3588 "-" "Mozilla/5.0 AppleWebKit/537.36 (KHTML, like Gecko; compatible; ClaudeBot/1.0; +claudebot@anthropic.com)"
216.73.216.213 - - [09/Jun/2026:07:58:41 +0000] "GET /products/rick-owens-fw14-moody/25941633/ HTTP/1.1" 200 3588 "-" "Mozilla/5.0 AppleWebKit/537.36 (KHTML, like Gecko; compatible; ClaudeBot/1.0; +claudebot@anthropic.com)"
216.73.216.213 - - [09/Jun/2026:07:58:44 +0000] "GET /products/balenciaga-moon-bear-long-sleeve/46833681/ HTTP/1.1" 200 3588 "-" "Mozilla/5.0 AppleWebKit/537.36 (KHTML, like Gecko; compatible; ClaudeBot/1.0; +claudebot@anthropic.com)"
216.73.216.213 - - [09/Jun/2026:07:58:44 +0000] "GET /products/vintage-spalding-vest-multi-pocket/44247561/ HTTP/1.1" 200 3588 "-" "Mozilla/5.0 AppleWebKit/537.36 (KHTML, like Gecko; compatible; ClaudeBot/1.0; +claudebot@anthropic.com)"
216.73.216.213 - - [09/Jun/2026:07:58:45 +0000] "GET /products/dior-cd-icono-s1i-4500-black/69171201/ HTTP/1.1" 200 3588 "-" "Mozilla/5.0 AppleWebKit/537.36 (KHTML, like Gecko; compatible; ClaudeBot/1.0; +claudebot@anthropic.com)"
216.73.216.213 - - [09/Jun/2026:07:58:45 +0000] "GET /products/o1bcso1str0126-sizeoscd-diamond-s2i-in-yellow/27201249/ HTTP/1.1" 200 3588 "-" "Mozilla/5.0 AppleWebKit/537.36 (KHTML, like Gecko; compatible; ClaudeBot/1.0; +claudebot@anthropic.com)"
216.73.216.213 - - [09/Jun/2026:07:58:46 +0000] "GET /products/vintage-mrjunko-coat-j025/26309217/ HTTP/1.1" 200 3588 "-" "Mozilla/5.0 AppleWebKit/537.36 (KHTML, like Gecko; compatible; ClaudeBot/1.0; +claudebot@anthropic.com)"
216.73.216.213 - - [09/Jun/2026:07:58:46 +0000] "GET /products/steals-burberry-34-sleeve-tshirt/74749857/ HTTP/1.1" 200 3588 "-" "Mozilla/5.0 AppleWebKit/537.36 (KHTML, like Gecko; compatible; ClaudeBot/1.0; +claudebot@anthropic.com)"
216.73.216.213 - - [09/Jun/2026:07:58:47 +0000] "GET /products/cruise-boat-loafers/71757993/ HTTP/1.1" 200 3588 "-" "Mozilla/5.0 AppleWebKit/537.36 (KHTML, like Gecko; compatible; ClaudeBot/1.0; +claudebot@anthropic.com)"
216.73.216.213 - - [09/Jun/2026:07:58:47 +0000] "GET /products/vintage-v-neck-striped-knit-sweater/41777913/ HTTP/1.1" 200 3588 "-" "Mozilla/5.0 AppleWebKit/537.36 (KHTML, like Gecko; compatible; ClaudeBot/1.0; +claudebot@anthropic.com)"
216.73.216.213 - - [09/Jun/2026:07:58:48 +0000] "GET /products/rare-ppfm-2way-bag-army-design-waterproof/42201729/ HTTP/1.1" 200 3588 "-" "Mozilla/5.0 AppleWebKit/537.36 (KHTML, like Gecko; compatible; ClaudeBot/1.0; +claudebot@anthropic.com)"
216.73.216.213 - - [09/Jun/2026:07:58:56 +0000] "GET /products/peter-millar-blazer-mens-42s-navy-blue-wool-2-button-100-woo/36744465/ HTTP/1.1" 200 3588 "-" "Mozilla/5.0 AppleWebKit/537.36 (KHTML, like Gecko; compatible; ClaudeBot/1.0; +claudebot@anthropic.com)"
216.73.216.213 - - [09/Jun/2026:07:58:56 +0000] "GET /products/90s-levis-distressed-y2k-ripped-denim-jeans-jacket/76866393/ HTTP/1.1" 200 3588 "-" "Mozilla/5.0 AppleWebKit/537.36 (KHTML, like Gecko; compatible; ClaudeBot/1.0; +claudebot@anthropic.com)"
216.73.216.213 - - [09/Jun/2026:07:58:57 +0000] "GET /products/mm22-x-reebok-tabi-pull-on-ankle-boots-with-10cm-inflatable/12239625/ HTTP/1.1" 200 3588 "-" "Mozilla/5.0 AppleWebKit/537.36 (KHTML, like Gecko; compatible; ClaudeBot/1.0; +claudebot@anthropic.com)"
216.73.216.213 - - [09/Jun/2026:07:58:58 +0000] "GET /products/givenchy-gent-black-loafers-new-authentic-womens-size7/51785001/ HTTP/1.1" 200 3588 "-" "Mozilla/5.0 AppleWebKit/537.36 (KHTML, like Gecko; compatible; ClaudeBot/1.0; +claudebot@anthropic.com)"
216.73.216.213 - - [09/Jun/2026:07:58:58 +0000] "GET /products/vintage-y2k-denim-pocket-platform-boots/34169241/ HTTP/1.1" 200 3588 "-" "Mozilla/5.0 AppleWebKit/537.36 (KHTML, like Gecko; compatible; ClaudeBot/1.0; +claudebot@anthropic.com)"
216.73.216.213 - - [09/Jun/2026:07:58:59 +0000] "GET /products/2010s-dolce-gabbana-grey-reversible-scarf/55768977/ HTTP/1.1" 200 3588 "-" "Mozilla/5.0 AppleWebKit/537.36 (KHTML, like Gecko; compatible; ClaudeBot/1.0; +claudebot@anthropic.com)"
216.73.216.213 - - [09/Jun/2026:07:58:59 +0000] "GET /products/vintage-carlo-colucci-button-up-shirt/9197385/ HTTP/1.1" 200 3588 "-" "Mozilla/5.0 AppleWebKit/537.36 (KHTML, like Gecko; compatible; ClaudeBot/1.0; +claudebot@anthropic.com)"
216.73.216.213 - - [09/Jun/2026:07:59:00 +0000] "GET /products/black-leather-ben-lace-up-shoes/30702945/ HTTP/1.1" 200 3588 "-" "Mozilla/5.0 AppleWebKit/537.36 (KHTML, like Gecko; compatible; ClaudeBot/1.0; +claudebot@anthropic.com)"
216.73.216.213 - - [09/Jun/2026:07:59:00 +0000] "GET /products/xs-vetements-logo-printed-sweatpants/21741417/ HTTP/1.1" 200 3588 "-" "Mozilla/5.0 AppleWebKit/537.36 (KHTML, like Gecko; compatible; ClaudeBot/1.0; +claudebot@anthropic.com)"
216.73.216.213 - - [09/Jun/2026:07:59:09 +0000] "GET /products/chanel-cambon-lambskin-cigarette-case-black-womens/45884145/ HTTP/1.1" 200 3588 "-" "Mozilla/5.0 AppleWebKit/537.36 (KHTML, like Gecko; compatible; ClaudeBot/1.0; +claudebot@anthropic.com)"
216.73.216.213 - - [09/Jun/2026:07:59:09 +0000] "GET /products/j-crew-liberty-linear-bikini-set-floral-top-34d-bottom-s/38869593/ HTTP/1.1" 200 3588 "-" "Mozilla/5.0 AppleWebKit/537.36 (KHTML, like Gecko; compatible; ClaudeBot/1.0; +claudebot@anthropic.com)"
216.73.216.213 - - [09/Jun/2026:07:59:10 +0000] "GET /products/hysteric-glamour-graphic-hoodie/19999737/ HTTP/1.1" 200 3588 "-" "Mozilla/5.0 AppleWebKit/537.36 (KHTML, like Gecko; compatible; ClaudeBot/1.0; +claudebot@anthropic.com)"
216.73.216.213 - - [09/Jun/2026:07:59:10 +0000] "GET /products/vintage-90s-dolce-gabbana-cropped-denim-jacket/37807617/ HTTP/1.1" 200 3588 "-" "Mozilla/5.0 AppleWebKit/537.36 (KHTML, like Gecko; compatible; ClaudeBot/1.0; +claudebot@anthropic.com)"
216.73.216.213 - - [09/Jun/2026:07:59:11 +0000] "GET /products/fine-creek-leathers-leon-custom-shinki-13mm/45499617/ HTTP/1.1" 200 3588 "-" "Mozilla/5.0 AppleWebKit/537.36 (KHTML, like Gecko; compatible; ClaudeBot/1.0; +claudebot@anthropic.com)"
216.73.216.213 - - [09/Jun/2026:07:59:11 +0000] "GET /products/vans-old-skool-36-lx-black-marshmallow-105m/21369369/ HTTP/1.1" 200 3588 "-" "Mozilla/5.0 AppleWebKit/537.36 (KHTML, like Gecko; compatible; ClaudeBot/1.0; +claudebot@anthropic.com)"
216.73.216.213 - - [09/Jun/2026:07:59:12 +0000] "GET /products/vintage-90s-sierra-designs-wool-shirt-jacket-checked/40017465/ HTTP/1.1" 200 3588 "-" "Mozilla/5.0 AppleWebKit/537.36 (KHTML, like Gecko; compatible; ClaudeBot/1.0; +claudebot@anthropic.com)"
216.73.216.213 - - [09/Jun/2026:07:59:12 +0000] "GET /products/contrast-stretch-tee-anthropologie-white-lightweight/65963505/ HTTP/1.1" 200 3588 "-" "Mozilla/5.0 AppleWebKit/537.36 (KHTML, like Gecko; compatible; ClaudeBot/1.0; +claudebot@anthropic.com)"
216.73.216.213 - - [09/Jun/2026:07:59:13 +0000] "GET /products/loewe-campo-boat-shoe-in-brownblack/29993913/ HTTP/1.1" 200 3588 "-" "Mozilla/5.0 AppleWebKit/537.36 (KHTML, like Gecko; compatible; ClaudeBot/1.0; +claudebot@anthropic.com)"
57.141.2.64 - - [09/Jun/2026:07:59:20 +0000] "GET /products/o1y1224-logo-polo-shirt-in-ivory/30294801/ HTTP/1.1" 200 3563 "-" "meta-externalagent/1.1 (+https://developers.facebook.com/docs/sharing/webmasters/crawler)"
57.141.2.29 - - [09/Jun/2026:07:59:23 +0000] "GET /products/oc11z1025-slide-sandals-with-double-g-in-ivory/59244081/ HTTP/1.1" 200 3563 "-" "meta-externalagent/1.1 (+https://developers.facebook.com/docs/sharing/webmasters/crawler)"
57.141.2.17 - - [09/Jun/2026:07:59:54 +0000] "GET /products/rick-owens-drkshdw-oversized-patched-jumbo-tshirt/25625361/ HTTP/1.1" 200 3563 "-" "meta-externalagent/1.1 (+https://developers.facebook.com/docs/sharing/webmasters/crawler)"
57.141.2.42 - - [09/Jun/2026:07:59:55 +0000] "GET /products/bostonian-mens-oxford-loafers-size-10m/71113065/ HTTP/1.1" 200 3563 "-" "meta-externalagent/1.1 (+https://developers.facebook.com/docs/sharing/webmasters/crawler)"
57.141.2.7 - - [09/Jun/2026:08:00:01 +0000] "GET /products/japanese-brand-blue-wash-style-flare-jeans/73023417/ HTTP/1.1" 200 3563 "-" "meta-externalagent/1.1 (+https://developers.facebook.com/docs/sharing/webmasters/crawler)"
216.73.216.213 - - [09/Jun/2026:08:00:21 +0000] "GET /products/vintage-1991-warner-bross-poloshirt/52511313/ HTTP/1.1" 200 3588 "-" "Mozilla/5.0 AppleWebKit/537.36 (KHTML, like Gecko; compatible; ClaudeBot/1.0; +claudebot@anthropic.com)"
216.73.216.213 - - [09/Jun/2026:08:00:21 +0000] "GET /products/30m-leather-sandals-with-metal-cd-logo/59058369/ HTTP/1.1" 200 3588 "-" "Mozilla/5.0 AppleWebKit/537.36 (KHTML, like Gecko; compatible; ClaudeBot/1.0; +claudebot@anthropic.com)"
216.73.216.213 - - [09/Jun/2026:08:00:22 +0000] "GET /products/salvatore-ferragamo-vala-shoulder-bag-leather/47475993/ HTTP/1.1" 200 3588 "-" "Mozilla/5.0 AppleWebKit/537.36 (KHTML, like Gecko; compatible; ClaudeBot/1.0; +claudebot@anthropic.com)"
216.73.216.213 - - [09/Jun/2026:08:00:22 +0000] "GET /products/vasque-womens-size-75-sneakers-boot-beige-leather-upper-logo/32779329/ HTTP/1.1" 200 3588 "-" "Mozilla/5.0 AppleWebKit/537.36 (KHTML, like Gecko; compatible; ClaudeBot/1.0; +claudebot@anthropic.com)"
216.73.216.213 - - [09/Jun/2026:08:00:23 +0000] "GET /products/vintage-pike-brothers-1942-deck-zip-jacket-dark-blue/40134321/ HTTP/1.1" 200 3588 "-" "Mozilla/5.0 AppleWebKit/537.36 (KHTML, like Gecko; compatible; ClaudeBot/1.0; +claudebot@anthropic.com)"
216.73.216.213 - - [09/Jun/2026:08:00:23 +0000] "GET /products/chrome-hearts-vagilictorian-sunglasses/55504017/ HTTP/1.1" 200 3588 "-" "Mozilla/5.0 AppleWebKit/537.36 (KHTML, like Gecko; compatible; ClaudeBot/1.0; +claudebot@anthropic.com)"
216.73.216.213 - - [09/Jun/2026:08:00:24 +0000] "GET /products/godspeed-og-logo-brown-camo-sweats/18778353/ HTTP/1.1" 200 3588 "-" "Mozilla/5.0 AppleWebKit/537.36 (KHTML, like Gecko; compatible; ClaudeBot/1.0; +claudebot@anthropic.com)"
216.73.216.213 - - [09/Jun/2026:08:00:24 +0000] "GET /products/post-archive-faction-paf-30-technical-pants-center/13647225/ HTTP/1.1" 200 3588 "-" "Mozilla/5.0 AppleWebKit/537.36 (KHTML, like Gecko; compatible; ClaudeBot/1.0; +claudebot@anthropic.com)"
216.73.216.213 - - [09/Jun/2026:08:00:25 +0000] "GET /products/huomao-handmade-shinki-horsehide-boots/21263049/ HTTP/1.1" 200 3588 "-" "Mozilla/5.0 AppleWebKit/537.36 (KHTML, like Gecko; compatible; ClaudeBot/1.0; +claudebot@anthropic.com)"
216.73.216.213 - - [09/Jun/2026:08:00:30 +0000] "GET /products/o1s1rm0924-fedro-leather-loafers-in-white/23516697/ HTTP/1.1" 200 3588 "-" "Mozilla/5.0 AppleWebKit/537.36 (KHTML, like Gecko; compatible; ClaudeBot/1.0; +claudebot@anthropic.com)"
216.73.216.213 - - [09/Jun/2026:08:00:30 +0000] "GET /products/chanel-coco-mark-ribbon-barrette-cotton-size-24a-black/69333369/ HTTP/1.1" 200 3588 "-" "Mozilla/5.0 AppleWebKit/537.36 (KHTML, like Gecko; compatible; ClaudeBot/1.0; +claudebot@anthropic.com)"
216.73.216.213 - - [09/Jun/2026:08:00:31 +0000] "GET /products/gucci-gg-canvas-shoulder-bag-light-blue-gold/47487729/ HTTP/1.1" 200 3588 "-" "Mozilla/5.0 AppleWebKit/537.36 (KHTML, like Gecko; compatible; ClaudeBot/1.0; +claudebot@anthropic.com)"
216.73.216.213 - - [09/Jun/2026:08:00:32 +0000] "GET /products/ralph-lauren-vest-y2k-vintage/44277249/ HTTP/1.1" 200 3588 "-" "Mozilla/5.0 AppleWebKit/537.36 (KHTML, like Gecko; compatible; ClaudeBot/1.0; +claudebot@anthropic.com)"
216.73.216.213 - - [09/Jun/2026:08:00:32 +0000] "GET /products/o1bcso1str1024-size-os-bucket-bag-in-beigebrown/41150265/ HTTP/1.1" 200 3588 "-" "Mozilla/5.0 AppleWebKit/537.36 (KHTML, like Gecko; compatible; ClaudeBot/1.0; +claudebot@anthropic.com)"
216.73.216.213 - - [09/Jun/2026:08:00:33 +0000] "GET /products/warren-lotas-grey-black-hoodie/63902817/ HTTP/1.1" 200 3588 "-" "Mozilla/5.0 AppleWebKit/537.36 (KHTML, like Gecko; compatible; ClaudeBot/1.0; +claudebot@anthropic.com)"
216.73.216.213 - - [09/Jun/2026:08:00:33 +0000] "GET /products/jcrew-the-downtown-waxed-coat-size-xs/23282841/ HTTP/1.1" 200 3588 "-" "Mozilla/5.0 AppleWebKit/537.36 (KHTML, like Gecko; compatible; ClaudeBot/1.0; +claudebot@anthropic.com)"
