34.24.159.89 - - [09/Jun/2026:07:34:05 +0000] "POST //xmlrpc.php HTTP/1.1" 200 18010 "-" "Mozilla/5.0 (Windows NT 10.0; Win64; x64) AppleWebKit/537.36 (KHTML, like Gecko) Chrome/95.0.4638.69 Safari/537.36"
34.24.159.89 - - [09/Jun/2026:07:34:06 +0000] "POST //xmlrpc.php HTTP/1.1" 200 18010 "-" "Mozilla/5.0 (Windows NT 10.0; Win64; x64) AppleWebKit/537.36 (KHTML, like Gecko) Chrome/95.0.4638.69 Safari/537.36"
34.24.159.89 - - [09/Jun/2026:07:34:06 +0000] "POST //xmlrpc.php HTTP/1.1" 200 18012 "-" "Mozilla/5.0 (Windows NT 10.0; Win64; x64) AppleWebKit/537.36 (KHTML, like Gecko) Chrome/95.0.4638.69 Safari/537.36"
34.24.159.89 - - [09/Jun/2026:07:34:07 +0000] "POST //xmlrpc.php HTTP/1.1" 200 18012 "-" "Mozilla/5.0 (Windows NT 10.0; Win64; x64) AppleWebKit/537.36 (KHTML, like Gecko) Chrome/95.0.4638.69 Safari/537.36"
34.24.159.89 - - [09/Jun/2026:07:34:07 +0000] "POST //xmlrpc.php HTTP/1.1" 200 18012 "-" "Mozilla/5.0 (Windows NT 10.0; Win64; x64) AppleWebKit/537.36 (KHTML, like Gecko) Chrome/95.0.4638.69 Safari/537.36"
57.141.2.53 - - [09/Jun/2026:07:34:07 +0000] "GET /products/badgley-mischka-shirtdress-gown-nwt-sz-6/32664753/ HTTP/1.1" 200 3563 "-" "meta-externalagent/1.1 (+https://developers.facebook.com/docs/sharing/webmasters/crawler)"
34.24.159.89 - - [09/Jun/2026:07:34:08 +0000] "POST //xmlrpc.php HTTP/1.1" 200 18010 "-" "Mozilla/5.0 (Windows NT 10.0; Win64; x64) AppleWebKit/537.36 (KHTML, like Gecko) Chrome/95.0.4638.69 Safari/537.36"
34.24.159.89 - - [09/Jun/2026:07:34:08 +0000] "POST //xmlrpc.php HTTP/1.1" 200 18012 "-" "Mozilla/5.0 (Windows NT 10.0; Win64; x64) AppleWebKit/537.36 (KHTML, like Gecko) Chrome/95.0.4638.69 Safari/537.36"
34.24.159.89 - - [09/Jun/2026:07:34:09 +0000] "POST //xmlrpc.php HTTP/1.1" 200 18010 "-" "Mozilla/5.0 (Windows NT 10.0; Win64; x64) AppleWebKit/537.36 (KHTML, like Gecko) Chrome/95.0.4638.69 Safari/537.36"
34.24.159.89 - - [09/Jun/2026:07:34:10 +0000] "POST //xmlrpc.php HTTP/1.1" 200 18012 "-" "Mozilla/5.0 (Windows NT 10.0; Win64; x64) AppleWebKit/537.36 (KHTML, like Gecko) Chrome/95.0.4638.69 Safari/537.36"
34.24.159.89 - - [09/Jun/2026:07:34:10 +0000] "POST //xmlrpc.php HTTP/1.1" 200 18010 "-" "Mozilla/5.0 (Windows NT 10.0; Win64; x64) AppleWebKit/537.36 (KHTML, like Gecko) Chrome/95.0.4638.69 Safari/537.36"
57.141.2.33 - - [09/Jun/2026:07:34:10 +0000] "GET /products/a-kind-of-guise-mercer-leather-shirt/59471361/ HTTP/1.1" 200 3563 "-" "meta-externalagent/1.1 (+https://developers.facebook.com/docs/sharing/webmasters/crawler)"
34.24.159.89 - - [09/Jun/2026:07:34:11 +0000] "POST //xmlrpc.php HTTP/1.1" 200 18010 "-" "Mozilla/5.0 (Windows NT 10.0; Win64; x64) AppleWebKit/537.36 (KHTML, like Gecko) Chrome/95.0.4638.69 Safari/537.36"
139.84.174.118 - - [09/Jun/2026:07:34:12 +0000] "POST /wp-cron.php?doing_wp_cron=1780990452.0907120704650878906250 HTTP/1.1" 200 3593 "-" "WordPress/6.5.8; https://mayaver.com"
34.24.159.89 - - [09/Jun/2026:07:34:11 +0000] "POST //xmlrpc.php HTTP/1.1" 200 18010 "-" "Mozilla/5.0 (Windows NT 10.0; Win64; x64) AppleWebKit/537.36 (KHTML, like Gecko) Chrome/95.0.4638.69 Safari/537.36"
34.24.159.89 - - [09/Jun/2026:07:34:12 +0000] "POST //xmlrpc.php HTTP/1.1" 200 18010 "-" "Mozilla/5.0 (Windows NT 10.0; Win64; x64) AppleWebKit/537.36 (KHTML, like Gecko) Chrome/95.0.4638.69 Safari/537.36"
34.24.159.89 - - [09/Jun/2026:07:34:13 +0000] "POST //xmlrpc.php HTTP/1.1" 200 18010 "-" "Mozilla/5.0 (Windows NT 10.0; Win64; x64) AppleWebKit/537.36 (KHTML, like Gecko) Chrome/95.0.4638.69 Safari/537.36"
34.24.159.89 - - [09/Jun/2026:07:34:13 +0000] "POST //xmlrpc.php HTTP/1.1" 200 18010 "-" "Mozilla/5.0 (Windows NT 10.0; Win64; x64) AppleWebKit/537.36 (KHTML, like Gecko) Chrome/95.0.4638.69 Safari/537.36"
34.24.159.89 - - [09/Jun/2026:07:34:14 +0000] "POST //xmlrpc.php HTTP/1.1" 200 18010 "-" "Mozilla/5.0 (Windows NT 10.0; Win64; x64) AppleWebKit/537.36 (KHTML, like Gecko) Chrome/95.0.4638.69 Safari/537.36"
34.24.159.89 - - [09/Jun/2026:07:34:14 +0000] "POST //xmlrpc.php HTTP/1.1" 200 18012 "-" "Mozilla/5.0 (Windows NT 10.0; Win64; x64) AppleWebKit/537.36 (KHTML, like Gecko) Chrome/95.0.4638.69 Safari/537.36"
34.24.159.89 - - [09/Jun/2026:07:34:15 +0000] "POST //xmlrpc.php HTTP/1.1" 200 18010 "-" "Mozilla/5.0 (Windows NT 10.0; Win64; x64) AppleWebKit/537.36 (KHTML, like Gecko) Chrome/95.0.4638.69 Safari/537.36"
34.24.159.89 - - [09/Jun/2026:07:34:15 +0000] "POST //xmlrpc.php HTTP/1.1" 200 18010 "-" "Mozilla/5.0 (Windows NT 10.0; Win64; x64) AppleWebKit/537.36 (KHTML, like Gecko) Chrome/95.0.4638.69 Safari/537.36"
34.24.159.89 - - [09/Jun/2026:07:34:16 +0000] "POST //xmlrpc.php HTTP/1.1" 200 18010 "-" "Mozilla/5.0 (Windows NT 10.0; Win64; x64) AppleWebKit/537.36 (KHTML, like Gecko) Chrome/95.0.4638.69 Safari/537.36"
34.24.159.89 - - [09/Jun/2026:07:34:16 +0000] "POST //xmlrpc.php HTTP/1.1" 200 18010 "-" "Mozilla/5.0 (Windows NT 10.0; Win64; x64) AppleWebKit/537.36 (KHTML, like Gecko) Chrome/95.0.4638.69 Safari/537.36"
34.24.159.89 - - [09/Jun/2026:07:34:17 +0000] "POST //xmlrpc.php HTTP/1.1" 200 18010 "-" "Mozilla/5.0 (Windows NT 10.0; Win64; x64) AppleWebKit/537.36 (KHTML, like Gecko) Chrome/95.0.4638.69 Safari/537.36"
34.24.159.89 - - [09/Jun/2026:07:34:18 +0000] "POST //xmlrpc.php HTTP/1.1" 200 18010 "-" "Mozilla/5.0 (Windows NT 10.0; Win64; x64) AppleWebKit/537.36 (KHTML, like Gecko) Chrome/95.0.4638.69 Safari/537.36"
34.24.159.89 - - [09/Jun/2026:07:34:18 +0000] "POST //xmlrpc.php HTTP/1.1" 200 18010 "-" "Mozilla/5.0 (Windows NT 10.0; Win64; x64) AppleWebKit/537.36 (KHTML, like Gecko) Chrome/95.0.4638.69 Safari/537.36"
57.141.2.9 - - [09/Jun/2026:07:34:18 +0000] "GET /products/hemant-and-nandita-zaria-short-dress-in-military-green/72187929/ HTTP/1.1" 200 3563 "-" "meta-externalagent/1.1 (+https://developers.facebook.com/docs/sharing/webmasters/crawler)"
34.24.159.89 - - [09/Jun/2026:07:34:19 +0000] "POST //xmlrpc.php HTTP/1.1" 200 18010 "-" "Mozilla/5.0 (Windows NT 10.0; Win64; x64) AppleWebKit/537.36 (KHTML, like Gecko) Chrome/95.0.4638.69 Safari/537.36"
34.24.159.89 - - [09/Jun/2026:07:34:19 +0000] "POST //xmlrpc.php HTTP/1.1" 200 18012 "-" "Mozilla/5.0 (Windows NT 10.0; Win64; x64) AppleWebKit/537.36 (KHTML, like Gecko) Chrome/95.0.4638.69 Safari/537.36"
34.24.159.89 - - [09/Jun/2026:07:34:20 +0000] "POST //xmlrpc.php HTTP/1.1" 200 18010 "-" "Mozilla/5.0 (Windows NT 10.0; Win64; x64) AppleWebKit/537.36 (KHTML, like Gecko) Chrome/95.0.4638.69 Safari/537.36"
34.24.159.89 - - [09/Jun/2026:07:34:21 +0000] "POST //xmlrpc.php HTTP/1.1" 200 18010 "-" "Mozilla/5.0 (Windows NT 10.0; Win64; x64) AppleWebKit/537.36 (KHTML, like Gecko) Chrome/95.0.4638.69 Safari/537.36"
34.24.159.89 - - [09/Jun/2026:07:34:21 +0000] "POST //xmlrpc.php HTTP/1.1" 200 18010 "-" "Mozilla/5.0 (Windows NT 10.0; Win64; x64) AppleWebKit/537.36 (KHTML, like Gecko) Chrome/95.0.4638.69 Safari/537.36"
34.24.159.89 - - [09/Jun/2026:07:34:22 +0000] "POST //xmlrpc.php HTTP/1.1" 200 18012 "-" "Mozilla/5.0 (Windows NT 10.0; Win64; x64) AppleWebKit/537.36 (KHTML, like Gecko) Chrome/95.0.4638.69 Safari/537.36"
34.24.159.89 - - [09/Jun/2026:07:34:22 +0000] "POST //xmlrpc.php HTTP/1.1" 200 18010 "-" "Mozilla/5.0 (Windows NT 10.0; Win64; x64) AppleWebKit/537.36 (KHTML, like Gecko) Chrome/95.0.4638.69 Safari/537.36"
34.24.159.89 - - [09/Jun/2026:07:34:23 +0000] "POST //xmlrpc.php HTTP/1.1" 200 18010 "-" "Mozilla/5.0 (Windows NT 10.0; Win64; x64) AppleWebKit/537.36 (KHTML, like Gecko) Chrome/95.0.4638.69 Safari/537.36"
34.24.159.89 - - [09/Jun/2026:07:34:24 +0000] "POST //xmlrpc.php HTTP/1.1" 200 18012 "-" "Mozilla/5.0 (Windows NT 10.0; Win64; x64) AppleWebKit/537.36 (KHTML, like Gecko) Chrome/95.0.4638.69 Safari/537.36"
34.24.159.89 - - [09/Jun/2026:07:34:24 +0000] "POST //xmlrpc.php HTTP/1.1" 200 18010 "-" "Mozilla/5.0 (Windows NT 10.0; Win64; x64) AppleWebKit/537.36 (KHTML, like Gecko) Chrome/95.0.4638.69 Safari/537.36"
34.24.159.89 - - [09/Jun/2026:07:34:25 +0000] "POST //xmlrpc.php HTTP/1.1" 200 18012 "-" "Mozilla/5.0 (Windows NT 10.0; Win64; x64) AppleWebKit/537.36 (KHTML, like Gecko) Chrome/95.0.4638.69 Safari/537.36"
34.24.159.89 - - [09/Jun/2026:07:34:26 +0000] "POST //xmlrpc.php HTTP/1.1" 200 18010 "-" "Mozilla/5.0 (Windows NT 10.0; Win64; x64) AppleWebKit/537.36 (KHTML, like Gecko) Chrome/95.0.4638.69 Safari/537.36"
34.24.159.89 - - [09/Jun/2026:07:34:26 +0000] "POST //xmlrpc.php HTTP/1.1" 200 18010 "-" "Mozilla/5.0 (Windows NT 10.0; Win64; x64) AppleWebKit/537.36 (KHTML, like Gecko) Chrome/95.0.4638.69 Safari/537.36"
34.24.159.89 - - [09/Jun/2026:07:34:27 +0000] "POST //xmlrpc.php HTTP/1.1" 200 18010 "-" "Mozilla/5.0 (Windows NT 10.0; Win64; x64) AppleWebKit/537.36 (KHTML, like Gecko) Chrome/95.0.4638.69 Safari/537.36"
34.24.159.89 - - [09/Jun/2026:07:34:27 +0000] "POST //xmlrpc.php HTTP/1.1" 200 18010 "-" "Mozilla/5.0 (Windows NT 10.0; Win64; x64) AppleWebKit/537.36 (KHTML, like Gecko) Chrome/95.0.4638.69 Safari/537.36"
34.24.159.89 - - [09/Jun/2026:07:34:28 +0000] "POST //xmlrpc.php HTTP/1.1" 200 18012 "-" "Mozilla/5.0 (Windows NT 10.0; Win64; x64) AppleWebKit/537.36 (KHTML, like Gecko) Chrome/95.0.4638.69 Safari/537.36"
34.24.159.89 - - [09/Jun/2026:07:34:29 +0000] "POST //xmlrpc.php HTTP/1.1" 200 18010 "-" "Mozilla/5.0 (Windows NT 10.0; Win64; x64) AppleWebKit/537.36 (KHTML, like Gecko) Chrome/95.0.4638.69 Safari/537.36"
34.24.159.89 - - [09/Jun/2026:07:34:29 +0000] "POST //xmlrpc.php HTTP/1.1" 200 18012 "-" "Mozilla/5.0 (Windows NT 10.0; Win64; x64) AppleWebKit/537.36 (KHTML, like Gecko) Chrome/95.0.4638.69 Safari/537.36"
34.24.159.89 - - [09/Jun/2026:07:34:30 +0000] "POST //xmlrpc.php HTTP/1.1" 200 18010 "-" "Mozilla/5.0 (Windows NT 10.0; Win64; x64) AppleWebKit/537.36 (KHTML, like Gecko) Chrome/95.0.4638.69 Safari/537.36"
34.24.159.89 - - [09/Jun/2026:07:34:30 +0000] "POST //xmlrpc.php HTTP/1.1" 200 18010 "-" "Mozilla/5.0 (Windows NT 10.0; Win64; x64) AppleWebKit/537.36 (KHTML, like Gecko) Chrome/95.0.4638.69 Safari/537.36"
34.24.159.89 - - [09/Jun/2026:07:34:31 +0000] "POST //xmlrpc.php HTTP/1.1" 200 18010 "-" "Mozilla/5.0 (Windows NT 10.0; Win64; x64) AppleWebKit/537.36 (KHTML, like Gecko) Chrome/95.0.4638.69 Safari/537.36"
34.24.159.89 - - [09/Jun/2026:07:34:32 +0000] "POST //xmlrpc.php HTTP/1.1" 200 18010 "-" "Mozilla/5.0 (Windows NT 10.0; Win64; x64) AppleWebKit/537.36 (KHTML, like Gecko) Chrome/95.0.4638.69 Safari/537.36"
34.24.159.89 - - [09/Jun/2026:07:34:32 +0000] "POST //xmlrpc.php HTTP/1.1" 200 18010 "-" "Mozilla/5.0 (Windows NT 10.0; Win64; x64) AppleWebKit/537.36 (KHTML, like Gecko) Chrome/95.0.4638.69 Safari/537.36"
34.24.159.89 - - [09/Jun/2026:07:34:33 +0000] "POST //xmlrpc.php HTTP/1.1" 200 18010 "-" "Mozilla/5.0 (Windows NT 10.0; Win64; x64) AppleWebKit/537.36 (KHTML, like Gecko) Chrome/95.0.4638.69 Safari/537.36"
34.24.159.89 - - [09/Jun/2026:07:34:33 +0000] "POST //xmlrpc.php HTTP/1.1" 200 18010 "-" "Mozilla/5.0 (Windows NT 10.0; Win64; x64) AppleWebKit/537.36 (KHTML, like Gecko) Chrome/95.0.4638.69 Safari/537.36"
34.24.159.89 - - [09/Jun/2026:07:34:34 +0000] "POST //xmlrpc.php HTTP/1.1" 200 18010 "-" "Mozilla/5.0 (Windows NT 10.0; Win64; x64) AppleWebKit/537.36 (KHTML, like Gecko) Chrome/95.0.4638.69 Safari/537.36"
34.24.159.89 - - [09/Jun/2026:07:34:34 +0000] "POST //xmlrpc.php HTTP/1.1" 200 18010 "-" "Mozilla/5.0 (Windows NT 10.0; Win64; x64) AppleWebKit/537.36 (KHTML, like Gecko) Chrome/95.0.4638.69 Safari/537.36"
34.24.159.89 - - [09/Jun/2026:07:34:35 +0000] "POST //xmlrpc.php HTTP/1.1" 200 18010 "-" "Mozilla/5.0 (Windows NT 10.0; Win64; x64) AppleWebKit/537.36 (KHTML, like Gecko) Chrome/95.0.4638.69 Safari/537.36"
34.24.159.89 - - [09/Jun/2026:07:34:35 +0000] "POST //xmlrpc.php HTTP/1.1" 200 18010 "-" "Mozilla/5.0 (Windows NT 10.0; Win64; x64) AppleWebKit/537.36 (KHTML, like Gecko) Chrome/95.0.4638.69 Safari/537.36"
34.24.159.89 - - [09/Jun/2026:07:34:36 +0000] "POST //xmlrpc.php HTTP/1.1" 200 18010 "-" "Mozilla/5.0 (Windows NT 10.0; Win64; x64) AppleWebKit/537.36 (KHTML, like Gecko) Chrome/95.0.4638.69 Safari/537.36"
34.24.159.89 - - [09/Jun/2026:07:34:37 +0000] "POST //xmlrpc.php HTTP/1.1" 200 18010 "-" "Mozilla/5.0 (Windows NT 10.0; Win64; x64) AppleWebKit/537.36 (KHTML, like Gecko) Chrome/95.0.4638.69 Safari/537.36"
34.24.159.89 - - [09/Jun/2026:07:34:37 +0000] "POST //xmlrpc.php HTTP/1.1" 200 18012 "-" "Mozilla/5.0 (Windows NT 10.0; Win64; x64) AppleWebKit/537.36 (KHTML, like Gecko) Chrome/95.0.4638.69 Safari/537.36"
34.24.159.89 - - [09/Jun/2026:07:34:38 +0000] "POST //xmlrpc.php HTTP/1.1" 200 18010 "-" "Mozilla/5.0 (Windows NT 10.0; Win64; x64) AppleWebKit/537.36 (KHTML, like Gecko) Chrome/95.0.4638.69 Safari/537.36"
34.24.159.89 - - [09/Jun/2026:07:34:38 +0000] "POST //xmlrpc.php HTTP/1.1" 200 18010 "-" "Mozilla/5.0 (Windows NT 10.0; Win64; x64) AppleWebKit/537.36 (KHTML, like Gecko) Chrome/95.0.4638.69 Safari/537.36"
34.24.159.89 - - [09/Jun/2026:07:34:39 +0000] "POST //xmlrpc.php HTTP/1.1" 200 18010 "-" "Mozilla/5.0 (Windows NT 10.0; Win64; x64) AppleWebKit/537.36 (KHTML, like Gecko) Chrome/95.0.4638.69 Safari/537.36"
34.24.159.89 - - [09/Jun/2026:07:34:40 +0000] "POST //xmlrpc.php HTTP/1.1" 200 18010 "-" "Mozilla/5.0 (Windows NT 10.0; Win64; x64) AppleWebKit/537.36 (KHTML, like Gecko) Chrome/95.0.4638.69 Safari/537.36"
34.24.159.89 - - [09/Jun/2026:07:34:40 +0000] "POST //xmlrpc.php HTTP/1.1" 200 18010 "-" "Mozilla/5.0 (Windows NT 10.0; Win64; x64) AppleWebKit/537.36 (KHTML, like Gecko) Chrome/95.0.4638.69 Safari/537.36"
34.24.159.89 - - [09/Jun/2026:07:34:41 +0000] "POST //xmlrpc.php HTTP/1.1" 200 18010 "-" "Mozilla/5.0 (Windows NT 10.0; Win64; x64) AppleWebKit/537.36 (KHTML, like Gecko) Chrome/95.0.4638.69 Safari/537.36"
34.24.159.89 - - [09/Jun/2026:07:34:41 +0000] "POST //xmlrpc.php HTTP/1.1" 200 18010 "-" "Mozilla/5.0 (Windows NT 10.0; Win64; x64) AppleWebKit/537.36 (KHTML, like Gecko) Chrome/95.0.4638.69 Safari/537.36"
34.24.159.89 - - [09/Jun/2026:07:34:42 +0000] "POST //xmlrpc.php HTTP/1.1" 200 18012 "-" "Mozilla/5.0 (Windows NT 10.0; Win64; x64) AppleWebKit/537.36 (KHTML, like Gecko) Chrome/95.0.4638.69 Safari/537.36"
34.24.159.89 - - [09/Jun/2026:07:34:43 +0000] "POST //xmlrpc.php HTTP/1.1" 200 18010 "-" "Mozilla/5.0 (Windows NT 10.0; Win64; x64) AppleWebKit/537.36 (KHTML, like Gecko) Chrome/95.0.4638.69 Safari/537.36"
34.24.159.89 - - [09/Jun/2026:07:34:43 +0000] "POST //xmlrpc.php HTTP/1.1" 200 18012 "-" "Mozilla/5.0 (Windows NT 10.0; Win64; x64) AppleWebKit/537.36 (KHTML, like Gecko) Chrome/95.0.4638.69 Safari/537.36"
34.24.159.89 - - [09/Jun/2026:07:34:44 +0000] "POST //xmlrpc.php HTTP/1.1" 200 18010 "-" "Mozilla/5.0 (Windows NT 10.0; Win64; x64) AppleWebKit/537.36 (KHTML, like Gecko) Chrome/95.0.4638.69 Safari/537.36"
57.141.2.56 - - [09/Jun/2026:07:34:44 +0000] "GET /products/red-ear-paul-smith-casual-jacket-8371-006/59613081/ HTTP/1.1" 200 3563 "-" "meta-externalagent/1.1 (+https://developers.facebook.com/docs/sharing/webmasters/crawler)"
34.24.159.89 - - [09/Jun/2026:07:34:44 +0000] "POST //xmlrpc.php HTTP/1.1" 200 18010 "-" "Mozilla/5.0 (Windows NT 10.0; Win64; x64) AppleWebKit/537.36 (KHTML, like Gecko) Chrome/95.0.4638.69 Safari/537.36"
34.24.159.89 - - [09/Jun/2026:07:34:45 +0000] "POST //xmlrpc.php HTTP/1.1" 200 18010 "-" "Mozilla/5.0 (Windows NT 10.0; Win64; x64) AppleWebKit/537.36 (KHTML, like Gecko) Chrome/95.0.4638.69 Safari/537.36"
34.24.159.89 - - [09/Jun/2026:07:34:46 +0000] "POST //xmlrpc.php HTTP/1.1" 200 18010 "-" "Mozilla/5.0 (Windows NT 10.0; Win64; x64) AppleWebKit/537.36 (KHTML, like Gecko) Chrome/95.0.4638.69 Safari/537.36"
34.24.159.89 - - [09/Jun/2026:07:34:46 +0000] "POST //xmlrpc.php HTTP/1.1" 200 18010 "-" "Mozilla/5.0 (Windows NT 10.0; Win64; x64) AppleWebKit/537.36 (KHTML, like Gecko) Chrome/95.0.4638.69 Safari/537.36"
34.24.159.89 - - [09/Jun/2026:07:34:47 +0000] "POST //xmlrpc.php HTTP/1.1" 200 18010 "-" "Mozilla/5.0 (Windows NT 10.0; Win64; x64) AppleWebKit/537.36 (KHTML, like Gecko) Chrome/95.0.4638.69 Safari/537.36"
34.24.159.89 - - [09/Jun/2026:07:34:47 +0000] "POST //xmlrpc.php HTTP/1.1" 200 18010 "-" "Mozilla/5.0 (Windows NT 10.0; Win64; x64) AppleWebKit/537.36 (KHTML, like Gecko) Chrome/95.0.4638.69 Safari/537.36"
34.24.159.89 - - [09/Jun/2026:07:34:48 +0000] "POST //xmlrpc.php HTTP/1.1" 200 18012 "-" "Mozilla/5.0 (Windows NT 10.0; Win64; x64) AppleWebKit/537.36 (KHTML, like Gecko) Chrome/95.0.4638.69 Safari/537.36"
34.24.159.89 - - [09/Jun/2026:07:34:48 +0000] "POST //xmlrpc.php HTTP/1.1" 200 18010 "-" "Mozilla/5.0 (Windows NT 10.0; Win64; x64) AppleWebKit/537.36 (KHTML, like Gecko) Chrome/95.0.4638.69 Safari/537.36"
34.24.159.89 - - [09/Jun/2026:07:34:49 +0000] "POST //xmlrpc.php HTTP/1.1" 200 18010 "-" "Mozilla/5.0 (Windows NT 10.0; Win64; x64) AppleWebKit/537.36 (KHTML, like Gecko) Chrome/95.0.4638.69 Safari/537.36"
34.24.159.89 - - [09/Jun/2026:07:34:50 +0000] "POST //xmlrpc.php HTTP/1.1" 200 18010 "-" "Mozilla/5.0 (Windows NT 10.0; Win64; x64) AppleWebKit/537.36 (KHTML, like Gecko) Chrome/95.0.4638.69 Safari/537.36"
34.24.159.89 - - [09/Jun/2026:07:34:50 +0000] "POST //xmlrpc.php HTTP/1.1" 200 18012 "-" "Mozilla/5.0 (Windows NT 10.0; Win64; x64) AppleWebKit/537.36 (KHTML, like Gecko) Chrome/95.0.4638.69 Safari/537.36"
34.24.159.89 - - [09/Jun/2026:07:34:51 +0000] "POST //xmlrpc.php HTTP/1.1" 200 18010 "-" "Mozilla/5.0 (Windows NT 10.0; Win64; x64) AppleWebKit/537.36 (KHTML, like Gecko) Chrome/95.0.4638.69 Safari/537.36"
34.24.159.89 - - [09/Jun/2026:07:34:51 +0000] "POST //xmlrpc.php HTTP/1.1" 200 18010 "-" "Mozilla/5.0 (Windows NT 10.0; Win64; x64) AppleWebKit/537.36 (KHTML, like Gecko) Chrome/95.0.4638.69 Safari/537.36"
57.141.2.53 - - [09/Jun/2026:07:34:51 +0000] "GET /products/givenchy-sunglasses-black-star-designer-glasses-luxury-rare/78893817/ HTTP/1.1" 200 3563 "-" "meta-externalagent/1.1 (+https://developers.facebook.com/docs/sharing/webmasters/crawler)"
34.24.159.89 - - [09/Jun/2026:07:34:52 +0000] "POST //xmlrpc.php HTTP/1.1" 200 18010 "-" "Mozilla/5.0 (Windows NT 10.0; Win64; x64) AppleWebKit/537.36 (KHTML, like Gecko) Chrome/95.0.4638.69 Safari/537.36"
34.24.159.89 - - [09/Jun/2026:07:34:53 +0000] "POST //xmlrpc.php HTTP/1.1" 200 18010 "-" "Mozilla/5.0 (Windows NT 10.0; Win64; x64) AppleWebKit/537.36 (KHTML, like Gecko) Chrome/95.0.4638.69 Safari/537.36"
34.24.159.89 - - [09/Jun/2026:07:34:53 +0000] "POST //xmlrpc.php HTTP/1.1" 200 18010 "-" "Mozilla/5.0 (Windows NT 10.0; Win64; x64) AppleWebKit/537.36 (KHTML, like Gecko) Chrome/95.0.4638.69 Safari/537.36"
34.24.159.89 - - [09/Jun/2026:07:34:54 +0000] "POST //xmlrpc.php HTTP/1.1" 200 18010 "-" "Mozilla/5.0 (Windows NT 10.0; Win64; x64) AppleWebKit/537.36 (KHTML, like Gecko) Chrome/95.0.4638.69 Safari/537.36"
34.24.159.89 - - [09/Jun/2026:07:34:54 +0000] "POST //xmlrpc.php HTTP/1.1" 200 18010 "-" "Mozilla/5.0 (Windows NT 10.0; Win64; x64) AppleWebKit/537.36 (KHTML, like Gecko) Chrome/95.0.4638.69 Safari/537.36"
34.24.159.89 - - [09/Jun/2026:07:34:55 +0000] "POST //xmlrpc.php HTTP/1.1" 200 18010 "-" "Mozilla/5.0 (Windows NT 10.0; Win64; x64) AppleWebKit/537.36 (KHTML, like Gecko) Chrome/95.0.4638.69 Safari/537.36"
34.24.159.89 - - [09/Jun/2026:07:34:56 +0000] "POST //xmlrpc.php HTTP/1.1" 200 18010 "-" "Mozilla/5.0 (Windows NT 10.0; Win64; x64) AppleWebKit/537.36 (KHTML, like Gecko) Chrome/95.0.4638.69 Safari/537.36"
34.24.159.89 - - [09/Jun/2026:07:34:56 +0000] "POST //xmlrpc.php HTTP/1.1" 200 18012 "-" "Mozilla/5.0 (Windows NT 10.0; Win64; x64) AppleWebKit/537.36 (KHTML, like Gecko) Chrome/95.0.4638.69 Safari/537.36"
57.141.2.9 - - [09/Jun/2026:07:34:56 +0000] "GET /products/tiffany-co-tiffany-metropolis-925-silver-necklace-precious-m/69730689/ HTTP/1.1" 200 3563 "-" "meta-externalagent/1.1 (+https://developers.facebook.com/docs/sharing/webmasters/crawler)"
34.24.159.89 - - [09/Jun/2026:07:34:57 +0000] "POST //xmlrpc.php HTTP/1.1" 200 18010 "-" "Mozilla/5.0 (Windows NT 10.0; Win64; x64) AppleWebKit/537.36 (KHTML, like Gecko) Chrome/95.0.4638.69 Safari/537.36"
34.24.159.89 - - [09/Jun/2026:07:34:57 +0000] "POST //xmlrpc.php HTTP/1.1" 200 18010 "-" "Mozilla/5.0 (Windows NT 10.0; Win64; x64) AppleWebKit/537.36 (KHTML, like Gecko) Chrome/95.0.4638.69 Safari/537.36"
34.24.159.89 - - [09/Jun/2026:07:34:58 +0000] "POST //xmlrpc.php HTTP/1.1" 200 18010 "-" "Mozilla/5.0 (Windows NT 10.0; Win64; x64) AppleWebKit/537.36 (KHTML, like Gecko) Chrome/95.0.4638.69 Safari/537.36"
34.24.159.89 - - [09/Jun/2026:07:34:59 +0000] "POST //xmlrpc.php HTTP/1.1" 200 18010 "-" "Mozilla/5.0 (Windows NT 10.0; Win64; x64) AppleWebKit/537.36 (KHTML, like Gecko) Chrome/95.0.4638.69 Safari/537.36"
34.24.159.89 - - [09/Jun/2026:07:34:59 +0000] "POST //xmlrpc.php HTTP/1.1" 200 18010 "-" "Mozilla/5.0 (Windows NT 10.0; Win64; x64) AppleWebKit/537.36 (KHTML, like Gecko) Chrome/95.0.4638.69 Safari/537.36"
34.24.159.89 - - [09/Jun/2026:07:35:00 +0000] "POST //xmlrpc.php HTTP/1.1" 200 18010 "-" "Mozilla/5.0 (Windows NT 10.0; Win64; x64) AppleWebKit/537.36 (KHTML, like Gecko) Chrome/95.0.4638.69 Safari/537.36"
34.24.159.89 - - [09/Jun/2026:07:35:01 +0000] "POST //xmlrpc.php HTTP/1.1" 200 18010 "-" "Mozilla/5.0 (Windows NT 10.0; Win64; x64) AppleWebKit/537.36 (KHTML, like Gecko) Chrome/95.0.4638.69 Safari/537.36"
34.24.159.89 - - [09/Jun/2026:07:35:01 +0000] "POST //xmlrpc.php HTTP/1.1" 200 18010 "-" "Mozilla/5.0 (Windows NT 10.0; Win64; x64) AppleWebKit/537.36 (KHTML, like Gecko) Chrome/95.0.4638.69 Safari/537.36"
57.141.2.43 - - [09/Jun/2026:07:35:01 +0000] "GET /products/vintage-kimono-dragon-japanese-traditional/22871001/ HTTP/1.1" 200 3563 "-" "meta-externalagent/1.1 (+https://developers.facebook.com/docs/sharing/webmasters/crawler)"
34.24.159.89 - - [09/Jun/2026:07:35:02 +0000] "POST //xmlrpc.php HTTP/1.1" 200 18010 "-" "Mozilla/5.0 (Windows NT 10.0; Win64; x64) AppleWebKit/537.36 (KHTML, like Gecko) Chrome/95.0.4638.69 Safari/537.36"
34.24.159.89 - - [09/Jun/2026:07:35:02 +0000] "POST //xmlrpc.php HTTP/1.1" 200 18010 "-" "Mozilla/5.0 (Windows NT 10.0; Win64; x64) AppleWebKit/537.36 (KHTML, like Gecko) Chrome/95.0.4638.69 Safari/537.36"
34.24.159.89 - - [09/Jun/2026:07:35:03 +0000] "POST //xmlrpc.php HTTP/1.1" 200 18010 "-" "Mozilla/5.0 (Windows NT 10.0; Win64; x64) AppleWebKit/537.36 (KHTML, like Gecko) Chrome/95.0.4638.69 Safari/537.36"
34.24.159.89 - - [09/Jun/2026:07:35:04 +0000] "POST //xmlrpc.php HTTP/1.1" 200 18010 "-" "Mozilla/5.0 (Windows NT 10.0; Win64; x64) AppleWebKit/537.36 (KHTML, like Gecko) Chrome/95.0.4638.69 Safari/537.36"
34.24.159.89 - - [09/Jun/2026:07:35:04 +0000] "POST //xmlrpc.php HTTP/1.1" 200 18010 "-" "Mozilla/5.0 (Windows NT 10.0; Win64; x64) AppleWebKit/537.36 (KHTML, like Gecko) Chrome/95.0.4638.69 Safari/537.36"
34.24.159.89 - - [09/Jun/2026:07:35:05 +0000] "POST //xmlrpc.php HTTP/1.1" 200 18010 "-" "Mozilla/5.0 (Windows NT 10.0; Win64; x64) AppleWebKit/537.36 (KHTML, like Gecko) Chrome/95.0.4638.69 Safari/537.36"
34.24.159.89 - - [09/Jun/2026:07:35:05 +0000] "POST //xmlrpc.php HTTP/1.1" 200 18010 "-" "Mozilla/5.0 (Windows NT 10.0; Win64; x64) AppleWebKit/537.36 (KHTML, like Gecko) Chrome/95.0.4638.69 Safari/537.36"
34.24.159.89 - - [09/Jun/2026:07:35:06 +0000] "POST //xmlrpc.php HTTP/1.1" 200 18010 "-" "Mozilla/5.0 (Windows NT 10.0; Win64; x64) AppleWebKit/537.36 (KHTML, like Gecko) Chrome/95.0.4638.69 Safari/537.36"
34.24.159.89 - - [09/Jun/2026:07:35:07 +0000] "POST //xmlrpc.php HTTP/1.1" 200 18010 "-" "Mozilla/5.0 (Windows NT 10.0; Win64; x64) AppleWebKit/537.36 (KHTML, like Gecko) Chrome/95.0.4638.69 Safari/537.36"
34.24.159.89 - - [09/Jun/2026:07:35:07 +0000] "POST //xmlrpc.php HTTP/1.1" 200 18010 "-" "Mozilla/5.0 (Windows NT 10.0; Win64; x64) AppleWebKit/537.36 (KHTML, like Gecko) Chrome/95.0.4638.69 Safari/537.36"
57.141.2.2 - - [09/Jun/2026:07:35:07 +0000] "GET /products/washington-wool-formal-blazer-waistcoat-suit-eu42ukus32r/77799033/ HTTP/1.1" 200 3563 "-" "meta-externalagent/1.1 (+https://developers.facebook.com/docs/sharing/webmasters/crawler)"
34.24.159.89 - - [09/Jun/2026:07:35:08 +0000] "POST //xmlrpc.php HTTP/1.1" 200 18010 "-" "Mozilla/5.0 (Windows NT 10.0; Win64; x64) AppleWebKit/537.36 (KHTML, like Gecko) Chrome/95.0.4638.69 Safari/537.36"
34.24.159.89 - - [09/Jun/2026:07:35:08 +0000] "POST //xmlrpc.php HTTP/1.1" 200 18010 "-" "Mozilla/5.0 (Windows NT 10.0; Win64; x64) AppleWebKit/537.36 (KHTML, like Gecko) Chrome/95.0.4638.69 Safari/537.36"
34.24.159.89 - - [09/Jun/2026:07:35:09 +0000] "POST //xmlrpc.php HTTP/1.1" 200 18010 "-" "Mozilla/5.0 (Windows NT 10.0; Win64; x64) AppleWebKit/537.36 (KHTML, like Gecko) Chrome/95.0.4638.69 Safari/537.36"
34.24.159.89 - - [09/Jun/2026:07:35:10 +0000] "POST //xmlrpc.php HTTP/1.1" 200 18010 "-" "Mozilla/5.0 (Windows NT 10.0; Win64; x64) AppleWebKit/537.36 (KHTML, like Gecko) Chrome/95.0.4638.69 Safari/537.36"
34.24.159.89 - - [09/Jun/2026:07:35:10 +0000] "POST //xmlrpc.php HTTP/1.1" 200 18010 "-" "Mozilla/5.0 (Windows NT 10.0; Win64; x64) AppleWebKit/537.36 (KHTML, like Gecko) Chrome/95.0.4638.69 Safari/537.36"
34.24.159.89 - - [09/Jun/2026:07:35:11 +0000] "POST //xmlrpc.php HTTP/1.1" 200 18010 "-" "Mozilla/5.0 (Windows NT 10.0; Win64; x64) AppleWebKit/537.36 (KHTML, like Gecko) Chrome/95.0.4638.69 Safari/537.36"
34.24.159.89 - - [09/Jun/2026:07:35:11 +0000] "POST //xmlrpc.php HTTP/1.1" 200 18010 "-" "Mozilla/5.0 (Windows NT 10.0; Win64; x64) AppleWebKit/537.36 (KHTML, like Gecko) Chrome/95.0.4638.69 Safari/537.36"
139.84.174.118 - - [09/Jun/2026:07:35:12 +0000] "POST /wp-cron.php?doing_wp_cron=1780990512.5876770019531250000000 HTTP/1.1" 200 3593 "-" "WordPress/6.5.8; https://mayaver.com"
34.24.159.89 - - [09/Jun/2026:07:35:12 +0000] "POST //xmlrpc.php HTTP/1.1" 200 18010 "-" "Mozilla/5.0 (Windows NT 10.0; Win64; x64) AppleWebKit/537.36 (KHTML, like Gecko) Chrome/95.0.4638.69 Safari/537.36"
34.24.159.89 - - [09/Jun/2026:07:35:12 +0000] "POST //xmlrpc.php HTTP/1.1" 200 18010 "-" "Mozilla/5.0 (Windows NT 10.0; Win64; x64) AppleWebKit/537.36 (KHTML, like Gecko) Chrome/95.0.4638.69 Safari/537.36"
34.24.159.89 - - [09/Jun/2026:07:35:13 +0000] "POST //xmlrpc.php HTTP/1.1" 200 18012 "-" "Mozilla/5.0 (Windows NT 10.0; Win64; x64) AppleWebKit/537.36 (KHTML, like Gecko) Chrome/95.0.4638.69 Safari/537.36"
34.24.159.89 - - [09/Jun/2026:07:35:14 +0000] "POST //xmlrpc.php HTTP/1.1" 200 18010 "-" "Mozilla/5.0 (Windows NT 10.0; Win64; x64) AppleWebKit/537.36 (KHTML, like Gecko) Chrome/95.0.4638.69 Safari/537.36"
34.24.159.89 - - [09/Jun/2026:07:35:14 +0000] "POST //xmlrpc.php HTTP/1.1" 200 18012 "-" "Mozilla/5.0 (Windows NT 10.0; Win64; x64) AppleWebKit/537.36 (KHTML, like Gecko) Chrome/95.0.4638.69 Safari/537.36"
57.141.2.36 - - [09/Jun/2026:07:35:14 +0000] "GET /products/lb-03-mlb-la-dodgers-spellout-light-womens-jeans/65311737/ HTTP/1.1" 200 3563 "-" "meta-externalagent/1.1 (+https://developers.facebook.com/docs/sharing/webmasters/crawler)"
34.24.159.89 - - [09/Jun/2026:07:35:15 +0000] "POST //xmlrpc.php HTTP/1.1" 200 18012 "-" "Mozilla/5.0 (Windows NT 10.0; Win64; x64) AppleWebKit/537.36 (KHTML, like Gecko) Chrome/95.0.4638.69 Safari/537.36"
34.24.159.89 - - [09/Jun/2026:07:35:15 +0000] "POST //xmlrpc.php HTTP/1.1" 200 18010 "-" "Mozilla/5.0 (Windows NT 10.0; Win64; x64) AppleWebKit/537.36 (KHTML, like Gecko) Chrome/95.0.4638.69 Safari/537.36"
34.24.159.89 - - [09/Jun/2026:07:35:16 +0000] "POST //xmlrpc.php HTTP/1.1" 200 18010 "-" "Mozilla/5.0 (Windows NT 10.0; Win64; x64) AppleWebKit/537.36 (KHTML, like Gecko) Chrome/95.0.4638.69 Safari/537.36"
34.24.159.89 - - [09/Jun/2026:07:35:17 +0000] "POST //xmlrpc.php HTTP/1.1" 200 18010 "-" "Mozilla/5.0 (Windows NT 10.0; Win64; x64) AppleWebKit/537.36 (KHTML, like Gecko) Chrome/95.0.4638.69 Safari/537.36"
34.24.159.89 - - [09/Jun/2026:07:35:17 +0000] "POST //xmlrpc.php HTTP/1.1" 200 18010 "-" "Mozilla/5.0 (Windows NT 10.0; Win64; x64) AppleWebKit/537.36 (KHTML, like Gecko) Chrome/95.0.4638.69 Safari/537.36"
34.24.159.89 - - [09/Jun/2026:07:35:18 +0000] "POST //xmlrpc.php HTTP/1.1" 200 18010 "-" "Mozilla/5.0 (Windows NT 10.0; Win64; x64) AppleWebKit/537.36 (KHTML, like Gecko) Chrome/95.0.4638.69 Safari/537.36"
34.24.159.89 - - [09/Jun/2026:07:35:18 +0000] "POST //xmlrpc.php HTTP/1.1" 200 18010 "-" "Mozilla/5.0 (Windows NT 10.0; Win64; x64) AppleWebKit/537.36 (KHTML, like Gecko) Chrome/95.0.4638.69 Safari/537.36"
34.24.159.89 - - [09/Jun/2026:07:35:19 +0000] "POST //xmlrpc.php HTTP/1.1" 200 18010 "-" "Mozilla/5.0 (Windows NT 10.0; Win64; x64) AppleWebKit/537.36 (KHTML, like Gecko) Chrome/95.0.4638.69 Safari/537.36"
34.24.159.89 - - [09/Jun/2026:07:35:19 +0000] "POST //xmlrpc.php HTTP/1.1" 200 18010 "-" "Mozilla/5.0 (Windows NT 10.0; Win64; x64) AppleWebKit/537.36 (KHTML, like Gecko) Chrome/95.0.4638.69 Safari/537.36"
34.24.159.89 - - [09/Jun/2026:07:35:20 +0000] "POST //xmlrpc.php HTTP/1.1" 200 18010 "-" "Mozilla/5.0 (Windows NT 10.0; Win64; x64) AppleWebKit/537.36 (KHTML, like Gecko) Chrome/95.0.4638.69 Safari/537.36"
57.141.2.28 - - [09/Jun/2026:07:35:20 +0000] "GET /products/other-mina-perhonen-flower-basket-skirt-cotton-skirts-duty-f/49243449/ HTTP/1.1" 200 3563 "-" "meta-externalagent/1.1 (+https://developers.facebook.com/docs/sharing/webmasters/crawler)"
34.24.159.89 - - [09/Jun/2026:07:35:21 +0000] "POST //xmlrpc.php HTTP/1.1" 200 18010 "-" "Mozilla/5.0 (Windows NT 10.0; Win64; x64) AppleWebKit/537.36 (KHTML, like Gecko) Chrome/95.0.4638.69 Safari/537.36"
34.24.159.89 - - [09/Jun/2026:07:35:21 +0000] "POST //xmlrpc.php HTTP/1.1" 200 18010 "-" "Mozilla/5.0 (Windows NT 10.0; Win64; x64) AppleWebKit/537.36 (KHTML, like Gecko) Chrome/95.0.4638.69 Safari/537.36"
34.24.159.89 - - [09/Jun/2026:07:35:22 +0000] "POST //xmlrpc.php HTTP/1.1" 200 18010 "-" "Mozilla/5.0 (Windows NT 10.0; Win64; x64) AppleWebKit/537.36 (KHTML, like Gecko) Chrome/95.0.4638.69 Safari/537.36"
34.24.159.89 - - [09/Jun/2026:07:35:22 +0000] "POST //xmlrpc.php HTTP/1.1" 200 18010 "-" "Mozilla/5.0 (Windows NT 10.0; Win64; x64) AppleWebKit/537.36 (KHTML, like Gecko) Chrome/95.0.4638.69 Safari/537.36"
34.24.159.89 - - [09/Jun/2026:07:35:23 +0000] "POST //xmlrpc.php HTTP/1.1" 200 18010 "-" "Mozilla/5.0 (Windows NT 10.0; Win64; x64) AppleWebKit/537.36 (KHTML, like Gecko) Chrome/95.0.4638.69 Safari/537.36"
34.24.159.89 - - [09/Jun/2026:07:35:24 +0000] "POST //xmlrpc.php HTTP/1.1" 200 18010 "-" "Mozilla/5.0 (Windows NT 10.0; Win64; x64) AppleWebKit/537.36 (KHTML, like Gecko) Chrome/95.0.4638.69 Safari/537.36"
34.24.159.89 - - [09/Jun/2026:07:35:24 +0000] "POST //xmlrpc.php HTTP/1.1" 200 18010 "-" "Mozilla/5.0 (Windows NT 10.0; Win64; x64) AppleWebKit/537.36 (KHTML, like Gecko) Chrome/95.0.4638.69 Safari/537.36"
34.24.159.89 - - [09/Jun/2026:07:35:25 +0000] "POST //xmlrpc.php HTTP/1.1" 200 18010 "-" "Mozilla/5.0 (Windows NT 10.0; Win64; x64) AppleWebKit/537.36 (KHTML, like Gecko) Chrome/95.0.4638.69 Safari/537.36"
34.24.159.89 - - [09/Jun/2026:07:35:25 +0000] "POST //xmlrpc.php HTTP/1.1" 200 18010 "-" "Mozilla/5.0 (Windows NT 10.0; Win64; x64) AppleWebKit/537.36 (KHTML, like Gecko) Chrome/95.0.4638.69 Safari/537.36"
34.24.159.89 - - [09/Jun/2026:07:35:26 +0000] "POST //xmlrpc.php HTTP/1.1" 200 18012 "-" "Mozilla/5.0 (Windows NT 10.0; Win64; x64) AppleWebKit/537.36 (KHTML, like Gecko) Chrome/95.0.4638.69 Safari/537.36"
34.24.159.89 - - [09/Jun/2026:07:35:26 +0000] "POST //xmlrpc.php HTTP/1.1" 200 18010 "-" "Mozilla/5.0 (Windows NT 10.0; Win64; x64) AppleWebKit/537.36 (KHTML, like Gecko) Chrome/95.0.4638.69 Safari/537.36"
34.24.159.89 - - [09/Jun/2026:07:35:27 +0000] "POST //xmlrpc.php HTTP/1.1" 200 18010 "-" "Mozilla/5.0 (Windows NT 10.0; Win64; x64) AppleWebKit/537.36 (KHTML, like Gecko) Chrome/95.0.4638.69 Safari/537.36"
34.24.159.89 - - [09/Jun/2026:07:35:29 +0000] "POST //xmlrpc.php HTTP/1.1" 200 18010 "-" "Mozilla/5.0 (Windows NT 10.0; Win64; x64) AppleWebKit/537.36 (KHTML, like Gecko) Chrome/95.0.4638.69 Safari/537.36"
57.141.2.50 - - [09/Jun/2026:07:35:50 +0000] "GET /products/vintage-lacoste-striped-knitted-wool-sweater/68790033/ HTTP/1.1" 200 3563 "-" "meta-externalagent/1.1 (+https://developers.facebook.com/docs/sharing/webmasters/crawler)"
57.141.2.4 - - [09/Jun/2026:07:36:03 +0000] "GET /products/yohji-yamamoto-x-cherevichkiotvichki-leather-derby-shoes/36407505/ HTTP/1.1" 200 3563 "-" "meta-externalagent/1.1 (+https://developers.facebook.com/docs/sharing/webmasters/crawler)"
57.141.2.14 - - [09/Jun/2026:07:36:14 +0000] "GET /products/fear-of-god-california-slip-on-concrete-used/71087649/ HTTP/1.1" 200 3563 "-" "meta-externalagent/1.1 (+https://developers.facebook.com/docs/sharing/webmasters/crawler)"
57.141.2.57 - - [09/Jun/2026:07:36:20 +0000] "GET /products/jordan-13s-retro-wheats-size-10/29836713/ HTTP/1.1" 200 3563 "-" "meta-externalagent/1.1 (+https://developers.facebook.com/docs/sharing/webmasters/crawler)"
57.141.2.18 - - [09/Jun/2026:07:36:32 +0000] "GET /products/fendi-8m0395-logo-compact-wallet-tri-fold-leather-womens-bla/26938569/ HTTP/1.1" 200 3563 "-" "meta-externalagent/1.1 (+https://developers.facebook.com/docs/sharing/webmasters/crawler)"
57.141.2.10 - - [09/Jun/2026:07:36:35 +0000] "GET /products/lympia-mule-in-oshkosh-canvas/59299761/ HTTP/1.1" 200 3563 "-" "meta-externalagent/1.1 (+https://developers.facebook.com/docs/sharing/webmasters/crawler)"
57.141.2.70 - - [09/Jun/2026:07:36:40 +0000] "GET /products/vintage-military-army-sun-faded-cargo-pants/68263449/ HTTP/1.1" 200 3563 "-" "meta-externalagent/1.1 (+https://developers.facebook.com/docs/sharing/webmasters/crawler)"
57.141.2.45 - - [09/Jun/2026:07:36:47 +0000] "GET /products/diesel-hook-tie-dye-oversized-hoodie/60017961/ HTTP/1.1" 200 3563 "-" "meta-externalagent/1.1 (+https://developers.facebook.com/docs/sharing/webmasters/crawler)"
57.141.2.18 - - [09/Jun/2026:07:36:51 +0000] "GET /products/vintage-squaw-valley-cardigan-sweater-womens-large-petite-bl/41583033/ HTTP/1.1" 200 3563 "-" "meta-externalagent/1.1 (+https://developers.facebook.com/docs/sharing/webmasters/crawler)"
57.141.2.2 - - [09/Jun/2026:07:36:54 +0000] "GET /products/woolrich-14-zip-double-weave-sweatshirt-womens-size-xl-red-v/54154977/ HTTP/1.1" 200 3563 "-" "meta-externalagent/1.1 (+https://developers.facebook.com/docs/sharing/webmasters/crawler)"
57.141.2.66 - - [09/Jun/2026:07:36:56 +0000] "GET /products/o1srvl11e0225-marshmallow-sandals-in-yellow/59264553/ HTTP/1.1" 200 3563 "-" "meta-externalagent/1.1 (+https://developers.facebook.com/docs/sharing/webmasters/crawler)"
57.141.2.46 - - [09/Jun/2026:07:36:57 +0000] "GET /products/o1s1wg110225-757358-sl80-sneakers-leather-suede/15342825/ HTTP/1.1" 200 3563 "-" "meta-externalagent/1.1 (+https://developers.facebook.com/docs/sharing/webmasters/crawler)"
57.141.2.32 - - [09/Jun/2026:07:37:04 +0000] "GET /products/dolcegabbana-dg-sailing-black-sneakers-new-authentic-men/32221593/ HTTP/1.1" 200 3563 "-" "meta-externalagent/1.1 (+https://developers.facebook.com/docs/sharing/webmasters/crawler)"
57.141.2.38 - - [09/Jun/2026:07:37:10 +0000] "GET /products/prada-black-straight-leg-pants-size-38-0089/67023657/ HTTP/1.1" 200 3563 "-" "meta-externalagent/1.1 (+https://developers.facebook.com/docs/sharing/webmasters/crawler)"
57.141.2.16 - - [09/Jun/2026:07:37:33 +0000] "GET /products/supreme-hanes-bones-thermal-pant-1-pack-m/48957249/ HTTP/1.1" 200 3563 "-" "meta-externalagent/1.1 (+https://developers.facebook.com/docs/sharing/webmasters/crawler)"
43.166.136.202 - - [09/Jun/2026:07:37:34 +0000] "GET / HTTP/1.1" 200 3521 "http://www.mayaver.com" "Mozilla/5.0 (iPhone; CPU iPhone OS 13_2_3 like Mac OS X) AppleWebKit/605.1.15 (KHTML, like Gecko) Version/13.0.3 Mobile/15E148 Safari/604.1"
57.141.2.26 - - [09/Jun/2026:07:37:43 +0000] "GET /products/harley-davidson-hensley-shirt-womens-l-115th-anniversary/65739105/ HTTP/1.1" 200 3563 "-" "meta-externalagent/1.1 (+https://developers.facebook.com/docs/sharing/webmasters/crawler)"
114.119.143.145 - - [09/Jun/2026:07:38:03 +0000] "GET /fashion HTTP/1.1" 200 3588 "https://mayaver.com/fashion-show" "Mozilla/5.0 (Linux; Android 7.0;) AppleWebKit/537.36 (HTML, like Gecko) Mobile Safari/537.36 (compatible; PetalBot;+https://webmaster.petalsearch.com/site/petalbot)"
57.141.2.53 - - [09/Jun/2026:07:38:10 +0000] "GET /products/vintage-apple-bottom-bodycon-med-dress-cold-shoulder-y2k/17603913/ HTTP/1.1" 200 3563 "-" "meta-externalagent/1.1 (+https://developers.facebook.com/docs/sharing/webmasters/crawler)"
57.141.2.60 - - [09/Jun/2026:07:38:13 +0000] "GET /products/vintage-monogram-gg-wallet-beige-purple/15814497/ HTTP/1.1" 200 3563 "-" "meta-externalagent/1.1 (+https://developers.facebook.com/docs/sharing/webmasters/crawler)"
52.167.144.169 - - [09/Jun/2026:07:38:29 +0000] "GET /products/japanese-real-words-judgment-japanese-long-sleeve/43851777/ HTTP/1.1" 200 33126 "-" "Mozilla/5.0 AppleWebKit/537.36 (KHTML, like Gecko; compatible; bingbot/2.0; +http://www.bing.com/bingbot.htm) Chrome/116.0.1938.76 Safari/537.36"
52.167.144.169 - - [09/Jun/2026:07:38:31 +0000] "GET /products/essentials-size-l-tan-cotton-nylon-logo-half-zip-jacket/50589441/ HTTP/1.1" 200 33649 "-" "Mozilla/5.0 AppleWebKit/537.36 (KHTML, like Gecko; compatible; bingbot/2.0; +http://www.bing.com/bingbot.htm) Chrome/116.0.1938.76 Safari/537.36"
52.167.144.169 - - [09/Jun/2026:07:38:33 +0000] "GET /products/bape-shark-hoodie-batting-jacket-a-bathing-ape/56369145/ HTTP/1.1" 200 33436 "-" "Mozilla/5.0 AppleWebKit/537.36 (KHTML, like Gecko; compatible; bingbot/2.0; +http://www.bing.com/bingbot.htm) Chrome/116.0.1938.76 Safari/537.36"
40.77.167.20 - - [09/Jun/2026:07:38:33 +0000] "GET /products/beige-wool-trouser/57878145/ HTTP/1.1" 200 33144 "-" "Mozilla/5.0 AppleWebKit/537.36 (KHTML, like Gecko; compatible; bingbot/2.0; +http://www.bing.com/bingbot.htm) Chrome/116.0.1938.76 Safari/537.36"
52.167.144.169 - - [09/Jun/2026:07:38:38 +0000] "GET /products/socks-black-ribbed-socks/48982401/ HTTP/1.1" 200 32128 "-" "Mozilla/5.0 AppleWebKit/537.36 (KHTML, like Gecko; compatible; bingbot/2.0; +http://www.bing.com/bingbot.htm) Chrome/116.0.1938.76 Safari/537.36"
57.141.2.29 - - [09/Jun/2026:07:38:41 +0000] "GET /products/dandy-chick-navy/29709225/ HTTP/1.1" 200 3563 "-" "meta-externalagent/1.1 (+https://developers.facebook.com/docs/sharing/webmasters/crawler)"
57.141.2.8 - - [09/Jun/2026:07:38:41 +0000] "GET /products/versace-greybrown-sneakers-new-and-authentic-mens-size11/32231913/ HTTP/1.1" 200 3563 "-" "meta-externalagent/1.1 (+https://developers.facebook.com/docs/sharing/webmasters/crawler)"
57.141.2.11 - - [09/Jun/2026:07:38:43 +0000] "GET /products/lab-pal-zileri-navy-blue-virgin-wool-striped-2-button-blazer/36502017/ HTTP/1.1" 200 3563 "-" "meta-externalagent/1.1 (+https://developers.facebook.com/docs/sharing/webmasters/crawler)"
57.141.2.53 - - [09/Jun/2026:07:39:13 +0000] "GET /products/gucci-belt/42324057/ HTTP/1.1" 200 3563 "-" "meta-externalagent/1.1 (+https://developers.facebook.com/docs/sharing/webmasters/crawler)"
114.119.146.55 - - [09/Jun/2026:07:39:26 +0000] "GET /category/plots/page/164/ HTTP/1.1" 200 3588 "https://mayaver.com/category/plots/page/35/" "Mozilla/5.0 (Linux; Android 7.0;) AppleWebKit/537.36 (HTML, like Gecko) Mobile Safari/537.36 (compatible; PetalBot;+https://webmaster.petalsearch.com/site/petalbot)"
57.141.2.43 - - [09/Jun/2026:07:39:43 +0000] "GET /products/adidas-yohji-yamamoto-y-3-vintage-shirtv281/50996553/ HTTP/1.1" 200 3563 "-" "meta-externalagent/1.1 (+https://developers.facebook.com/docs/sharing/webmasters/crawler)"
57.141.2.45 - - [09/Jun/2026:07:39:43 +0000] "GET /products/panhard-union-made-jacket/57019353/ HTTP/1.1" 200 3563 "-" "meta-externalagent/1.1 (+https://developers.facebook.com/docs/sharing/webmasters/crawler)"
57.141.2.69 - - [09/Jun/2026:07:39:44 +0000] "GET /products/rare-japan-denim-punk-vest-jacket/28738065/ HTTP/1.1" 200 3563 "-" "meta-externalagent/1.1 (+https://developers.facebook.com/docs/sharing/webmasters/crawler)"
57.141.2.70 - - [09/Jun/2026:07:40:22 +0000] "GET /products/vintage-y2k-nirvana-nevermind-tour-art-band-rock-l/51146169/ HTTP/1.1" 200 3563 "-" "meta-externalagent/1.1 (+https://developers.facebook.com/docs/sharing/webmasters/crawler)"
57.141.2.67 - - [09/Jun/2026:07:40:26 +0000] "GET /products/chrome-hearts-matty-boy-beanie/24533793/ HTTP/1.1" 200 3563 "-" "meta-externalagent/1.1 (+https://developers.facebook.com/docs/sharing/webmasters/crawler)"
66.249.77.168 - - [09/Jun/2026:07:40:30 +0000] "GET /products/loewe-denim-shorts/38236905/ HTTP/1.1" 200 32964 "-" "Mozilla/5.0 (Linux; Android 6.0.1; Nexus 5X Build/MMB29P) AppleWebKit/537.36 (KHTML, like Gecko) Chrome/148.0.7778.96 Mobile Safari/537.36 (compatible; Googlebot/2.1; +http://www.google.com/bot.html)"
114.119.146.55 - - [09/Jun/2026:07:40:49 +0000] "GET /category/plots/page/100/ HTTP/1.1" 200 3588 "https://mayaver.com/category/plots/page/98/" "Mozilla/5.0 (Linux; Android 7.0;) AppleWebKit/537.36 (HTML, like Gecko) Mobile Safari/537.36 (compatible; PetalBot;+https://webmaster.petalsearch.com/site/petalbot)"
57.141.2.65 - - [09/Jun/2026:07:41:07 +0000] "GET /products/prada-handbag/52825521/ HTTP/1.1" 200 3563 "-" "meta-externalagent/1.1 (+https://developers.facebook.com/docs/sharing/webmasters/crawler)"
57.141.2.50 - - [09/Jun/2026:07:41:18 +0000] "GET /products/marc-jacobs-stripped-shirt/13236897/ HTTP/1.1" 200 3563 "-" "meta-externalagent/1.1 (+https://developers.facebook.com/docs/sharing/webmasters/crawler)"
57.141.2.53 - - [09/Jun/2026:07:41:18 +0000] "GET /products/vintage-rock-revival-erkal-straight-denim-jeans/73167705/ HTTP/1.1" 200 3563 "-" "meta-externalagent/1.1 (+https://developers.facebook.com/docs/sharing/webmasters/crawler)"
57.141.2.38 - - [09/Jun/2026:07:41:19 +0000] "GET /products/jordan-4-retro-lakers/64664553/ HTTP/1.1" 200 3563 "-" "meta-externalagent/1.1 (+https://developers.facebook.com/docs/sharing/webmasters/crawler)"
57.141.2.66 - - [09/Jun/2026:07:41:22 +0000] "GET /products/vintage-prada-strap-red-tab-leather-loafers/71587689/ HTTP/1.1" 200 3563 "-" "meta-externalagent/1.1 (+https://developers.facebook.com/docs/sharing/webmasters/crawler)"
139.84.174.118 - - [09/Jun/2026:07:41:43 +0000] "POST /wp-cron.php?doing_wp_cron=1780990903.0019810199737548828125 HTTP/1.1" 200 3593 "-" "WordPress/6.5.8; https://mayaver.com"
213.171.208.62 - - [09/Jun/2026:07:41:42 +0000] "POST /xmlrpc.php HTTP/1.1" 200 4817 "-" "Mozilla/5.0 (X11; Fedora; Linux x86_64) AppleWebKit/537.36 (KHTML, like Gecko) Chrome/133.0.0.0 Safari/537.36"
40.77.167.6 - - [09/Jun/2026:07:41:59 +0000] "GET /products/o1loc1c0424-size-os-s0250-card-holder-in-blue/16056225/ HTTP/1.1" 200 32937 "-" "Mozilla/5.0 AppleWebKit/537.36 (KHTML, like Gecko; compatible; bingbot/2.0; +http://www.bing.com/bingbot.htm) Chrome/116.0.1938.76 Safari/537.36"
57.141.2.53 - - [09/Jun/2026:07:42:06 +0000] "GET /products/vintage-refrigiwear-mens-jacket-parka-quilted-insulated-wint/23283105/ HTTP/1.1" 200 3563 "-" "meta-externalagent/1.1 (+https://developers.facebook.com/docs/sharing/webmasters/crawler)"
57.141.2.14 - - [09/Jun/2026:07:42:10 +0000] "GET /products/wool-sweater/73243953/ HTTP/1.1" 200 3563 "-" "meta-externalagent/1.1 (+https://developers.facebook.com/docs/sharing/webmasters/crawler)"
40.77.167.6 - - [09/Jun/2026:07:42:11 +0000] "GET /products/bbc-denim-shirt-q5/13105017/ HTTP/1.1" 200 34311 "-" "Mozilla/5.0 AppleWebKit/537.36 (KHTML, like Gecko; compatible; bingbot/2.0; +http://www.bing.com/bingbot.htm) Chrome/116.0.1938.76 Safari/537.36"
57.141.2.22 - - [09/Jun/2026:07:42:32 +0000] "GET /products/zimmermann-rebellion-billow-blouse/60091161/ HTTP/1.1" 200 3563 "-" "meta-externalagent/1.1 (+https://developers.facebook.com/docs/sharing/webmasters/crawler)"
57.141.2.28 - - [09/Jun/2026:07:42:33 +0000] "GET /products/silk-satin-bomber-jacket/20404545/ HTTP/1.1" 200 3563 "-" "meta-externalagent/1.1 (+https://developers.facebook.com/docs/sharing/webmasters/crawler)"
66.249.77.160 - - [09/Jun/2026:07:42:34 +0000] "GET /goods.php?products/jimmy-choo-embossed-leather-wedge-bootie-rare-39/11533674/ HTTP/1.1" 200 3588 "-" "Mozilla/5.0 (Linux; Android 6.0.1; Nexus 5X Build/MMB29P) AppleWebKit/537.36 (KHTML, like Gecko) Chrome/148.0.7778.96 Mobile Safari/537.36 (compatible; Googlebot/2.1; +http://www.google.com/bot.html)"
57.141.2.53 - - [09/Jun/2026:07:42:49 +0000] "GET /products/00s-corrupted-continuan-las-ejecuciones-t-shirt/47128449/ HTTP/1.1" 200 3563 "-" "meta-externalagent/1.1 (+https://developers.facebook.com/docs/sharing/webmasters/crawler)"
57.141.2.64 - - [09/Jun/2026:07:42:56 +0000] "GET /products/lucky-brand-blouse-paisley-floral-long-sleeve-tunic-s-red-bl/38850057/ HTTP/1.1" 200 3563 "-" "meta-externalagent/1.1 (+https://developers.facebook.com/docs/sharing/webmasters/crawler)"
57.141.2.23 - - [09/Jun/2026:07:42:56 +0000] "GET /products/saint-laurent-paris-saint-laurent-sheer-black-frill-blouse/79053441/ HTTP/1.1" 200 3563 "-" "meta-externalagent/1.1 (+https://developers.facebook.com/docs/sharing/webmasters/crawler)"
57.141.2.40 - - [09/Jun/2026:07:42:58 +0000] "GET /products/maison-margiela-mm6-aw-20-oversized-shirt-coatjacket/26569881/ HTTP/1.1" 200 3563 "-" "meta-externalagent/1.1 (+https://developers.facebook.com/docs/sharing/webmasters/crawler)"
57.141.2.26 - - [09/Jun/2026:07:43:12 +0000] "GET /products/vintage-jpg-by-jean-paul-gaultier-mesh-long-sleeves-top/27794145/ HTTP/1.1" 200 3563 "-" "meta-externalagent/1.1 (+https://developers.facebook.com/docs/sharing/webmasters/crawler)"
57.141.2.65 - - [09/Jun/2026:07:43:23 +0000] "GET /products/vintage-nautica-denim-jacket/59369409/ HTTP/1.1" 200 3563 "-" "meta-externalagent/1.1 (+https://developers.facebook.com/docs/sharing/webmasters/crawler)"
40.77.167.26 - - [09/Jun/2026:07:43:32 +0000] "GET /products/aime-leon-dore-team-leon-scarf/55831497/ HTTP/1.1" 200 32463 "-" "Mozilla/5.0 AppleWebKit/537.36 (KHTML, like Gecko; compatible; bingbot/2.0; +http://www.bing.com/bingbot.htm) Chrome/116.0.1938.76 Safari/537.36"
57.141.2.27 - - [09/Jun/2026:07:43:38 +0000] "GET /products/nike-free-flyknit-chukka-95-purple-fireberry-639700-501/29868177/ HTTP/1.1" 200 3563 "-" "meta-externalagent/1.1 (+https://developers.facebook.com/docs/sharing/webmasters/crawler)"
57.141.2.39 - - [09/Jun/2026:07:44:03 +0000] "GET /products/unisex-washed-faded-tie-dye-punk-grunge-stain-shirt/9386745/ HTTP/1.1" 200 3563 "-" "meta-externalagent/1.1 (+https://developers.facebook.com/docs/sharing/webmasters/crawler)"
57.141.2.39 - - [09/Jun/2026:07:44:07 +0000] "GET /products/new-nicholas-maliya-space-dyed-multi-grey-sweater-sz-m/22287273/ HTTP/1.1" 200 3563 "-" "meta-externalagent/1.1 (+https://developers.facebook.com/docs/sharing/webmasters/crawler)"
57.141.2.36 - - [09/Jun/2026:07:44:26 +0000] "GET /products/balloon-t-shirt/75048513/ HTTP/1.1" 200 3563 "-" "meta-externalagent/1.1 (+https://developers.facebook.com/docs/sharing/webmasters/crawler)"
57.141.2.59 - - [09/Jun/2026:07:44:26 +0000] "GET /products/vintage-daisy-cut-off-jeans-shorts-daisy-dukes-70s-blue-1314/8540529/ HTTP/1.1" 200 3563 "-" "meta-externalagent/1.1 (+https://developers.facebook.com/docs/sharing/webmasters/crawler)"
40.77.167.6 - - [09/Jun/2026:07:44:30 +0000] "GET /products/stone-island-trousers-tag-size-30-men-usa-duties-paid/23831121/ HTTP/1.1" 200 32965 "-" "Mozilla/5.0 AppleWebKit/537.36 (KHTML, like Gecko; compatible; bingbot/2.0; +http://www.bing.com/bingbot.htm) Chrome/116.0.1938.76 Safari/537.36"
66.249.77.160 - - [09/Jun/2026:07:44:35 +0000] "GET /shop.php?products/razer-kaira-x-for-xbox-and-pc-wired-gaming-headset-for-xbox/21627252/ HTTP/1.1" 200 3588 "-" "Mozilla/5.0 (Linux; Android 6.0.1; Nexus 5X Build/MMB29P) AppleWebKit/537.36 (KHTML, like Gecko) Chrome/148.0.7778.96 Mobile Safari/537.36 (compatible; Googlebot/2.1; +http://www.google.com/bot.html)"
40.77.167.6 - - [09/Jun/2026:07:44:34 +0000] "GET /products/vintage-90s-wrangler-attractive-jacket-7-pocket/40339593/ HTTP/1.1" 200 33358 "-" "Mozilla/5.0 AppleWebKit/537.36 (KHTML, like Gecko; compatible; bingbot/2.0; +http://www.bing.com/bingbot.htm) Chrome/116.0.1938.76 Safari/537.36"
57.141.2.1 - - [09/Jun/2026:07:44:39 +0000] "GET /products/o1s1wg110126-court-classic-sl06-embroidered-sneakers-cream/32234841/ HTTP/1.1" 200 3563 "-" "meta-externalagent/1.1 (+https://developers.facebook.com/docs/sharing/webmasters/crawler)"
57.141.2.65 - - [09/Jun/2026:07:44:41 +0000] "GET /products/swinggin-slily-indigo-denim-buttonfly-straight-cut-selvedge/40652265/ HTTP/1.1" 200 3563 "-" "meta-externalagent/1.1 (+https://developers.facebook.com/docs/sharing/webmasters/crawler)"
57.141.2.64 - - [09/Jun/2026:07:44:48 +0000] "GET /products/louis-vuitton-silk-wool-letter-print-trousers-xxs/18194529/ HTTP/1.1" 200 3563 "-" "meta-externalagent/1.1 (+https://developers.facebook.com/docs/sharing/webmasters/crawler)"
94.26.106.240 - - [09/Jun/2026:07:44:57 +0000] "GET /.git/config HTTP/1.1" 200 3588 "-" "Mozilla/5.0 (Fedora; Linux i686) AppleWebKit/537.36 (KHTML, like Gecko) Chrome/130.0.0.0 Safari/537.36"
57.141.2.29 - - [09/Jun/2026:07:45:03 +0000] "GET /products/vintage-195060s-dress-sundress-circle-skirt-hawaii/51462345/ HTTP/1.1" 200 3563 "-" "meta-externalagent/1.1 (+https://developers.facebook.com/docs/sharing/webmasters/crawler)"
57.141.2.70 - - [09/Jun/2026:07:45:03 +0000] "GET /products/gucci/47451633/ HTTP/1.1" 200 3563 "-" "meta-externalagent/1.1 (+https://developers.facebook.com/docs/sharing/webmasters/crawler)"
57.141.2.29 - - [09/Jun/2026:07:45:04 +0000] "GET /products/gucci-snake-sneakers-size-us-85-uk-75/32294889/ HTTP/1.1" 200 3563 "-" "meta-externalagent/1.1 (+https://developers.facebook.com/docs/sharing/webmasters/crawler)"
57.141.2.40 - - [09/Jun/2026:07:45:10 +0000] "GET /products/durban-x-loro-piana-stripe-minimal-blazer-coat/22927449/ HTTP/1.1" 200 3563 "-" "meta-externalagent/1.1 (+https://developers.facebook.com/docs/sharing/webmasters/crawler)"
57.141.2.38 - - [09/Jun/2026:07:45:17 +0000] "GET /products/ltx-denim-retro-workwear-carpenter-hiphop-jacket/76949337/ HTTP/1.1" 200 3563 "-" "meta-externalagent/1.1 (+https://developers.facebook.com/docs/sharing/webmasters/crawler)"
