216.73.217.123 - - [10/Jun/2026:07:38:20 +0000] "GET /items/j90803625653/ HTTP/1.1" 404 115123 "-" "Mozilla/5.0 AppleWebKit/537.36 (KHTML, like Gecko; compatible; ClaudeBot/1.0; +claudebot@anthropic.com)"
216.73.217.123 - - [10/Jun/2026:07:38:20 +0000] "GET /items/e90799418240/ HTTP/1.1" 404 115123 "-" "Mozilla/5.0 AppleWebKit/537.36 (KHTML, like Gecko; compatible; ClaudeBot/1.0; +claudebot@anthropic.com)"
216.73.217.123 - - [10/Jun/2026:07:38:20 +0000] "GET /items/e90809664018/ HTTP/1.1" 404 115123 "-" "Mozilla/5.0 AppleWebKit/537.36 (KHTML, like Gecko; compatible; ClaudeBot/1.0; +claudebot@anthropic.com)"
57.141.2.25 - - [10/Jun/2026:07:38:21 +0000] "GET /products/diesel-tactical-retro-fashion-multipocket-bag-y2k/78008649/ HTTP/1.1" 404 115176 "-" "meta-externalagent/1.1 (+https://developers.facebook.com/docs/sharing/webmasters/crawler)"
216.73.217.123 - - [10/Jun/2026:07:38:21 +0000] "GET /items/f90835459325/ HTTP/1.1" 404 115123 "-" "Mozilla/5.0 AppleWebKit/537.36 (KHTML, like Gecko; compatible; ClaudeBot/1.0; +claudebot@anthropic.com)"
216.73.217.123 - - [10/Jun/2026:07:38:21 +0000] "GET /items/v908045593513/ HTTP/1.1" 404 115114 "-" "Mozilla/5.0 AppleWebKit/537.36 (KHTML, like Gecko; compatible; ClaudeBot/1.0; +claudebot@anthropic.com)"
216.73.217.123 - - [10/Jun/2026:07:38:22 +0000] "GET /items/b90803973941/ HTTP/1.1" 404 115114 "-" "Mozilla/5.0 AppleWebKit/537.36 (KHTML, like Gecko; compatible; ClaudeBot/1.0; +claudebot@anthropic.com)"
216.73.217.123 - - [10/Jun/2026:07:38:22 +0000] "GET /items/e90821745198/ HTTP/1.1" 404 115108 "-" "Mozilla/5.0 AppleWebKit/537.36 (KHTML, like Gecko; compatible; ClaudeBot/1.0; +claudebot@anthropic.com)"
74.7.227.0 - - [10/Jun/2026:07:38:21 +0000] "GET /?items%2Ff907951460865%2F HTTP/1.1" 200 38992 "https://mayaver.com/?items/f907951460865/" "Mozilla/5.0 AppleWebKit/537.36 (KHTML, like Gecko; compatible; GPTBot/1.4; +https://openai.com/gptbot)"
216.73.217.123 - - [10/Jun/2026:07:38:22 +0000] "GET /items/d908042580693/ HTTP/1.1" 404 115123 "-" "Mozilla/5.0 AppleWebKit/537.36 (KHTML, like Gecko; compatible; ClaudeBot/1.0; +claudebot@anthropic.com)"
216.73.217.123 - - [10/Jun/2026:07:38:22 +0000] "GET /items/b90832445375/ HTTP/1.1" 404 115123 "-" "Mozilla/5.0 AppleWebKit/537.36 (KHTML, like Gecko; compatible; ClaudeBot/1.0; +claudebot@anthropic.com)"
216.73.217.123 - - [10/Jun/2026:07:38:22 +0000] "GET /items/b90803584409/ HTTP/1.1" 404 115123 "-" "Mozilla/5.0 AppleWebKit/537.36 (KHTML, like Gecko; compatible; ClaudeBot/1.0; +claudebot@anthropic.com)"
216.73.217.123 - - [10/Jun/2026:07:38:23 +0000] "GET /items/f90832029665/ HTTP/1.1" 404 115123 "-" "Mozilla/5.0 AppleWebKit/537.36 (KHTML, like Gecko; compatible; ClaudeBot/1.0; +claudebot@anthropic.com)"
216.73.217.123 - - [10/Jun/2026:07:38:23 +0000] "GET /items/f90811280475/ HTTP/1.1" 404 115108 "-" "Mozilla/5.0 AppleWebKit/537.36 (KHTML, like Gecko; compatible; ClaudeBot/1.0; +claudebot@anthropic.com)"
216.73.217.123 - - [10/Jun/2026:07:38:24 +0000] "GET /items/b90809790843/ HTTP/1.1" 404 115123 "-" "Mozilla/5.0 AppleWebKit/537.36 (KHTML, like Gecko; compatible; ClaudeBot/1.0; +claudebot@anthropic.com)"
74.7.227.0 - - [10/Jun/2026:07:38:24 +0000] "GET /?items/r908453778023/ HTTP/1.1" 301 17594 "https://mayaver.com/?rename=/var/www/vhosts/mayaver.com/httpdocs/wp-content/themes/aihub/wpml-config.xml" "Mozilla/5.0 AppleWebKit/537.36 (KHTML, like Gecko; compatible; GPTBot/1.4; +https://openai.com/gptbot)"
34.245.174.145 - - [10/Jun/2026:07:38:25 +0000] "POST /xmlrpc.php HTTP/1.1" 403 4358 "-" "Mozilla/5.0 (Windows NT 10.0; Win64; x64) AppleWebKit/537.36 (KHTML, like Gecko) Chrome/114.0.0.0 Safari/537.36"
216.73.217.123 - - [10/Jun/2026:07:38:24 +0000] "GET /items/f90827680375/ HTTP/1.1" 404 115123 "-" "Mozilla/5.0 AppleWebKit/537.36 (KHTML, like Gecko; compatible; ClaudeBot/1.0; +claudebot@anthropic.com)"
216.73.217.123 - - [10/Jun/2026:07:38:24 +0000] "GET /items/d90845670261/ HTTP/1.1" 404 115108 "-" "Mozilla/5.0 AppleWebKit/537.36 (KHTML, like Gecko; compatible; ClaudeBot/1.0; +claudebot@anthropic.com)"
216.73.217.123 - - [10/Jun/2026:07:38:24 +0000] "GET /items/d90821720601/ HTTP/1.1" 404 115123 "-" "Mozilla/5.0 AppleWebKit/537.36 (KHTML, like Gecko; compatible; ClaudeBot/1.0; +claudebot@anthropic.com)"
216.73.217.123 - - [10/Jun/2026:07:38:24 +0000] "GET /items/j90803875175/ HTTP/1.1" 404 115123 "-" "Mozilla/5.0 AppleWebKit/537.36 (KHTML, like Gecko; compatible; ClaudeBot/1.0; +claudebot@anthropic.com)"
216.73.217.123 - - [10/Jun/2026:07:38:24 +0000] "GET /items/j90803987053/ HTTP/1.1" 404 115123 "-" "Mozilla/5.0 AppleWebKit/537.36 (KHTML, like Gecko; compatible; ClaudeBot/1.0; +claudebot@anthropic.com)"
216.73.217.123 - - [10/Jun/2026:07:38:24 +0000] "GET /items/e90848678488/ HTTP/1.1" 404 115114 "-" "Mozilla/5.0 AppleWebKit/537.36 (KHTML, like Gecko; compatible; ClaudeBot/1.0; +claudebot@anthropic.com)"
216.73.217.123 - - [10/Jun/2026:07:38:25 +0000] "GET /items/d90806515001/ HTTP/1.1" 404 115123 "-" "Mozilla/5.0 AppleWebKit/537.36 (KHTML, like Gecko; compatible; ClaudeBot/1.0; +claudebot@anthropic.com)"
34.245.174.145 - - [10/Jun/2026:07:38:26 +0000] "POST /xmlrpc.php HTTP/1.1" 403 4358 "-" "Mozilla/5.0 (Windows NT 10.0; Win64; x64) AppleWebKit/537.36 (KHTML, like Gecko) Chrome/114.0.0.0 Safari/537.36"
216.73.217.123 - - [10/Jun/2026:07:38:25 +0000] "GET /items/d90824733039/ HTTP/1.1" 404 115123 "-" "Mozilla/5.0 AppleWebKit/537.36 (KHTML, like Gecko; compatible; ClaudeBot/1.0; +claudebot@anthropic.com)"
216.73.217.123 - - [10/Jun/2026:07:38:25 +0000] "GET /items/j90809612231/ HTTP/1.1" 404 115123 "-" "Mozilla/5.0 AppleWebKit/537.36 (KHTML, like Gecko; compatible; ClaudeBot/1.0; +claudebot@anthropic.com)"
216.73.217.123 - - [10/Jun/2026:07:38:26 +0000] "GET /items/i908036616792/ HTTP/1.1" 404 115114 "-" "Mozilla/5.0 AppleWebKit/537.36 (KHTML, like Gecko; compatible; ClaudeBot/1.0; +claudebot@anthropic.com)"
216.73.217.123 - - [10/Jun/2026:07:38:26 +0000] "GET /items/a90817416626/ HTTP/1.1" 404 115114 "-" "Mozilla/5.0 AppleWebKit/537.36 (KHTML, like Gecko; compatible; ClaudeBot/1.0; +claudebot@anthropic.com)"
216.73.217.123 - - [10/Jun/2026:07:38:26 +0000] "GET /items/p90848509213/ HTTP/1.1" 404 115123 "-" "Mozilla/5.0 AppleWebKit/537.36 (KHTML, like Gecko; compatible; ClaudeBot/1.0; +claudebot@anthropic.com)"
74.7.227.0 - - [10/Jun/2026:07:38:25 +0000] "GET /?items%2Fr908453778023%2F HTTP/1.1" 200 38992 "https://mayaver.com/?items/r908453778023/" "Mozilla/5.0 AppleWebKit/537.36 (KHTML, like Gecko; compatible; GPTBot/1.4; +https://openai.com/gptbot)"
216.73.217.123 - - [10/Jun/2026:07:38:26 +0000] "GET /items/e90806524856/ HTTP/1.1" 404 115123 "-" "Mozilla/5.0 AppleWebKit/537.36 (KHTML, like Gecko; compatible; ClaudeBot/1.0; +claudebot@anthropic.com)"
216.73.217.123 - - [10/Jun/2026:07:38:26 +0000] "GET /items/q90803710160/ HTTP/1.1" 404 115123 "-" "Mozilla/5.0 AppleWebKit/537.36 (KHTML, like Gecko; compatible; ClaudeBot/1.0; +claudebot@anthropic.com)"
216.73.217.123 - - [10/Jun/2026:07:38:26 +0000] "GET /items/f90796167487/ HTTP/1.1" 404 115123 "-" "Mozilla/5.0 AppleWebKit/537.36 (KHTML, like Gecko; compatible; ClaudeBot/1.0; +claudebot@anthropic.com)"
216.73.217.123 - - [10/Jun/2026:07:38:27 +0000] "GET /items/c90803899556/ HTTP/1.1" 404 115114 "-" "Mozilla/5.0 AppleWebKit/537.36 (KHTML, like Gecko; compatible; ClaudeBot/1.0; +claudebot@anthropic.com)"
216.73.217.123 - - [10/Jun/2026:07:38:27 +0000] "GET /items/p908110484173/ HTTP/1.1" 404 115123 "-" "Mozilla/5.0 AppleWebKit/537.36 (KHTML, like Gecko; compatible; ClaudeBot/1.0; +claudebot@anthropic.com)"
216.73.217.123 - - [10/Jun/2026:07:38:28 +0000] "GET /items/h908113175113/ HTTP/1.1" 404 115123 "-" "Mozilla/5.0 AppleWebKit/537.36 (KHTML, like Gecko; compatible; ClaudeBot/1.0; +claudebot@anthropic.com)"
74.7.227.0 - - [10/Jun/2026:07:38:28 +0000] "GET /?items/c908353179436/ HTTP/1.1" 301 17594 "https://mayaver.com/?rename=/var/www/vhosts/mayaver.com/httpdocs/wp-content/themes/aihub/wpml-config.xml" "Mozilla/5.0 AppleWebKit/537.36 (KHTML, like Gecko; compatible; GPTBot/1.4; +https://openai.com/gptbot)"
216.73.217.123 - - [10/Jun/2026:07:38:28 +0000] "GET /items/b90848950783/ HTTP/1.1" 404 115114 "-" "Mozilla/5.0 AppleWebKit/537.36 (KHTML, like Gecko; compatible; ClaudeBot/1.0; +claudebot@anthropic.com)"
216.73.217.123 - - [10/Jun/2026:07:38:28 +0000] "GET /items/j90803928137/ HTTP/1.1" 404 115114 "-" "Mozilla/5.0 AppleWebKit/537.36 (KHTML, like Gecko; compatible; ClaudeBot/1.0; +claudebot@anthropic.com)"
216.73.217.123 - - [10/Jun/2026:07:38:28 +0000] "GET /items/f90803830009/ HTTP/1.1" 404 115123 "-" "Mozilla/5.0 AppleWebKit/537.36 (KHTML, like Gecko; compatible; ClaudeBot/1.0; +claudebot@anthropic.com)"
216.73.217.123 - - [10/Jun/2026:07:38:28 +0000] "GET /items/r90803511313/ HTTP/1.1" 404 115108 "-" "Mozilla/5.0 AppleWebKit/537.36 (KHTML, like Gecko; compatible; ClaudeBot/1.0; +claudebot@anthropic.com)"
216.73.217.123 - - [10/Jun/2026:07:38:28 +0000] "GET /items/d90835442111/ HTTP/1.1" 404 115123 "-" "Mozilla/5.0 AppleWebKit/537.36 (KHTML, like Gecko; compatible; ClaudeBot/1.0; +claudebot@anthropic.com)"
216.73.217.123 - - [10/Jun/2026:07:38:29 +0000] "GET /items/t90842978913/ HTTP/1.1" 404 115114 "-" "Mozilla/5.0 AppleWebKit/537.36 (KHTML, like Gecko; compatible; ClaudeBot/1.0; +claudebot@anthropic.com)"
216.73.217.123 - - [10/Jun/2026:07:38:29 +0000] "GET /items/f90817322693/ HTTP/1.1" 404 115114 "-" "Mozilla/5.0 AppleWebKit/537.36 (KHTML, like Gecko; compatible; ClaudeBot/1.0; +claudebot@anthropic.com)"
216.73.217.123 - - [10/Jun/2026:07:38:29 +0000] "GET /items/e90832287376/ HTTP/1.1" 404 115123 "-" "Mozilla/5.0 AppleWebKit/537.36 (KHTML, like Gecko; compatible; ClaudeBot/1.0; +claudebot@anthropic.com)"
216.73.217.123 - - [10/Jun/2026:07:38:30 +0000] "GET /items/c90793150366/ HTTP/1.1" 404 115114 "-" "Mozilla/5.0 AppleWebKit/537.36 (KHTML, like Gecko; compatible; ClaudeBot/1.0; +claudebot@anthropic.com)"
216.73.217.123 - - [10/Jun/2026:07:38:30 +0000] "GET /items/b90821747743/ HTTP/1.1" 404 115114 "-" "Mozilla/5.0 AppleWebKit/537.36 (KHTML, like Gecko; compatible; ClaudeBot/1.0; +claudebot@anthropic.com)"
216.73.217.123 - - [10/Jun/2026:07:38:30 +0000] "GET /items/z908042500713/ HTTP/1.1" 404 115123 "-" "Mozilla/5.0 AppleWebKit/537.36 (KHTML, like Gecko; compatible; ClaudeBot/1.0; +claudebot@anthropic.com)"
216.73.217.123 - - [10/Jun/2026:07:38:30 +0000] "GET /items/b90803597591/ HTTP/1.1" 404 115114 "-" "Mozilla/5.0 AppleWebKit/537.36 (KHTML, like Gecko; compatible; ClaudeBot/1.0; +claudebot@anthropic.com)"
216.73.217.123 - - [10/Jun/2026:07:38:30 +0000] "GET /items/c90848799490/ HTTP/1.1" 404 115114 "-" "Mozilla/5.0 AppleWebKit/537.36 (KHTML, like Gecko; compatible; ClaudeBot/1.0; +claudebot@anthropic.com)"
74.7.227.0 - - [10/Jun/2026:07:38:29 +0000] "GET /?items%2Fc908353179436%2F HTTP/1.1" 200 38992 "https://mayaver.com/?items/c908353179436/" "Mozilla/5.0 AppleWebKit/537.36 (KHTML, like Gecko; compatible; GPTBot/1.4; +https://openai.com/gptbot)"
216.73.217.123 - - [10/Jun/2026:07:38:31 +0000] "GET /items/c90803569928/ HTTP/1.1" 404 115123 "-" "Mozilla/5.0 AppleWebKit/537.36 (KHTML, like Gecko; compatible; ClaudeBot/1.0; +claudebot@anthropic.com)"
216.73.217.123 - - [10/Jun/2026:07:38:31 +0000] "GET /items/d90803943341/ HTTP/1.1" 404 115123 "-" "Mozilla/5.0 AppleWebKit/537.36 (KHTML, like Gecko; compatible; ClaudeBot/1.0; +claudebot@anthropic.com)"
216.73.217.123 - - [10/Jun/2026:07:38:31 +0000] "GET /items/i90809601596/ HTTP/1.1" 404 115108 "-" "Mozilla/5.0 AppleWebKit/537.36 (KHTML, like Gecko; compatible; ClaudeBot/1.0; +claudebot@anthropic.com)"
216.73.217.123 - - [10/Jun/2026:07:38:31 +0000] "GET /items/c90848839348/ HTTP/1.1" 404 115123 "-" "Mozilla/5.0 AppleWebKit/537.36 (KHTML, like Gecko; compatible; ClaudeBot/1.0; +claudebot@anthropic.com)"
74.7.227.0 - - [10/Jun/2026:07:38:33 +0000] "GET /?items/x908453751665/ HTTP/1.1" 301 17594 "https://mayaver.com/?rename=/var/www/vhosts/mayaver.com/httpdocs/wp-content/themes/aihub/wpml-config.xml" "Mozilla/5.0 AppleWebKit/537.36 (KHTML, like Gecko; compatible; GPTBot/1.4; +https://openai.com/gptbot)"
216.73.217.123 - - [10/Jun/2026:07:38:32 +0000] "GET /items/b90824874841/ HTTP/1.1" 404 115123 "-" "Mozilla/5.0 AppleWebKit/537.36 (KHTML, like Gecko; compatible; ClaudeBot/1.0; +claudebot@anthropic.com)"
216.73.217.123 - - [10/Jun/2026:07:38:32 +0000] "GET /items/v908444722513/ HTTP/1.1" 404 115123 "-" "Mozilla/5.0 AppleWebKit/537.36 (KHTML, like Gecko; compatible; ClaudeBot/1.0; +claudebot@anthropic.com)"
216.73.217.123 - - [10/Jun/2026:07:38:32 +0000] "GET /items/j90803704901/ HTTP/1.1" 404 115114 "-" "Mozilla/5.0 AppleWebKit/537.36 (KHTML, like Gecko; compatible; ClaudeBot/1.0; +claudebot@anthropic.com)"
216.73.217.123 - - [10/Jun/2026:07:38:32 +0000] "GET /items/b908036610831/ HTTP/1.1" 404 115123 "-" "Mozilla/5.0 AppleWebKit/537.36 (KHTML, like Gecko; compatible; ClaudeBot/1.0; +claudebot@anthropic.com)"
57.141.2.69 - - [10/Jun/2026:07:38:33 +0000] "GET /products/burberry-black-label-down-jacket-nova-fur-hood-black-nova/34584537/ HTTP/1.1" 404 115176 "-" "meta-externalagent/1.1 (+https://developers.facebook.com/docs/sharing/webmasters/crawler)"
216.73.217.123 - - [10/Jun/2026:07:38:33 +0000] "GET /items/e90814028804/ HTTP/1.1" 404 115123 "-" "Mozilla/5.0 AppleWebKit/537.36 (KHTML, like Gecko; compatible; ClaudeBot/1.0; +claudebot@anthropic.com)"
139.84.174.118 - - [10/Jun/2026:07:38:35 +0000] "POST /wp-cron.php?doing_wp_cron=1781077115.1131739616394042968750 HTTP/1.1" 403 4358 "-" "WordPress/6.5.8; https://mayaver.com"
216.73.217.123 - - [10/Jun/2026:07:38:33 +0000] "GET /items/e90835238012/ HTTP/1.1" 404 115123 "-" "Mozilla/5.0 AppleWebKit/537.36 (KHTML, like Gecko; compatible; ClaudeBot/1.0; +claudebot@anthropic.com)"
139.84.174.118 - - [10/Jun/2026:07:38:35 +0000] "POST /wp-cron.php?doing_wp_cron=1781077115.2782080173492431640625 HTTP/1.1" 403 4358 "-" "WordPress/6.5.8; https://mayaver.com"
216.73.217.123 - - [10/Jun/2026:07:38:33 +0000] "GET /items/d908042582877/ HTTP/1.1" 404 115114 "-" "Mozilla/5.0 AppleWebKit/537.36 (KHTML, like Gecko; compatible; ClaudeBot/1.0; +claudebot@anthropic.com)"
139.84.174.118 - - [10/Jun/2026:07:38:35 +0000] "POST /wp-cron.php?doing_wp_cron=1781077115.4663169384002685546875 HTTP/1.1" 403 4358 "-" "WordPress/6.5.8; https://mayaver.com"
139.84.174.118 - - [10/Jun/2026:07:38:35 +0000] "POST /wp-cron.php?doing_wp_cron=1781077115.6181979179382324218750 HTTP/1.1" 403 4358 "-" "WordPress/6.5.8; https://mayaver.com"
139.84.174.118 - - [10/Jun/2026:07:38:35 +0000] "POST /wp-cron.php?doing_wp_cron=1781077115.7035241127014160156250 HTTP/1.1" 403 4358 "-" "WordPress/6.5.8; https://mayaver.com"
216.73.217.123 - - [10/Jun/2026:07:38:34 +0000] "GET /items/b90848839581/ HTTP/1.1" 404 115123 "-" "Mozilla/5.0 AppleWebKit/537.36 (KHTML, like Gecko; compatible; ClaudeBot/1.0; +claudebot@anthropic.com)"
216.73.217.123 - - [10/Jun/2026:07:38:34 +0000] "GET /items/j90848817697/ HTTP/1.1" 404 115114 "-" "Mozilla/5.0 AppleWebKit/537.36 (KHTML, like Gecko; compatible; ClaudeBot/1.0; +claudebot@anthropic.com)"
216.73.217.123 - - [10/Jun/2026:07:38:34 +0000] "GET /items/e90848826922/ HTTP/1.1" 404 115123 "-" "Mozilla/5.0 AppleWebKit/537.36 (KHTML, like Gecko; compatible; ClaudeBot/1.0; +claudebot@anthropic.com)"
216.73.217.123 - - [10/Jun/2026:07:38:34 +0000] "GET /items/d90799212787/ HTTP/1.1" 404 115123 "-" "Mozilla/5.0 AppleWebKit/537.36 (KHTML, like Gecko; compatible; ClaudeBot/1.0; +claudebot@anthropic.com)"
216.73.217.123 - - [10/Jun/2026:07:38:34 +0000] "GET /items/a90806529454/ HTTP/1.1" 404 115114 "-" "Mozilla/5.0 AppleWebKit/537.36 (KHTML, like Gecko; compatible; ClaudeBot/1.0; +claudebot@anthropic.com)"
216.73.217.123 - - [10/Jun/2026:07:38:35 +0000] "GET /items/f908344453033/ HTTP/1.1" 404 115123 "-" "Mozilla/5.0 AppleWebKit/537.36 (KHTML, like Gecko; compatible; ClaudeBot/1.0; +claudebot@anthropic.com)"
216.73.217.123 - - [10/Jun/2026:07:38:35 +0000] "GET /items/m90803600540/ HTTP/1.1" 404 115123 "-" "Mozilla/5.0 AppleWebKit/537.36 (KHTML, like Gecko; compatible; ClaudeBot/1.0; +claudebot@anthropic.com)"
216.73.217.123 - - [10/Jun/2026:07:38:35 +0000] "GET /items/d90848760153/ HTTP/1.1" 404 115114 "-" "Mozilla/5.0 AppleWebKit/537.36 (KHTML, like Gecko; compatible; ClaudeBot/1.0; +claudebot@anthropic.com)"
74.7.227.0 - - [10/Jun/2026:07:38:34 +0000] "GET /?items%2Fx908453751665%2F HTTP/1.1" 200 38992 "https://mayaver.com/?items/x908453751665/" "Mozilla/5.0 AppleWebKit/537.36 (KHTML, like Gecko; compatible; GPTBot/1.4; +https://openai.com/gptbot)"
216.73.217.123 - - [10/Jun/2026:07:38:36 +0000] "GET /items/d90803900675/ HTTP/1.1" 404 115108 "-" "Mozilla/5.0 AppleWebKit/537.36 (KHTML, like Gecko; compatible; ClaudeBot/1.0; +claudebot@anthropic.com)"
216.73.217.123 - - [10/Jun/2026:07:38:36 +0000] "GET /items/e90811227486/ HTTP/1.1" 404 115114 "-" "Mozilla/5.0 AppleWebKit/537.36 (KHTML, like Gecko; compatible; ClaudeBot/1.0; +claudebot@anthropic.com)"
216.73.217.123 - - [10/Jun/2026:07:38:36 +0000] "GET /items/d908146011913/ HTTP/1.1" 404 115123 "-" "Mozilla/5.0 AppleWebKit/537.36 (KHTML, like Gecko; compatible; ClaudeBot/1.0; +claudebot@anthropic.com)"
216.73.217.123 - - [10/Jun/2026:07:38:37 +0000] "GET /items/j90803884093/ HTTP/1.1" 404 115123 "-" "Mozilla/5.0 AppleWebKit/537.36 (KHTML, like Gecko; compatible; ClaudeBot/1.0; +claudebot@anthropic.com)"
216.73.217.123 - - [10/Jun/2026:07:38:37 +0000] "GET /items/d90799200827/ HTTP/1.1" 404 115123 "-" "Mozilla/5.0 AppleWebKit/537.36 (KHTML, like Gecko; compatible; ClaudeBot/1.0; +claudebot@anthropic.com)"
74.7.227.0 - - [10/Jun/2026:07:38:37 +0000] "GET /?items/c907957284810/ HTTP/1.1" 301 17594 "https://mayaver.com/?rename=/var/www/vhosts/mayaver.com/httpdocs/wp-content/themes/aihub/wpml-config.xml" "Mozilla/5.0 AppleWebKit/537.36 (KHTML, like Gecko; compatible; GPTBot/1.4; +https://openai.com/gptbot)"
216.73.217.123 - - [10/Jun/2026:07:38:37 +0000] "GET /items/n90845658779/ HTTP/1.1" 404 115114 "-" "Mozilla/5.0 AppleWebKit/537.36 (KHTML, like Gecko; compatible; ClaudeBot/1.0; +claudebot@anthropic.com)"
216.73.217.123 - - [10/Jun/2026:07:38:37 +0000] "GET /items/c90809683932/ HTTP/1.1" 404 115123 "-" "Mozilla/5.0 AppleWebKit/537.36 (KHTML, like Gecko; compatible; ClaudeBot/1.0; +claudebot@anthropic.com)"
216.73.217.123 - - [10/Jun/2026:07:38:37 +0000] "GET /items/c90848827284/ HTTP/1.1" 404 115123 "-" "Mozilla/5.0 AppleWebKit/537.36 (KHTML, like Gecko; compatible; ClaudeBot/1.0; +claudebot@anthropic.com)"
57.141.2.38 - - [10/Jun/2026:07:38:37 +0000] "GET /products/new-gucci-sunglasses-brown-tortoise-hailey-bieber-collab/35643849/ HTTP/1.1" 404 115167 "-" "meta-externalagent/1.1 (+https://developers.facebook.com/docs/sharing/webmasters/crawler)"
216.73.217.123 - - [10/Jun/2026:07:38:37 +0000] "GET /items/e90832335320/ HTTP/1.1" 404 115123 "-" "Mozilla/5.0 AppleWebKit/537.36 (KHTML, like Gecko; compatible; ClaudeBot/1.0; +claudebot@anthropic.com)"
216.73.217.123 - - [10/Jun/2026:07:38:38 +0000] "GET /items/w90824752012/ HTTP/1.1" 404 115123 "-" "Mozilla/5.0 AppleWebKit/537.36 (KHTML, like Gecko; compatible; ClaudeBot/1.0; +claudebot@anthropic.com)"
216.73.217.123 - - [10/Jun/2026:07:38:38 +0000] "GET /items/v908045638545/ HTTP/1.1" 404 115114 "-" "Mozilla/5.0 AppleWebKit/537.36 (KHTML, like Gecko; compatible; ClaudeBot/1.0; +claudebot@anthropic.com)"
216.73.217.123 - - [10/Jun/2026:07:38:38 +0000] "GET /items/g90817469126/ HTTP/1.1" 404 115123 "-" "Mozilla/5.0 AppleWebKit/537.36 (KHTML, like Gecko; compatible; ClaudeBot/1.0; +claudebot@anthropic.com)"
216.73.217.123 - - [10/Jun/2026:07:38:39 +0000] "GET /items/b90835486361/ HTTP/1.1" 404 115123 "-" "Mozilla/5.0 AppleWebKit/537.36 (KHTML, like Gecko; compatible; ClaudeBot/1.0; +claudebot@anthropic.com)"
216.73.217.123 - - [10/Jun/2026:07:38:39 +0000] "GET /items/e908438972752/ HTTP/1.1" 404 115114 "-" "Mozilla/5.0 AppleWebKit/537.36 (KHTML, like Gecko; compatible; ClaudeBot/1.0; +claudebot@anthropic.com)"
216.73.217.123 - - [10/Jun/2026:07:38:39 +0000] "GET /items/r908338441221/ HTTP/1.1" 404 115114 "-" "Mozilla/5.0 AppleWebKit/537.36 (KHTML, like Gecko; compatible; ClaudeBot/1.0; +claudebot@anthropic.com)"
216.73.217.123 - - [10/Jun/2026:07:38:39 +0000] "GET /items/j90803580803/ HTTP/1.1" 404 115114 "-" "Mozilla/5.0 AppleWebKit/537.36 (KHTML, like Gecko; compatible; ClaudeBot/1.0; +claudebot@anthropic.com)"
216.73.217.123 - - [10/Jun/2026:07:38:40 +0000] "GET /items/d90842949569/ HTTP/1.1" 404 115114 "-" "Mozilla/5.0 AppleWebKit/537.36 (KHTML, like Gecko; compatible; ClaudeBot/1.0; +claudebot@anthropic.com)"
216.73.217.123 - - [10/Jun/2026:07:38:40 +0000] "GET /items/a90835378772/ HTTP/1.1" 404 115108 "-" "Mozilla/5.0 AppleWebKit/537.36 (KHTML, like Gecko; compatible; ClaudeBot/1.0; +claudebot@anthropic.com)"
216.73.217.123 - - [10/Jun/2026:07:38:40 +0000] "GET /items/f90842589003/ HTTP/1.1" 404 115123 "-" "Mozilla/5.0 AppleWebKit/537.36 (KHTML, like Gecko; compatible; ClaudeBot/1.0; +claudebot@anthropic.com)"
216.73.217.123 - - [10/Jun/2026:07:38:41 +0000] "GET /items/p90796473751/ HTTP/1.1" 404 115114 "-" "Mozilla/5.0 AppleWebKit/537.36 (KHTML, like Gecko; compatible; ClaudeBot/1.0; +claudebot@anthropic.com)"
74.7.227.0 - - [10/Jun/2026:07:38:39 +0000] "GET /?items%2Fc907957284810%2F HTTP/1.1" 200 38992 "https://mayaver.com/?items/c907957284810/" "Mozilla/5.0 AppleWebKit/537.36 (KHTML, like Gecko; compatible; GPTBot/1.4; +https://openai.com/gptbot)"
216.73.217.123 - - [10/Jun/2026:07:38:41 +0000] "GET /items/f90803538575/ HTTP/1.1" 404 115123 "-" "Mozilla/5.0 AppleWebKit/537.36 (KHTML, like Gecko; compatible; ClaudeBot/1.0; +claudebot@anthropic.com)"
216.73.217.123 - - [10/Jun/2026:07:38:41 +0000] "GET /items/f90806824871/ HTTP/1.1" 404 115108 "-" "Mozilla/5.0 AppleWebKit/537.36 (KHTML, like Gecko; compatible; ClaudeBot/1.0; +claudebot@anthropic.com)"
57.141.2.7 - - [10/Jun/2026:07:38:42 +0000] "GET /products/prada-mens-snow-boots-with-nylon-material/43073697/ HTTP/1.1" 404 115167 "-" "meta-externalagent/1.1 (+https://developers.facebook.com/docs/sharing/webmasters/crawler)"
216.73.217.123 - - [10/Jun/2026:07:38:42 +0000] "GET /items/c90799010402/ HTTP/1.1" 404 115123 "-" "Mozilla/5.0 AppleWebKit/537.36 (KHTML, like Gecko; compatible; ClaudeBot/1.0; +claudebot@anthropic.com)"
216.73.217.123 - - [10/Jun/2026:07:38:42 +0000] "GET /items/t90806994613/ HTTP/1.1" 404 115123 "-" "Mozilla/5.0 AppleWebKit/537.36 (KHTML, like Gecko; compatible; ClaudeBot/1.0; +claudebot@anthropic.com)"
216.73.217.123 - - [10/Jun/2026:07:38:42 +0000] "GET /items/d90832266601/ HTTP/1.1" 404 115114 "-" "Mozilla/5.0 AppleWebKit/537.36 (KHTML, like Gecko; compatible; ClaudeBot/1.0; +claudebot@anthropic.com)"
74.7.227.0 - - [10/Jun/2026:07:38:43 +0000] "GET /?items/p908252528331/ HTTP/1.1" 301 17594 "https://mayaver.com/?rename=/var/www/vhosts/mayaver.com/httpdocs/wp-content/themes/aihub/wpml-config.xml" "Mozilla/5.0 AppleWebKit/537.36 (KHTML, like Gecko; compatible; GPTBot/1.4; +https://openai.com/gptbot)"
216.73.217.123 - - [10/Jun/2026:07:38:43 +0000] "GET /items/f90803776501/ HTTP/1.1" 404 115114 "-" "Mozilla/5.0 AppleWebKit/537.36 (KHTML, like Gecko; compatible; ClaudeBot/1.0; +claudebot@anthropic.com)"
216.73.217.123 - - [10/Jun/2026:07:38:43 +0000] "GET /items/j90809751305/ HTTP/1.1" 404 115114 "-" "Mozilla/5.0 AppleWebKit/537.36 (KHTML, like Gecko; compatible; ClaudeBot/1.0; +claudebot@anthropic.com)"
216.73.217.123 - - [10/Jun/2026:07:38:43 +0000] "GET /items/d90799387013/ HTTP/1.1" 404 115123 "-" "Mozilla/5.0 AppleWebKit/537.36 (KHTML, like Gecko; compatible; ClaudeBot/1.0; +claudebot@anthropic.com)"
216.73.217.123 - - [10/Jun/2026:07:38:43 +0000] "GET /items/r908048820213/ HTTP/1.1" 404 115123 "-" "Mozilla/5.0 AppleWebKit/537.36 (KHTML, like Gecko; compatible; ClaudeBot/1.0; +claudebot@anthropic.com)"
216.73.217.123 - - [10/Jun/2026:07:38:44 +0000] "GET /items/e90832394626/ HTTP/1.1" 404 115123 "-" "Mozilla/5.0 AppleWebKit/537.36 (KHTML, like Gecko; compatible; ClaudeBot/1.0; +claudebot@anthropic.com)"
216.73.217.123 - - [10/Jun/2026:07:38:44 +0000] "GET /items/f90832499693/ HTTP/1.1" 404 115114 "-" "Mozilla/5.0 AppleWebKit/537.36 (KHTML, like Gecko; compatible; ClaudeBot/1.0; +claudebot@anthropic.com)"
216.73.217.123 - - [10/Jun/2026:07:38:44 +0000] "GET /items/d90803536259/ HTTP/1.1" 404 115123 "-" "Mozilla/5.0 AppleWebKit/537.36 (KHTML, like Gecko; compatible; ClaudeBot/1.0; +claudebot@anthropic.com)"
216.73.217.123 - - [10/Jun/2026:07:38:45 +0000] "GET /items/e908039766636/ HTTP/1.1" 404 115114 "-" "Mozilla/5.0 AppleWebKit/537.36 (KHTML, like Gecko; compatible; ClaudeBot/1.0; +claudebot@anthropic.com)"
216.73.217.123 - - [10/Jun/2026:07:38:45 +0000] "GET /items/b90803926751/ HTTP/1.1" 404 115123 "-" "Mozilla/5.0 AppleWebKit/537.36 (KHTML, like Gecko; compatible; ClaudeBot/1.0; +claudebot@anthropic.com)"
216.73.217.123 - - [10/Jun/2026:07:38:45 +0000] "GET /items/t90803878331/ HTTP/1.1" 404 115123 "-" "Mozilla/5.0 AppleWebKit/537.36 (KHTML, like Gecko; compatible; ClaudeBot/1.0; +claudebot@anthropic.com)"
216.73.217.123 - - [10/Jun/2026:07:38:45 +0000] "GET /items/e908438700142/ HTTP/1.1" 404 115114 "-" "Mozilla/5.0 AppleWebKit/537.36 (KHTML, like Gecko; compatible; ClaudeBot/1.0; +claudebot@anthropic.com)"
216.73.217.123 - - [10/Jun/2026:07:38:45 +0000] "GET /items/f90803597153/ HTTP/1.1" 404 115123 "-" "Mozilla/5.0 AppleWebKit/537.36 (KHTML, like Gecko; compatible; ClaudeBot/1.0; +claudebot@anthropic.com)"
216.73.217.123 - - [10/Jun/2026:07:38:45 +0000] "GET /items/d90793385017/ HTTP/1.1" 404 115123 "-" "Mozilla/5.0 AppleWebKit/537.36 (KHTML, like Gecko; compatible; ClaudeBot/1.0; +claudebot@anthropic.com)"
74.7.227.0 - - [10/Jun/2026:07:38:44 +0000] "GET /?items%2Fp908252528331%2F HTTP/1.1" 200 38992 "https://mayaver.com/?items/p908252528331/" "Mozilla/5.0 AppleWebKit/537.36 (KHTML, like Gecko; compatible; GPTBot/1.4; +https://openai.com/gptbot)"
216.73.217.123 - - [10/Jun/2026:07:38:46 +0000] "GET /items/d90793020783/ HTTP/1.1" 404 115123 "-" "Mozilla/5.0 AppleWebKit/537.36 (KHTML, like Gecko; compatible; ClaudeBot/1.0; +claudebot@anthropic.com)"
66.249.77.169 - - [10/Jun/2026:07:38:46 +0000] "GET /slotozen-login-australia-app-and-mobile-guide/ HTTP/1.1" 200 28955 "-" "Mozilla/5.0 (Linux; Android 6.0.1; Nexus 5X Build/MMB29P) AppleWebKit/537.36 (KHTML, like Gecko) Chrome/148.0.7778.96 Mobile Safari/537.36 (compatible; Googlebot/2.1; +http://www.google.com/bot.html)"
216.73.217.123 - - [10/Jun/2026:07:38:46 +0000] "GET /items/r908213913263/ HTTP/1.1" 404 115114 "-" "Mozilla/5.0 AppleWebKit/537.36 (KHTML, like Gecko; compatible; ClaudeBot/1.0; +claudebot@anthropic.com)"
57.141.2.43 - - [10/Jun/2026:07:38:46 +0000] "GET /products/luxury-kenzo-sweatshirt/19746513/ HTTP/1.1" 404 115167 "-" "meta-externalagent/1.1 (+https://developers.facebook.com/docs/sharing/webmasters/crawler)"
216.73.217.123 - - [10/Jun/2026:07:38:47 +0000] "GET /items/v90842576175/ HTTP/1.1" 404 115114 "-" "Mozilla/5.0 AppleWebKit/537.36 (KHTML, like Gecko; compatible; ClaudeBot/1.0; +claudebot@anthropic.com)"
74.7.227.0 - - [10/Jun/2026:07:38:47 +0000] "GET /?items/c908252825706/ HTTP/1.1" 301 17594 "https://mayaver.com/?rename=/var/www/vhosts/mayaver.com/httpdocs/wp-content/themes/aihub/wpml-config.xml" "Mozilla/5.0 AppleWebKit/537.36 (KHTML, like Gecko; compatible; GPTBot/1.4; +https://openai.com/gptbot)"
216.73.217.123 - - [10/Jun/2026:07:38:47 +0000] "GET /items/d90793247191/ HTTP/1.1" 404 115123 "-" "Mozilla/5.0 AppleWebKit/537.36 (KHTML, like Gecko; compatible; ClaudeBot/1.0; +claudebot@anthropic.com)"
216.73.217.123 - - [10/Jun/2026:07:38:47 +0000] "GET /items/e908036770656/ HTTP/1.1" 404 115123 "-" "Mozilla/5.0 AppleWebKit/537.36 (KHTML, like Gecko; compatible; ClaudeBot/1.0; +claudebot@anthropic.com)"
216.73.217.123 - - [10/Jun/2026:07:38:47 +0000] "GET /items/h90817289727/ HTTP/1.1" 404 115114 "-" "Mozilla/5.0 AppleWebKit/537.36 (KHTML, like Gecko; compatible; ClaudeBot/1.0; +claudebot@anthropic.com)"
216.73.217.123 - - [10/Jun/2026:07:38:47 +0000] "GET /items/p90796263151/ HTTP/1.1" 404 115123 "-" "Mozilla/5.0 AppleWebKit/537.36 (KHTML, like Gecko; compatible; ClaudeBot/1.0; +claudebot@anthropic.com)"
216.73.217.123 - - [10/Jun/2026:07:38:47 +0000] "GET /items/f90811282191/ HTTP/1.1" 404 115123 "-" "Mozilla/5.0 AppleWebKit/537.36 (KHTML, like Gecko; compatible; ClaudeBot/1.0; +claudebot@anthropic.com)"
216.73.217.123 - - [10/Jun/2026:07:38:48 +0000] "GET /items/j90821764833/ HTTP/1.1" 404 115123 "-" "Mozilla/5.0 AppleWebKit/537.36 (KHTML, like Gecko; compatible; ClaudeBot/1.0; +claudebot@anthropic.com)"
216.73.217.123 - - [10/Jun/2026:07:38:49 +0000] "GET /items/s90817345950/ HTTP/1.1" 404 115123 "-" "Mozilla/5.0 AppleWebKit/537.36 (KHTML, like Gecko; compatible; ClaudeBot/1.0; +claudebot@anthropic.com)"
216.73.217.123 - - [10/Jun/2026:07:38:49 +0000] "GET /items/e90799145240/ HTTP/1.1" 404 115123 "-" "Mozilla/5.0 AppleWebKit/537.36 (KHTML, like Gecko; compatible; ClaudeBot/1.0; +claudebot@anthropic.com)"
216.73.217.123 - - [10/Jun/2026:07:38:49 +0000] "GET /items/e908042825328/ HTTP/1.1" 404 115123 "-" "Mozilla/5.0 AppleWebKit/537.36 (KHTML, like Gecko; compatible; ClaudeBot/1.0; +claudebot@anthropic.com)"
216.73.217.123 - - [10/Jun/2026:07:38:49 +0000] "GET /items/b90811331925/ HTTP/1.1" 404 115123 "-" "Mozilla/5.0 AppleWebKit/537.36 (KHTML, like Gecko; compatible; ClaudeBot/1.0; +claudebot@anthropic.com)"
216.73.217.123 - - [10/Jun/2026:07:38:49 +0000] "GET /items/j90821566713/ HTTP/1.1" 404 115114 "-" "Mozilla/5.0 AppleWebKit/537.36 (KHTML, like Gecko; compatible; ClaudeBot/1.0; +claudebot@anthropic.com)"
74.7.227.0 - - [10/Jun/2026:07:38:49 +0000] "GET /?items%2Fc908252825706%2F HTTP/1.1" 200 38992 "https://mayaver.com/?items/c908252825706/" "Mozilla/5.0 AppleWebKit/537.36 (KHTML, like Gecko; compatible; GPTBot/1.4; +https://openai.com/gptbot)"
74.7.227.0 - - [10/Jun/2026:07:38:51 +0000] "GET /?items/p908152284815/ HTTP/1.1" 301 17594 "https://mayaver.com/?rename=/var/www/vhosts/mayaver.com/httpdocs/wp-content/themes/aihub/wpml-config.xml" "Mozilla/5.0 AppleWebKit/537.36 (KHTML, like Gecko; compatible; GPTBot/1.4; +https://openai.com/gptbot)"
216.73.217.123 - - [10/Jun/2026:07:38:50 +0000] "GET /items/e908045716320/ HTTP/1.1" 404 115176 "-" "Mozilla/5.0 AppleWebKit/537.36 (KHTML, like Gecko; compatible; ClaudeBot/1.0; +claudebot@anthropic.com)"
216.73.217.123 - - [10/Jun/2026:07:38:50 +0000] "GET /items/m90803973770/ HTTP/1.1" 404 115167 "-" "Mozilla/5.0 AppleWebKit/537.36 (KHTML, like Gecko; compatible; ClaudeBot/1.0; +claudebot@anthropic.com)"
216.73.217.123 - - [10/Jun/2026:07:38:50 +0000] "GET /items/a908137268656/ HTTP/1.1" 404 115176 "-" "Mozilla/5.0 AppleWebKit/537.36 (KHTML, like Gecko; compatible; ClaudeBot/1.0; +claudebot@anthropic.com)"
216.73.217.123 - - [10/Jun/2026:07:38:50 +0000] "GET /items/a90845570834/ HTTP/1.1" 404 115167 "-" "Mozilla/5.0 AppleWebKit/537.36 (KHTML, like Gecko; compatible; ClaudeBot/1.0; +claudebot@anthropic.com)"
216.73.217.123 - - [10/Jun/2026:07:38:50 +0000] "GET /items/k90835309700/ HTTP/1.1" 404 115176 "-" "Mozilla/5.0 AppleWebKit/537.36 (KHTML, like Gecko; compatible; ClaudeBot/1.0; +claudebot@anthropic.com)"
216.73.217.123 - - [10/Jun/2026:07:38:50 +0000] "GET /items/c908246746568/ HTTP/1.1" 404 115176 "-" "Mozilla/5.0 AppleWebKit/537.36 (KHTML, like Gecko; compatible; ClaudeBot/1.0; +claudebot@anthropic.com)"
216.73.217.123 - - [10/Jun/2026:07:38:50 +0000] "GET /items/c90817223136/ HTTP/1.1" 404 115176 "-" "Mozilla/5.0 AppleWebKit/537.36 (KHTML, like Gecko; compatible; ClaudeBot/1.0; +claudebot@anthropic.com)"
216.73.217.123 - - [10/Jun/2026:07:38:51 +0000] "GET /items/e90842516774/ HTTP/1.1" 404 115176 "-" "Mozilla/5.0 AppleWebKit/537.36 (KHTML, like Gecko; compatible; ClaudeBot/1.0; +claudebot@anthropic.com)"
216.73.217.123 - - [10/Jun/2026:07:38:52 +0000] "GET /items/v90817360461/ HTTP/1.1" 404 115123 "-" "Mozilla/5.0 AppleWebKit/537.36 (KHTML, like Gecko; compatible; ClaudeBot/1.0; +claudebot@anthropic.com)"
74.7.227.0 - - [10/Jun/2026:07:38:52 +0000] "GET /?items%2Fp908152284815%2F HTTP/1.1" 200 38992 "https://mayaver.com/?items/p908152284815/" "Mozilla/5.0 AppleWebKit/537.36 (KHTML, like Gecko; compatible; GPTBot/1.4; +https://openai.com/gptbot)"
216.73.217.123 - - [10/Jun/2026:07:38:53 +0000] "GET /items/c90803512052/ HTTP/1.1" 404 115108 "-" "Mozilla/5.0 AppleWebKit/537.36 (KHTML, like Gecko; compatible; ClaudeBot/1.0; +claudebot@anthropic.com)"
216.73.217.123 - - [10/Jun/2026:07:38:53 +0000] "GET /items/v90806522585/ HTTP/1.1" 404 115123 "-" "Mozilla/5.0 AppleWebKit/537.36 (KHTML, like Gecko; compatible; ClaudeBot/1.0; +claudebot@anthropic.com)"
216.73.217.123 - - [10/Jun/2026:07:38:53 +0000] "GET /items/f90806665933/ HTTP/1.1" 404 115123 "-" "Mozilla/5.0 AppleWebKit/537.36 (KHTML, like Gecko; compatible; ClaudeBot/1.0; +claudebot@anthropic.com)"
216.73.217.123 - - [10/Jun/2026:07:38:53 +0000] "GET /items/d90848585407/ HTTP/1.1" 404 115123 "-" "Mozilla/5.0 AppleWebKit/537.36 (KHTML, like Gecko; compatible; ClaudeBot/1.0; +claudebot@anthropic.com)"
74.7.227.0 - - [10/Jun/2026:07:38:54 +0000] "GET /?items/d908152491815/ HTTP/1.1" 301 17594 "https://mayaver.com/?rename=/var/www/vhosts/mayaver.com/httpdocs/wp-content/themes/aihub/wpml-config.xml" "Mozilla/5.0 AppleWebKit/537.36 (KHTML, like Gecko; compatible; GPTBot/1.4; +https://openai.com/gptbot)"
216.73.217.123 - - [10/Jun/2026:07:38:53 +0000] "GET /items/a90832027684/ HTTP/1.1" 404 115114 "-" "Mozilla/5.0 AppleWebKit/537.36 (KHTML, like Gecko; compatible; ClaudeBot/1.0; +claudebot@anthropic.com)"
216.73.217.123 - - [10/Jun/2026:07:38:53 +0000] "GET /items/e90803715452/ HTTP/1.1" 404 115108 "-" "Mozilla/5.0 AppleWebKit/537.36 (KHTML, like Gecko; compatible; ClaudeBot/1.0; +claudebot@anthropic.com)"
216.73.217.123 - - [10/Jun/2026:07:38:53 +0000] "GET /items/u90799129682/ HTTP/1.1" 404 115123 "-" "Mozilla/5.0 AppleWebKit/537.36 (KHTML, like Gecko; compatible; ClaudeBot/1.0; +claudebot@anthropic.com)"
216.73.217.123 - - [10/Jun/2026:07:38:54 +0000] "GET /items/f908042807337/ HTTP/1.1" 404 115114 "-" "Mozilla/5.0 AppleWebKit/537.36 (KHTML, like Gecko; compatible; ClaudeBot/1.0; +claudebot@anthropic.com)"
216.73.217.123 - - [10/Jun/2026:07:38:54 +0000] "GET /items/b90814110285/ HTTP/1.1" 404 115123 "-" "Mozilla/5.0 AppleWebKit/537.36 (KHTML, like Gecko; compatible; ClaudeBot/1.0; +claudebot@anthropic.com)"
216.73.217.123 - - [10/Jun/2026:07:38:54 +0000] "GET /items/e908042587272/ HTTP/1.1" 404 115114 "-" "Mozilla/5.0 AppleWebKit/537.36 (KHTML, like Gecko; compatible; ClaudeBot/1.0; +claudebot@anthropic.com)"
216.73.217.123 - - [10/Jun/2026:07:38:55 +0000] "GET /items/f908444872907/ HTTP/1.1" 404 115114 "-" "Mozilla/5.0 AppleWebKit/537.36 (KHTML, like Gecko; compatible; ClaudeBot/1.0; +claudebot@anthropic.com)"
216.73.217.123 - - [10/Jun/2026:07:38:55 +0000] "GET /items/e90806650202/ HTTP/1.1" 404 115123 "-" "Mozilla/5.0 AppleWebKit/537.36 (KHTML, like Gecko; compatible; ClaudeBot/1.0; +claudebot@anthropic.com)"
216.73.217.123 - - [10/Jun/2026:07:38:55 +0000] "GET /items/e90806764498/ HTTP/1.1" 404 115108 "-" "Mozilla/5.0 AppleWebKit/537.36 (KHTML, like Gecko; compatible; ClaudeBot/1.0; +claudebot@anthropic.com)"
216.73.217.123 - - [10/Jun/2026:07:38:55 +0000] "GET /items/m908243774570/ HTTP/1.1" 404 115123 "-" "Mozilla/5.0 AppleWebKit/537.36 (KHTML, like Gecko; compatible; ClaudeBot/1.0; +claudebot@anthropic.com)"
216.73.217.123 - - [10/Jun/2026:07:38:55 +0000] "GET /items/e90793430388/ HTTP/1.1" 404 115123 "-" "Mozilla/5.0 AppleWebKit/537.36 (KHTML, like Gecko; compatible; ClaudeBot/1.0; +claudebot@anthropic.com)"
216.73.217.123 - - [10/Jun/2026:07:38:55 +0000] "GET /items/d90827924461/ HTTP/1.1" 404 115123 "-" "Mozilla/5.0 AppleWebKit/537.36 (KHTML, like Gecko; compatible; ClaudeBot/1.0; +claudebot@anthropic.com)"
216.73.217.123 - - [10/Jun/2026:07:38:55 +0000] "GET /items/y90793494550/ HTTP/1.1" 404 115123 "-" "Mozilla/5.0 AppleWebKit/537.36 (KHTML, like Gecko; compatible; ClaudeBot/1.0; +claudebot@anthropic.com)"
216.73.217.123 - - [10/Jun/2026:07:38:56 +0000] "GET /items/j90809988867/ HTTP/1.1" 404 115123 "-" "Mozilla/5.0 AppleWebKit/537.36 (KHTML, like Gecko; compatible; ClaudeBot/1.0; +claudebot@anthropic.com)"
216.73.217.123 - - [10/Jun/2026:07:38:57 +0000] "GET /items/d908042819295/ HTTP/1.1" 404 115123 "-" "Mozilla/5.0 AppleWebKit/537.36 (KHTML, like Gecko; compatible; ClaudeBot/1.0; +claudebot@anthropic.com)"
216.73.217.123 - - [10/Jun/2026:07:38:57 +0000] "GET /items/j90824679511/ HTTP/1.1" 404 115114 "-" "Mozilla/5.0 AppleWebKit/537.36 (KHTML, like Gecko; compatible; ClaudeBot/1.0; +claudebot@anthropic.com)"
74.7.227.0 - - [10/Jun/2026:07:38:55 +0000] "GET /?items%2Fd908152491815%2F HTTP/1.1" 200 38992 "https://mayaver.com/?items/d908152491815/" "Mozilla/5.0 AppleWebKit/537.36 (KHTML, like Gecko; compatible; GPTBot/1.4; +https://openai.com/gptbot)"
216.73.217.123 - - [10/Jun/2026:07:38:57 +0000] "GET /items/l908036675217/ HTTP/1.1" 404 115114 "-" "Mozilla/5.0 AppleWebKit/537.36 (KHTML, like Gecko; compatible; ClaudeBot/1.0; +claudebot@anthropic.com)"
216.73.217.123 - - [10/Jun/2026:07:38:57 +0000] "GET /items/f90842954277/ HTTP/1.1" 404 115123 "-" "Mozilla/5.0 AppleWebKit/537.36 (KHTML, like Gecko; compatible; ClaudeBot/1.0; +claudebot@anthropic.com)"
216.73.217.123 - - [10/Jun/2026:07:38:57 +0000] "GET /items/e90848569678/ HTTP/1.1" 404 115123 "-" "Mozilla/5.0 AppleWebKit/537.36 (KHTML, like Gecko; compatible; ClaudeBot/1.0; +claudebot@anthropic.com)"
216.73.217.123 - - [10/Jun/2026:07:38:58 +0000] "GET /items/m90848849550/ HTTP/1.1" 404 115123 "-" "Mozilla/5.0 AppleWebKit/537.36 (KHTML, like Gecko; compatible; ClaudeBot/1.0; +claudebot@anthropic.com)"
216.73.217.123 - - [10/Jun/2026:07:38:58 +0000] "GET /items/n908042537439/ HTTP/1.1" 404 115123 "-" "Mozilla/5.0 AppleWebKit/537.36 (KHTML, like Gecko; compatible; ClaudeBot/1.0; +claudebot@anthropic.com)"
216.73.217.123 - - [10/Jun/2026:07:38:58 +0000] "GET /items/f90811424801/ HTTP/1.1" 404 115123 "-" "Mozilla/5.0 AppleWebKit/537.36 (KHTML, like Gecko; compatible; ClaudeBot/1.0; +claudebot@anthropic.com)"
74.7.227.0 - - [10/Jun/2026:07:38:59 +0000] "GET /?items/s908051805196/ HTTP/1.1" 301 17594 "https://mayaver.com/?rename=/var/www/vhosts/mayaver.com/httpdocs/wp-content/themes/aihub/wpml-config.xml" "Mozilla/5.0 AppleWebKit/537.36 (KHTML, like Gecko; compatible; GPTBot/1.4; +https://openai.com/gptbot)"
216.73.217.123 - - [10/Jun/2026:07:38:58 +0000] "GET /items/b90793138795/ HTTP/1.1" 404 115123 "-" "Mozilla/5.0 AppleWebKit/537.36 (KHTML, like Gecko; compatible; ClaudeBot/1.0; +claudebot@anthropic.com)"
216.73.217.123 - - [10/Jun/2026:07:38:59 +0000] "GET /items/j90806730755/ HTTP/1.1" 404 115123 "-" "Mozilla/5.0 AppleWebKit/537.36 (KHTML, like Gecko; compatible; ClaudeBot/1.0; +claudebot@anthropic.com)"
216.73.217.123 - - [10/Jun/2026:07:38:59 +0000] "GET /items/d90803997941/ HTTP/1.1" 404 115114 "-" "Mozilla/5.0 AppleWebKit/537.36 (KHTML, like Gecko; compatible; ClaudeBot/1.0; +claudebot@anthropic.com)"
216.73.217.123 - - [10/Jun/2026:07:38:59 +0000] "GET /items/e908042735862/ HTTP/1.1" 404 115114 "-" "Mozilla/5.0 AppleWebKit/537.36 (KHTML, like Gecko; compatible; ClaudeBot/1.0; +claudebot@anthropic.com)"
216.73.217.123 - - [10/Jun/2026:07:38:59 +0000] "GET /items/b90809859015/ HTTP/1.1" 404 115114 "-" "Mozilla/5.0 AppleWebKit/537.36 (KHTML, like Gecko; compatible; ClaudeBot/1.0; +claudebot@anthropic.com)"
216.73.217.123 - - [10/Jun/2026:07:38:59 +0000] "GET /items/j90803813945/ HTTP/1.1" 404 115123 "-" "Mozilla/5.0 AppleWebKit/537.36 (KHTML, like Gecko; compatible; ClaudeBot/1.0; +claudebot@anthropic.com)"
216.73.217.123 - - [10/Jun/2026:07:39:00 +0000] "GET /items/c90817119006/ HTTP/1.1" 404 115114 "-" "Mozilla/5.0 AppleWebKit/537.36 (KHTML, like Gecko; compatible; ClaudeBot/1.0; +claudebot@anthropic.com)"
216.73.217.123 - - [10/Jun/2026:07:39:00 +0000] "GET /items/j90803723465/ HTTP/1.1" 404 115123 "-" "Mozilla/5.0 AppleWebKit/537.36 (KHTML, like Gecko; compatible; ClaudeBot/1.0; +claudebot@anthropic.com)"
216.73.217.123 - - [10/Jun/2026:07:39:00 +0000] "GET /items/t90835004261/ HTTP/1.1" 404 115108 "-" "Mozilla/5.0 AppleWebKit/537.36 (KHTML, like Gecko; compatible; ClaudeBot/1.0; +claudebot@anthropic.com)"
216.73.217.123 - - [10/Jun/2026:07:39:00 +0000] "GET /items/f90842537133/ HTTP/1.1" 404 115123 "-" "Mozilla/5.0 AppleWebKit/537.36 (KHTML, like Gecko; compatible; ClaudeBot/1.0; +claudebot@anthropic.com)"
216.73.217.123 - - [10/Jun/2026:07:39:01 +0000] "GET /items/e90824635618/ HTTP/1.1" 404 115123 "-" "Mozilla/5.0 AppleWebKit/537.36 (KHTML, like Gecko; compatible; ClaudeBot/1.0; +claudebot@anthropic.com)"
216.73.217.123 - - [10/Jun/2026:07:39:01 +0000] "GET /items/p90796074001/ HTTP/1.1" 404 115114 "-" "Mozilla/5.0 AppleWebKit/537.36 (KHTML, like Gecko; compatible; ClaudeBot/1.0; +claudebot@anthropic.com)"
216.73.217.123 - - [10/Jun/2026:07:39:01 +0000] "GET /items/j90832316839/ HTTP/1.1" 404 115123 "-" "Mozilla/5.0 AppleWebKit/537.36 (KHTML, like Gecko; compatible; ClaudeBot/1.0; +claudebot@anthropic.com)"
216.73.217.123 - - [10/Jun/2026:07:39:01 +0000] "GET /items/b90845718801/ HTTP/1.1" 404 115123 "-" "Mozilla/5.0 AppleWebKit/537.36 (KHTML, like Gecko; compatible; ClaudeBot/1.0; +claudebot@anthropic.com)"
216.73.217.123 - - [10/Jun/2026:07:39:02 +0000] "GET /items/e90796497556/ HTTP/1.1" 404 115114 "-" "Mozilla/5.0 AppleWebKit/537.36 (KHTML, like Gecko; compatible; ClaudeBot/1.0; +claudebot@anthropic.com)"
74.7.227.0 - - [10/Jun/2026:07:39:00 +0000] "GET /?items%2Fs908051805196%2F HTTP/1.1" 200 38992 "https://mayaver.com/?items/s908051805196/" "Mozilla/5.0 AppleWebKit/537.36 (KHTML, like Gecko; compatible; GPTBot/1.4; +https://openai.com/gptbot)"
216.73.217.123 - - [10/Jun/2026:07:39:02 +0000] "GET /items/d90803859491/ HTTP/1.1" 404 115123 "-" "Mozilla/5.0 AppleWebKit/537.36 (KHTML, like Gecko; compatible; ClaudeBot/1.0; +claudebot@anthropic.com)"
216.73.217.123 - - [10/Jun/2026:07:39:02 +0000] "GET /items/d90793071067/ HTTP/1.1" 404 115123 "-" "Mozilla/5.0 AppleWebKit/537.36 (KHTML, like Gecko; compatible; ClaudeBot/1.0; +claudebot@anthropic.com)"
216.73.217.123 - - [10/Jun/2026:07:39:03 +0000] "GET /items/c90827689342/ HTTP/1.1" 404 115123 "-" "Mozilla/5.0 AppleWebKit/537.36 (KHTML, like Gecko; compatible; ClaudeBot/1.0; +claudebot@anthropic.com)"
216.73.217.123 - - [10/Jun/2026:07:39:03 +0000] "GET /items/s90821701974/ HTTP/1.1" 404 115123 "-" "Mozilla/5.0 AppleWebKit/537.36 (KHTML, like Gecko; compatible; ClaudeBot/1.0; +claudebot@anthropic.com)"
216.73.217.123 - - [10/Jun/2026:07:39:03 +0000] "GET /items/q90793070976/ HTTP/1.1" 404 115114 "-" "Mozilla/5.0 AppleWebKit/537.36 (KHTML, like Gecko; compatible; ClaudeBot/1.0; +claudebot@anthropic.com)"
216.73.217.123 - - [10/Jun/2026:07:39:03 +0000] "GET /items/e90803616470/ HTTP/1.1" 404 115123 "-" "Mozilla/5.0 AppleWebKit/537.36 (KHTML, like Gecko; compatible; ClaudeBot/1.0; +claudebot@anthropic.com)"
74.7.227.0 - - [10/Jun/2026:07:39:04 +0000] "GET /?items/c908353434340/ HTTP/1.1" 301 17594 "https://mayaver.com/?rename=/var/www/vhosts/mayaver.com/httpdocs/wp-content/themes/aihub/wpml-config.xml" "Mozilla/5.0 AppleWebKit/537.36 (KHTML, like Gecko; compatible; GPTBot/1.4; +https://openai.com/gptbot)"
216.73.217.123 - - [10/Jun/2026:07:39:04 +0000] "GET /items/n90832279039/ HTTP/1.1" 404 115123 "-" "Mozilla/5.0 AppleWebKit/537.36 (KHTML, like Gecko; compatible; ClaudeBot/1.0; +claudebot@anthropic.com)"
216.73.217.123 - - [10/Jun/2026:07:39:04 +0000] "GET /items/x90817039701/ HTTP/1.1" 404 115114 "-" "Mozilla/5.0 AppleWebKit/537.36 (KHTML, like Gecko; compatible; ClaudeBot/1.0; +claudebot@anthropic.com)"
216.73.217.123 - - [10/Jun/2026:07:39:04 +0000] "GET /items/d90845632301/ HTTP/1.1" 404 115123 "-" "Mozilla/5.0 AppleWebKit/537.36 (KHTML, like Gecko; compatible; ClaudeBot/1.0; +claudebot@anthropic.com)"
216.73.217.123 - - [10/Jun/2026:07:39:04 +0000] "GET /items/f907945238493/ HTTP/1.1" 404 115123 "-" "Mozilla/5.0 AppleWebKit/537.36 (KHTML, like Gecko; compatible; ClaudeBot/1.0; +claudebot@anthropic.com)"
216.73.217.123 - - [10/Jun/2026:07:39:04 +0000] "GET /items/c90803526872/ HTTP/1.1" 404 115123 "-" "Mozilla/5.0 AppleWebKit/537.36 (KHTML, like Gecko; compatible; ClaudeBot/1.0; +claudebot@anthropic.com)"
216.73.217.123 - - [10/Jun/2026:07:39:05 +0000] "GET /items/d90803693897/ HTTP/1.1" 404 115123 "-" "Mozilla/5.0 AppleWebKit/537.36 (KHTML, like Gecko; compatible; ClaudeBot/1.0; +claudebot@anthropic.com)"
216.73.217.123 - - [10/Jun/2026:07:39:05 +0000] "GET /items/f90824923803/ HTTP/1.1" 404 115123 "-" "Mozilla/5.0 AppleWebKit/537.36 (KHTML, like Gecko; compatible; ClaudeBot/1.0; +claudebot@anthropic.com)"
216.73.217.123 - - [10/Jun/2026:07:39:05 +0000] "GET /items/j90803916905/ HTTP/1.1" 404 115114 "-" "Mozilla/5.0 AppleWebKit/537.36 (KHTML, like Gecko; compatible; ClaudeBot/1.0; +claudebot@anthropic.com)"
57.141.2.21 - - [10/Jun/2026:07:39:05 +0000] "GET /products/o1s1wg110425-sandals-in-grey/59163945/ HTTP/1.1" 404 115176 "-" "meta-externalagent/1.1 (+https://developers.facebook.com/docs/sharing/webmasters/crawler)"
216.73.217.123 - - [10/Jun/2026:07:39:05 +0000] "GET /items/d90835276361/ HTTP/1.1" 404 115123 "-" "Mozilla/5.0 AppleWebKit/537.36 (KHTML, like Gecko; compatible; ClaudeBot/1.0; +claudebot@anthropic.com)"
216.73.217.123 - - [10/Jun/2026:07:39:06 +0000] "GET /items/b90793236451/ HTTP/1.1" 404 115114 "-" "Mozilla/5.0 AppleWebKit/537.36 (KHTML, like Gecko; compatible; ClaudeBot/1.0; +claudebot@anthropic.com)"
216.73.217.123 - - [10/Jun/2026:07:39:06 +0000] "GET /items/p90845698587/ HTTP/1.1" 404 115123 "-" "Mozilla/5.0 AppleWebKit/537.36 (KHTML, like Gecko; compatible; ClaudeBot/1.0; +claudebot@anthropic.com)"
216.73.217.123 - - [10/Jun/2026:07:39:06 +0000] "GET /items/f90842822093/ HTTP/1.1" 404 115114 "-" "Mozilla/5.0 AppleWebKit/537.36 (KHTML, like Gecko; compatible; ClaudeBot/1.0; +claudebot@anthropic.com)"
216.73.217.123 - - [10/Jun/2026:07:39:06 +0000] "GET /items/f90817406153/ HTTP/1.1" 404 115108 "-" "Mozilla/5.0 AppleWebKit/537.36 (KHTML, like Gecko; compatible; ClaudeBot/1.0; +claudebot@anthropic.com)"
216.73.217.123 - - [10/Jun/2026:07:39:07 +0000] "GET /items/d90803665661/ HTTP/1.1" 404 115108 "-" "Mozilla/5.0 AppleWebKit/537.36 (KHTML, like Gecko; compatible; ClaudeBot/1.0; +claudebot@anthropic.com)"
216.73.217.123 - - [10/Jun/2026:07:39:07 +0000] "GET /items/d90803520659/ HTTP/1.1" 404 115114 "-" "Mozilla/5.0 AppleWebKit/537.36 (KHTML, like Gecko; compatible; ClaudeBot/1.0; +claudebot@anthropic.com)"
216.73.217.123 - - [10/Jun/2026:07:39:07 +0000] "GET /items/f90842504685/ HTTP/1.1" 404 115123 "-" "Mozilla/5.0 AppleWebKit/537.36 (KHTML, like Gecko; compatible; ClaudeBot/1.0; +claudebot@anthropic.com)"
216.73.217.123 - - [10/Jun/2026:07:39:07 +0000] "GET /items/c90827622262/ HTTP/1.1" 404 115114 "-" "Mozilla/5.0 AppleWebKit/537.36 (KHTML, like Gecko; compatible; ClaudeBot/1.0; +claudebot@anthropic.com)"
216.73.217.123 - - [10/Jun/2026:07:39:08 +0000] "GET /items/c90799107382/ HTTP/1.1" 404 115123 "-" "Mozilla/5.0 AppleWebKit/537.36 (KHTML, like Gecko; compatible; ClaudeBot/1.0; +claudebot@anthropic.com)"
74.7.227.0 - - [10/Jun/2026:07:39:06 +0000] "GET /?items%2Fc908353434340%2F HTTP/1.1" 200 38992 "https://mayaver.com/?items/c908353434340/" "Mozilla/5.0 AppleWebKit/537.36 (KHTML, like Gecko; compatible; GPTBot/1.4; +https://openai.com/gptbot)"
216.73.217.123 - - [10/Jun/2026:07:39:08 +0000] "GET /items/d908042859153/ HTTP/1.1" 404 115123 "-" "Mozilla/5.0 AppleWebKit/537.36 (KHTML, like Gecko; compatible; ClaudeBot/1.0; +claudebot@anthropic.com)"
216.73.217.123 - - [10/Jun/2026:07:39:08 +0000] "GET /items/t90842904735/ HTTP/1.1" 404 115114 "-" "Mozilla/5.0 AppleWebKit/537.36 (KHTML, like Gecko; compatible; ClaudeBot/1.0; +claudebot@anthropic.com)"
216.73.217.123 - - [10/Jun/2026:07:39:08 +0000] "GET /items/c90806889452/ HTTP/1.1" 404 115123 "-" "Mozilla/5.0 AppleWebKit/537.36 (KHTML, like Gecko; compatible; ClaudeBot/1.0; +claudebot@anthropic.com)"
216.73.217.123 - - [10/Jun/2026:07:39:09 +0000] "GET /items/b90806965241/ HTTP/1.1" 404 115123 "-" "Mozilla/5.0 AppleWebKit/537.36 (KHTML, like Gecko; compatible; ClaudeBot/1.0; +claudebot@anthropic.com)"
216.73.217.123 - - [10/Jun/2026:07:39:09 +0000] "GET /items/z908042738613/ HTTP/1.1" 404 115108 "-" "Mozilla/5.0 AppleWebKit/537.36 (KHTML, like Gecko; compatible; ClaudeBot/1.0; +claudebot@anthropic.com)"
74.7.227.0 - - [10/Jun/2026:07:39:10 +0000] "GET /?items/r908051808055/ HTTP/1.1" 301 17594 "https://mayaver.com/?rename=/var/www/vhosts/mayaver.com/httpdocs/wp-content/themes/aihub/wpml-config.xml" "Mozilla/5.0 AppleWebKit/537.36 (KHTML, like Gecko; compatible; GPTBot/1.4; +https://openai.com/gptbot)"
216.73.217.123 - - [10/Jun/2026:07:39:09 +0000] "GET /items/v908441557039/ HTTP/1.1" 404 115114 "-" "Mozilla/5.0 AppleWebKit/537.36 (KHTML, like Gecko; compatible; ClaudeBot/1.0; +claudebot@anthropic.com)"
216.73.217.123 - - [10/Jun/2026:07:39:10 +0000] "GET /items/b908338415439/ HTTP/1.1" 404 115123 "-" "Mozilla/5.0 AppleWebKit/537.36 (KHTML, like Gecko; compatible; ClaudeBot/1.0; +claudebot@anthropic.com)"
216.73.217.123 - - [10/Jun/2026:07:39:10 +0000] "GET /items/o90835237346/ HTTP/1.1" 404 115123 "-" "Mozilla/5.0 AppleWebKit/537.36 (KHTML, like Gecko; compatible; ClaudeBot/1.0; +claudebot@anthropic.com)"
216.73.217.123 - - [10/Jun/2026:07:39:10 +0000] "GET /items/a90848760462/ HTTP/1.1" 404 115114 "-" "Mozilla/5.0 AppleWebKit/537.36 (KHTML, like Gecko; compatible; ClaudeBot/1.0; +claudebot@anthropic.com)"
216.73.217.123 - - [10/Jun/2026:07:39:10 +0000] "GET /items/a90814430682/ HTTP/1.1" 404 115123 "-" "Mozilla/5.0 AppleWebKit/537.36 (KHTML, like Gecko; compatible; ClaudeBot/1.0; +claudebot@anthropic.com)"
