74.7.227.0 - - [10/Jun/2026:06:58:18 +0000] "GET /terms-conditions/?file=/var/www/vhosts/mayaver.com/httpdocs/wp-content/themes/aihub/templates/header/header-search-default.php HTTP/1.1" 200 25453 "https://mayaver.com/terms-conditions/?file=/var/www/vhosts/mayaver.com/httpdocs/wp-content/themes/aihub/templates/header" "Mozilla/5.0 AppleWebKit/537.36 (KHTML, like Gecko; compatible; GPTBot/1.4; +https://openai.com/gptbot)"
57.141.2.7 - - [10/Jun/2026:06:58:18 +0000] "GET /products/o1g2r1mq1025-alayja-wrap-top-in-black/53335809/ HTTP/1.1" 404 115176 "-" "meta-externalagent/1.1 (+https://developers.facebook.com/docs/sharing/webmasters/crawler)"
74.7.227.0 - - [10/Jun/2026:06:58:19 +0000] "GET /terms-conditions/?edit=/var/www/vhosts/mayaver.com/httpdocs/wp-content/themes/aihub/templates/footer/default.php HTTP/1.1" 200 26793 "https://mayaver.com/terms-conditions/?file=/var/www/vhosts/mayaver.com/httpdocs/wp-content/themes/aihub/templates/footer" "Mozilla/5.0 AppleWebKit/537.36 (KHTML, like Gecko; compatible; GPTBot/1.4; +https://openai.com/gptbot)"
74.7.227.0 - - [10/Jun/2026:06:58:20 +0000] "GET /terms-conditions/?file=/var/www/vhosts/mayaver.com/httpdocs/wp-content/themes/aihub/templates/footer/default.php HTTP/1.1" 200 25449 "https://mayaver.com/terms-conditions/?file=/var/www/vhosts/mayaver.com/httpdocs/wp-content/themes/aihub/templates/footer" "Mozilla/5.0 AppleWebKit/537.36 (KHTML, like Gecko; compatible; GPTBot/1.4; +https://openai.com/gptbot)"
74.7.227.0 - - [10/Jun/2026:06:58:20 +0000] "GET /terms-conditions/?edit=/var/www/vhosts/mayaver.com/httpdocs/wp-content/themes/aihub/templates/preloader/signal.php HTTP/1.1" 200 26489 "https://mayaver.com/terms-conditions/?file=/var/www/vhosts/mayaver.com/httpdocs/wp-content/themes/aihub/templates/preloader" "Mozilla/5.0 AppleWebKit/537.36 (KHTML, like Gecko; compatible; GPTBot/1.4; +https://openai.com/gptbot)"
74.7.227.0 - - [10/Jun/2026:06:58:21 +0000] "GET /terms-conditions/?file=/var/www/vhosts/mayaver.com/httpdocs/wp-content/themes/aihub/templates/header/custom.php HTTP/1.1" 200 25447 "https://mayaver.com/terms-conditions/?file=/var/www/vhosts/mayaver.com/httpdocs/wp-content/themes/aihub/templates/header" "Mozilla/5.0 AppleWebKit/537.36 (KHTML, like Gecko; compatible; GPTBot/1.4; +https://openai.com/gptbot)"
74.7.227.0 - - [10/Jun/2026:06:58:22 +0000] "GET /terms-conditions/?file=/var/www/vhosts/mayaver.com/httpdocs/wp-content/themes/aihub/templates/preloader/fade.php HTTP/1.1" 200 25451 "https://mayaver.com/terms-conditions/?file=/var/www/vhosts/mayaver.com/httpdocs/wp-content/themes/aihub/templates/preloader" "Mozilla/5.0 AppleWebKit/537.36 (KHTML, like Gecko; compatible; GPTBot/1.4; +https://openai.com/gptbot)"
66.249.77.169 - - [10/Jun/2026:06:58:23 +0000] "GET /shop.php?products/louis-vuitton-m63536-monogrameclipse-portemone-jules-wallet/17176362/ HTTP/1.1" 403 4358 "-" "Mozilla/5.0 (Linux; Android 6.0.1; Nexus 5X Build/MMB29P) AppleWebKit/537.36 (KHTML, like Gecko) Chrome/148.0.7778.96 Mobile Safari/537.36 (compatible; Googlebot/2.1; +http://www.google.com/bot.html)"
74.7.227.0 - - [10/Jun/2026:06:58:23 +0000] "GET /terms-conditions/?view=/var/www/vhosts/mayaver.com/httpdocs/wp-content/themes/aihub/templates/blog/single/default.php HTTP/1.1" 200 4463 "https://mayaver.com/terms-conditions/?file=/var/www/vhosts/mayaver.com/httpdocs/wp-content/themes/aihub/templates/blog/single" "Mozilla/5.0 AppleWebKit/537.36 (KHTML, like Gecko; compatible; GPTBot/1.4; +https://openai.com/gptbot)"
74.7.227.0 - - [10/Jun/2026:06:58:23 +0000] "GET /terms-conditions/?file=/var/www/vhosts/mayaver.com/httpdocs/wp-content/themes/aihub/templates/blog/single/default.php HTTP/1.1" 200 25453 "https://mayaver.com/terms-conditions/?file=/var/www/vhosts/mayaver.com/httpdocs/wp-content/themes/aihub/templates/blog/single" "Mozilla/5.0 AppleWebKit/537.36 (KHTML, like Gecko; compatible; GPTBot/1.4; +https://openai.com/gptbot)"
74.7.227.0 - - [10/Jun/2026:06:58:24 +0000] "GET /terms-conditions/?edit=/var/www/vhosts/mayaver.com/httpdocs/wp-content/themes/aihub/templates/blog/single/default.php HTTP/1.1" 200 27243 "https://mayaver.com/terms-conditions/?file=/var/www/vhosts/mayaver.com/httpdocs/wp-content/themes/aihub/templates/blog/single" "Mozilla/5.0 AppleWebKit/537.36 (KHTML, like Gecko; compatible; GPTBot/1.4; +https://openai.com/gptbot)"
74.7.227.0 - - [10/Jun/2026:06:58:25 +0000] "GET /terms-conditions/?rename=/var/www/vhosts/mayaver.com/httpdocs/wp-content/themes/aihub/templates/blog/single/default.php HTTP/1.1" 200 26354 "https://mayaver.com/terms-conditions/?file=/var/www/vhosts/mayaver.com/httpdocs/wp-content/themes/aihub/templates/blog/single" "Mozilla/5.0 AppleWebKit/537.36 (KHTML, like Gecko; compatible; GPTBot/1.4; +https://openai.com/gptbot)"
74.7.227.0 - - [10/Jun/2026:06:58:26 +0000] "GET /terms-conditions/?view=/var/www/vhosts/mayaver.com/httpdocs/wp-content/themes/aihub/templates/blog/single/navigation.php HTTP/1.1" 200 4312 "https://mayaver.com/terms-conditions/?file=/var/www/vhosts/mayaver.com/httpdocs/wp-content/themes/aihub/templates/blog/single" "Mozilla/5.0 AppleWebKit/537.36 (KHTML, like Gecko; compatible; GPTBot/1.4; +https://openai.com/gptbot)"
74.7.227.0 - - [10/Jun/2026:06:58:26 +0000] "GET /terms-conditions/?view=/var/www/vhosts/mayaver.com/httpdocs/wp-content/themes/aihub/templates/blog/single/classic.php HTTP/1.1" 200 4526 "https://mayaver.com/terms-conditions/?file=/var/www/vhosts/mayaver.com/httpdocs/wp-content/themes/aihub/templates/blog/single" "Mozilla/5.0 AppleWebKit/537.36 (KHTML, like Gecko; compatible; GPTBot/1.4; +https://openai.com/gptbot)"
74.7.227.0 - - [10/Jun/2026:06:58:27 +0000] "GET /terms-conditions/?rename=/var/www/vhosts/mayaver.com/httpdocs/wp-content/themes/aihub/templates/blog/single/classic.php HTTP/1.1" 200 26355 "https://mayaver.com/terms-conditions/?file=/var/www/vhosts/mayaver.com/httpdocs/wp-content/themes/aihub/templates/blog/single" "Mozilla/5.0 AppleWebKit/537.36 (KHTML, like Gecko; compatible; GPTBot/1.4; +https://openai.com/gptbot)"
74.7.227.0 - - [10/Jun/2026:06:58:28 +0000] "GET /terms-conditions/?edit=/var/www/vhosts/mayaver.com/httpdocs/wp-content/themes/aihub/templates/blog/single/navigation.php HTTP/1.1" 200 27095 "https://mayaver.com/terms-conditions/?file=/var/www/vhosts/mayaver.com/httpdocs/wp-content/themes/aihub/templates/blog/single" "Mozilla/5.0 AppleWebKit/537.36 (KHTML, like Gecko; compatible; GPTBot/1.4; +https://openai.com/gptbot)"
74.7.227.0 - - [10/Jun/2026:06:58:29 +0000] "GET /terms-conditions/?edit=/var/www/vhosts/mayaver.com/httpdocs/wp-content/themes/aihub/templates/blog/single/classic.php HTTP/1.1" 200 27317 "https://mayaver.com/terms-conditions/?file=/var/www/vhosts/mayaver.com/httpdocs/wp-content/themes/aihub/templates/blog/single" "Mozilla/5.0 AppleWebKit/537.36 (KHTML, like Gecko; compatible; GPTBot/1.4; +https://openai.com/gptbot)"
74.7.227.0 - - [10/Jun/2026:06:58:29 +0000] "GET /terms-conditions/?view=/var/www/vhosts/mayaver.com/httpdocs/wp-content/themes/aihub/templates/blog/single/part-meta.php HTTP/1.1" 200 4344 "https://mayaver.com/terms-conditions/?file=/var/www/vhosts/mayaver.com/httpdocs/wp-content/themes/aihub/templates/blog/single" "Mozilla/5.0 AppleWebKit/537.36 (KHTML, like Gecko; compatible; GPTBot/1.4; +https://openai.com/gptbot)"
74.7.227.0 - - [10/Jun/2026:06:58:30 +0000] "GET /terms-conditions/?view=/var/www/vhosts/mayaver.com/httpdocs/wp-content/themes/aihub/templates/blog/single/part-head.php HTTP/1.1" 200 4445 "https://mayaver.com/terms-conditions/?file=/var/www/vhosts/mayaver.com/httpdocs/wp-content/themes/aihub/templates/blog/single" "Mozilla/5.0 AppleWebKit/537.36 (KHTML, like Gecko; compatible; GPTBot/1.4; +https://openai.com/gptbot)"
74.7.227.0 - - [10/Jun/2026:06:58:31 +0000] "GET /terms-conditions/?rename=/var/www/vhosts/mayaver.com/httpdocs/wp-content/themes/aihub/templates/blog/single/navigation.php HTTP/1.1" 200 26354 "https://mayaver.com/terms-conditions/?file=/var/www/vhosts/mayaver.com/httpdocs/wp-content/themes/aihub/templates/blog/single" "Mozilla/5.0 AppleWebKit/537.36 (KHTML, like Gecko; compatible; GPTBot/1.4; +https://openai.com/gptbot)"
74.7.227.0 - - [10/Jun/2026:06:58:31 +0000] "GET /terms-conditions/?file=/var/www/vhosts/mayaver.com/httpdocs/wp-content/themes/aihub/templates/blog/single/classic.php HTTP/1.1" 200 25452 "https://mayaver.com/terms-conditions/?file=/var/www/vhosts/mayaver.com/httpdocs/wp-content/themes/aihub/templates/blog/single" "Mozilla/5.0 AppleWebKit/537.36 (KHTML, like Gecko; compatible; GPTBot/1.4; +https://openai.com/gptbot)"
57.141.2.37 - - [10/Jun/2026:06:58:32 +0000] "GET /products/tods-neutrals-loafers/30868545/ HTTP/1.1" 404 115176 "-" "meta-externalagent/1.1 (+https://developers.facebook.com/docs/sharing/webmasters/crawler)"
74.7.227.0 - - [10/Jun/2026:06:58:32 +0000] "GET /terms-conditions/?file=/var/www/vhosts/mayaver.com/httpdocs/wp-content/themes/aihub/templates/blog/single/navigation.php HTTP/1.1" 200 25453 "https://mayaver.com/terms-conditions/?file=/var/www/vhosts/mayaver.com/httpdocs/wp-content/themes/aihub/templates/blog/single" "Mozilla/5.0 AppleWebKit/537.36 (KHTML, like Gecko; compatible; GPTBot/1.4; +https://openai.com/gptbot)"
74.7.227.0 - - [10/Jun/2026:06:58:33 +0000] "GET /terms-conditions/?rename=/var/www/vhosts/mayaver.com/httpdocs/wp-content/themes/aihub/templates/blog/single/part-head.php HTTP/1.1" 200 26355 "https://mayaver.com/terms-conditions/?file=/var/www/vhosts/mayaver.com/httpdocs/wp-content/themes/aihub/templates/blog/single" "Mozilla/5.0 AppleWebKit/537.36 (KHTML, like Gecko; compatible; GPTBot/1.4; +https://openai.com/gptbot)"
74.7.227.0 - - [10/Jun/2026:06:58:34 +0000] "GET /terms-conditions/%3C?php%20echo%20esc_url(%20$prev_post_link%20);%20?%3E HTTP/1.1" 404 115123 "https://mayaver.com/terms-conditions/?view=/var/www/vhosts/mayaver.com/httpdocs/wp-content/themes/aihub/templates/blog/single/navigation.php" "Mozilla/5.0 AppleWebKit/537.36 (KHTML, like Gecko; compatible; GPTBot/1.4; +https://openai.com/gptbot)"
74.7.227.0 - - [10/Jun/2026:06:58:35 +0000] "GET /terms-conditions/%3C?php%20echo%20esc_url(%20$next_post_link%20);%20?%3E HTTP/1.1" 404 115123 "https://mayaver.com/terms-conditions/?view=/var/www/vhosts/mayaver.com/httpdocs/wp-content/themes/aihub/templates/blog/single/navigation.php" "Mozilla/5.0 AppleWebKit/537.36 (KHTML, like Gecko; compatible; GPTBot/1.4; +https://openai.com/gptbot)"
57.141.2.51 - - [10/Jun/2026:06:58:35 +0000] "GET /products/chrome-hearts-cross-ball-stud-earring/61161873/ HTTP/1.1" 404 115176 "-" "meta-externalagent/1.1 (+https://developers.facebook.com/docs/sharing/webmasters/crawler)"
74.7.227.0 - - [10/Jun/2026:06:58:35 +0000] "GET /terms-conditions/?rename=/var/www/vhosts/mayaver.com/httpdocs/wp-content/themes/aihub/templates/blog/single/part-meta.php HTTP/1.1" 200 26356 "https://mayaver.com/terms-conditions/?file=/var/www/vhosts/mayaver.com/httpdocs/wp-content/themes/aihub/templates/blog/single" "Mozilla/5.0 AppleWebKit/537.36 (KHTML, like Gecko; compatible; GPTBot/1.4; +https://openai.com/gptbot)"
74.7.227.0 - - [10/Jun/2026:06:58:36 +0000] "GET /terms-conditions/?edit=/var/www/vhosts/mayaver.com/httpdocs/wp-content/themes/aihub/templates/blog/single/part-head.php HTTP/1.1" 200 27236 "https://mayaver.com/terms-conditions/?file=/var/www/vhosts/mayaver.com/httpdocs/wp-content/themes/aihub/templates/blog/single" "Mozilla/5.0 AppleWebKit/537.36 (KHTML, like Gecko; compatible; GPTBot/1.4; +https://openai.com/gptbot)"
74.7.227.0 - - [10/Jun/2026:06:58:37 +0000] "GET /terms-conditions/?edit=/var/www/vhosts/mayaver.com/httpdocs/wp-content/themes/aihub/templates/blog/single/part-meta.php HTTP/1.1" 200 27142 "https://mayaver.com/terms-conditions/?file=/var/www/vhosts/mayaver.com/httpdocs/wp-content/themes/aihub/templates/blog/single" "Mozilla/5.0 AppleWebKit/537.36 (KHTML, like Gecko; compatible; GPTBot/1.4; +https://openai.com/gptbot)"
74.7.227.0 - - [10/Jun/2026:06:58:38 +0000] "GET /terms-conditions/?file=/var/www/vhosts/mayaver.com/httpdocs/wp-content/themes/aihub/templates/blog/single/part-meta.php HTTP/1.1" 200 25454 "https://mayaver.com/terms-conditions/?file=/var/www/vhosts/mayaver.com/httpdocs/wp-content/themes/aihub/templates/blog/single" "Mozilla/5.0 AppleWebKit/537.36 (KHTML, like Gecko; compatible; GPTBot/1.4; +https://openai.com/gptbot)"
74.7.227.0 - - [10/Jun/2026:06:58:39 +0000] "GET /terms-conditions/?file=/var/www/vhosts/mayaver.com/httpdocs/wp-content/themes/aihub/templates/blog/single/part-head.php HTTP/1.1" 200 25455 "https://mayaver.com/terms-conditions/?file=/var/www/vhosts/mayaver.com/httpdocs/wp-content/themes/aihub/templates/blog/single" "Mozilla/5.0 AppleWebKit/537.36 (KHTML, like Gecko; compatible; GPTBot/1.4; +https://openai.com/gptbot)"
74.7.227.0 - - [10/Jun/2026:06:58:39 +0000] "GET /terms-conditions/?file=/var/www/vhosts/mayaver.com/httpdocs/wp-content/themes/aihub/templates/header/default.php HTTP/1.1" 200 25448 "https://mayaver.com/terms-conditions/?file=/var/www/vhosts/mayaver.com/httpdocs/wp-content/themes/aihub/templates/header" "Mozilla/5.0 AppleWebKit/537.36 (KHTML, like Gecko; compatible; GPTBot/1.4; +https://openai.com/gptbot)"
74.7.227.0 - - [10/Jun/2026:06:58:40 +0000] "GET /terms-conditions/?file=/var/www/vhosts/mayaver.com/httpdocs/wp-content/themes/aihub/templates/preloader/signal.php HTTP/1.1" 200 25453 "https://mayaver.com/terms-conditions/?file=/var/www/vhosts/mayaver.com/httpdocs/wp-content/themes/aihub/templates/preloader" "Mozilla/5.0 AppleWebKit/537.36 (KHTML, like Gecko; compatible; GPTBot/1.4; +https://openai.com/gptbot)"
74.7.227.0 - - [10/Jun/2026:06:58:41 +0000] "GET /terms-conditions/?file=/var/www/vhosts/mayaver.com/httpdocs/wp-content/themes/aihub/templates/preloader/spinner.php HTTP/1.1" 200 25453 "https://mayaver.com/terms-conditions/?file=/var/www/vhosts/mayaver.com/httpdocs/wp-content/themes/aihub/templates/preloader" "Mozilla/5.0 AppleWebKit/537.36 (KHTML, like Gecko; compatible; GPTBot/1.4; +https://openai.com/gptbot)"
74.7.227.0 - - [10/Jun/2026:06:58:42 +0000] "GET /terms-conditions/?file=/var/www/vhosts/mayaver.com/httpdocs/wp-content/themes/aihub/templates/preloader/dot.php HTTP/1.1" 200 25451 "https://mayaver.com/terms-conditions/?file=/var/www/vhosts/mayaver.com/httpdocs/wp-content/themes/aihub/templates/preloader" "Mozilla/5.0 AppleWebKit/537.36 (KHTML, like Gecko; compatible; GPTBot/1.4; +https://openai.com/gptbot)"
74.7.227.0 - - [10/Jun/2026:06:58:43 +0000] "GET /terms-conditions/?file=/var/www/vhosts/mayaver.com/httpdocs/wp-content/themes/aihub/templates/preloader/frame.php HTTP/1.1" 200 25453 "https://mayaver.com/terms-conditions/?file=/var/www/vhosts/mayaver.com/httpdocs/wp-content/themes/aihub/templates/preloader" "Mozilla/5.0 AppleWebKit/537.36 (KHTML, like Gecko; compatible; GPTBot/1.4; +https://openai.com/gptbot)"
74.7.227.0 - - [10/Jun/2026:06:58:44 +0000] "GET /terms-conditions/?file=/var/www/vhosts/mayaver.com/httpdocs/wp-content/themes/aihub/templates/preloader/curtain.php HTTP/1.1" 200 25454 "https://mayaver.com/terms-conditions/?file=/var/www/vhosts/mayaver.com/httpdocs/wp-content/themes/aihub/templates/preloader" "Mozilla/5.0 AppleWebKit/537.36 (KHTML, like Gecko; compatible; GPTBot/1.4; +https://openai.com/gptbot)"
74.7.227.0 - - [10/Jun/2026:06:58:44 +0000] "GET /terms-conditions/?edit=/var/www/vhosts/mayaver.com/httpdocs/wp-content/themes/aihub/templates/preloader/sliding.php HTTP/1.1" 200 26493 "https://mayaver.com/terms-conditions/?file=/var/www/vhosts/mayaver.com/httpdocs/wp-content/themes/aihub/templates/preloader" "Mozilla/5.0 AppleWebKit/537.36 (KHTML, like Gecko; compatible; GPTBot/1.4; +https://openai.com/gptbot)"
74.7.227.0 - - [10/Jun/2026:06:58:45 +0000] "GET /terms-conditions/?file=/var/www/vhosts/mayaver.com/httpdocs/wp-content/themes/aihub/templates/preloader/dissolve.php HTTP/1.1" 200 25455 "https://mayaver.com/terms-conditions/?file=/var/www/vhosts/mayaver.com/httpdocs/wp-content/themes/aihub/templates/preloader" "Mozilla/5.0 AppleWebKit/537.36 (KHTML, like Gecko; compatible; GPTBot/1.4; +https://openai.com/gptbot)"
57.141.2.34 - - [10/Jun/2026:06:58:45 +0000] "GET /products/louis-vuitton-epi-danube-shoulder-bag-brown-m51694/70538241/ HTTP/1.1" 404 115176 "-" "meta-externalagent/1.1 (+https://developers.facebook.com/docs/sharing/webmasters/crawler)"
74.7.227.0 - - [10/Jun/2026:06:58:46 +0000] "GET /terms-conditions/?view=/var/www/vhosts/mayaver.com/httpdocs/wp-content/themes/aihub/templates/preloader/frame.php HTTP/1.1" 200 3815 "https://mayaver.com/terms-conditions/?file=/var/www/vhosts/mayaver.com/httpdocs/wp-content/themes/aihub/templates/preloader" "Mozilla/5.0 AppleWebKit/537.36 (KHTML, like Gecko; compatible; GPTBot/1.4; +https://openai.com/gptbot)"
74.7.227.0 - - [10/Jun/2026:06:58:47 +0000] "GET /terms-conditions/?view=/var/www/vhosts/mayaver.com/httpdocs/wp-content/themes/aihub/templates/preloader/curtain.php HTTP/1.1" 200 3742 "https://mayaver.com/terms-conditions/?file=/var/www/vhosts/mayaver.com/httpdocs/wp-content/themes/aihub/templates/preloader" "Mozilla/5.0 AppleWebKit/537.36 (KHTML, like Gecko; compatible; GPTBot/1.4; +https://openai.com/gptbot)"
74.7.227.0 - - [10/Jun/2026:06:58:47 +0000] "GET /terms-conditions/?rename=/var/www/vhosts/mayaver.com/httpdocs/wp-content/themes/aihub/templates/preloader/sliding.php HTTP/1.1" 200 26358 "https://mayaver.com/terms-conditions/?file=/var/www/vhosts/mayaver.com/httpdocs/wp-content/themes/aihub/templates/preloader" "Mozilla/5.0 AppleWebKit/537.36 (KHTML, like Gecko; compatible; GPTBot/1.4; +https://openai.com/gptbot)"
74.7.227.0 - - [10/Jun/2026:06:58:48 +0000] "GET /terms-conditions/?rename=/var/www/vhosts/mayaver.com/httpdocs/wp-content/themes/aihub/templates/portfolio/partial-filters.php HTTP/1.1" 200 26356 "https://mayaver.com/terms-conditions/?file=/var/www/vhosts/mayaver.com/httpdocs/wp-content/themes/aihub/templates/portfolio" "Mozilla/5.0 AppleWebKit/537.36 (KHTML, like Gecko; compatible; GPTBot/1.4; +https://openai.com/gptbot)"
74.7.227.0 - - [10/Jun/2026:06:58:49 +0000] "GET /terms-conditions/?edit=/var/www/vhosts/mayaver.com/httpdocs/wp-content/themes/aihub/templates/portfolio/partial-filters.php HTTP/1.1" 200 27243 "https://mayaver.com/terms-conditions/?file=/var/www/vhosts/mayaver.com/httpdocs/wp-content/themes/aihub/templates/portfolio" "Mozilla/5.0 AppleWebKit/537.36 (KHTML, like Gecko; compatible; GPTBot/1.4; +https://openai.com/gptbot)"
74.7.227.0 - - [10/Jun/2026:06:58:50 +0000] "GET /terms-conditions/?file=/var/www/vhosts/mayaver.com/httpdocs/wp-content/themes/aihub/templates/preloader/spinner-classical.php HTTP/1.1" 200 25459 "https://mayaver.com/terms-conditions/?file=/var/www/vhosts/mayaver.com/httpdocs/wp-content/themes/aihub/templates/preloader" "Mozilla/5.0 AppleWebKit/537.36 (KHTML, like Gecko; compatible; GPTBot/1.4; +https://openai.com/gptbot)"
74.7.227.0 - - [10/Jun/2026:06:58:50 +0000] "GET /terms-conditions/?file=/var/www/vhosts/mayaver.com/httpdocs/wp-content/themes/aihub/templates/portfolio/partial-filters.php HTTP/1.1" 200 25454 "https://mayaver.com/terms-conditions/?file=/var/www/vhosts/mayaver.com/httpdocs/wp-content/themes/aihub/templates/portfolio" "Mozilla/5.0 AppleWebKit/537.36 (KHTML, like Gecko; compatible; GPTBot/1.4; +https://openai.com/gptbot)"
74.7.227.0 - - [10/Jun/2026:06:58:51 +0000] "GET /terms-conditions/?view=/var/www/vhosts/mayaver.com/httpdocs/wp-content/themes/aihub/templates/preloader/dissolve.php HTTP/1.1" 200 3787 "https://mayaver.com/terms-conditions/?file=/var/www/vhosts/mayaver.com/httpdocs/wp-content/themes/aihub/templates/preloader" "Mozilla/5.0 AppleWebKit/537.36 (KHTML, like Gecko; compatible; GPTBot/1.4; +https://openai.com/gptbot)"
74.7.227.0 - - [10/Jun/2026:06:58:52 +0000] "GET /terms-conditions/?file=/var/www/vhosts/mayaver.com/httpdocs/wp-content/themes/aihub/templates/preloader/sliding.php HTTP/1.1" 200 25454 "https://mayaver.com/terms-conditions/?file=/var/www/vhosts/mayaver.com/httpdocs/wp-content/themes/aihub/templates/preloader" "Mozilla/5.0 AppleWebKit/537.36 (KHTML, like Gecko; compatible; GPTBot/1.4; +https://openai.com/gptbot)"
74.7.227.0 - - [10/Jun/2026:06:58:52 +0000] "GET /terms-conditions/?view=/var/www/vhosts/mayaver.com/httpdocs/wp-content/themes/aihub/templates/preloader/spinner-classical.php HTTP/1.1" 200 3689 "https://mayaver.com/terms-conditions/?file=/var/www/vhosts/mayaver.com/httpdocs/wp-content/themes/aihub/templates/preloader" "Mozilla/5.0 AppleWebKit/537.36 (KHTML, like Gecko; compatible; GPTBot/1.4; +https://openai.com/gptbot)"
74.7.227.0 - - [10/Jun/2026:06:58:53 +0000] "GET /terms-conditions/?file=/var/www/vhosts/mayaver.com/httpdocs/wp-content/themes/aihub/templates/header/header-search-zoom-out.php HTTP/1.1" 200 25456 "https://mayaver.com/terms-conditions/?file=/var/www/vhosts/mayaver.com/httpdocs/wp-content/themes/aihub/templates/header" "Mozilla/5.0 AppleWebKit/537.36 (KHTML, like Gecko; compatible; GPTBot/1.4; +https://openai.com/gptbot)"
74.7.227.0 - - [10/Jun/2026:06:58:54 +0000] "GET /terms-conditions/?view=/var/www/vhosts/mayaver.com/httpdocs/wp-content/themes/aihub/templates/header/header-search-zoom-out.php HTTP/1.1" 200 4687 "https://mayaver.com/terms-conditions/?file=/var/www/vhosts/mayaver.com/httpdocs/wp-content/themes/aihub/templates/header" "Mozilla/5.0 AppleWebKit/537.36 (KHTML, like Gecko; compatible; GPTBot/1.4; +https://openai.com/gptbot)"
74.7.227.0 - - [10/Jun/2026:06:58:54 +0000] "GET /terms-conditions/?file=/var/www/vhosts/mayaver.com/httpdocs/wp-content/themes/aihub/templates/header/header-search-visible-form.php HTTP/1.1" 200 25458 "https://mayaver.com/terms-conditions/?file=/var/www/vhosts/mayaver.com/httpdocs/wp-content/themes/aihub/templates/header" "Mozilla/5.0 AppleWebKit/537.36 (KHTML, like Gecko; compatible; GPTBot/1.4; +https://openai.com/gptbot)"
74.7.227.0 - - [10/Jun/2026:06:58:55 +0000] "GET /terms-conditions/?edit=/var/www/vhosts/mayaver.com/httpdocs/wp-content/themes/aihub/templates/header/header-search-visible-form.php HTTP/1.1" 200 26797 "https://mayaver.com/terms-conditions/?file=/var/www/vhosts/mayaver.com/httpdocs/wp-content/themes/aihub/templates/header" "Mozilla/5.0 AppleWebKit/537.36 (KHTML, like Gecko; compatible; GPTBot/1.4; +https://openai.com/gptbot)"
74.7.227.0 - - [10/Jun/2026:06:58:56 +0000] "GET /terms-conditions/?rename=/var/www/vhosts/mayaver.com/httpdocs/wp-content/themes/aihub/templates/header/header-search-visible-form.php HTTP/1.1" 200 26358 "https://mayaver.com/terms-conditions/?file=/var/www/vhosts/mayaver.com/httpdocs/wp-content/themes/aihub/templates/header" "Mozilla/5.0 AppleWebKit/537.36 (KHTML, like Gecko; compatible; GPTBot/1.4; +https://openai.com/gptbot)"
74.7.227.0 - - [10/Jun/2026:06:58:57 +0000] "GET /terms-conditions/?rename=/var/www/vhosts/mayaver.com/httpdocs/wp-content/themes/aihub/templates/blog/single/part-author.php HTTP/1.1" 200 26354 "https://mayaver.com/terms-conditions/?file=/var/www/vhosts/mayaver.com/httpdocs/wp-content/themes/aihub/templates/blog/single" "Mozilla/5.0 AppleWebKit/537.36 (KHTML, like Gecko; compatible; GPTBot/1.4; +https://openai.com/gptbot)"
74.7.227.0 - - [10/Jun/2026:06:58:58 +0000] "GET /terms-conditions/?view=/var/www/vhosts/mayaver.com/httpdocs/wp-content/themes/aihub/templates/blog/single/part-author.php HTTP/1.1" 200 4304 "https://mayaver.com/terms-conditions/?file=/var/www/vhosts/mayaver.com/httpdocs/wp-content/themes/aihub/templates/blog/single" "Mozilla/5.0 AppleWebKit/537.36 (KHTML, like Gecko; compatible; GPTBot/1.4; +https://openai.com/gptbot)"
74.7.227.0 - - [10/Jun/2026:06:58:58 +0000] "GET /terms-conditions/?view=/var/www/vhosts/mayaver.com/httpdocs/wp-content/themes/aihub/templates/header/header-search-visible-form.php HTTP/1.1" 200 3997 "https://mayaver.com/terms-conditions/?file=/var/www/vhosts/mayaver.com/httpdocs/wp-content/themes/aihub/templates/header" "Mozilla/5.0 AppleWebKit/537.36 (KHTML, like Gecko; compatible; GPTBot/1.4; +https://openai.com/gptbot)"
74.7.227.0 - - [10/Jun/2026:06:58:59 +0000] "GET /terms-conditions/?edit=/var/www/vhosts/mayaver.com/httpdocs/wp-content/themes/aihub/templates/blog/single/part-author.php HTTP/1.1" 200 27088 "https://mayaver.com/terms-conditions/?file=/var/www/vhosts/mayaver.com/httpdocs/wp-content/themes/aihub/templates/blog/single" "Mozilla/5.0 AppleWebKit/537.36 (KHTML, like Gecko; compatible; GPTBot/1.4; +https://openai.com/gptbot)"
74.7.227.0 - - [10/Jun/2026:06:59:00 +0000] "GET /terms-conditions/?view=/var/www/vhosts/mayaver.com/httpdocs/wp-content/themes/aihub/templates/header/header-search-default.php HTTP/1.1" 200 4338 "https://mayaver.com/terms-conditions/?file=/var/www/vhosts/mayaver.com/httpdocs/wp-content/themes/aihub/templates/header" "Mozilla/5.0 AppleWebKit/537.36 (KHTML, like Gecko; compatible; GPTBot/1.4; +https://openai.com/gptbot)"
57.141.2.46 - - [10/Jun/2026:06:58:59 +0000] "GET /products/2006-comme-des-garcons-truker-style-jacket-10/23281185/ HTTP/1.1" 404 115176 "-" "meta-externalagent/1.1 (+https://developers.facebook.com/docs/sharing/webmasters/crawler)"
74.7.227.0 - - [10/Jun/2026:06:59:00 +0000] "GET /terms-conditions/?view=/var/www/vhosts/mayaver.com/httpdocs/wp-content/themes/aihub/templates/preloader/signal.php HTTP/1.1" 200 3697 "https://mayaver.com/terms-conditions/?file=/var/www/vhosts/mayaver.com/httpdocs/wp-content/themes/aihub/templates/preloader" "Mozilla/5.0 AppleWebKit/537.36 (KHTML, like Gecko; compatible; GPTBot/1.4; +https://openai.com/gptbot)"
74.7.227.0 - - [10/Jun/2026:06:59:01 +0000] "GET /terms-conditions/?view=/var/www/vhosts/mayaver.com/httpdocs/wp-content/themes/aihub/templates/header/default.php HTTP/1.1" 200 5319 "https://mayaver.com/terms-conditions/?file=/var/www/vhosts/mayaver.com/httpdocs/wp-content/themes/aihub/templates/header" "Mozilla/5.0 AppleWebKit/537.36 (KHTML, like Gecko; compatible; GPTBot/1.4; +https://openai.com/gptbot)"
74.7.227.0 - - [10/Jun/2026:06:59:01 +0000] "GET /terms-conditions/?view=/var/www/vhosts/mayaver.com/httpdocs/wp-content/themes/aihub/templates/preloader/sliding.php HTTP/1.1" 200 3711 "https://mayaver.com/terms-conditions/?file=/var/www/vhosts/mayaver.com/httpdocs/wp-content/themes/aihub/templates/preloader" "Mozilla/5.0 AppleWebKit/537.36 (KHTML, like Gecko; compatible; GPTBot/1.4; +https://openai.com/gptbot)"
74.7.227.0 - - [10/Jun/2026:06:59:02 +0000] "GET /terms-conditions/?view=/var/www/vhosts/mayaver.com/httpdocs/wp-content/themes/aihub/templates/preloader/fade.php HTTP/1.1" 200 3664 "https://mayaver.com/terms-conditions/?file=/var/www/vhosts/mayaver.com/httpdocs/wp-content/themes/aihub/templates/preloader" "Mozilla/5.0 AppleWebKit/537.36 (KHTML, like Gecko; compatible; GPTBot/1.4; +https://openai.com/gptbot)"
74.7.227.0 - - [10/Jun/2026:06:59:02 +0000] "GET /terms-conditions/?view=/var/www/vhosts/mayaver.com/httpdocs/wp-content/themes/aihub/templates/footer/default.php HTTP/1.1" 200 4014 "https://mayaver.com/terms-conditions/?file=/var/www/vhosts/mayaver.com/httpdocs/wp-content/themes/aihub/templates/footer" "Mozilla/5.0 AppleWebKit/537.36 (KHTML, like Gecko; compatible; GPTBot/1.4; +https://openai.com/gptbot)"
52.167.144.169 - - [10/Jun/2026:06:59:01 +0000] "GET /products/solid-striped-sweater-vest-womens-medium-orange-cropped-knit/53113689/ HTTP/1.1" 200 28802 "-" "Mozilla/5.0 AppleWebKit/537.36 (KHTML, like Gecko; compatible; bingbot/2.0; +http://www.bing.com/bingbot.htm) Chrome/116.0.1938.76 Safari/537.36"
74.7.227.0 - - [10/Jun/2026:06:59:03 +0000] "GET /terms-conditions/?edit=/var/www/vhosts/mayaver.com/httpdocs/wp-content/themes/aihub/templates/portfolio/partial-filters-carousel.php HTTP/1.1" 200 27094 "https://mayaver.com/terms-conditions/?file=/var/www/vhosts/mayaver.com/httpdocs/wp-content/themes/aihub/templates/portfolio" "Mozilla/5.0 AppleWebKit/537.36 (KHTML, like Gecko; compatible; GPTBot/1.4; +https://openai.com/gptbot)"
74.7.227.0 - - [10/Jun/2026:06:59:04 +0000] "GET /terms-conditions/?file=/var/www/vhosts/mayaver.com/httpdocs/wp-content/themes/aihub/templates/portfolio/partial-filters-carousel.php HTTP/1.1" 200 25462 "https://mayaver.com/terms-conditions/?file=/var/www/vhosts/mayaver.com/httpdocs/wp-content/themes/aihub/templates/portfolio" "Mozilla/5.0 AppleWebKit/537.36 (KHTML, like Gecko; compatible; GPTBot/1.4; +https://openai.com/gptbot)"
74.7.227.0 - - [10/Jun/2026:06:59:04 +0000] "GET /terms-conditions/%3C?php%20echo%20esc_url(%20get_author_posts_url(%20$authordata-%3EID%20)%20);%20?%3E HTTP/1.1" 404 115123 "https://mayaver.com/terms-conditions/?view=/var/www/vhosts/mayaver.com/httpdocs/wp-content/themes/aihub/templates/blog/single/part-author.php" "Mozilla/5.0 AppleWebKit/537.36 (KHTML, like Gecko; compatible; GPTBot/1.4; +https://openai.com/gptbot)"
52.167.144.169 - - [10/Jun/2026:06:59:03 +0000] "GET /products/thorogood-boots-train-softstreets-ultimate-cross-tactical-8w/44419713/ HTTP/1.1" 200 28822 "-" "Mozilla/5.0 AppleWebKit/537.36 (KHTML, like Gecko; compatible; bingbot/2.0; +http://www.bing.com/bingbot.htm) Chrome/116.0.1938.76 Safari/537.36"
74.7.227.0 - - [10/Jun/2026:06:59:05 +0000] "GET /terms-conditions/?view=/var/www/vhosts/mayaver.com/httpdocs/wp-content/themes/aihub/templates/portfolio/partial-filters.php HTTP/1.1" 200 4449 "https://mayaver.com/terms-conditions/?file=/var/www/vhosts/mayaver.com/httpdocs/wp-content/themes/aihub/templates/portfolio" "Mozilla/5.0 AppleWebKit/537.36 (KHTML, like Gecko; compatible; GPTBot/1.4; +https://openai.com/gptbot)"
74.7.227.0 - - [10/Jun/2026:06:59:06 +0000] "GET /terms-conditions/?view=/var/www/vhosts/mayaver.com/httpdocs/wp-content/themes/aihub/templates/portfolio/partial-filters-carousel.php HTTP/1.1" 200 4293 "https://mayaver.com/terms-conditions/?file=/var/www/vhosts/mayaver.com/httpdocs/wp-content/themes/aihub/templates/portfolio" "Mozilla/5.0 AppleWebKit/537.36 (KHTML, like Gecko; compatible; GPTBot/1.4; +https://openai.com/gptbot)"
74.7.227.0 - - [10/Jun/2026:06:59:06 +0000] "GET /terms-conditions/?file=/var/www/vhosts/mayaver.com/httpdocs/wp-content/themes/aihub/templates/blog/single/part-author.php HTTP/1.1" 200 25454 "https://mayaver.com/terms-conditions/?file=/var/www/vhosts/mayaver.com/httpdocs/wp-content/themes/aihub/templates/blog/single" "Mozilla/5.0 AppleWebKit/537.36 (KHTML, like Gecko; compatible; GPTBot/1.4; +https://openai.com/gptbot)"
74.7.227.0 - - [10/Jun/2026:06:59:07 +0000] "GET /terms-conditions/?file=/var/www/vhosts/mayaver.com/httpdocs/wp-content/themes/aihub/templates/portfolio/single HTTP/1.1" 200 25675 "https://mayaver.com/terms-conditions/?file=/var/www/vhosts/mayaver.com/httpdocs/wp-content/themes/aihub/templates/portfolio" "Mozilla/5.0 AppleWebKit/537.36 (KHTML, like Gecko; compatible; GPTBot/1.4; +https://openai.com/gptbot)"
74.7.227.0 - - [10/Jun/2026:06:59:08 +0000] "GET /terms-conditions/%3C?php%20liquid_logo_url();%20?%3E HTTP/1.1" 404 115123 "https://mayaver.com/terms-conditions/?view=/var/www/vhosts/mayaver.com/httpdocs/wp-content/themes/aihub/templates/header/default.php" "Mozilla/5.0 AppleWebKit/537.36 (KHTML, like Gecko; compatible; GPTBot/1.4; +https://openai.com/gptbot)"
74.7.227.0 - - [10/Jun/2026:06:59:09 +0000] "GET /terms-conditions/%3C?php%20echo%20esc_url(%20home_url(%20%27/%27%20)%20);%20?%3E HTTP/1.1" 404 115123 "https://mayaver.com/terms-conditions/?view=/var/www/vhosts/mayaver.com/httpdocs/wp-content/themes/aihub/templates/header/default.php" "Mozilla/5.0 AppleWebKit/537.36 (KHTML, like Gecko; compatible; GPTBot/1.4; +https://openai.com/gptbot)"
74.7.227.0 - - [10/Jun/2026:06:59:10 +0000] "GET /conference-room/?file=/var/www/vhosts/mayaver.com/httpdocs/wp-content/themes/aihub/footer.php HTTP/1.1" 200 30559 "https://mayaver.com/conference-room/" "Mozilla/5.0 AppleWebKit/537.36 (KHTML, like Gecko; compatible; GPTBot/1.4; +https://openai.com/gptbot)"
74.7.227.0 - - [10/Jun/2026:06:59:11 +0000] "GET /art-museum/?file=/var/www/vhosts/mayaver.com/httpdocs/wp-content/themes/aihub/header.php HTTP/1.1" 200 30288 "https://mayaver.com/art-museum/" "Mozilla/5.0 AppleWebKit/537.36 (KHTML, like Gecko; compatible; GPTBot/1.4; +https://openai.com/gptbot)"
139.84.174.118 - - [10/Jun/2026:06:59:12 +0000] "POST /wp-cron.php?doing_wp_cron=1781074752.0823678970336914062500 HTTP/1.1" 403 4358 "-" "WordPress/6.5.8; https://mayaver.com"
74.7.227.0 - - [10/Jun/2026:06:59:11 +0000] "GET /conference-room/?file=/var/www/vhosts/mayaver.com/httpdocs/wp-content/themes/aihub/header.php HTTP/1.1" 200 30560 "https://mayaver.com/conference-room/" "Mozilla/5.0 AppleWebKit/537.36 (KHTML, like Gecko; compatible; GPTBot/1.4; +https://openai.com/gptbot)"
74.7.227.0 - - [10/Jun/2026:06:59:12 +0000] "GET /plots/?edit=/var/www/vhosts/mayaver.com/httpdocs/wp-content/themes/aihub/functions.php HTTP/1.1" 200 33274 "https://mayaver.com/plots/" "Mozilla/5.0 AppleWebKit/537.36 (KHTML, like Gecko; compatible; GPTBot/1.4; +https://openai.com/gptbot)"
40.77.167.49 - - [10/Jun/2026:06:59:11 +0000] "GET /products/vintage-90s-plantation-by-issey-miyake-design-jacket/38333961/ HTTP/1.1" 200 28067 "-" "Mozilla/5.0 AppleWebKit/537.36 (KHTML, like Gecko; compatible; bingbot/2.0; +http://www.bing.com/bingbot.htm) Chrome/116.0.1938.76 Safari/537.36"
74.7.227.0 - - [10/Jun/2026:06:59:13 +0000] "GET /yoga-room/?rename=/var/www/vhosts/mayaver.com/httpdocs/wp-content/themes/aihub/functions.php HTTP/1.1" 200 31398 "https://mayaver.com/yoga-room/" "Mozilla/5.0 AppleWebKit/537.36 (KHTML, like Gecko; compatible; GPTBot/1.4; +https://openai.com/gptbot)"
57.141.2.53 - - [10/Jun/2026:06:59:14 +0000] "GET /products/street-hip-hop-blue-and-white-patchwork-washed-jeans/72885393/ HTTP/1.1" 404 115176 "-" "meta-externalagent/1.1 (+https://developers.facebook.com/docs/sharing/webmasters/crawler)"
74.7.227.0 - - [10/Jun/2026:06:59:14 +0000] "GET /plots/?rename=/var/www/vhosts/mayaver.com/httpdocs/wp-content/themes/aihub/functions.php HTTP/1.1" 200 31969 "https://mayaver.com/plots/" "Mozilla/5.0 AppleWebKit/537.36 (KHTML, like Gecko; compatible; GPTBot/1.4; +https://openai.com/gptbot)"
74.7.227.0 - - [10/Jun/2026:06:59:15 +0000] "GET /city-apartment/?edit=/var/www/vhosts/mayaver.com/httpdocs/wp-content/themes/aihub/single.php HTTP/1.1" 200 31678 "https://mayaver.com/city-apartment/" "Mozilla/5.0 AppleWebKit/537.36 (KHTML, like Gecko; compatible; GPTBot/1.4; +https://openai.com/gptbot)"
40.77.167.49 - - [10/Jun/2026:06:59:14 +0000] "GET /products/vintage-polo-ralph-lauren-cp92-jogger-sweatpants-large/61958385/ HTTP/1.1" 200 29171 "-" "Mozilla/5.0 AppleWebKit/537.36 (KHTML, like Gecko; compatible; bingbot/2.0; +http://www.bing.com/bingbot.htm) Chrome/116.0.1938.76 Safari/537.36"
74.7.227.0 - - [10/Jun/2026:06:59:16 +0000] "GET /city-apartment/?file=/var/www/vhosts/mayaver.com/httpdocs/wp-content/themes/aihub/footer.php HTTP/1.1" 200 30357 "https://mayaver.com/city-apartment/" "Mozilla/5.0 AppleWebKit/537.36 (KHTML, like Gecko; compatible; GPTBot/1.4; +https://openai.com/gptbot)"
74.7.227.0 - - [10/Jun/2026:06:59:17 +0000] "GET /terms-conditions/?file=/var/www/vhosts/mayaver.com/httpdocs/wp-content/themes/aihub/templates/portfolio/single/default.php HTTP/1.1" 200 25456 "https://mayaver.com/terms-conditions/?file=/var/www/vhosts/mayaver.com/httpdocs/wp-content/themes/aihub/templates/portfolio/single" "Mozilla/5.0 AppleWebKit/537.36 (KHTML, like Gecko; compatible; GPTBot/1.4; +https://openai.com/gptbot)"
74.7.227.0 - - [10/Jun/2026:06:59:18 +0000] "GET /terms-conditions/?file=/var/www/vhosts/mayaver.com/httpdocs/wp-content/themes/aihub/templates/portfolio/single/custom.php HTTP/1.1" 200 25455 "https://mayaver.com/terms-conditions/?file=/var/www/vhosts/mayaver.com/httpdocs/wp-content/themes/aihub/templates/portfolio/single" "Mozilla/5.0 AppleWebKit/537.36 (KHTML, like Gecko; compatible; GPTBot/1.4; +https://openai.com/gptbot)"
74.7.227.0 - - [10/Jun/2026:06:59:19 +0000] "GET /terms-conditions/?edit=/var/www/vhosts/mayaver.com/httpdocs/wp-content/themes/aihub/templates/portfolio/single/custom.php HTTP/1.1" 200 26423 "https://mayaver.com/terms-conditions/?file=/var/www/vhosts/mayaver.com/httpdocs/wp-content/themes/aihub/templates/portfolio/single" "Mozilla/5.0 AppleWebKit/537.36 (KHTML, like Gecko; compatible; GPTBot/1.4; +https://openai.com/gptbot)"
74.7.227.0 - - [10/Jun/2026:06:59:20 +0000] "GET /terms-conditions/?edit=/var/www/vhosts/mayaver.com/httpdocs/wp-content/themes/aihub/templates/portfolio/single/default.php HTTP/1.1" 200 26549 "https://mayaver.com/terms-conditions/?file=/var/www/vhosts/mayaver.com/httpdocs/wp-content/themes/aihub/templates/portfolio/single" "Mozilla/5.0 AppleWebKit/537.36 (KHTML, like Gecko; compatible; GPTBot/1.4; +https://openai.com/gptbot)"
74.7.227.0 - - [10/Jun/2026:06:59:20 +0000] "GET /terms-conditions/?rename=/var/www/vhosts/mayaver.com/httpdocs/wp-content/themes/aihub/templates/portfolio/single/custom.php HTTP/1.1" 200 26355 "https://mayaver.com/terms-conditions/?file=/var/www/vhosts/mayaver.com/httpdocs/wp-content/themes/aihub/templates/portfolio/single" "Mozilla/5.0 AppleWebKit/537.36 (KHTML, like Gecko; compatible; GPTBot/1.4; +https://openai.com/gptbot)"
74.7.227.0 - - [10/Jun/2026:06:59:21 +0000] "GET /terms-conditions/?file=/var/www/vhosts/mayaver.com/httpdocs/wp-content/themes/aihub/templates/portfolio/single/navigation.php HTTP/1.1" 200 25456 "https://mayaver.com/terms-conditions/?file=/var/www/vhosts/mayaver.com/httpdocs/wp-content/themes/aihub/templates/portfolio/single" "Mozilla/5.0 AppleWebKit/537.36 (KHTML, like Gecko; compatible; GPTBot/1.4; +https://openai.com/gptbot)"
74.7.227.0 - - [10/Jun/2026:06:59:22 +0000] "GET /terms-conditions/?edit=/var/www/vhosts/mayaver.com/httpdocs/wp-content/themes/aihub/templates/portfolio/single/navigation.php HTTP/1.1" 200 27176 "https://mayaver.com/terms-conditions/?file=/var/www/vhosts/mayaver.com/httpdocs/wp-content/themes/aihub/templates/portfolio/single" "Mozilla/5.0 AppleWebKit/537.36 (KHTML, like Gecko; compatible; GPTBot/1.4; +https://openai.com/gptbot)"
52.167.144.218 - - [10/Jun/2026:06:59:21 +0000] "GET /products/new-balance-990v6-miusa-joe-freshgoods-paris-redconfirmed/44653737/ HTTP/1.1" 200 30579 "-" "Mozilla/5.0 AppleWebKit/537.36 (KHTML, like Gecko; compatible; bingbot/2.0; +http://www.bing.com/bingbot.htm) Chrome/116.0.1938.76 Safari/537.36"
74.7.227.0 - - [10/Jun/2026:06:59:23 +0000] "GET /terms-conditions/?rename=/var/www/vhosts/mayaver.com/httpdocs/wp-content/themes/aihub/templates/portfolio/single/default.php HTTP/1.1" 200 26353 "https://mayaver.com/terms-conditions/?file=/var/www/vhosts/mayaver.com/httpdocs/wp-content/themes/aihub/templates/portfolio/single" "Mozilla/5.0 AppleWebKit/537.36 (KHTML, like Gecko; compatible; GPTBot/1.4; +https://openai.com/gptbot)"
40.77.167.49 - - [10/Jun/2026:06:59:22 +0000] "GET /products/kenzo-classic-logo-embroidered-denim-jacket-0079/34418433/ HTTP/1.1" 200 30172 "-" "Mozilla/5.0 AppleWebKit/537.36 (KHTML, like Gecko; compatible; bingbot/2.0; +http://www.bing.com/bingbot.htm) Chrome/116.0.1938.76 Safari/537.36"
74.7.227.0 - - [10/Jun/2026:06:59:24 +0000] "GET /terms-conditions/?rename=/var/www/vhosts/mayaver.com/httpdocs/wp-content/themes/aihub/templates/portfolio/single/navigation.php HTTP/1.1" 200 26353 "https://mayaver.com/terms-conditions/?file=/var/www/vhosts/mayaver.com/httpdocs/wp-content/themes/aihub/templates/portfolio/single" "Mozilla/5.0 AppleWebKit/537.36 (KHTML, like Gecko; compatible; GPTBot/1.4; +https://openai.com/gptbot)"
74.7.227.0 - - [10/Jun/2026:06:59:25 +0000] "GET /terms-conditions/?view=/var/www/vhosts/mayaver.com/httpdocs/wp-content/themes/aihub/templates/portfolio/single/default.php HTTP/1.1" 200 3775 "https://mayaver.com/terms-conditions/?file=/var/www/vhosts/mayaver.com/httpdocs/wp-content/themes/aihub/templates/portfolio/single" "Mozilla/5.0 AppleWebKit/537.36 (KHTML, like Gecko; compatible; GPTBot/1.4; +https://openai.com/gptbot)"
74.7.227.0 - - [10/Jun/2026:06:59:25 +0000] "GET /terms-conditions/?view=/var/www/vhosts/mayaver.com/httpdocs/wp-content/themes/aihub/templates/portfolio/single/custom.php HTTP/1.1" 200 3633 "https://mayaver.com/terms-conditions/?file=/var/www/vhosts/mayaver.com/httpdocs/wp-content/themes/aihub/templates/portfolio/single" "Mozilla/5.0 AppleWebKit/537.36 (KHTML, like Gecko; compatible; GPTBot/1.4; +https://openai.com/gptbot)"
74.7.227.0 - - [10/Jun/2026:06:59:26 +0000] "GET /terms-conditions/?view=/var/www/vhosts/mayaver.com/httpdocs/wp-content/themes/aihub/templates/portfolio/single/navigation.php HTTP/1.1" 200 4400 "https://mayaver.com/terms-conditions/?file=/var/www/vhosts/mayaver.com/httpdocs/wp-content/themes/aihub/templates/portfolio/single" "Mozilla/5.0 AppleWebKit/537.36 (KHTML, like Gecko; compatible; GPTBot/1.4; +https://openai.com/gptbot)"
57.141.2.64 - - [10/Jun/2026:06:59:26 +0000] "GET /products/ss19-heliot-emil-grey-cotton-tech-cargo-pants/24230553/ HTTP/1.1" 404 115167 "-" "meta-externalagent/1.1 (+https://developers.facebook.com/docs/sharing/webmasters/crawler)"
74.7.227.0 - - [10/Jun/2026:06:59:26 +0000] "GET /terms-conditions/?file=/var/www/vhosts/mayaver.com/httpdocs/wp-content/themes/aihub/templates/portfolio/single/parts HTTP/1.1" 200 25620 "https://mayaver.com/terms-conditions/?file=/var/www/vhosts/mayaver.com/httpdocs/wp-content/themes/aihub/templates/portfolio/single" "Mozilla/5.0 AppleWebKit/537.36 (KHTML, like Gecko; compatible; GPTBot/1.4; +https://openai.com/gptbot)"
74.7.227.0 - - [10/Jun/2026:06:59:27 +0000] "GET /penthouse/?file=/var/www/vhosts/mayaver.com/httpdocs/wp-content/themes/aihub/sidebar.php HTTP/1.1" 200 30394 "https://mayaver.com/penthouse/" "Mozilla/5.0 AppleWebKit/537.36 (KHTML, like Gecko; compatible; GPTBot/1.4; +https://openai.com/gptbot)"
74.7.227.0 - - [10/Jun/2026:06:59:28 +0000] "GET /yoga-room/?rename=/var/www/vhosts/mayaver.com/httpdocs/wp-content/themes/aihub/single.php HTTP/1.1" 200 31397 "https://mayaver.com/yoga-room/" "Mozilla/5.0 AppleWebKit/537.36 (KHTML, like Gecko; compatible; GPTBot/1.4; +https://openai.com/gptbot)"
74.7.227.0 - - [10/Jun/2026:06:59:29 +0000] "GET /fantasy-plot/?file=/var/www/vhosts/mayaver.com/httpdocs/wp-content/themes/aihub/footer.php HTTP/1.1" 200 30250 "https://mayaver.com/fantasy-plot/" "Mozilla/5.0 AppleWebKit/537.36 (KHTML, like Gecko; compatible; GPTBot/1.4; +https://openai.com/gptbot)"
57.141.2.44 - - [10/Jun/2026:06:59:30 +0000] "GET /terms-conditions/ HTTP/1.1" 200 119607 "-" "meta-externalagent/1.1 (+https://developers.facebook.com/docs/sharing/webmasters/crawler)"
74.7.227.0 - - [10/Jun/2026:06:59:30 +0000] "GET /yoga-room/?edit=/var/www/vhosts/mayaver.com/httpdocs/wp-content/themes/aihub/footer.php HTTP/1.1" 200 31860 "https://mayaver.com/yoga-room/" "Mozilla/5.0 AppleWebKit/537.36 (KHTML, like Gecko; compatible; GPTBot/1.4; +https://openai.com/gptbot)"
74.7.227.0 - - [10/Jun/2026:06:59:31 +0000] "GET /cafe-auditorium/?edit=/var/www/vhosts/mayaver.com/httpdocs/wp-content/themes/aihub/header.php HTTP/1.1" 200 32118 "https://mayaver.com/cafe-auditorium/" "Mozilla/5.0 AppleWebKit/537.36 (KHTML, like Gecko; compatible; GPTBot/1.4; +https://openai.com/gptbot)"
74.7.227.0 - - [10/Jun/2026:06:59:32 +0000] "GET /city-apartment/?file=/var/www/vhosts/mayaver.com/httpdocs/wp-content/themes/aihub/header.php HTTP/1.1" 200 30357 "https://mayaver.com/city-apartment/" "Mozilla/5.0 AppleWebKit/537.36 (KHTML, like Gecko; compatible; GPTBot/1.4; +https://openai.com/gptbot)"
74.7.227.0 - - [10/Jun/2026:06:59:33 +0000] "GET /classroom/?rename=/var/www/vhosts/mayaver.com/httpdocs/wp-content/themes/aihub/single.php HTTP/1.1" 200 31189 "https://mayaver.com/classroom/" "Mozilla/5.0 AppleWebKit/537.36 (KHTML, like Gecko; compatible; GPTBot/1.4; +https://openai.com/gptbot)"
74.7.227.0 - - [10/Jun/2026:06:59:34 +0000] "GET /yoga-room/?edit=/var/www/vhosts/mayaver.com/httpdocs/wp-content/themes/aihub/sidebar.php HTTP/1.1" 200 31452 "https://mayaver.com/yoga-room/" "Mozilla/5.0 AppleWebKit/537.36 (KHTML, like Gecko; compatible; GPTBot/1.4; +https://openai.com/gptbot)"
74.7.227.0 - - [10/Jun/2026:06:59:35 +0000] "GET /classroom/?file=/var/www/vhosts/mayaver.com/httpdocs/wp-content/themes/aihub/footer.php HTTP/1.1" 200 30281 "https://mayaver.com/classroom/" "Mozilla/5.0 AppleWebKit/537.36 (KHTML, like Gecko; compatible; GPTBot/1.4; +https://openai.com/gptbot)"
57.141.2.36 - - [10/Jun/2026:06:59:35 +0000] "GET /products/y2k-kio-yamato-japan-titanium-glider-glasses-halfrim-kt-277a/78568089/ HTTP/1.1" 404 115176 "-" "meta-externalagent/1.1 (+https://developers.facebook.com/docs/sharing/webmasters/crawler)"
74.7.227.0 - - [10/Jun/2026:06:59:36 +0000] "GET /terms-conditions/%3C?php%20echo%20get_permalink(%20$next_post%20)%20?%3E HTTP/1.1" 404 115123 "https://mayaver.com/terms-conditions/?view=/var/www/vhosts/mayaver.com/httpdocs/wp-content/themes/aihub/templates/portfolio/single/navigation.php" "Mozilla/5.0 AppleWebKit/537.36 (KHTML, like Gecko; compatible; GPTBot/1.4; +https://openai.com/gptbot)"
74.7.227.0 - - [10/Jun/2026:06:59:36 +0000] "GET /terms-conditions/%3C?php%20echo%20get_permalink(%20$prev_post%20)%20?%3E HTTP/1.1" 404 115123 "https://mayaver.com/terms-conditions/?view=/var/www/vhosts/mayaver.com/httpdocs/wp-content/themes/aihub/templates/portfolio/single/navigation.php" "Mozilla/5.0 AppleWebKit/537.36 (KHTML, like Gecko; compatible; GPTBot/1.4; +https://openai.com/gptbot)"
74.7.227.0 - - [10/Jun/2026:06:59:37 +0000] "GET /terms-conditions/?edit=/var/www/vhosts/mayaver.com/httpdocs/wp-content/themes/aihub/templates/portfolio/single/parts/part-head.php HTTP/1.1" 200 26725 "https://mayaver.com/terms-conditions/?file=/var/www/vhosts/mayaver.com/httpdocs/wp-content/themes/aihub/templates/portfolio/single/parts" "Mozilla/5.0 AppleWebKit/537.36 (KHTML, like Gecko; compatible; GPTBot/1.4; +https://openai.com/gptbot)"
74.7.227.0 - - [10/Jun/2026:06:59:38 +0000] "GET /terms-conditions/?edit=/var/www/vhosts/mayaver.com/httpdocs/wp-content/themes/aihub/templates/portfolio/single/parts/part-meta.php HTTP/1.1" 200 26677 "https://mayaver.com/terms-conditions/?file=/var/www/vhosts/mayaver.com/httpdocs/wp-content/themes/aihub/templates/portfolio/single/parts" "Mozilla/5.0 AppleWebKit/537.36 (KHTML, like Gecko; compatible; GPTBot/1.4; +https://openai.com/gptbot)"
57.141.2.53 - - [10/Jun/2026:06:59:39 +0000] "GET /products/camel-boots-90s-vintage-genuine-leather-platform-shoes/21214257/ HTTP/1.1" 404 115176 "-" "meta-externalagent/1.1 (+https://developers.facebook.com/docs/sharing/webmasters/crawler)"
74.7.227.0 - - [10/Jun/2026:06:59:39 +0000] "GET /terms-conditions/?rename=/var/www/vhosts/mayaver.com/httpdocs/wp-content/themes/aihub/templates/portfolio/single/parts/part-meta.php HTTP/1.1" 200 26358 "https://mayaver.com/terms-conditions/?file=/var/www/vhosts/mayaver.com/httpdocs/wp-content/themes/aihub/templates/portfolio/single/parts" "Mozilla/5.0 AppleWebKit/537.36 (KHTML, like Gecko; compatible; GPTBot/1.4; +https://openai.com/gptbot)"
74.7.227.0 - - [10/Jun/2026:06:59:40 +0000] "GET /terms-conditions/?rename=/var/www/vhosts/mayaver.com/httpdocs/wp-content/themes/aihub/templates/portfolio/single/parts/part-nav.php HTTP/1.1" 200 26359 "https://mayaver.com/terms-conditions/?file=/var/www/vhosts/mayaver.com/httpdocs/wp-content/themes/aihub/templates/portfolio/single/parts" "Mozilla/5.0 AppleWebKit/537.36 (KHTML, like Gecko; compatible; GPTBot/1.4; +https://openai.com/gptbot)"
74.7.227.0 - - [10/Jun/2026:06:59:41 +0000] "GET /terms-conditions/?rename=/var/www/vhosts/mayaver.com/httpdocs/wp-content/themes/aihub/templates/portfolio/single/parts/part-head.php HTTP/1.1" 200 26357 "https://mayaver.com/terms-conditions/?file=/var/www/vhosts/mayaver.com/httpdocs/wp-content/themes/aihub/templates/portfolio/single/parts" "Mozilla/5.0 AppleWebKit/537.36 (KHTML, like Gecko; compatible; GPTBot/1.4; +https://openai.com/gptbot)"
74.7.227.0 - - [10/Jun/2026:06:59:41 +0000] "GET /terms-conditions/?view=/var/www/vhosts/mayaver.com/httpdocs/wp-content/themes/aihub/templates/portfolio/single/parts/part-meta.php HTTP/1.1" 200 3884 "https://mayaver.com/terms-conditions/?file=/var/www/vhosts/mayaver.com/httpdocs/wp-content/themes/aihub/templates/portfolio/single/parts" "Mozilla/5.0 AppleWebKit/537.36 (KHTML, like Gecko; compatible; GPTBot/1.4; +https://openai.com/gptbot)"
74.7.227.0 - - [10/Jun/2026:06:59:42 +0000] "GET /terms-conditions/?file=/var/www/vhosts/mayaver.com/httpdocs/wp-content/themes/aihub/templates/portfolio/single/parts/part-nav.php HTTP/1.1" 200 25460 "https://mayaver.com/terms-conditions/?file=/var/www/vhosts/mayaver.com/httpdocs/wp-content/themes/aihub/templates/portfolio/single/parts" "Mozilla/5.0 AppleWebKit/537.36 (KHTML, like Gecko; compatible; GPTBot/1.4; +https://openai.com/gptbot)"
89.167.70.88 - - [10/Jun/2026:06:59:43 +0000] "POST /xmlrpc.php HTTP/1.1" 403 4358 "-" "Mozilla/5.0 (Macintosh; Intel Mac OS X 14_7_4) AppleWebKit/537.36 (KHTML, like Gecko) Chrome/133.0.0.0 Safari/537.36"
74.7.227.0 - - [10/Jun/2026:06:59:43 +0000] "GET /terms-conditions/?file=/var/www/vhosts/mayaver.com/httpdocs/wp-content/themes/aihub/templates/portfolio/single/parts/part-head.php HTTP/1.1" 200 25460 "https://mayaver.com/terms-conditions/?file=/var/www/vhosts/mayaver.com/httpdocs/wp-content/themes/aihub/templates/portfolio/single/parts" "Mozilla/5.0 AppleWebKit/537.36 (KHTML, like Gecko; compatible; GPTBot/1.4; +https://openai.com/gptbot)"
74.7.227.0 - - [10/Jun/2026:06:59:44 +0000] "GET /terms-conditions/?file=/var/www/vhosts/mayaver.com/httpdocs/wp-content/themes/aihub/templates/portfolio/single/parts/part-meta.php HTTP/1.1" 200 25459 "https://mayaver.com/terms-conditions/?file=/var/www/vhosts/mayaver.com/httpdocs/wp-content/themes/aihub/templates/portfolio/single/parts" "Mozilla/5.0 AppleWebKit/537.36 (KHTML, like Gecko; compatible; GPTBot/1.4; +https://openai.com/gptbot)"
