74.7.227.0 - - [10/Jun/2026:06:45:42 +0000] "GET /?file=%2Fvar%2Fwww%2Fvhosts%2Fmayaver.com%2Fhttpdocs%2Fwp-content%2Fthemes%2Faihub%2Fassets%2Fimg%2Flogo%2Feditor-controls-logo.svg HTTP/1.1" 200 38198 "https://mayaver.com/?file=/var/www/vhosts/mayaver.com/httpdocs/wp-content/themes/aihub/assets/img/logo/editor-controls-logo.svg" "Mozilla/5.0 AppleWebKit/537.36 (KHTML, like Gecko; compatible; GPTBot/1.4; +https://openai.com/gptbot)"
74.7.227.0 - - [10/Jun/2026:06:45:43 +0000] "GET /?edit=%2Fvar%2Fwww%2Fvhosts%2Fmayaver.com%2Fhttpdocs%2Fwp-content%2Fthemes%2Faihub%2Fassets%2Fimg%2Flogo%2Feditor-controls-logo.svg HTTP/1.1" 200 39322 "https://mayaver.com/?edit=/var/www/vhosts/mayaver.com/httpdocs/wp-content/themes/aihub/assets/img/logo/editor-controls-logo.svg" "Mozilla/5.0 AppleWebKit/537.36 (KHTML, like Gecko; compatible; GPTBot/1.4; +https://openai.com/gptbot)"
74.7.227.0 - - [10/Jun/2026:06:45:44 +0000] "GET /?edit=%2Fvar%2Fwww%2Fvhosts%2Fmayaver.com%2Fhttpdocs%2Fwp-content%2Fthemes%2Faihub%2Fassets%2Fimg%2Flogo%2Fliquid-logo-white.svg HTTP/1.1" 200 39250 "https://mayaver.com/?edit=/var/www/vhosts/mayaver.com/httpdocs/wp-content/themes/aihub/assets/img/logo/liquid-logo-white.svg" "Mozilla/5.0 AppleWebKit/537.36 (KHTML, like Gecko; compatible; GPTBot/1.4; +https://openai.com/gptbot)"
74.7.227.0 - - [10/Jun/2026:06:45:45 +0000] "GET /?file=%2Fvar%2Fwww%2Fvhosts%2Fmayaver.com%2Fhttpdocs%2Fwp-content%2Fthemes%2Faihub%2Fassets%2Fimg%2Flogo%2Fliquid-logo-white.svg HTTP/1.1" 200 38194 "https://mayaver.com/?file=/var/www/vhosts/mayaver.com/httpdocs/wp-content/themes/aihub/assets/img/logo/liquid-logo-white.svg" "Mozilla/5.0 AppleWebKit/537.36 (KHTML, like Gecko; compatible; GPTBot/1.4; +https://openai.com/gptbot)"
74.7.227.0 - - [10/Jun/2026:06:45:46 +0000] "GET /?rename=/var/www/vhosts/mayaver.com/httpdocs/wp-content/themes/aihub/assets/img/logo/liquid-logo.svg HTTP/1.1" 301 18111 "https://mayaver.com/?file=/var/www/vhosts/mayaver.com/httpdocs/wp-content/themes/aihub/assets/img/logo" "Mozilla/5.0 AppleWebKit/537.36 (KHTML, like Gecko; compatible; GPTBot/1.4; +https://openai.com/gptbot)"
74.7.227.0 - - [10/Jun/2026:06:45:47 +0000] "GET /?rename=%2Fvar%2Fwww%2Fvhosts%2Fmayaver.com%2Fhttpdocs%2Fwp-content%2Fthemes%2Faihub%2Fassets%2Fimg%2Flogo%2Fliquid-logo.svg HTTP/1.1" 200 39093 "https://mayaver.com/?rename=/var/www/vhosts/mayaver.com/httpdocs/wp-content/themes/aihub/assets/img/logo/liquid-logo.svg" "Mozilla/5.0 AppleWebKit/537.36 (KHTML, like Gecko; compatible; GPTBot/1.4; +https://openai.com/gptbot)"
74.7.227.0 - - [10/Jun/2026:06:45:48 +0000] "GET /?rename=%2Fvar%2Fwww%2Fvhosts%2Fmayaver.com%2Fhttpdocs%2Fwp-content%2Fthemes%2Faihub%2Fassets%2Fimg%2Flogo%2Flogo.svg HTTP/1.1" 200 39090 "https://mayaver.com/?rename=/var/www/vhosts/mayaver.com/httpdocs/wp-content/themes/aihub/assets/img/logo/logo.svg" "Mozilla/5.0 AppleWebKit/537.36 (KHTML, like Gecko; compatible; GPTBot/1.4; +https://openai.com/gptbot)"
74.7.227.0 - - [10/Jun/2026:06:45:49 +0000] "GET /?rename=%2Fvar%2Fwww%2Fvhosts%2Fmayaver.com%2Fhttpdocs%2Fwp-content%2Fthemes%2Faihub%2Fassets%2Fimg%2Flogo%2Fliquid-logo-white.svg HTTP/1.1" 200 39097 "https://mayaver.com/?rename=/var/www/vhosts/mayaver.com/httpdocs/wp-content/themes/aihub/assets/img/logo/liquid-logo-white.svg" "Mozilla/5.0 AppleWebKit/537.36 (KHTML, like Gecko; compatible; GPTBot/1.4; +https://openai.com/gptbot)"
74.7.227.0 - - [10/Jun/2026:06:45:50 +0000] "GET /?file=%2Fvar%2Fwww%2Fvhosts%2Fmayaver.com%2Fhttpdocs%2Fwp-content%2Fthemes%2Faihub%2Fassets%2Fimg%2Flogo%2Flogo-light-mono.svg HTTP/1.1" 200 38194 "https://mayaver.com/?file=/var/www/vhosts/mayaver.com/httpdocs/wp-content/themes/aihub/assets/img/logo/logo-light-mono.svg" "Mozilla/5.0 AppleWebKit/537.36 (KHTML, like Gecko; compatible; GPTBot/1.4; +https://openai.com/gptbot)"
74.7.227.0 - - [10/Jun/2026:06:45:51 +0000] "GET /?edit=/var/www/vhosts/mayaver.com/httpdocs/wp-content/themes/aihub/assets/img/logo/logo-light.svg HTTP/1.1" 301 21443 "https://mayaver.com/?file=/var/www/vhosts/mayaver.com/httpdocs/wp-content/themes/aihub/assets/img/logo" "Mozilla/5.0 AppleWebKit/537.36 (KHTML, like Gecko; compatible; GPTBot/1.4; +https://openai.com/gptbot)"
74.7.227.0 - - [10/Jun/2026:06:45:52 +0000] "GET /?edit=%2Fvar%2Fwww%2Fvhosts%2Fmayaver.com%2Fhttpdocs%2Fwp-content%2Fthemes%2Faihub%2Fassets%2Fimg%2Flogo%2Flogo-light.svg HTTP/1.1" 200 40736 "https://mayaver.com/?edit=/var/www/vhosts/mayaver.com/httpdocs/wp-content/themes/aihub/assets/img/logo/logo-light.svg" "Mozilla/5.0 AppleWebKit/537.36 (KHTML, like Gecko; compatible; GPTBot/1.4; +https://openai.com/gptbot)"
74.7.227.0 - - [10/Jun/2026:06:45:53 +0000] "GET /?view=/var/www/vhosts/mayaver.com/httpdocs/wp-content/themes/aihub/assets/img/logo/editor-controls-logo.svg HTTP/1.1" 200 3790 "https://mayaver.com/?file=/var/www/vhosts/mayaver.com/httpdocs/wp-content/themes/aihub/assets/img/logo" "Mozilla/5.0 AppleWebKit/537.36 (KHTML, like Gecko; compatible; GPTBot/1.4; +https://openai.com/gptbot)"
74.7.227.0 - - [10/Jun/2026:06:45:53 +0000] "GET /?edit=%2Fvar%2Fwww%2Fvhosts%2Fmayaver.com%2Fhttpdocs%2Fwp-content%2Fthemes%2Faihub%2Fassets%2Fimg%2Flogo%2Flogo-light-mono.svg HTTP/1.1" 200 40740 "https://mayaver.com/?edit=/var/www/vhosts/mayaver.com/httpdocs/wp-content/themes/aihub/assets/img/logo/logo-light-mono.svg" "Mozilla/5.0 AppleWebKit/537.36 (KHTML, like Gecko; compatible; GPTBot/1.4; +https://openai.com/gptbot)"
74.7.227.0 - - [10/Jun/2026:06:45:54 +0000] "GET /?edit=/var/www/vhosts/mayaver.com/httpdocs/wp-content/themes/aihub/assets/img/logo/logo.svg HTTP/1.1" 301 20218 "https://mayaver.com/?file=/var/www/vhosts/mayaver.com/httpdocs/wp-content/themes/aihub/assets/img/logo" "Mozilla/5.0 AppleWebKit/537.36 (KHTML, like Gecko; compatible; GPTBot/1.4; +https://openai.com/gptbot)"
74.7.227.0 - - [10/Jun/2026:06:45:55 +0000] "GET /?edit=%2Fvar%2Fwww%2Fvhosts%2Fmayaver.com%2Fhttpdocs%2Fwp-content%2Fthemes%2Faihub%2Fassets%2Fimg%2Flogo%2Flogo.svg HTTP/1.1" 200 40006 "https://mayaver.com/?edit=/var/www/vhosts/mayaver.com/httpdocs/wp-content/themes/aihub/assets/img/logo/logo.svg" "Mozilla/5.0 AppleWebKit/537.36 (KHTML, like Gecko; compatible; GPTBot/1.4; +https://openai.com/gptbot)"
74.7.227.0 - - [10/Jun/2026:06:45:56 +0000] "GET /?view=/var/www/vhosts/mayaver.com/httpdocs/wp-content/themes/aihub/assets/img/logo/logo-light-mono.svg HTTP/1.1" 200 5062 "https://mayaver.com/?file=/var/www/vhosts/mayaver.com/httpdocs/wp-content/themes/aihub/assets/img/logo" "Mozilla/5.0 AppleWebKit/537.36 (KHTML, like Gecko; compatible; GPTBot/1.4; +https://openai.com/gptbot)"
74.7.227.0 - - [10/Jun/2026:06:45:57 +0000] "GET /?edit=/var/www/vhosts/mayaver.com/httpdocs/wp-content/themes/aihub/assets/img/logo/liquid-logo.svg HTTP/1.1" 301 19090 "https://mayaver.com/?file=/var/www/vhosts/mayaver.com/httpdocs/wp-content/themes/aihub/assets/img/logo" "Mozilla/5.0 AppleWebKit/537.36 (KHTML, like Gecko; compatible; GPTBot/1.4; +https://openai.com/gptbot)"
74.7.227.0 - - [10/Jun/2026:06:45:57 +0000] "GET /?edit=%2Fvar%2Fwww%2Fvhosts%2Fmayaver.com%2Fhttpdocs%2Fwp-content%2Fthemes%2Faihub%2Fassets%2Fimg%2Flogo%2Fliquid-logo.svg HTTP/1.1" 200 39460 "https://mayaver.com/?edit=/var/www/vhosts/mayaver.com/httpdocs/wp-content/themes/aihub/assets/img/logo/liquid-logo.svg" "Mozilla/5.0 AppleWebKit/537.36 (KHTML, like Gecko; compatible; GPTBot/1.4; +https://openai.com/gptbot)"
74.7.227.0 - - [10/Jun/2026:06:45:58 +0000] "GET /?file=/var/www/vhosts/mayaver.com/httpdocs/wp-content/themes/aihub/assets/img/logo/liquid-logo.svg HTTP/1.1" 301 4193 "https://mayaver.com/?file=/var/www/vhosts/mayaver.com/httpdocs/wp-content/themes/aihub/assets/img/logo" "Mozilla/5.0 AppleWebKit/537.36 (KHTML, like Gecko; compatible; GPTBot/1.4; +https://openai.com/gptbot)"
74.7.227.0 - - [10/Jun/2026:06:45:59 +0000] "GET /?file=%2Fvar%2Fwww%2Fvhosts%2Fmayaver.com%2Fhttpdocs%2Fwp-content%2Fthemes%2Faihub%2Fassets%2Fimg%2Flogo%2Fliquid-logo.svg HTTP/1.1" 200 38191 "https://mayaver.com/?file=/var/www/vhosts/mayaver.com/httpdocs/wp-content/themes/aihub/assets/img/logo/liquid-logo.svg" "Mozilla/5.0 AppleWebKit/537.36 (KHTML, like Gecko; compatible; GPTBot/1.4; +https://openai.com/gptbot)"
74.7.227.0 - - [10/Jun/2026:06:46:00 +0000] "GET /?rename=%2Fvar%2Fwww%2Fvhosts%2Fmayaver.com%2Fhttpdocs%2Fwp-content%2Fthemes%2Faihub%2Fassets%2Fimg%2Flogo%2Fliquid-logo.svg HTTP/1.1" 200 39093 "https://mayaver.com/?rename=/var/www/vhosts/mayaver.com/httpdocs/wp-content/themes/aihub/assets/img/logo/liquid-logo.svg" "Mozilla/5.0 AppleWebKit/537.36 (KHTML, like Gecko; compatible; GPTBot/1.4; +https://openai.com/gptbot)"
74.7.227.0 - - [10/Jun/2026:06:46:01 +0000] "GET /?view=/var/www/vhosts/mayaver.com/httpdocs/wp-content/themes/aihub/assets/img/logo/liquid-logo-white.svg HTTP/1.1" 200 3728 "https://mayaver.com/?file=/var/www/vhosts/mayaver.com/httpdocs/wp-content/themes/aihub/assets/img/logo" "Mozilla/5.0 AppleWebKit/537.36 (KHTML, like Gecko; compatible; GPTBot/1.4; +https://openai.com/gptbot)"
74.7.227.0 - - [10/Jun/2026:06:46:01 +0000] "GET /?file=/var/www/vhosts/mayaver.com/httpdocs/wp-content/themes/aihub/assets/img/logo/logo-light.svg HTTP/1.1" 301 4191 "https://mayaver.com/?file=/var/www/vhosts/mayaver.com/httpdocs/wp-content/themes/aihub/assets/img/logo" "Mozilla/5.0 AppleWebKit/537.36 (KHTML, like Gecko; compatible; GPTBot/1.4; +https://openai.com/gptbot)"
74.7.227.0 - - [10/Jun/2026:06:46:02 +0000] "GET /?file=%2Fvar%2Fwww%2Fvhosts%2Fmayaver.com%2Fhttpdocs%2Fwp-content%2Fthemes%2Faihub%2Fassets%2Fimg%2Flogo%2Flogo-light.svg HTTP/1.1" 200 38190 "https://mayaver.com/?file=/var/www/vhosts/mayaver.com/httpdocs/wp-content/themes/aihub/assets/img/logo/logo-light.svg" "Mozilla/5.0 AppleWebKit/537.36 (KHTML, like Gecko; compatible; GPTBot/1.4; +https://openai.com/gptbot)"
74.7.227.0 - - [10/Jun/2026:06:46:03 +0000] "GET /?view=/var/www/vhosts/mayaver.com/httpdocs/wp-content/themes/aihub/assets/img/logo/logo-light.svg HTTP/1.1" 200 5062 "https://mayaver.com/?file=/var/www/vhosts/mayaver.com/httpdocs/wp-content/themes/aihub/assets/img/logo" "Mozilla/5.0 AppleWebKit/537.36 (KHTML, like Gecko; compatible; GPTBot/1.4; +https://openai.com/gptbot)"
74.7.227.0 - - [10/Jun/2026:06:46:03 +0000] "GET /?edit=%2Fvar%2Fwww%2Fvhosts%2Fmayaver.com%2Fhttpdocs%2Fwp-content%2Fthemes%2Faihub%2Fassets%2Fimg%2Flogo%2Flogo-light.svg HTTP/1.1" 200 40736 "https://mayaver.com/?edit=/var/www/vhosts/mayaver.com/httpdocs/wp-content/themes/aihub/assets/img/logo/logo-light.svg" "Mozilla/5.0 AppleWebKit/537.36 (KHTML, like Gecko; compatible; GPTBot/1.4; +https://openai.com/gptbot)"
139.84.174.118 - - [10/Jun/2026:06:46:05 +0000] "POST /wp-cron.php?doing_wp_cron=1781073964.9983830451965332031250 HTTP/1.1" 403 4358 "-" "WordPress/6.5.8; https://mayaver.com"
74.7.227.0 - - [10/Jun/2026:06:46:04 +0000] "GET /?file=/var/www/vhosts/mayaver.com/httpdocs/wp-content/themes/aihub/assets/img/logo/logo.svg HTTP/1.1" 301 4179 "https://mayaver.com/?file=/var/www/vhosts/mayaver.com/httpdocs/wp-content/themes/aihub/assets/img/logo" "Mozilla/5.0 AppleWebKit/537.36 (KHTML, like Gecko; compatible; GPTBot/1.4; +https://openai.com/gptbot)"
74.7.227.0 - - [10/Jun/2026:06:46:05 +0000] "GET /?file=%2Fvar%2Fwww%2Fvhosts%2Fmayaver.com%2Fhttpdocs%2Fwp-content%2Fthemes%2Faihub%2Fassets%2Fimg%2Flogo%2Flogo.svg HTTP/1.1" 200 38187 "https://mayaver.com/?file=/var/www/vhosts/mayaver.com/httpdocs/wp-content/themes/aihub/assets/img/logo/logo.svg" "Mozilla/5.0 AppleWebKit/537.36 (KHTML, like Gecko; compatible; GPTBot/1.4; +https://openai.com/gptbot)"
74.7.227.0 - - [10/Jun/2026:06:46:06 +0000] "GET /?view=/var/www/vhosts/mayaver.com/httpdocs/wp-content/themes/aihub/assets/img/logo/liquid-logo.svg HTTP/1.1" 200 3935 "https://mayaver.com/?file=/var/www/vhosts/mayaver.com/httpdocs/wp-content/themes/aihub/assets/img/logo" "Mozilla/5.0 AppleWebKit/537.36 (KHTML, like Gecko; compatible; GPTBot/1.4; +https://openai.com/gptbot)"
74.7.227.0 - - [10/Jun/2026:06:46:06 +0000] "GET /?edit=%2Fvar%2Fwww%2Fvhosts%2Fmayaver.com%2Fhttpdocs%2Fwp-content%2Fthemes%2Faihub%2Fassets%2Fimg%2Flogo%2Flogo.svg HTTP/1.1" 200 40006 "https://mayaver.com/?edit=/var/www/vhosts/mayaver.com/httpdocs/wp-content/themes/aihub/assets/img/logo/logo.svg" "Mozilla/5.0 AppleWebKit/537.36 (KHTML, like Gecko; compatible; GPTBot/1.4; +https://openai.com/gptbot)"
74.7.227.0 - - [10/Jun/2026:06:46:07 +0000] "GET /?view=/var/www/vhosts/mayaver.com/httpdocs/wp-content/themes/aihub/assets/img/logo/logo.svg HTTP/1.1" 200 4419 "https://mayaver.com/?file=/var/www/vhosts/mayaver.com/httpdocs/wp-content/themes/aihub/assets/img/logo" "Mozilla/5.0 AppleWebKit/537.36 (KHTML, like Gecko; compatible; GPTBot/1.4; +https://openai.com/gptbot)"
65.21.47.11 - - [10/Jun/2026:06:46:06 +0000] "GET / HTTP/1.1" 200 39045 "-" "Mozilla/5.0 (Windows NT 10.0; Win64; x64) AppleWebKit/537.36 (KHTML, like Gecko) Chrome/144.0.0.0 Safari/537.36"
74.7.227.0 - - [10/Jun/2026:06:46:08 +0000] "GET /?edit=%2Fvar%2Fwww%2Fvhosts%2Fmayaver.com%2Fhttpdocs%2Fwp-content%2Fthemes%2Faihub%2Fassets%2Fimg%2Flogo%2Fliquid-logo.svg HTTP/1.1" 200 39460 "https://mayaver.com/?edit=/var/www/vhosts/mayaver.com/httpdocs/wp-content/themes/aihub/assets/img/logo/liquid-logo.svg" "Mozilla/5.0 AppleWebKit/537.36 (KHTML, like Gecko; compatible; GPTBot/1.4; +https://openai.com/gptbot)"
65.111.1.4 - - [10/Jun/2026:06:46:10 +0000] "POST /xmlrpc.php HTTP/1.1" 403 4358 "https://mayaver.com" "Mozilla/5.0 (Windows NT 10.0; Win64; x64) AppleWebKit/537.36 (KHTML, like Gecko) Chrome/144.0.0.0 Safari/537.36"
74.7.227.0 - - [10/Jun/2026:06:46:09 +0000] "GET /?file=%2Fvar%2Fwww%2Fvhosts%2Fmayaver.com%2Fhttpdocs%2Fwp-content%2Fthemes%2Faihub%2Fassets%2Fimg%2Flogo%2Fliquid-logo.svg HTTP/1.1" 200 38191 "https://mayaver.com/?file=/var/www/vhosts/mayaver.com/httpdocs/wp-content/themes/aihub/assets/img/logo/liquid-logo.svg" "Mozilla/5.0 AppleWebKit/537.36 (KHTML, like Gecko; compatible; GPTBot/1.4; +https://openai.com/gptbot)"
74.7.227.0 - - [10/Jun/2026:06:46:10 +0000] "GET /plot-map/?edit=/var/www/vhosts/mayaver.com/httpdocs/wp-content/themes/aihub/single.php HTTP/1.1" 200 32270 "https://mayaver.com/plot-map/" "Mozilla/5.0 AppleWebKit/537.36 (KHTML, like Gecko; compatible; GPTBot/1.4; +https://openai.com/gptbot)"
74.7.227.0 - - [10/Jun/2026:06:46:11 +0000] "GET /plots/page/3/?edit=/var/www/vhosts/mayaver.com/httpdocs/wp-content/themes/aihub/404.php HTTP/1.1" 301 22323 "https://mayaver.com/plots/page/3/?rename=%2Fvar%2Fwww%2Fvhosts%2Fmayaver.com%2Fhttpdocs%2Fwp-content%2Fthemes%2Faihub%2Fpage.php" "Mozilla/5.0 AppleWebKit/537.36 (KHTML, like Gecko; compatible; GPTBot/1.4; +https://openai.com/gptbot)"
216.26.234.144 - - [10/Jun/2026:06:46:12 +0000] "POST /xmlrpc.php HTTP/1.1" 403 4358 "https://mayaver.com" "Mozilla/5.0 (Windows NT 10.0; Win64; x64) AppleWebKit/537.36 (KHTML, like Gecko) Chrome/144.0.0.0 Safari/537.36"
74.7.227.0 - - [10/Jun/2026:06:46:12 +0000] "GET /?file=%2Fvar%2Fwww%2Fvhosts%2Fmayaver.com%2Fhttpdocs%2Fwp-content%2Fthemes%2Faihub%2Fassets%2Fimg%2Flogo%2Flogo-light.svg HTTP/1.1" 200 38190 "https://mayaver.com/?file=/var/www/vhosts/mayaver.com/httpdocs/wp-content/themes/aihub/assets/img/logo/logo-light.svg" "Mozilla/5.0 AppleWebKit/537.36 (KHTML, like Gecko; compatible; GPTBot/1.4; +https://openai.com/gptbot)"
74.7.227.0 - - [10/Jun/2026:06:46:13 +0000] "GET /plots/page/4/?file=/var/www/vhosts/mayaver.com/httpdocs/wp-content/themes/aihub/404.php HTTP/1.1" 301 4155 "https://mayaver.com/plots/page/4/?rename=%2Fvar%2Fwww%2Fvhosts%2Fmayaver.com%2Fhttpdocs%2Fwp-content%2Fthemes%2Faihub%2Fpage.php" "Mozilla/5.0 AppleWebKit/537.36 (KHTML, like Gecko; compatible; GPTBot/1.4; +https://openai.com/gptbot)"
74.7.227.0 - - [10/Jun/2026:06:46:13 +0000] "GET /plots/page/2/?edit=/var/www/vhosts/mayaver.com/httpdocs/wp-content/themes/aihub/404.php HTTP/1.1" 301 22323 "https://mayaver.com/plots/page/2/?rename=%2Fvar%2Fwww%2Fvhosts%2Fmayaver.com%2Fhttpdocs%2Fwp-content%2Fthemes%2Faihub%2Fpage.php" "Mozilla/5.0 AppleWebKit/537.36 (KHTML, like Gecko; compatible; GPTBot/1.4; +https://openai.com/gptbot)"
104.207.47.167 - - [10/Jun/2026:06:46:13 +0000] "POST /xmlrpc.php HTTP/1.1" 403 4358 "https://mayaver.com" "Mozilla/5.0 (Windows NT 10.0; Win64; x64) AppleWebKit/537.36 (KHTML, like Gecko) Chrome/144.0.0.0 Safari/537.36"
101.32.49.171 - - [10/Jun/2026:06:46:13 +0000] "GET /?rename=/var/www/vhosts/mayaver.com/httpdocs/wp-content/themes/aihub/single-liquid-footer.php HTTP/1.1" 301 18184 "-" "Mozilla/5.0 (iPhone; CPU iPhone OS 13_2_3 like Mac OS X) AppleWebKit/605.1.15 (KHTML, like Gecko) Version/13.0.3 Mobile/15E148 Safari/604.1"
74.7.227.0 - - [10/Jun/2026:06:46:14 +0000] "GET /?file=%2Fvar%2Fwww%2Fvhosts%2Fmayaver.com%2Fhttpdocs%2Fwp-content%2Fthemes%2Faihub%2Fassets%2Fimg%2Flogo%2Flogo.svg HTTP/1.1" 200 38187 "https://mayaver.com/?file=/var/www/vhosts/mayaver.com/httpdocs/wp-content/themes/aihub/assets/img/logo/logo.svg" "Mozilla/5.0 AppleWebKit/537.36 (KHTML, like Gecko; compatible; GPTBot/1.4; +https://openai.com/gptbot)"
209.50.161.0 - - [10/Jun/2026:06:46:15 +0000] "POST /xmlrpc.php HTTP/1.1" 403 4358 "https://mayaver.com" "Mozilla/5.0 (Windows NT 10.0; Win64; x64) AppleWebKit/537.36 (KHTML, like Gecko) Chrome/144.0.0.0 Safari/537.36"
74.7.227.0 - - [10/Jun/2026:06:46:15 +0000] "GET /kali-puja/?file=/var/www/vhosts/mayaver.com/httpdocs/wp-content/themes/aihub/single-liquid-header.php HTTP/1.1" 200 30425 "https://mayaver.com/kali-puja/" "Mozilla/5.0 AppleWebKit/537.36 (KHTML, like Gecko; compatible; GPTBot/1.4; +https://openai.com/gptbot)"
74.7.227.0 - - [10/Jun/2026:06:46:16 +0000] "GET /kali-puja/?file=/var/www/vhosts/mayaver.com/httpdocs/wp-content/themes/aihub/single-liquid-footer.php HTTP/1.1" 200 30425 "https://mayaver.com/kali-puja/" "Mozilla/5.0 AppleWebKit/537.36 (KHTML, like Gecko; compatible; GPTBot/1.4; +https://openai.com/gptbot)"
74.7.227.0 - - [10/Jun/2026:06:46:16 +0000] "GET /wp-json/oembed/1.0/embed?items/m90803999120/ HTTP/1.1" 400 18033 "https://mayaver.com/wp-json/oembed/1.0/embed?view=/var/www/vhosts/mayaver.com/httpdocs/wp-content/themes/aihub/wpml-config.xml" "Mozilla/5.0 AppleWebKit/537.36 (KHTML, like Gecko; compatible; GPTBot/1.4; +https://openai.com/gptbot)"
74.7.227.0 - - [10/Jun/2026:06:46:17 +0000] "GET /plots/page/2/?rename=/var/www/vhosts/mayaver.com/httpdocs/wp-content/themes/aihub/archive.php HTTP/1.1" 301 18140 "https://mayaver.com/plots/page/2/?rename=%2Fvar%2Fwww%2Fvhosts%2Fmayaver.com%2Fhttpdocs%2Fwp-content%2Fthemes%2Faihub%2Fpage.php" "Mozilla/5.0 AppleWebKit/537.36 (KHTML, like Gecko; compatible; GPTBot/1.4; +https://openai.com/gptbot)"
74.7.227.0 - - [10/Jun/2026:06:46:18 +0000] "GET /plots/page/3/?rename=/var/www/vhosts/mayaver.com/httpdocs/wp-content/themes/aihub/archive.php HTTP/1.1" 301 18140 "https://mayaver.com/plots/page/3/?rename=%2Fvar%2Fwww%2Fvhosts%2Fmayaver.com%2Fhttpdocs%2Fwp-content%2Fthemes%2Faihub%2Fpage.php" "Mozilla/5.0 AppleWebKit/537.36 (KHTML, like Gecko; compatible; GPTBot/1.4; +https://openai.com/gptbot)"
101.32.49.171 - - [10/Jun/2026:06:46:16 +0000] "GET /?rename=%2Fvar%2Fwww%2Fvhosts%2Fmayaver.com%2Fhttpdocs%2Fwp-content%2Fthemes%2Faihub%2Fsingle-liquid-footer.php HTTP/1.1" 200 39129 "https://mayaver.com/?rename=/var/www/vhosts/mayaver.com/httpdocs/wp-content/themes/aihub/single-liquid-footer.php" "Mozilla/5.0 (iPhone; CPU iPhone OS 13_2_3 like Mac OS X) AppleWebKit/605.1.15 (KHTML, like Gecko) Version/13.0.3 Mobile/15E148 Safari/604.1"
74.7.227.0 - - [10/Jun/2026:06:46:18 +0000] "GET /plots/page/4/?rename=/var/www/vhosts/mayaver.com/httpdocs/wp-content/themes/aihub/archive.php HTTP/1.1" 301 18140 "https://mayaver.com/plots/page/4/?rename=%2Fvar%2Fwww%2Fvhosts%2Fmayaver.com%2Fhttpdocs%2Fwp-content%2Fthemes%2Faihub%2Fpage.php" "Mozilla/5.0 AppleWebKit/537.36 (KHTML, like Gecko; compatible; GPTBot/1.4; +https://openai.com/gptbot)"
74.7.227.0 - - [10/Jun/2026:06:46:19 +0000] "GET /fantasy-plot/?file=/var/www/vhosts/mayaver.com/httpdocs/wp-content/themes/aihub/woocommerce/single-product HTTP/1.1" 200 30692 "https://mayaver.com/fantasy-plot/?file=/var/www/vhosts/mayaver.com/httpdocs/wp-content/themes/aihub/woocommerce" "Mozilla/5.0 AppleWebKit/537.36 (KHTML, like Gecko; compatible; GPTBot/1.4; +https://openai.com/gptbot)"
57.141.2.35 - - [10/Jun/2026:06:46:19 +0000] "GET /products/demobaza-brown-wool-dune-style-jacket/70039305/ HTTP/1.1" 404 115176 "-" "meta-externalagent/1.1 (+https://developers.facebook.com/docs/sharing/webmasters/crawler)"
74.7.227.0 - - [10/Jun/2026:06:46:20 +0000] "GET /city-apartment/?rename=/var/www/vhosts/mayaver.com/httpdocs/wp-content/themes/aihub/search.php HTTP/1.1" 200 31267 "https://mayaver.com/city-apartment/" "Mozilla/5.0 AppleWebKit/537.36 (KHTML, like Gecko; compatible; GPTBot/1.4; +https://openai.com/gptbot)"
74.7.227.0 - - [10/Jun/2026:06:46:20 +0000] "GET /tree-house-space/?edit=/var/www/vhosts/mayaver.com/httpdocs/wp-content/themes/aihub/search.php HTTP/1.1" 200 30814 "https://mayaver.com/tree-house-space/" "Mozilla/5.0 AppleWebKit/537.36 (KHTML, like Gecko; compatible; GPTBot/1.4; +https://openai.com/gptbot)"
74.7.227.0 - - [10/Jun/2026:06:46:21 +0000] "GET /?edit=/var/www/vhosts/mayaver.com/httpdocs/wp-content/themes/aihub/theme/liquid-template-tags.php HTTP/1.1" 301 43236 "https://mayaver.com/?file=/var/www/vhosts/mayaver.com/httpdocs/wp-content/themes/aihub/theme" "Mozilla/5.0 AppleWebKit/537.36 (KHTML, like Gecko; compatible; GPTBot/1.4; +https://openai.com/gptbot)"
74.7.227.0 - - [10/Jun/2026:06:46:22 +0000] "GET /?edit=%2Fvar%2Fwww%2Fvhosts%2Fmayaver.com%2Fhttpdocs%2Fwp-content%2Fthemes%2Faihub%2Ftheme%2Fliquid-template-tags.php HTTP/1.1" 200 44408 "https://mayaver.com/?edit=/var/www/vhosts/mayaver.com/httpdocs/wp-content/themes/aihub/theme/liquid-template-tags.php" "Mozilla/5.0 AppleWebKit/537.36 (KHTML, like Gecko; compatible; GPTBot/1.4; +https://openai.com/gptbot)"
74.7.227.0 - - [10/Jun/2026:06:46:23 +0000] "GET /yacht-space/?rename=/var/www/vhosts/mayaver.com/httpdocs/wp-content/themes/aihub/screenshot.png HTTP/1.1" 200 31227 "https://mayaver.com/yacht-space/" "Mozilla/5.0 AppleWebKit/537.36 (KHTML, like Gecko; compatible; GPTBot/1.4; +https://openai.com/gptbot)"
57.141.2.46 - - [10/Jun/2026:06:46:23 +0000] "GET /products/shadow-line-knitted-cami-dress/32466681/ HTTP/1.1" 404 115176 "-" "meta-externalagent/1.1 (+https://developers.facebook.com/docs/sharing/webmasters/crawler)"
74.7.227.0 - - [10/Jun/2026:06:46:24 +0000] "GET /fashion-show/?view=/var/www/vhosts/mayaver.com/httpdocs/wp-content/themes/aihub/sidebar.php HTTP/1.1" 200 3635 "https://mayaver.com/fashion-show/" "Mozilla/5.0 AppleWebKit/537.36 (KHTML, like Gecko; compatible; GPTBot/1.4; +https://openai.com/gptbot)"
74.7.227.0 - - [10/Jun/2026:06:46:24 +0000] "GET /wp-json/wp/v2/posts/4673 HTTP/1.1" 200 39665 "https://mayaver.com/classroom/" "Mozilla/5.0 AppleWebKit/537.36 (KHTML, like Gecko; compatible; GPTBot/1.4; +https://openai.com/gptbot)"
74.7.227.0 - - [10/Jun/2026:06:46:25 +0000] "GET /wp-json/wp/v2/posts/4670 HTTP/1.1" 200 40678 "https://mayaver.com/modern-auditorium/" "Mozilla/5.0 AppleWebKit/537.36 (KHTML, like Gecko; compatible; GPTBot/1.4; +https://openai.com/gptbot)"
74.7.227.0 - - [10/Jun/2026:06:46:26 +0000] "GET /wp-json/wp/v2/posts/4395 HTTP/1.1" 200 39981 "https://mayaver.com/bowling-alley/" "Mozilla/5.0 AppleWebKit/537.36 (KHTML, like Gecko; compatible; GPTBot/1.4; +https://openai.com/gptbot)"
74.7.227.0 - - [10/Jun/2026:06:46:27 +0000] "GET /wp-json/wp/v2/posts/4389 HTTP/1.1" 200 38684 "https://mayaver.com/lobby-space/" "Mozilla/5.0 AppleWebKit/537.36 (KHTML, like Gecko; compatible; GPTBot/1.4; +https://openai.com/gptbot)"
57.141.2.58 - - [10/Jun/2026:06:46:27 +0000] "GET /products/straight-leg-striped-fleece-lounge-pants-in-purpleyellow/67090233/ HTTP/1.1" 404 115176 "-" "meta-externalagent/1.1 (+https://developers.facebook.com/docs/sharing/webmasters/crawler)"
74.7.227.0 - - [10/Jun/2026:06:46:27 +0000] "GET /wp-json/wp/v2/posts/4397 HTTP/1.1" 200 39109 "https://mayaver.com/movie-theater/" "Mozilla/5.0 AppleWebKit/537.36 (KHTML, like Gecko; compatible; GPTBot/1.4; +https://openai.com/gptbot)"
74.7.227.0 - - [10/Jun/2026:06:46:28 +0000] "GET /fantasy-plot/?rename=/var/www/vhosts/mayaver.com/httpdocs/wp-content/themes/aihub/woocommerce/single-product/product-image.php HTTP/1.1" 200 31168 "https://mayaver.com/fantasy-plot/?file=/var/www/vhosts/mayaver.com/httpdocs/wp-content/themes/aihub/woocommerce/single-product" "Mozilla/5.0 AppleWebKit/537.36 (KHTML, like Gecko; compatible; GPTBot/1.4; +https://openai.com/gptbot)"
74.7.227.0 - - [10/Jun/2026:06:46:29 +0000] "GET /fantasy-plot/?edit=/var/www/vhosts/mayaver.com/httpdocs/wp-content/themes/aihub/woocommerce/single-product/product-image.php HTTP/1.1" 200 32221 "https://mayaver.com/fantasy-plot/?file=/var/www/vhosts/mayaver.com/httpdocs/wp-content/themes/aihub/woocommerce/single-product" "Mozilla/5.0 AppleWebKit/537.36 (KHTML, like Gecko; compatible; GPTBot/1.4; +https://openai.com/gptbot)"
74.7.227.0 - - [10/Jun/2026:06:46:30 +0000] "GET /fantasy-plot/?file=/var/www/vhosts/mayaver.com/httpdocs/wp-content/themes/aihub/woocommerce/single-product/product-image.php HTTP/1.1" 200 30269 "https://mayaver.com/fantasy-plot/?file=/var/www/vhosts/mayaver.com/httpdocs/wp-content/themes/aihub/woocommerce/single-product" "Mozilla/5.0 AppleWebKit/537.36 (KHTML, like Gecko; compatible; GPTBot/1.4; +https://openai.com/gptbot)"
74.7.227.0 - - [10/Jun/2026:06:46:31 +0000] "GET /fantasy-plot/?file=/var/www/vhosts/mayaver.com/httpdocs/wp-content/themes/aihub/woocommerce/single-product/product-image-stick.php HTTP/1.1" 200 30274 "https://mayaver.com/fantasy-plot/?file=/var/www/vhosts/mayaver.com/httpdocs/wp-content/themes/aihub/woocommerce/single-product" "Mozilla/5.0 AppleWebKit/537.36 (KHTML, like Gecko; compatible; GPTBot/1.4; +https://openai.com/gptbot)"
74.7.227.0 - - [10/Jun/2026:06:46:31 +0000] "GET /fantasy-plot/?edit=/var/www/vhosts/mayaver.com/httpdocs/wp-content/themes/aihub/woocommerce/single-product/product-image-grid.php HTTP/1.1" 200 32441 "https://mayaver.com/fantasy-plot/?file=/var/www/vhosts/mayaver.com/httpdocs/wp-content/themes/aihub/woocommerce/single-product" "Mozilla/5.0 AppleWebKit/537.36 (KHTML, like Gecko; compatible; GPTBot/1.4; +https://openai.com/gptbot)"
74.7.227.0 - - [10/Jun/2026:06:46:32 +0000] "GET /fantasy-plot/?edit=/var/www/vhosts/mayaver.com/httpdocs/wp-content/themes/aihub/woocommerce/single-product/product-image-stick.php HTTP/1.1" 200 32300 "https://mayaver.com/fantasy-plot/?file=/var/www/vhosts/mayaver.com/httpdocs/wp-content/themes/aihub/woocommerce/single-product" "Mozilla/5.0 AppleWebKit/537.36 (KHTML, like Gecko; compatible; GPTBot/1.4; +https://openai.com/gptbot)"
74.7.227.0 - - [10/Jun/2026:06:46:33 +0000] "GET /fantasy-plot/?file=/var/www/vhosts/mayaver.com/httpdocs/wp-content/themes/aihub/woocommerce/single-product/product-image-grid.php HTTP/1.1" 200 30272 "https://mayaver.com/fantasy-plot/?file=/var/www/vhosts/mayaver.com/httpdocs/wp-content/themes/aihub/woocommerce/single-product" "Mozilla/5.0 AppleWebKit/537.36 (KHTML, like Gecko; compatible; GPTBot/1.4; +https://openai.com/gptbot)"
74.7.227.0 - - [10/Jun/2026:06:46:34 +0000] "GET /fantasy-plot/?rename=/var/www/vhosts/mayaver.com/httpdocs/wp-content/themes/aihub/woocommerce/single-product/product-image-stick.php HTTP/1.1" 200 31176 "https://mayaver.com/fantasy-plot/?file=/var/www/vhosts/mayaver.com/httpdocs/wp-content/themes/aihub/woocommerce/single-product" "Mozilla/5.0 AppleWebKit/537.36 (KHTML, like Gecko; compatible; GPTBot/1.4; +https://openai.com/gptbot)"
74.7.227.0 - - [10/Jun/2026:06:46:35 +0000] "GET /fantasy-plot/?rename=/var/www/vhosts/mayaver.com/httpdocs/wp-content/themes/aihub/woocommerce/single-product/product-image-grid.php HTTP/1.1" 200 31175 "https://mayaver.com/fantasy-plot/?file=/var/www/vhosts/mayaver.com/httpdocs/wp-content/themes/aihub/woocommerce/single-product" "Mozilla/5.0 AppleWebKit/537.36 (KHTML, like Gecko; compatible; GPTBot/1.4; +https://openai.com/gptbot)"
74.7.227.0 - - [10/Jun/2026:06:46:36 +0000] "GET /fantasy-plot/?file=/var/www/vhosts/mayaver.com/httpdocs/wp-content/themes/aihub/woocommerce/single-product/product-thumbnails.php HTTP/1.1" 200 30275 "https://mayaver.com/fantasy-plot/?file=/var/www/vhosts/mayaver.com/httpdocs/wp-content/themes/aihub/woocommerce/single-product" "Mozilla/5.0 AppleWebKit/537.36 (KHTML, like Gecko; compatible; GPTBot/1.4; +https://openai.com/gptbot)"
74.7.227.0 - - [10/Jun/2026:06:46:37 +0000] "GET /fantasy-plot/?edit=/var/www/vhosts/mayaver.com/httpdocs/wp-content/themes/aihub/woocommerce/single-product/product-thumbnails.php HTTP/1.1" 200 31800 "https://mayaver.com/fantasy-plot/?file=/var/www/vhosts/mayaver.com/httpdocs/wp-content/themes/aihub/woocommerce/single-product" "Mozilla/5.0 AppleWebKit/537.36 (KHTML, like Gecko; compatible; GPTBot/1.4; +https://openai.com/gptbot)"
74.7.227.0 - - [10/Jun/2026:06:46:37 +0000] "GET /fantasy-plot/?view=/var/www/vhosts/mayaver.com/httpdocs/wp-content/themes/aihub/woocommerce/single-product/product-image.php HTTP/1.1" 200 4646 "https://mayaver.com/fantasy-plot/?file=/var/www/vhosts/mayaver.com/httpdocs/wp-content/themes/aihub/woocommerce/single-product" "Mozilla/5.0 AppleWebKit/537.36 (KHTML, like Gecko; compatible; GPTBot/1.4; +https://openai.com/gptbot)"
74.7.227.0 - - [10/Jun/2026:06:46:38 +0000] "GET /fantasy-plot/?view=/var/www/vhosts/mayaver.com/httpdocs/wp-content/themes/aihub/woocommerce/single-product/product-image-grid.php HTTP/1.1" 200 4842 "https://mayaver.com/fantasy-plot/?file=/var/www/vhosts/mayaver.com/httpdocs/wp-content/themes/aihub/woocommerce/single-product" "Mozilla/5.0 AppleWebKit/537.36 (KHTML, like Gecko; compatible; GPTBot/1.4; +https://openai.com/gptbot)"
74.7.227.0 - - [10/Jun/2026:06:46:39 +0000] "GET /fantasy-plot/?view=/var/www/vhosts/mayaver.com/httpdocs/wp-content/themes/aihub/woocommerce/single-product/product-image-stick.php HTTP/1.1" 200 4709 "https://mayaver.com/fantasy-plot/?file=/var/www/vhosts/mayaver.com/httpdocs/wp-content/themes/aihub/woocommerce/single-product" "Mozilla/5.0 AppleWebKit/537.36 (KHTML, like Gecko; compatible; GPTBot/1.4; +https://openai.com/gptbot)"
57.141.2.29 - - [10/Jun/2026:06:46:39 +0000] "GET /products/o1rshd1-button-shirt-in-multicolor/57775089/ HTTP/1.1" 404 115176 "-" "meta-externalagent/1.1 (+https://developers.facebook.com/docs/sharing/webmasters/crawler)"
74.7.227.0 - - [10/Jun/2026:06:46:39 +0000] "GET /fantasy-plot/?rename=/var/www/vhosts/mayaver.com/httpdocs/wp-content/themes/aihub/woocommerce/single-product/product-thumbnails.php HTTP/1.1" 200 31177 "https://mayaver.com/fantasy-plot/?file=/var/www/vhosts/mayaver.com/httpdocs/wp-content/themes/aihub/woocommerce/single-product" "Mozilla/5.0 AppleWebKit/537.36 (KHTML, like Gecko; compatible; GPTBot/1.4; +https://openai.com/gptbot)"
74.7.227.0 - - [10/Jun/2026:06:46:40 +0000] "GET /fantasy-plot/?view=/var/www/vhosts/mayaver.com/httpdocs/wp-content/themes/aihub/woocommerce/single-product/product-thumbnails.php HTTP/1.1" 200 4245 "https://mayaver.com/fantasy-plot/?file=/var/www/vhosts/mayaver.com/httpdocs/wp-content/themes/aihub/woocommerce/single-product" "Mozilla/5.0 AppleWebKit/537.36 (KHTML, like Gecko; compatible; GPTBot/1.4; +https://openai.com/gptbot)"
74.7.227.0 - - [10/Jun/2026:06:46:41 +0000] "GET /fantasy-plot/?rename=/var/www/vhosts/mayaver.com/httpdocs/wp-content/themes/aihub/woocommerce/single-product/meta.php HTTP/1.1" 200 31167 "https://mayaver.com/fantasy-plot/?file=/var/www/vhosts/mayaver.com/httpdocs/wp-content/themes/aihub/woocommerce/single-product" "Mozilla/5.0 AppleWebKit/537.36 (KHTML, like Gecko; compatible; GPTBot/1.4; +https://openai.com/gptbot)"
74.7.227.0 - - [10/Jun/2026:06:46:42 +0000] "GET /fantasy-plot/?rename=/var/www/vhosts/mayaver.com/httpdocs/wp-content/themes/aihub/woocommerce/single-product/related.php HTTP/1.1" 200 31169 "https://mayaver.com/fantasy-plot/?file=/var/www/vhosts/mayaver.com/httpdocs/wp-content/themes/aihub/woocommerce/single-product" "Mozilla/5.0 AppleWebKit/537.36 (KHTML, like Gecko; compatible; GPTBot/1.4; +https://openai.com/gptbot)"
74.7.227.0 - - [10/Jun/2026:06:46:43 +0000] "GET /fantasy-plot/?rename=/var/www/vhosts/mayaver.com/httpdocs/wp-content/themes/aihub/woocommerce/single-product/title.php HTTP/1.1" 200 31168 "https://mayaver.com/fantasy-plot/?file=/var/www/vhosts/mayaver.com/httpdocs/wp-content/themes/aihub/woocommerce/single-product" "Mozilla/5.0 AppleWebKit/537.36 (KHTML, like Gecko; compatible; GPTBot/1.4; +https://openai.com/gptbot)"
74.7.227.0 - - [10/Jun/2026:06:46:44 +0000] "GET /fantasy-plot/?rename=/var/www/vhosts/mayaver.com/httpdocs/wp-content/themes/aihub/woocommerce/single-product/stock.php HTTP/1.1" 200 31170 "https://mayaver.com/fantasy-plot/?file=/var/www/vhosts/mayaver.com/httpdocs/wp-content/themes/aihub/woocommerce/single-product" "Mozilla/5.0 AppleWebKit/537.36 (KHTML, like Gecko; compatible; GPTBot/1.4; +https://openai.com/gptbot)"
74.7.227.0 - - [10/Jun/2026:06:46:45 +0000] "GET /fantasy-plot/?edit=/var/www/vhosts/mayaver.com/httpdocs/wp-content/themes/aihub/woocommerce/single-product/related.php HTTP/1.1" 200 32001 "https://mayaver.com/fantasy-plot/?file=/var/www/vhosts/mayaver.com/httpdocs/wp-content/themes/aihub/woocommerce/single-product" "Mozilla/5.0 AppleWebKit/537.36 (KHTML, like Gecko; compatible; GPTBot/1.4; +https://openai.com/gptbot)"
74.7.227.0 - - [10/Jun/2026:06:46:45 +0000] "GET /fantasy-plot/?file=/var/www/vhosts/mayaver.com/httpdocs/wp-content/themes/aihub/woocommerce/single-product/related.php HTTP/1.1" 200 30268 "https://mayaver.com/fantasy-plot/?file=/var/www/vhosts/mayaver.com/httpdocs/wp-content/themes/aihub/woocommerce/single-product" "Mozilla/5.0 AppleWebKit/537.36 (KHTML, like Gecko; compatible; GPTBot/1.4; +https://openai.com/gptbot)"
74.7.227.0 - - [10/Jun/2026:06:46:46 +0000] "GET /fantasy-plot/?edit=/var/www/vhosts/mayaver.com/httpdocs/wp-content/themes/aihub/woocommerce/single-product/short-description.php HTTP/1.1" 200 31706 "https://mayaver.com/fantasy-plot/?file=/var/www/vhosts/mayaver.com/httpdocs/wp-content/themes/aihub/woocommerce/single-product" "Mozilla/5.0 AppleWebKit/537.36 (KHTML, like Gecko; compatible; GPTBot/1.4; +https://openai.com/gptbot)"
74.7.227.0 - - [10/Jun/2026:06:46:47 +0000] "GET /fantasy-plot/%3C?php%20echo%20esc_url(%20$full_src[0]%20)%20?%3E HTTP/1.1" 404 115123 "https://mayaver.com/fantasy-plot/?view=/var/www/vhosts/mayaver.com/httpdocs/wp-content/themes/aihub/woocommerce/single-product/product-image-grid.php" "Mozilla/5.0 AppleWebKit/537.36 (KHTML, like Gecko; compatible; GPTBot/1.4; +https://openai.com/gptbot)"
74.7.227.0 - - [10/Jun/2026:06:46:48 +0000] "GET /fantasy-plot/?file=/var/www/vhosts/mayaver.com/httpdocs/wp-content/themes/aihub/woocommerce/single-product/short-description.php HTTP/1.1" 200 30272 "https://mayaver.com/fantasy-plot/?file=/var/www/vhosts/mayaver.com/httpdocs/wp-content/themes/aihub/woocommerce/single-product" "Mozilla/5.0 AppleWebKit/537.36 (KHTML, like Gecko; compatible; GPTBot/1.4; +https://openai.com/gptbot)"
57.141.2.19 - - [10/Jun/2026:06:46:48 +0000] "GET /products/louis-vuitton-louis-vuitton-portefeuille-comete-taurillon-lo/26958345/ HTTP/1.1" 404 115176 "-" "meta-externalagent/1.1 (+https://developers.facebook.com/docs/sharing/webmasters/crawler)"
74.7.227.0 - - [10/Jun/2026:06:46:49 +0000] "GET /fantasy-plot/?rename=/var/www/vhosts/mayaver.com/httpdocs/wp-content/themes/aihub/woocommerce/single-product/availability.php HTTP/1.1" 200 31176 "https://mayaver.com/fantasy-plot/?file=/var/www/vhosts/mayaver.com/httpdocs/wp-content/themes/aihub/woocommerce/single-product" "Mozilla/5.0 AppleWebKit/537.36 (KHTML, like Gecko; compatible; GPTBot/1.4; +https://openai.com/gptbot)"
74.7.227.0 - - [10/Jun/2026:06:46:50 +0000] "GET /fantasy-plot/?edit=/var/www/vhosts/mayaver.com/httpdocs/wp-content/themes/aihub/woocommerce/single-product/availability.php HTTP/1.1" 200 31603 "https://mayaver.com/fantasy-plot/?file=/var/www/vhosts/mayaver.com/httpdocs/wp-content/themes/aihub/woocommerce/single-product" "Mozilla/5.0 AppleWebKit/537.36 (KHTML, like Gecko; compatible; GPTBot/1.4; +https://openai.com/gptbot)"
74.7.227.0 - - [10/Jun/2026:06:46:51 +0000] "GET /fantasy-plot/?file=/var/www/vhosts/mayaver.com/httpdocs/wp-content/themes/aihub/woocommerce/single-product/availability.php HTTP/1.1" 200 30273 "https://mayaver.com/fantasy-plot/?file=/var/www/vhosts/mayaver.com/httpdocs/wp-content/themes/aihub/woocommerce/single-product" "Mozilla/5.0 AppleWebKit/537.36 (KHTML, like Gecko; compatible; GPTBot/1.4; +https://openai.com/gptbot)"
74.7.227.0 - - [10/Jun/2026:06:46:52 +0000] "GET /fantasy-plot/?edit=/var/www/vhosts/mayaver.com/httpdocs/wp-content/themes/aihub/woocommerce/single-product/meta.php HTTP/1.1" 200 31903 "https://mayaver.com/fantasy-plot/?file=/var/www/vhosts/mayaver.com/httpdocs/wp-content/themes/aihub/woocommerce/single-product" "Mozilla/5.0 AppleWebKit/537.36 (KHTML, like Gecko; compatible; GPTBot/1.4; +https://openai.com/gptbot)"
74.7.227.0 - - [10/Jun/2026:06:46:53 +0000] "GET /fantasy-plot/?edit=/var/www/vhosts/mayaver.com/httpdocs/wp-content/themes/aihub/woocommerce/single-product/stock.php HTTP/1.1" 200 31636 "https://mayaver.com/fantasy-plot/?file=/var/www/vhosts/mayaver.com/httpdocs/wp-content/themes/aihub/woocommerce/single-product" "Mozilla/5.0 AppleWebKit/537.36 (KHTML, like Gecko; compatible; GPTBot/1.4; +https://openai.com/gptbot)"
74.7.227.0 - - [10/Jun/2026:06:46:54 +0000] "GET /fantasy-plot/?file=/var/www/vhosts/mayaver.com/httpdocs/wp-content/themes/aihub/woocommerce/single-product/title.php HTTP/1.1" 200 30266 "https://mayaver.com/fantasy-plot/?file=/var/www/vhosts/mayaver.com/httpdocs/wp-content/themes/aihub/woocommerce/single-product" "Mozilla/5.0 AppleWebKit/537.36 (KHTML, like Gecko; compatible; GPTBot/1.4; +https://openai.com/gptbot)"
74.7.227.0 - - [10/Jun/2026:06:46:54 +0000] "GET /fantasy-plot/?file=/var/www/vhosts/mayaver.com/httpdocs/wp-content/themes/aihub/woocommerce/single-product/up-sells.php HTTP/1.1" 200 30270 "https://mayaver.com/fantasy-plot/?file=/var/www/vhosts/mayaver.com/httpdocs/wp-content/themes/aihub/woocommerce/single-product" "Mozilla/5.0 AppleWebKit/537.36 (KHTML, like Gecko; compatible; GPTBot/1.4; +https://openai.com/gptbot)"
74.7.227.0 - - [10/Jun/2026:06:46:55 +0000] "GET /fantasy-plot/?edit=/var/www/vhosts/mayaver.com/httpdocs/wp-content/themes/aihub/woocommerce/single-product/up-sells.php HTTP/1.1" 200 31857 "https://mayaver.com/fantasy-plot/?file=/var/www/vhosts/mayaver.com/httpdocs/wp-content/themes/aihub/woocommerce/single-product" "Mozilla/5.0 AppleWebKit/537.36 (KHTML, like Gecko; compatible; GPTBot/1.4; +https://openai.com/gptbot)"
57.141.2.6 - - [10/Jun/2026:06:46:56 +0000] "GET /products/keen-steel-toe-waterproof-work-boots-womens-6/12344697/ HTTP/1.1" 404 115176 "-" "meta-externalagent/1.1 (+https://developers.facebook.com/docs/sharing/webmasters/crawler)"
74.7.227.0 - - [10/Jun/2026:06:46:56 +0000] "GET /fantasy-plot/?edit=/var/www/vhosts/mayaver.com/httpdocs/wp-content/themes/aihub/woocommerce/single-product/title.php HTTP/1.1" 200 31606 "https://mayaver.com/fantasy-plot/?file=/var/www/vhosts/mayaver.com/httpdocs/wp-content/themes/aihub/woocommerce/single-product" "Mozilla/5.0 AppleWebKit/537.36 (KHTML, like Gecko; compatible; GPTBot/1.4; +https://openai.com/gptbot)"
74.7.227.0 - - [10/Jun/2026:06:46:57 +0000] "GET /fantasy-plot/?rename=/var/www/vhosts/mayaver.com/httpdocs/wp-content/themes/aihub/woocommerce/single-product/up-sells.php HTTP/1.1" 200 31173 "https://mayaver.com/fantasy-plot/?file=/var/www/vhosts/mayaver.com/httpdocs/wp-content/themes/aihub/woocommerce/single-product" "Mozilla/5.0 AppleWebKit/537.36 (KHTML, like Gecko; compatible; GPTBot/1.4; +https://openai.com/gptbot)"
74.7.227.0 - - [10/Jun/2026:06:46:58 +0000] "GET /fantasy-plot/?file=/var/www/vhosts/mayaver.com/httpdocs/wp-content/themes/aihub/woocommerce/single-product/meta.php HTTP/1.1" 200 30266 "https://mayaver.com/fantasy-plot/?file=/var/www/vhosts/mayaver.com/httpdocs/wp-content/themes/aihub/woocommerce/single-product" "Mozilla/5.0 AppleWebKit/537.36 (KHTML, like Gecko; compatible; GPTBot/1.4; +https://openai.com/gptbot)"
74.7.227.0 - - [10/Jun/2026:06:46:59 +0000] "GET /fantasy-plot/?file=/var/www/vhosts/mayaver.com/httpdocs/wp-content/themes/aihub/woocommerce/single-product/stock.php HTTP/1.1" 200 30268 "https://mayaver.com/fantasy-plot/?file=/var/www/vhosts/mayaver.com/httpdocs/wp-content/themes/aihub/woocommerce/single-product" "Mozilla/5.0 AppleWebKit/537.36 (KHTML, like Gecko; compatible; GPTBot/1.4; +https://openai.com/gptbot)"
74.7.227.0 - - [10/Jun/2026:06:47:00 +0000] "GET /fantasy-plot/?rename=/var/www/vhosts/mayaver.com/httpdocs/wp-content/themes/aihub/woocommerce/single-product/short-description.php HTTP/1.1" 200 31174 "https://mayaver.com/fantasy-plot/?file=/var/www/vhosts/mayaver.com/httpdocs/wp-content/themes/aihub/woocommerce/single-product" "Mozilla/5.0 AppleWebKit/537.36 (KHTML, like Gecko; compatible; GPTBot/1.4; +https://openai.com/gptbot)"
74.7.227.0 - - [10/Jun/2026:06:47:01 +0000] "GET /fantasy-plot/?view=/var/www/vhosts/mayaver.com/httpdocs/wp-content/themes/aihub/woocommerce/single-product/related.php HTTP/1.1" 200 4446 "https://mayaver.com/fantasy-plot/?file=/var/www/vhosts/mayaver.com/httpdocs/wp-content/themes/aihub/woocommerce/single-product" "Mozilla/5.0 AppleWebKit/537.36 (KHTML, like Gecko; compatible; GPTBot/1.4; +https://openai.com/gptbot)"
74.7.227.0 - - [10/Jun/2026:06:47:01 +0000] "GET /fantasy-plot/?file=/var/www/vhosts/mayaver.com/httpdocs/wp-content/themes/aihub/woocommerce/single-product/tabs HTTP/1.1" 200 30438 "https://mayaver.com/fantasy-plot/?file=/var/www/vhosts/mayaver.com/httpdocs/wp-content/themes/aihub/woocommerce/single-product" "Mozilla/5.0 AppleWebKit/537.36 (KHTML, like Gecko; compatible; GPTBot/1.4; +https://openai.com/gptbot)"
74.7.227.0 - - [10/Jun/2026:06:47:02 +0000] "GET /wp-json/wp/v2/posts/4391 HTTP/1.1" 200 38178 "https://mayaver.com/stage/" "Mozilla/5.0 AppleWebKit/537.36 (KHTML, like Gecko; compatible; GPTBot/1.4; +https://openai.com/gptbot)"
74.7.227.0 - - [10/Jun/2026:06:47:03 +0000] "GET /wp-json/wp/v2/posts/4387 HTTP/1.1" 200 40901 "https://mayaver.com/city-apartment/" "Mozilla/5.0 AppleWebKit/537.36 (KHTML, like Gecko; compatible; GPTBot/1.4; +https://openai.com/gptbot)"
74.7.227.0 - - [10/Jun/2026:06:47:03 +0000] "GET /art-museum/?rename=/var/www/vhosts/mayaver.com/httpdocs/wp-content/themes/aihub/screenshot.png HTTP/1.1" 200 31199 "https://mayaver.com/art-museum/" "Mozilla/5.0 AppleWebKit/537.36 (KHTML, like Gecko; compatible; GPTBot/1.4; +https://openai.com/gptbot)"
74.7.227.0 - - [10/Jun/2026:06:47:04 +0000] "GET /faqs/?rename=/var/www/vhosts/mayaver.com/httpdocs/wp-content/themes/aihub/single-liquid-header.php HTTP/1.1" 200 28787 "https://mayaver.com/faqs/" "Mozilla/5.0 AppleWebKit/537.36 (KHTML, like Gecko; compatible; GPTBot/1.4; +https://openai.com/gptbot)"
139.84.174.118 - - [10/Jun/2026:06:47:05 +0000] "POST /wp-cron.php?doing_wp_cron=1781074025.8009419441223144531250 HTTP/1.1" 403 4358 "-" "WordPress/6.5.8; https://mayaver.com"
74.7.227.0 - - [10/Jun/2026:06:47:05 +0000] "GET /stage/?rename=/var/www/vhosts/mayaver.com/httpdocs/wp-content/themes/aihub/single-liquid-footer.php HTTP/1.1" 200 31101 "https://mayaver.com/stage/" "Mozilla/5.0 AppleWebKit/537.36 (KHTML, like Gecko; compatible; GPTBot/1.4; +https://openai.com/gptbot)"
74.7.227.0 - - [10/Jun/2026:06:47:06 +0000] "GET /stage/?file=/var/www/vhosts/mayaver.com/httpdocs/wp-content/themes/aihub/single-liquid-header.php HTTP/1.1" 200 30200 "https://mayaver.com/stage/" "Mozilla/5.0 AppleWebKit/537.36 (KHTML, like Gecko; compatible; GPTBot/1.4; +https://openai.com/gptbot)"
74.7.227.0 - - [10/Jun/2026:06:47:07 +0000] "GET /faqs/?rename=/var/www/vhosts/mayaver.com/httpdocs/wp-content/themes/aihub/single-liquid-footer.php HTTP/1.1" 200 28788 "https://mayaver.com/faqs/" "Mozilla/5.0 AppleWebKit/537.36 (KHTML, like Gecko; compatible; GPTBot/1.4; +https://openai.com/gptbot)"
74.7.227.0 - - [10/Jun/2026:06:47:08 +0000] "GET /dome/?edit=/var/www/vhosts/mayaver.com/httpdocs/wp-content/themes/aihub/single-liquid-portfolio.php HTTP/1.1" 200 31663 "https://mayaver.com/dome/" "Mozilla/5.0 AppleWebKit/537.36 (KHTML, like Gecko; compatible; GPTBot/1.4; +https://openai.com/gptbot)"
74.7.227.0 - - [10/Jun/2026:06:47:09 +0000] "GET /faqs/?file=/var/www/vhosts/mayaver.com/httpdocs/wp-content/themes/aihub/single-liquid-portfolio.php HTTP/1.1" 200 27867 "https://mayaver.com/faqs/" "Mozilla/5.0 AppleWebKit/537.36 (KHTML, like Gecko; compatible; GPTBot/1.4; +https://openai.com/gptbot)"
74.7.227.0 - - [10/Jun/2026:06:47:09 +0000] "GET /faqs/?edit=/var/www/vhosts/mayaver.com/httpdocs/wp-content/themes/aihub/single-liquid-portfolio.php HTTP/1.1" 200 29125 "https://mayaver.com/faqs/" "Mozilla/5.0 AppleWebKit/537.36 (KHTML, like Gecko; compatible; GPTBot/1.4; +https://openai.com/gptbot)"
74.7.227.0 - - [10/Jun/2026:06:47:10 +0000] "GET /fantasy-plot/?file=/var/www/vhosts/mayaver.com/httpdocs/wp-content/themes/aihub/woocommerce/single-product/tabs/description.php HTTP/1.1" 200 30272 "https://mayaver.com/fantasy-plot/?file=/var/www/vhosts/mayaver.com/httpdocs/wp-content/themes/aihub/woocommerce/single-product/tabs" "Mozilla/5.0 AppleWebKit/537.36 (KHTML, like Gecko; compatible; GPTBot/1.4; +https://openai.com/gptbot)"
74.7.227.0 - - [10/Jun/2026:06:47:11 +0000] "GET /fantasy-plot/?edit=/var/www/vhosts/mayaver.com/httpdocs/wp-content/themes/aihub/woocommerce/single-product/tabs/description.php HTTP/1.1" 200 31677 "https://mayaver.com/fantasy-plot/?file=/var/www/vhosts/mayaver.com/httpdocs/wp-content/themes/aihub/woocommerce/single-product/tabs" "Mozilla/5.0 AppleWebKit/537.36 (KHTML, like Gecko; compatible; GPTBot/1.4; +https://openai.com/gptbot)"
74.7.227.0 - - [10/Jun/2026:06:47:12 +0000] "GET /fantasy-plot/?rename=/var/www/vhosts/mayaver.com/httpdocs/wp-content/themes/aihub/woocommerce/single-product/tabs/tabs.php HTTP/1.1" 200 31171 "https://mayaver.com/fantasy-plot/?file=/var/www/vhosts/mayaver.com/httpdocs/wp-content/themes/aihub/woocommerce/single-product/tabs" "Mozilla/5.0 AppleWebKit/537.36 (KHTML, like Gecko; compatible; GPTBot/1.4; +https://openai.com/gptbot)"
74.7.227.0 - - [10/Jun/2026:06:47:13 +0000] "GET /fantasy-plot/?file=/var/www/vhosts/mayaver.com/httpdocs/wp-content/themes/aihub/woocommerce/single-product/tabs/tabs.php HTTP/1.1" 200 30269 "https://mayaver.com/fantasy-plot/?file=/var/www/vhosts/mayaver.com/httpdocs/wp-content/themes/aihub/woocommerce/single-product/tabs" "Mozilla/5.0 AppleWebKit/537.36 (KHTML, like Gecko; compatible; GPTBot/1.4; +https://openai.com/gptbot)"
74.7.227.0 - - [10/Jun/2026:06:47:14 +0000] "GET /fantasy-plot/?edit=/var/www/vhosts/mayaver.com/httpdocs/wp-content/themes/aihub/woocommerce/single-product/tabs/tabs.php HTTP/1.1" 200 31953 "https://mayaver.com/fantasy-plot/?file=/var/www/vhosts/mayaver.com/httpdocs/wp-content/themes/aihub/woocommerce/single-product/tabs" "Mozilla/5.0 AppleWebKit/537.36 (KHTML, like Gecko; compatible; GPTBot/1.4; +https://openai.com/gptbot)"
74.7.227.0 - - [10/Jun/2026:06:47:15 +0000] "GET /fantasy-plot/?rename=/var/www/vhosts/mayaver.com/httpdocs/wp-content/themes/aihub/woocommerce/single-product/tabs/description.php HTTP/1.1" 200 31173 "https://mayaver.com/fantasy-plot/?file=/var/www/vhosts/mayaver.com/httpdocs/wp-content/themes/aihub/woocommerce/single-product/tabs" "Mozilla/5.0 AppleWebKit/537.36 (KHTML, like Gecko; compatible; GPTBot/1.4; +https://openai.com/gptbot)"
74.7.227.0 - - [10/Jun/2026:06:47:15 +0000] "GET /fantasy-plot/?view=/var/www/vhosts/mayaver.com/httpdocs/wp-content/themes/aihub/woocommerce/single-product/tabs/description.php HTTP/1.1" 200 4124 "https://mayaver.com/fantasy-plot/?file=/var/www/vhosts/mayaver.com/httpdocs/wp-content/themes/aihub/woocommerce/single-product/tabs" "Mozilla/5.0 AppleWebKit/537.36 (KHTML, like Gecko; compatible; GPTBot/1.4; +https://openai.com/gptbot)"
74.7.227.0 - - [10/Jun/2026:06:47:16 +0000] "GET /fantasy-plot/?rename=/var/www/vhosts/mayaver.com/httpdocs/wp-content/themes/aihub/woocommerce/single-product/tabs/additional-information.php HTTP/1.1" 200 31184 "https://mayaver.com/fantasy-plot/?file=/var/www/vhosts/mayaver.com/httpdocs/wp-content/themes/aihub/woocommerce/single-product/tabs" "Mozilla/5.0 AppleWebKit/537.36 (KHTML, like Gecko; compatible; GPTBot/1.4; +https://openai.com/gptbot)"
74.7.227.0 - - [10/Jun/2026:06:47:17 +0000] "GET /fantasy-plot/?edit=/var/www/vhosts/mayaver.com/httpdocs/wp-content/themes/aihub/woocommerce/single-product/tabs/additional-information.php HTTP/1.1" 200 31702 "https://mayaver.com/fantasy-plot/?file=/var/www/vhosts/mayaver.com/httpdocs/wp-content/themes/aihub/woocommerce/single-product/tabs" "Mozilla/5.0 AppleWebKit/537.36 (KHTML, like Gecko; compatible; GPTBot/1.4; +https://openai.com/gptbot)"
74.7.227.0 - - [10/Jun/2026:06:47:18 +0000] "GET /fantasy-plot/?file=/var/www/vhosts/mayaver.com/httpdocs/wp-content/themes/aihub/woocommerce/single-product/tabs/additional-information.php HTTP/1.1" 200 30282 "https://mayaver.com/fantasy-plot/?file=/var/www/vhosts/mayaver.com/httpdocs/wp-content/themes/aihub/woocommerce/single-product/tabs" "Mozilla/5.0 AppleWebKit/537.36 (KHTML, like Gecko; compatible; GPTBot/1.4; +https://openai.com/gptbot)"
74.7.227.0 - - [10/Jun/2026:06:47:18 +0000] "GET /dome/?file=/var/www/vhosts/mayaver.com/httpdocs/wp-content/themes/aihub/single-liquid-portfolio.php HTTP/1.1" 200 30432 "https://mayaver.com/dome/" "Mozilla/5.0 AppleWebKit/537.36 (KHTML, like Gecko; compatible; GPTBot/1.4; +https://openai.com/gptbot)"
