74.7.227.0 - - [10/Jun/2026:07:09:56 +0000] "GET /classroom/?view=/var/www/vhosts/mayaver.com/httpdocs/wp-content/themes/aihub/woocommerce/archive-product.php HTTP/1.1" 200 4645 "https://mayaver.com/classroom/?file=/var/www/vhosts/mayaver.com/httpdocs/wp-content/themes/aihub/woocommerce" "Mozilla/5.0 AppleWebKit/537.36 (KHTML, like Gecko; compatible; GPTBot/1.4; +https://openai.com/gptbot)"
74.7.227.0 - - [10/Jun/2026:07:09:56 +0000] "GET /classroom/?view=/var/www/vhosts/mayaver.com/httpdocs/wp-content/themes/aihub/woocommerce/single-product-reviews.php HTTP/1.1" 200 5440 "https://mayaver.com/classroom/?file=/var/www/vhosts/mayaver.com/httpdocs/wp-content/themes/aihub/woocommerce" "Mozilla/5.0 AppleWebKit/537.36 (KHTML, like Gecko; compatible; GPTBot/1.4; +https://openai.com/gptbot)"
74.7.227.0 - - [10/Jun/2026:07:09:57 +0000] "GET /christmas/?view=/var/www/vhosts/mayaver.com/httpdocs/wp-content/themes/aihub/woocommerce/single-product-reviews.php HTTP/1.1" 200 5440 "https://mayaver.com/christmas/?file=/var/www/vhosts/mayaver.com/httpdocs/wp-content/themes/aihub/woocommerce" "Mozilla/5.0 AppleWebKit/537.36 (KHTML, like Gecko; compatible; GPTBot/1.4; +https://openai.com/gptbot)"
74.7.227.0 - - [10/Jun/2026:07:09:57 +0000] "GET /penthouse/?view=/var/www/vhosts/mayaver.com/httpdocs/wp-content/themes/aihub/woocommerce/single-product-reviews.php HTTP/1.1" 200 5440 "https://mayaver.com/penthouse/?file=/var/www/vhosts/mayaver.com/httpdocs/wp-content/themes/aihub/woocommerce" "Mozilla/5.0 AppleWebKit/537.36 (KHTML, like Gecko; compatible; GPTBot/1.4; +https://openai.com/gptbot)"
74.7.227.0 - - [10/Jun/2026:07:09:58 +0000] "GET /classroom/?file=/var/www/vhosts/mayaver.com/httpdocs/wp-content/themes/aihub/woocommerce/archive-product.php HTTP/1.1" 200 30296 "https://mayaver.com/classroom/?file=/var/www/vhosts/mayaver.com/httpdocs/wp-content/themes/aihub/woocommerce" "Mozilla/5.0 AppleWebKit/537.36 (KHTML, like Gecko; compatible; GPTBot/1.4; +https://openai.com/gptbot)"
103.127.30.137 - - [10/Jun/2026:07:09:59 +0000] "GET /wp-login.php HTTP/1.1" 403 4358 "-" "Mozilla/5.0 (Macintosh; Intel Mac OS X 10_15_7) AppleWebKit/537.36 (KHTML, like Gecko) Chrome/133.0.0.0 Safari/537.36"
103.127.30.137 - - [10/Jun/2026:07:09:59 +0000] "POST /wp-login.php HTTP/1.1" 403 4358 "https://mayaver.com/wp-login.php" "Mozilla/5.0 (Macintosh; Intel Mac OS X 10_15_7) AppleWebKit/537.36 (KHTML, like Gecko) Chrome/133.0.0.0 Safari/537.36"
74.7.227.0 - - [10/Jun/2026:07:09:59 +0000] "GET /penthouse/?file=/var/www/vhosts/mayaver.com/httpdocs/wp-content/themes/aihub/woocommerce/archive-product.php HTTP/1.1" 200 30410 "https://mayaver.com/penthouse/?file=/var/www/vhosts/mayaver.com/httpdocs/wp-content/themes/aihub/woocommerce" "Mozilla/5.0 AppleWebKit/537.36 (KHTML, like Gecko; compatible; GPTBot/1.4; +https://openai.com/gptbot)"
74.7.227.0 - - [10/Jun/2026:07:10:00 +0000] "GET /christmas/?file=/var/www/vhosts/mayaver.com/httpdocs/wp-content/themes/aihub/woocommerce/archive-product.php HTTP/1.1" 200 30278 "https://mayaver.com/christmas/?file=/var/www/vhosts/mayaver.com/httpdocs/wp-content/themes/aihub/woocommerce" "Mozilla/5.0 AppleWebKit/537.36 (KHTML, like Gecko; compatible; GPTBot/1.4; +https://openai.com/gptbot)"
74.7.227.0 - - [10/Jun/2026:07:10:01 +0000] "GET /christmas/%3C?php%20echo%20esc_url(%20YITH_WCWL_URL%20.%20%27assets/images/wpspin_light.gif%27%20)%20?%3E HTTP/1.1" 404 115123 "https://mayaver.com/christmas/?view=/var/www/vhosts/mayaver.com/httpdocs/wp-content/themes/aihub/woocommerce/add-to-wishlist-button.php" "Mozilla/5.0 AppleWebKit/537.36 (KHTML, like Gecko; compatible; GPTBot/1.4; +https://openai.com/gptbot)"
74.7.227.0 - - [10/Jun/2026:07:10:01 +0000] "GET /classroom/%3C?php%20echo%20esc_url(%20YITH_WCWL_URL%20.%20%27assets/images/wpspin_light.gif%27%20)%20?%3E HTTP/1.1" 404 115123 "https://mayaver.com/classroom/?view=/var/www/vhosts/mayaver.com/httpdocs/wp-content/themes/aihub/woocommerce/add-to-wishlist-button.php" "Mozilla/5.0 AppleWebKit/537.36 (KHTML, like Gecko; compatible; GPTBot/1.4; +https://openai.com/gptbot)"
74.7.227.0 - - [10/Jun/2026:07:10:02 +0000] "GET /classroom/?file=/var/www/vhosts/mayaver.com/httpdocs/wp-content/themes/aihub/woocommerce/single-product HTTP/1.1" 200 30726 "https://mayaver.com/classroom/?file=/var/www/vhosts/mayaver.com/httpdocs/wp-content/themes/aihub/woocommerce" "Mozilla/5.0 AppleWebKit/537.36 (KHTML, like Gecko; compatible; GPTBot/1.4; +https://openai.com/gptbot)"
216.73.217.123 - - [10/Jun/2026:07:10:02 +0000] "GET /robots.txt HTTP/1.1" 200 3633 "-" "Mozilla/5.0 AppleWebKit/537.36 (KHTML, like Gecko; compatible; ClaudeBot/1.0; +claudebot@anthropic.com)"
74.7.227.0 - - [10/Jun/2026:07:10:03 +0000] "GET /penthouse/?file=/var/www/vhosts/mayaver.com/httpdocs/wp-content/themes/aihub/woocommerce/single-product HTTP/1.1" 200 30840 "https://mayaver.com/penthouse/?file=/var/www/vhosts/mayaver.com/httpdocs/wp-content/themes/aihub/woocommerce" "Mozilla/5.0 AppleWebKit/537.36 (KHTML, like Gecko; compatible; GPTBot/1.4; +https://openai.com/gptbot)"
216.73.217.123 - - [10/Jun/2026:07:10:04 +0000] "GET /items/f90803924649/ HTTP/1.1" 404 115176 "-" "Mozilla/5.0 AppleWebKit/537.36 (KHTML, like Gecko; compatible; ClaudeBot/1.0; +claudebot@anthropic.com)"
216.73.217.123 - - [10/Jun/2026:07:10:04 +0000] "GET /items/t90793389869/ HTTP/1.1" 404 115176 "-" "Mozilla/5.0 AppleWebKit/537.36 (KHTML, like Gecko; compatible; ClaudeBot/1.0; +claudebot@anthropic.com)"
74.7.227.0 - - [10/Jun/2026:07:10:04 +0000] "GET /christmas/?file=/var/www/vhosts/mayaver.com/httpdocs/wp-content/themes/aihub/woocommerce/single-product HTTP/1.1" 200 30707 "https://mayaver.com/christmas/?file=/var/www/vhosts/mayaver.com/httpdocs/wp-content/themes/aihub/woocommerce" "Mozilla/5.0 AppleWebKit/537.36 (KHTML, like Gecko; compatible; GPTBot/1.4; +https://openai.com/gptbot)"
74.7.227.0 - - [10/Jun/2026:07:10:05 +0000] "GET /christmas/?file=/var/www/vhosts/mayaver.com/httpdocs/wp-content/themes/aihub/woocommerce/cart HTTP/1.1" 200 30636 "https://mayaver.com/christmas/?file=/var/www/vhosts/mayaver.com/httpdocs/wp-content/themes/aihub/woocommerce" "Mozilla/5.0 AppleWebKit/537.36 (KHTML, like Gecko; compatible; GPTBot/1.4; +https://openai.com/gptbot)"
216.73.217.123 - - [10/Jun/2026:07:10:06 +0000] "GET /items/f90842723449/ HTTP/1.1" 404 115167 "-" "Mozilla/5.0 AppleWebKit/537.36 (KHTML, like Gecko; compatible; ClaudeBot/1.0; +claudebot@anthropic.com)"
216.73.217.123 - - [10/Jun/2026:07:10:06 +0000] "GET /items/b90835326045/ HTTP/1.1" 404 115176 "-" "Mozilla/5.0 AppleWebKit/537.36 (KHTML, like Gecko; compatible; ClaudeBot/1.0; +claudebot@anthropic.com)"
74.7.227.0 - - [10/Jun/2026:07:10:07 +0000] "GET /penthouse/?file=/var/www/vhosts/mayaver.com/httpdocs/wp-content/themes/aihub/woocommerce/cart HTTP/1.1" 200 30769 "https://mayaver.com/penthouse/?file=/var/www/vhosts/mayaver.com/httpdocs/wp-content/themes/aihub/woocommerce" "Mozilla/5.0 AppleWebKit/537.36 (KHTML, like Gecko; compatible; GPTBot/1.4; +https://openai.com/gptbot)"
74.7.227.0 - - [10/Jun/2026:07:10:08 +0000] "GET /classroom/?file=/var/www/vhosts/mayaver.com/httpdocs/wp-content/themes/aihub/woocommerce/global HTTP/1.1" 200 30465 "https://mayaver.com/classroom/?file=/var/www/vhosts/mayaver.com/httpdocs/wp-content/themes/aihub/woocommerce" "Mozilla/5.0 AppleWebKit/537.36 (KHTML, like Gecko; compatible; GPTBot/1.4; +https://openai.com/gptbot)"
74.7.227.0 - - [10/Jun/2026:07:10:09 +0000] "GET /penthouse/?file=/var/www/vhosts/mayaver.com/httpdocs/wp-content/themes/aihub/woocommerce/loop HTTP/1.1" 200 30689 "https://mayaver.com/penthouse/?file=/var/www/vhosts/mayaver.com/httpdocs/wp-content/themes/aihub/woocommerce" "Mozilla/5.0 AppleWebKit/537.36 (KHTML, like Gecko; compatible; GPTBot/1.4; +https://openai.com/gptbot)"
74.7.227.0 - - [10/Jun/2026:07:10:10 +0000] "GET /christmas/?file=/var/www/vhosts/mayaver.com/httpdocs/wp-content/themes/aihub/woocommerce/loop HTTP/1.1" 200 30555 "https://mayaver.com/christmas/?file=/var/www/vhosts/mayaver.com/httpdocs/wp-content/themes/aihub/woocommerce" "Mozilla/5.0 AppleWebKit/537.36 (KHTML, like Gecko; compatible; GPTBot/1.4; +https://openai.com/gptbot)"
74.7.227.0 - - [10/Jun/2026:07:10:11 +0000] "GET /classroom/?file=/var/www/vhosts/mayaver.com/httpdocs/wp-content/themes/aihub/woocommerce/loop HTTP/1.1" 200 30575 "https://mayaver.com/classroom/?file=/var/www/vhosts/mayaver.com/httpdocs/wp-content/themes/aihub/woocommerce" "Mozilla/5.0 AppleWebKit/537.36 (KHTML, like Gecko; compatible; GPTBot/1.4; +https://openai.com/gptbot)"
74.7.227.0 - - [10/Jun/2026:07:10:12 +0000] "GET /classroom/?edit=/var/www/vhosts/mayaver.com/httpdocs/wp-content/themes/aihub/woocommerce/single-product/short-description.php HTTP/1.1" 200 31739 "https://mayaver.com/classroom/?file=/var/www/vhosts/mayaver.com/httpdocs/wp-content/themes/aihub/woocommerce/single-product" "Mozilla/5.0 AppleWebKit/537.36 (KHTML, like Gecko; compatible; GPTBot/1.4; +https://openai.com/gptbot)"
74.7.227.0 - - [10/Jun/2026:07:10:13 +0000] "GET /penthouse/?view=/var/www/vhosts/mayaver.com/httpdocs/wp-content/themes/aihub/woocommerce/single-product/product-image-stick.php HTTP/1.1" 200 4709 "https://mayaver.com/penthouse/?file=/var/www/vhosts/mayaver.com/httpdocs/wp-content/themes/aihub/woocommerce/single-product" "Mozilla/5.0 AppleWebKit/537.36 (KHTML, like Gecko; compatible; GPTBot/1.4; +https://openai.com/gptbot)"
74.7.227.0 - - [10/Jun/2026:07:10:13 +0000] "GET /penthouse/?edit=/var/www/vhosts/mayaver.com/httpdocs/wp-content/themes/aihub/woocommerce/single-product/product-image.php HTTP/1.1" 200 32372 "https://mayaver.com/penthouse/?file=/var/www/vhosts/mayaver.com/httpdocs/wp-content/themes/aihub/woocommerce/single-product" "Mozilla/5.0 AppleWebKit/537.36 (KHTML, like Gecko; compatible; GPTBot/1.4; +https://openai.com/gptbot)"
74.7.227.0 - - [10/Jun/2026:07:10:14 +0000] "GET /christmas/?rename=/var/www/vhosts/mayaver.com/httpdocs/wp-content/themes/aihub/woocommerce/cart/proceed-to-checkout-button.php HTTP/1.1" 200 31195 "https://mayaver.com/christmas/?file=/var/www/vhosts/mayaver.com/httpdocs/wp-content/themes/aihub/woocommerce/cart" "Mozilla/5.0 AppleWebKit/537.36 (KHTML, like Gecko; compatible; GPTBot/1.4; +https://openai.com/gptbot)"
74.7.227.0 - - [10/Jun/2026:07:10:15 +0000] "GET /christmas/?edit=/var/www/vhosts/mayaver.com/httpdocs/wp-content/themes/aihub/woocommerce/cart/proceed-to-checkout-button.php HTTP/1.1" 200 31958 "https://mayaver.com/christmas/?file=/var/www/vhosts/mayaver.com/httpdocs/wp-content/themes/aihub/woocommerce/cart" "Mozilla/5.0 AppleWebKit/537.36 (KHTML, like Gecko; compatible; GPTBot/1.4; +https://openai.com/gptbot)"
74.7.227.0 - - [10/Jun/2026:07:10:16 +0000] "GET /christmas/?rename=/var/www/vhosts/mayaver.com/httpdocs/wp-content/themes/aihub/woocommerce/cart/cart-totals.php HTTP/1.1" 200 31184 "https://mayaver.com/christmas/?file=/var/www/vhosts/mayaver.com/httpdocs/wp-content/themes/aihub/woocommerce/cart" "Mozilla/5.0 AppleWebKit/537.36 (KHTML, like Gecko; compatible; GPTBot/1.4; +https://openai.com/gptbot)"
139.84.174.118 - - [10/Jun/2026:07:10:17 +0000] "POST /wp-cron.php?doing_wp_cron=1781075417.7694549560546875000000 HTTP/1.1" 403 4358 "-" "WordPress/6.5.8; https://mayaver.com"
74.7.227.0 - - [10/Jun/2026:07:10:17 +0000] "GET /penthouse/?rename=/var/www/vhosts/mayaver.com/httpdocs/wp-content/themes/aihub/woocommerce/cart/proceed-to-checkout-button.php HTTP/1.1" 200 31327 "https://mayaver.com/penthouse/?file=/var/www/vhosts/mayaver.com/httpdocs/wp-content/themes/aihub/woocommerce/cart" "Mozilla/5.0 AppleWebKit/537.36 (KHTML, like Gecko; compatible; GPTBot/1.4; +https://openai.com/gptbot)"
74.7.227.0 - - [10/Jun/2026:07:10:18 +0000] "GET /classroom/?edit=/var/www/vhosts/mayaver.com/httpdocs/wp-content/themes/aihub/woocommerce/global/wrapper-end.php HTTP/1.1" 200 31589 "https://mayaver.com/classroom/?file=/var/www/vhosts/mayaver.com/httpdocs/wp-content/themes/aihub/woocommerce/global" "Mozilla/5.0 AppleWebKit/537.36 (KHTML, like Gecko; compatible; GPTBot/1.4; +https://openai.com/gptbot)"
74.7.227.0 - - [10/Jun/2026:07:10:19 +0000] "GET /penthouse/?edit=/var/www/vhosts/mayaver.com/httpdocs/wp-content/themes/aihub/woocommerce/cart/proceed-to-checkout-button.php HTTP/1.1" 200 32096 "https://mayaver.com/penthouse/?file=/var/www/vhosts/mayaver.com/httpdocs/wp-content/themes/aihub/woocommerce/cart" "Mozilla/5.0 AppleWebKit/537.36 (KHTML, like Gecko; compatible; GPTBot/1.4; +https://openai.com/gptbot)"
216.73.217.123 - - [10/Jun/2026:07:10:19 +0000] "GET /items/b90845729305/ HTTP/1.1" 404 115176 "-" "Mozilla/5.0 AppleWebKit/537.36 (KHTML, like Gecko; compatible; ClaudeBot/1.0; +claudebot@anthropic.com)"
216.73.217.123 - - [10/Jun/2026:07:10:19 +0000] "GET /items/f90803731989/ HTTP/1.1" 404 115176 "-" "Mozilla/5.0 AppleWebKit/537.36 (KHTML, like Gecko; compatible; ClaudeBot/1.0; +claudebot@anthropic.com)"
74.7.227.0 - - [10/Jun/2026:07:10:20 +0000] "GET /penthouse/?rename=/var/www/vhosts/mayaver.com/httpdocs/wp-content/themes/aihub/woocommerce/cart/cart-totals.php HTTP/1.1" 200 31316 "https://mayaver.com/penthouse/?file=/var/www/vhosts/mayaver.com/httpdocs/wp-content/themes/aihub/woocommerce/cart" "Mozilla/5.0 AppleWebKit/537.36 (KHTML, like Gecko; compatible; GPTBot/1.4; +https://openai.com/gptbot)"
74.7.227.0 - - [10/Jun/2026:07:10:21 +0000] "GET /classroom/?view=/var/www/vhosts/mayaver.com/httpdocs/wp-content/themes/aihub/woocommerce/loop/orderby.php HTTP/1.1" 200 4239 "https://mayaver.com/classroom/?file=/var/www/vhosts/mayaver.com/httpdocs/wp-content/themes/aihub/woocommerce/loop" "Mozilla/5.0 AppleWebKit/537.36 (KHTML, like Gecko; compatible; GPTBot/1.4; +https://openai.com/gptbot)"
74.7.227.0 - - [10/Jun/2026:07:10:22 +0000] "GET /classroom/?rename=/var/www/vhosts/mayaver.com/httpdocs/wp-content/themes/aihub/woocommerce/loop/orderby.php HTTP/1.1" 200 31197 "https://mayaver.com/classroom/?file=/var/www/vhosts/mayaver.com/httpdocs/wp-content/themes/aihub/woocommerce/loop" "Mozilla/5.0 AppleWebKit/537.36 (KHTML, like Gecko; compatible; GPTBot/1.4; +https://openai.com/gptbot)"
74.7.227.0 - - [10/Jun/2026:07:10:23 +0000] "GET /penthouse/?file=/var/www/vhosts/mayaver.com/httpdocs/wp-content/themes/aihub/woocommerce/cart/proceed-to-checkout-button.php HTTP/1.1" 200 30420 "https://mayaver.com/penthouse/?file=/var/www/vhosts/mayaver.com/httpdocs/wp-content/themes/aihub/woocommerce/cart" "Mozilla/5.0 AppleWebKit/537.36 (KHTML, like Gecko; compatible; GPTBot/1.4; +https://openai.com/gptbot)"
74.7.227.0 - - [10/Jun/2026:07:10:23 +0000] "GET /christmas/?rename=/var/www/vhosts/mayaver.com/httpdocs/wp-content/themes/aihub/woocommerce/cart/cart-item-data.php HTTP/1.1" 200 31184 "https://mayaver.com/christmas/?file=/var/www/vhosts/mayaver.com/httpdocs/wp-content/themes/aihub/woocommerce/cart" "Mozilla/5.0 AppleWebKit/537.36 (KHTML, like Gecko; compatible; GPTBot/1.4; +https://openai.com/gptbot)"
74.7.227.0 - - [10/Jun/2026:07:10:24 +0000] "GET /penthouse/?rename=/var/www/vhosts/mayaver.com/httpdocs/wp-content/themes/aihub/woocommerce/cart/cart-empty.php HTTP/1.1" 200 31314 "https://mayaver.com/penthouse/?file=/var/www/vhosts/mayaver.com/httpdocs/wp-content/themes/aihub/woocommerce/cart" "Mozilla/5.0 AppleWebKit/537.36 (KHTML, like Gecko; compatible; GPTBot/1.4; +https://openai.com/gptbot)"
57.141.2.49 - - [10/Jun/2026:07:10:25 +0000] "GET /products/hey-dude-mens-wally-recycled-leather-rounded-toe-sz-13/71086737/ HTTP/1.1" 404 115176 "-" "meta-externalagent/1.1 (+https://developers.facebook.com/docs/sharing/webmasters/crawler)"
74.7.227.0 - - [10/Jun/2026:07:10:25 +0000] "GET /christmas/?rename=/var/www/vhosts/mayaver.com/httpdocs/wp-content/themes/aihub/woocommerce/cart/mini-cart.php HTTP/1.1" 200 31181 "https://mayaver.com/christmas/?file=/var/www/vhosts/mayaver.com/httpdocs/wp-content/themes/aihub/woocommerce/cart" "Mozilla/5.0 AppleWebKit/537.36 (KHTML, like Gecko; compatible; GPTBot/1.4; +https://openai.com/gptbot)"
74.7.227.0 - - [10/Jun/2026:07:10:26 +0000] "GET /christmas/?rename=/var/www/vhosts/mayaver.com/httpdocs/wp-content/themes/aihub/woocommerce/cart/cart-empty.php HTTP/1.1" 200 31182 "https://mayaver.com/christmas/?file=/var/www/vhosts/mayaver.com/httpdocs/wp-content/themes/aihub/woocommerce/cart" "Mozilla/5.0 AppleWebKit/537.36 (KHTML, like Gecko; compatible; GPTBot/1.4; +https://openai.com/gptbot)"
74.7.227.0 - - [10/Jun/2026:07:10:27 +0000] "GET /penthouse/?view=/var/www/vhosts/mayaver.com/httpdocs/wp-content/themes/aihub/woocommerce/cart/proceed-to-checkout-button.php HTTP/1.1" 200 4389 "https://mayaver.com/penthouse/?file=/var/www/vhosts/mayaver.com/httpdocs/wp-content/themes/aihub/woocommerce/cart" "Mozilla/5.0 AppleWebKit/537.36 (KHTML, like Gecko; compatible; GPTBot/1.4; +https://openai.com/gptbot)"
74.7.227.0 - - [10/Jun/2026:07:10:28 +0000] "GET /christmas/?view=/var/www/vhosts/mayaver.com/httpdocs/wp-content/themes/aihub/woocommerce/cart/proceed-to-checkout-button.php HTTP/1.1" 200 4389 "https://mayaver.com/christmas/?file=/var/www/vhosts/mayaver.com/httpdocs/wp-content/themes/aihub/woocommerce/cart" "Mozilla/5.0 AppleWebKit/537.36 (KHTML, like Gecko; compatible; GPTBot/1.4; +https://openai.com/gptbot)"
74.7.227.0 - - [10/Jun/2026:07:10:28 +0000] "GET /penthouse/?rename=/var/www/vhosts/mayaver.com/httpdocs/wp-content/themes/aihub/woocommerce/cart/cart.php HTTP/1.1" 200 31310 "https://mayaver.com/penthouse/?file=/var/www/vhosts/mayaver.com/httpdocs/wp-content/themes/aihub/woocommerce/cart" "Mozilla/5.0 AppleWebKit/537.36 (KHTML, like Gecko; compatible; GPTBot/1.4; +https://openai.com/gptbot)"
74.7.227.0 - - [10/Jun/2026:07:10:29 +0000] "GET /christmas/?rename=/var/www/vhosts/mayaver.com/httpdocs/wp-content/themes/aihub/woocommerce/cart/cart.php HTTP/1.1" 200 31178 "https://mayaver.com/christmas/?file=/var/www/vhosts/mayaver.com/httpdocs/wp-content/themes/aihub/woocommerce/cart" "Mozilla/5.0 AppleWebKit/537.36 (KHTML, like Gecko; compatible; GPTBot/1.4; +https://openai.com/gptbot)"
74.7.227.0 - - [10/Jun/2026:07:10:30 +0000] "GET /christmas/?edit=/var/www/vhosts/mayaver.com/httpdocs/wp-content/themes/aihub/woocommerce/cart/cart.php HTTP/1.1" 200 34112 "https://mayaver.com/christmas/?file=/var/www/vhosts/mayaver.com/httpdocs/wp-content/themes/aihub/woocommerce/cart" "Mozilla/5.0 AppleWebKit/537.36 (KHTML, like Gecko; compatible; GPTBot/1.4; +https://openai.com/gptbot)"
74.7.227.0 - - [10/Jun/2026:07:10:31 +0000] "GET /penthouse/?edit=/var/www/vhosts/mayaver.com/httpdocs/wp-content/themes/aihub/woocommerce/cart/cart.php HTTP/1.1" 200 34248 "https://mayaver.com/penthouse/?file=/var/www/vhosts/mayaver.com/httpdocs/wp-content/themes/aihub/woocommerce/cart" "Mozilla/5.0 AppleWebKit/537.36 (KHTML, like Gecko; compatible; GPTBot/1.4; +https://openai.com/gptbot)"
74.7.227.0 - - [10/Jun/2026:07:10:32 +0000] "GET /christmas/?file=/var/www/vhosts/mayaver.com/httpdocs/wp-content/themes/aihub/woocommerce/cart/proceed-to-checkout-button.php HTTP/1.1" 200 30287 "https://mayaver.com/christmas/?file=/var/www/vhosts/mayaver.com/httpdocs/wp-content/themes/aihub/woocommerce/cart" "Mozilla/5.0 AppleWebKit/537.36 (KHTML, like Gecko; compatible; GPTBot/1.4; +https://openai.com/gptbot)"
74.7.227.0 - - [10/Jun/2026:07:10:33 +0000] "GET /christmas/?rename=/var/www/vhosts/mayaver.com/httpdocs/wp-content/themes/aihub/woocommerce/cart/cross-sells.php HTTP/1.1" 200 31185 "https://mayaver.com/christmas/?file=/var/www/vhosts/mayaver.com/httpdocs/wp-content/themes/aihub/woocommerce/cart" "Mozilla/5.0 AppleWebKit/537.36 (KHTML, like Gecko; compatible; GPTBot/1.4; +https://openai.com/gptbot)"
74.7.227.0 - - [10/Jun/2026:07:10:34 +0000] "GET /penthouse/?rename=/var/www/vhosts/mayaver.com/httpdocs/wp-content/themes/aihub/woocommerce/cart/cart-item-data.php HTTP/1.1" 200 31316 "https://mayaver.com/penthouse/?file=/var/www/vhosts/mayaver.com/httpdocs/wp-content/themes/aihub/woocommerce/cart" "Mozilla/5.0 AppleWebKit/537.36 (KHTML, like Gecko; compatible; GPTBot/1.4; +https://openai.com/gptbot)"
74.7.227.0 - - [10/Jun/2026:07:10:35 +0000] "GET /penthouse/?rename=/var/www/vhosts/mayaver.com/httpdocs/wp-content/themes/aihub/woocommerce/loop/price.php HTTP/1.1" 200 31310 "https://mayaver.com/penthouse/?file=/var/www/vhosts/mayaver.com/httpdocs/wp-content/themes/aihub/woocommerce/loop" "Mozilla/5.0 AppleWebKit/537.36 (KHTML, like Gecko; compatible; GPTBot/1.4; +https://openai.com/gptbot)"
74.7.227.0 - - [10/Jun/2026:07:10:36 +0000] "GET /classroom/?rename=/var/www/vhosts/mayaver.com/httpdocs/wp-content/themes/aihub/woocommerce/loop/price.php HTTP/1.1" 200 31196 "https://mayaver.com/classroom/?file=/var/www/vhosts/mayaver.com/httpdocs/wp-content/themes/aihub/woocommerce/loop" "Mozilla/5.0 AppleWebKit/537.36 (KHTML, like Gecko; compatible; GPTBot/1.4; +https://openai.com/gptbot)"
74.7.227.0 - - [10/Jun/2026:07:10:37 +0000] "GET /christmas/?rename=/var/www/vhosts/mayaver.com/httpdocs/wp-content/themes/aihub/woocommerce/loop/price.php HTTP/1.1" 200 31178 "https://mayaver.com/christmas/?file=/var/www/vhosts/mayaver.com/httpdocs/wp-content/themes/aihub/woocommerce/loop" "Mozilla/5.0 AppleWebKit/537.36 (KHTML, like Gecko; compatible; GPTBot/1.4; +https://openai.com/gptbot)"
74.7.227.0 - - [10/Jun/2026:07:10:38 +0000] "GET /classroom/?edit=/var/www/vhosts/mayaver.com/httpdocs/wp-content/themes/aihub/woocommerce/single-product/product-image.php HTTP/1.1" 200 32252 "https://mayaver.com/classroom/?file=/var/www/vhosts/mayaver.com/httpdocs/wp-content/themes/aihub/woocommerce/single-product" "Mozilla/5.0 AppleWebKit/537.36 (KHTML, like Gecko; compatible; GPTBot/1.4; +https://openai.com/gptbot)"
74.7.227.0 - - [10/Jun/2026:07:10:39 +0000] "GET /christmas/?edit=/var/www/vhosts/mayaver.com/httpdocs/wp-content/themes/aihub/woocommerce/single-product/product-image.php HTTP/1.1" 200 32233 "https://mayaver.com/christmas/?file=/var/www/vhosts/mayaver.com/httpdocs/wp-content/themes/aihub/woocommerce/single-product" "Mozilla/5.0 AppleWebKit/537.36 (KHTML, like Gecko; compatible; GPTBot/1.4; +https://openai.com/gptbot)"
74.7.227.0 - - [10/Jun/2026:07:10:40 +0000] "GET /christmas/?rename=/var/www/vhosts/mayaver.com/httpdocs/wp-content/themes/aihub/woocommerce/single-product/product-image.php HTTP/1.1" 200 31182 "https://mayaver.com/christmas/?file=/var/www/vhosts/mayaver.com/httpdocs/wp-content/themes/aihub/woocommerce/single-product" "Mozilla/5.0 AppleWebKit/537.36 (KHTML, like Gecko; compatible; GPTBot/1.4; +https://openai.com/gptbot)"
74.7.227.0 - - [10/Jun/2026:07:10:41 +0000] "GET /penthouse/?rename=/var/www/vhosts/mayaver.com/httpdocs/wp-content/themes/aihub/woocommerce/single-product/product-image.php HTTP/1.1" 200 31315 "https://mayaver.com/penthouse/?file=/var/www/vhosts/mayaver.com/httpdocs/wp-content/themes/aihub/woocommerce/single-product" "Mozilla/5.0 AppleWebKit/537.36 (KHTML, like Gecko; compatible; GPTBot/1.4; +https://openai.com/gptbot)"
57.141.2.7 - - [10/Jun/2026:07:10:42 +0000] "GET /products/rare-design-john-galliano-big-logo-g-longsleeve/47189529/ HTTP/1.1" 404 115167 "-" "meta-externalagent/1.1 (+https://developers.facebook.com/docs/sharing/webmasters/crawler)"
74.7.227.0 - - [10/Jun/2026:07:10:42 +0000] "GET /classroom/?rename=/var/www/vhosts/mayaver.com/httpdocs/wp-content/themes/aihub/woocommerce/single-product/product-image.php HTTP/1.1" 200 31199 "https://mayaver.com/classroom/?file=/var/www/vhosts/mayaver.com/httpdocs/wp-content/themes/aihub/woocommerce/single-product" "Mozilla/5.0 AppleWebKit/537.36 (KHTML, like Gecko; compatible; GPTBot/1.4; +https://openai.com/gptbot)"
216.73.217.123 - - [10/Jun/2026:07:10:43 +0000] "GET /items/u90803545194/ HTTP/1.1" 404 115176 "-" "Mozilla/5.0 AppleWebKit/537.36 (KHTML, like Gecko; compatible; ClaudeBot/1.0; +claudebot@anthropic.com)"
216.73.217.123 - - [10/Jun/2026:07:10:43 +0000] "GET /items/z90806949639/ HTTP/1.1" 404 115167 "-" "Mozilla/5.0 AppleWebKit/537.36 (KHTML, like Gecko; compatible; ClaudeBot/1.0; +claudebot@anthropic.com)"
74.7.227.0 - - [10/Jun/2026:07:10:43 +0000] "GET /christmas/?edit=/var/www/vhosts/mayaver.com/httpdocs/wp-content/themes/aihub/woocommerce/cart/cart-item-data.php HTTP/1.1" 200 31716 "https://mayaver.com/christmas/?file=/var/www/vhosts/mayaver.com/httpdocs/wp-content/themes/aihub/woocommerce/cart" "Mozilla/5.0 AppleWebKit/537.36 (KHTML, like Gecko; compatible; GPTBot/1.4; +https://openai.com/gptbot)"
74.7.227.0 - - [10/Jun/2026:07:10:45 +0000] "GET /christmas/?edit=/var/www/vhosts/mayaver.com/httpdocs/wp-content/themes/aihub/woocommerce/cart/cart-shipping.php HTTP/1.1" 200 32473 "https://mayaver.com/christmas/?file=/var/www/vhosts/mayaver.com/httpdocs/wp-content/themes/aihub/woocommerce/cart" "Mozilla/5.0 AppleWebKit/537.36 (KHTML, like Gecko; compatible; GPTBot/1.4; +https://openai.com/gptbot)"
74.7.227.0 - - [10/Jun/2026:07:10:46 +0000] "GET /christmas/?rename=/var/www/vhosts/mayaver.com/httpdocs/wp-content/themes/aihub/woocommerce/cart/cart-shipping.php HTTP/1.1" 200 31185 "https://mayaver.com/christmas/?file=/var/www/vhosts/mayaver.com/httpdocs/wp-content/themes/aihub/woocommerce/cart" "Mozilla/5.0 AppleWebKit/537.36 (KHTML, like Gecko; compatible; GPTBot/1.4; +https://openai.com/gptbot)"
74.7.227.0 - - [10/Jun/2026:07:10:47 +0000] "GET /penthouse/?rename=/var/www/vhosts/mayaver.com/httpdocs/wp-content/themes/aihub/woocommerce/cart/cross-sells.php HTTP/1.1" 200 31317 "https://mayaver.com/penthouse/?file=/var/www/vhosts/mayaver.com/httpdocs/wp-content/themes/aihub/woocommerce/cart" "Mozilla/5.0 AppleWebKit/537.36 (KHTML, like Gecko; compatible; GPTBot/1.4; +https://openai.com/gptbot)"
74.7.227.0 - - [10/Jun/2026:07:10:48 +0000] "GET /penthouse/?rename=/var/www/vhosts/mayaver.com/httpdocs/wp-content/themes/aihub/woocommerce/cart/cart-shipping.php HTTP/1.1" 200 31317 "https://mayaver.com/penthouse/?file=/var/www/vhosts/mayaver.com/httpdocs/wp-content/themes/aihub/woocommerce/cart" "Mozilla/5.0 AppleWebKit/537.36 (KHTML, like Gecko; compatible; GPTBot/1.4; +https://openai.com/gptbot)"
74.7.227.0 - - [10/Jun/2026:07:10:49 +0000] "GET /penthouse/?edit=/var/www/vhosts/mayaver.com/httpdocs/wp-content/themes/aihub/woocommerce/cart/cart-shipping.php HTTP/1.1" 200 32615 "https://mayaver.com/penthouse/?file=/var/www/vhosts/mayaver.com/httpdocs/wp-content/themes/aihub/woocommerce/cart" "Mozilla/5.0 AppleWebKit/537.36 (KHTML, like Gecko; compatible; GPTBot/1.4; +https://openai.com/gptbot)"
74.7.227.0 - - [10/Jun/2026:07:10:50 +0000] "GET /christmas/?edit=/var/www/vhosts/mayaver.com/httpdocs/wp-content/themes/aihub/woocommerce/single-product/product-image-grid.php HTTP/1.1" 200 32452 "https://mayaver.com/christmas/?file=/var/www/vhosts/mayaver.com/httpdocs/wp-content/themes/aihub/woocommerce/single-product" "Mozilla/5.0 AppleWebKit/537.36 (KHTML, like Gecko; compatible; GPTBot/1.4; +https://openai.com/gptbot)"
74.7.227.0 - - [10/Jun/2026:07:10:51 +0000] "GET /penthouse/?edit=/var/www/vhosts/mayaver.com/httpdocs/wp-content/themes/aihub/woocommerce/single-product/product-image-grid.php HTTP/1.1" 200 32590 "https://mayaver.com/penthouse/?file=/var/www/vhosts/mayaver.com/httpdocs/wp-content/themes/aihub/woocommerce/single-product" "Mozilla/5.0 AppleWebKit/537.36 (KHTML, like Gecko; compatible; GPTBot/1.4; +https://openai.com/gptbot)"
216.73.217.123 - - [10/Jun/2026:07:10:51 +0000] "GET /items/b90824989709/ HTTP/1.1" 404 115176 "-" "Mozilla/5.0 AppleWebKit/537.36 (KHTML, like Gecko; compatible; ClaudeBot/1.0; +claudebot@anthropic.com)"
216.73.217.123 - - [10/Jun/2026:07:10:51 +0000] "GET /items/b90793167707/ HTTP/1.1" 404 115176 "-" "Mozilla/5.0 AppleWebKit/537.36 (KHTML, like Gecko; compatible; ClaudeBot/1.0; +claudebot@anthropic.com)"
74.7.227.0 - - [10/Jun/2026:07:10:52 +0000] "GET /penthouse/?rename=/var/www/vhosts/mayaver.com/httpdocs/wp-content/themes/aihub/woocommerce/single-product/product-image-grid.php HTTP/1.1" 200 31320 "https://mayaver.com/penthouse/?file=/var/www/vhosts/mayaver.com/httpdocs/wp-content/themes/aihub/woocommerce/single-product" "Mozilla/5.0 AppleWebKit/537.36 (KHTML, like Gecko; compatible; GPTBot/1.4; +https://openai.com/gptbot)"
74.7.227.0 - - [10/Jun/2026:07:10:53 +0000] "GET /christmas/?rename=/var/www/vhosts/mayaver.com/httpdocs/wp-content/themes/aihub/woocommerce/single-product/product-image-grid.php HTTP/1.1" 200 31187 "https://mayaver.com/christmas/?file=/var/www/vhosts/mayaver.com/httpdocs/wp-content/themes/aihub/woocommerce/single-product" "Mozilla/5.0 AppleWebKit/537.36 (KHTML, like Gecko; compatible; GPTBot/1.4; +https://openai.com/gptbot)"
74.7.227.0 - - [10/Jun/2026:07:10:54 +0000] "GET /penthouse/?rename=/var/www/vhosts/mayaver.com/httpdocs/wp-content/themes/aihub/woocommerce/single-product/product-thumbnails.php HTTP/1.1" 200 31321 "https://mayaver.com/penthouse/?file=/var/www/vhosts/mayaver.com/httpdocs/wp-content/themes/aihub/woocommerce/single-product" "Mozilla/5.0 AppleWebKit/537.36 (KHTML, like Gecko; compatible; GPTBot/1.4; +https://openai.com/gptbot)"
74.7.227.0 - - [10/Jun/2026:07:10:55 +0000] "GET /christmas/?edit=/var/www/vhosts/mayaver.com/httpdocs/wp-content/themes/aihub/woocommerce/cart/cart-totals.php HTTP/1.1" 200 32534 "https://mayaver.com/christmas/?file=/var/www/vhosts/mayaver.com/httpdocs/wp-content/themes/aihub/woocommerce/cart" "Mozilla/5.0 AppleWebKit/537.36 (KHTML, like Gecko; compatible; GPTBot/1.4; +https://openai.com/gptbot)"
74.7.227.0 - - [10/Jun/2026:07:10:56 +0000] "GET /christmas/?edit=/var/www/vhosts/mayaver.com/httpdocs/wp-content/themes/aihub/woocommerce/cart/cart-empty.php HTTP/1.1" 200 32134 "https://mayaver.com/christmas/?file=/var/www/vhosts/mayaver.com/httpdocs/wp-content/themes/aihub/woocommerce/cart" "Mozilla/5.0 AppleWebKit/537.36 (KHTML, like Gecko; compatible; GPTBot/1.4; +https://openai.com/gptbot)"
74.7.227.0 - - [10/Jun/2026:07:10:57 +0000] "GET /penthouse/?rename=/var/www/vhosts/mayaver.com/httpdocs/wp-content/themes/aihub/woocommerce/cart/mini-cart.php HTTP/1.1" 200 31314 "https://mayaver.com/penthouse/?file=/var/www/vhosts/mayaver.com/httpdocs/wp-content/themes/aihub/woocommerce/cart" "Mozilla/5.0 AppleWebKit/537.36 (KHTML, like Gecko; compatible; GPTBot/1.4; +https://openai.com/gptbot)"
74.7.227.0 - - [10/Jun/2026:07:10:58 +0000] "GET /penthouse/?edit=/var/www/vhosts/mayaver.com/httpdocs/wp-content/themes/aihub/woocommerce/cart/cart-empty.php HTTP/1.1" 200 32269 "https://mayaver.com/penthouse/?file=/var/www/vhosts/mayaver.com/httpdocs/wp-content/themes/aihub/woocommerce/cart" "Mozilla/5.0 AppleWebKit/537.36 (KHTML, like Gecko; compatible; GPTBot/1.4; +https://openai.com/gptbot)"
74.7.227.0 - - [10/Jun/2026:07:10:58 +0000] "GET /christmas/?rename=/var/www/vhosts/mayaver.com/httpdocs/wp-content/themes/aihub/woocommerce/cart/header-mini-cart.php HTTP/1.1" 200 31185 "https://mayaver.com/christmas/?file=/var/www/vhosts/mayaver.com/httpdocs/wp-content/themes/aihub/woocommerce/cart" "Mozilla/5.0 AppleWebKit/537.36 (KHTML, like Gecko; compatible; GPTBot/1.4; +https://openai.com/gptbot)"
74.7.227.0 - - [10/Jun/2026:07:10:59 +0000] "GET /penthouse/?edit=/var/www/vhosts/mayaver.com/httpdocs/wp-content/themes/aihub/woocommerce/single-product/product-thumbnails.php HTTP/1.1" 200 31950 "https://mayaver.com/penthouse/?file=/var/www/vhosts/mayaver.com/httpdocs/wp-content/themes/aihub/woocommerce/single-product" "Mozilla/5.0 AppleWebKit/537.36 (KHTML, like Gecko; compatible; GPTBot/1.4; +https://openai.com/gptbot)"
74.7.227.0 - - [10/Jun/2026:07:11:00 +0000] "GET /christmas/?edit=/var/www/vhosts/mayaver.com/httpdocs/wp-content/themes/aihub/woocommerce/loop/orderby.php HTTP/1.1" 200 31809 "https://mayaver.com/christmas/?file=/var/www/vhosts/mayaver.com/httpdocs/wp-content/themes/aihub/woocommerce/loop" "Mozilla/5.0 AppleWebKit/537.36 (KHTML, like Gecko; compatible; GPTBot/1.4; +https://openai.com/gptbot)"
74.7.227.0 - - [10/Jun/2026:07:11:01 +0000] "GET /penthouse/?edit=/var/www/vhosts/mayaver.com/httpdocs/wp-content/themes/aihub/woocommerce/loop/pagination.php HTTP/1.1" 200 32071 "https://mayaver.com/penthouse/?file=/var/www/vhosts/mayaver.com/httpdocs/wp-content/themes/aihub/woocommerce/loop" "Mozilla/5.0 AppleWebKit/537.36 (KHTML, like Gecko; compatible; GPTBot/1.4; +https://openai.com/gptbot)"
74.7.227.0 - - [10/Jun/2026:07:11:02 +0000] "GET /penthouse/?edit=/var/www/vhosts/mayaver.com/httpdocs/wp-content/themes/aihub/woocommerce/loop/orderby.php HTTP/1.1" 200 31950 "https://mayaver.com/penthouse/?file=/var/www/vhosts/mayaver.com/httpdocs/wp-content/themes/aihub/woocommerce/loop" "Mozilla/5.0 AppleWebKit/537.36 (KHTML, like Gecko; compatible; GPTBot/1.4; +https://openai.com/gptbot)"
74.7.227.0 - - [10/Jun/2026:07:11:03 +0000] "GET /classroom/?edit=/var/www/vhosts/mayaver.com/httpdocs/wp-content/themes/aihub/woocommerce/loop/pagination.php HTTP/1.1" 200 31953 "https://mayaver.com/classroom/?file=/var/www/vhosts/mayaver.com/httpdocs/wp-content/themes/aihub/woocommerce/loop" "Mozilla/5.0 AppleWebKit/537.36 (KHTML, like Gecko; compatible; GPTBot/1.4; +https://openai.com/gptbot)"
74.7.227.0 - - [10/Jun/2026:07:11:05 +0000] "GET /christmas/?edit=/var/www/vhosts/mayaver.com/httpdocs/wp-content/themes/aihub/woocommerce/loop/pagination.php HTTP/1.1" 200 31932 "https://mayaver.com/christmas/?file=/var/www/vhosts/mayaver.com/httpdocs/wp-content/themes/aihub/woocommerce/loop" "Mozilla/5.0 AppleWebKit/537.36 (KHTML, like Gecko; compatible; GPTBot/1.4; +https://openai.com/gptbot)"
74.7.227.0 - - [10/Jun/2026:07:11:06 +0000] "GET /christmas/?rename=/var/www/vhosts/mayaver.com/httpdocs/wp-content/themes/aihub/woocommerce/loop/orderby.php HTTP/1.1" 200 31180 "https://mayaver.com/christmas/?file=/var/www/vhosts/mayaver.com/httpdocs/wp-content/themes/aihub/woocommerce/loop" "Mozilla/5.0 AppleWebKit/537.36 (KHTML, like Gecko; compatible; GPTBot/1.4; +https://openai.com/gptbot)"
74.7.227.0 - - [10/Jun/2026:07:11:06 +0000] "GET /penthouse/?rename=/var/www/vhosts/mayaver.com/httpdocs/wp-content/themes/aihub/woocommerce/loop/result-count.php HTTP/1.1" 200 31316 "https://mayaver.com/penthouse/?file=/var/www/vhosts/mayaver.com/httpdocs/wp-content/themes/aihub/woocommerce/loop" "Mozilla/5.0 AppleWebKit/537.36 (KHTML, like Gecko; compatible; GPTBot/1.4; +https://openai.com/gptbot)"
74.7.227.0 - - [10/Jun/2026:07:11:07 +0000] "GET /classroom/?rename=/var/www/vhosts/mayaver.com/httpdocs/wp-content/themes/aihub/woocommerce/loop/result-count.php HTTP/1.1" 200 31202 "https://mayaver.com/classroom/?file=/var/www/vhosts/mayaver.com/httpdocs/wp-content/themes/aihub/woocommerce/loop" "Mozilla/5.0 AppleWebKit/537.36 (KHTML, like Gecko; compatible; GPTBot/1.4; +https://openai.com/gptbot)"
74.7.227.0 - - [10/Jun/2026:07:11:08 +0000] "GET /christmas/?rename=/var/www/vhosts/mayaver.com/httpdocs/wp-content/themes/aihub/woocommerce/loop/result-count.php HTTP/1.1" 200 31184 "https://mayaver.com/christmas/?file=/var/www/vhosts/mayaver.com/httpdocs/wp-content/themes/aihub/woocommerce/loop" "Mozilla/5.0 AppleWebKit/537.36 (KHTML, like Gecko; compatible; GPTBot/1.4; +https://openai.com/gptbot)"
74.7.227.0 - - [10/Jun/2026:07:11:09 +0000] "GET /penthouse/?rename=/var/www/vhosts/mayaver.com/httpdocs/wp-content/themes/aihub/woocommerce/loop/orderby.php HTTP/1.1" 200 31312 "https://mayaver.com/penthouse/?file=/var/www/vhosts/mayaver.com/httpdocs/wp-content/themes/aihub/woocommerce/loop" "Mozilla/5.0 AppleWebKit/537.36 (KHTML, like Gecko; compatible; GPTBot/1.4; +https://openai.com/gptbot)"
74.7.227.0 - - [10/Jun/2026:07:11:10 +0000] "GET /classroom/?edit=/var/www/vhosts/mayaver.com/httpdocs/wp-content/themes/aihub/woocommerce/loop/orderby.php HTTP/1.1" 200 31830 "https://mayaver.com/classroom/?file=/var/www/vhosts/mayaver.com/httpdocs/wp-content/themes/aihub/woocommerce/loop" "Mozilla/5.0 AppleWebKit/537.36 (KHTML, like Gecko; compatible; GPTBot/1.4; +https://openai.com/gptbot)"
74.7.227.0 - - [10/Jun/2026:07:11:11 +0000] "GET /classroom/?rename=/var/www/vhosts/mayaver.com/httpdocs/wp-content/themes/aihub/woocommerce/loop/pagination.php HTTP/1.1" 200 31200 "https://mayaver.com/classroom/?file=/var/www/vhosts/mayaver.com/httpdocs/wp-content/themes/aihub/woocommerce/loop" "Mozilla/5.0 AppleWebKit/537.36 (KHTML, like Gecko; compatible; GPTBot/1.4; +https://openai.com/gptbot)"
74.7.227.0 - - [10/Jun/2026:07:11:12 +0000] "GET /christmas/?rename=/var/www/vhosts/mayaver.com/httpdocs/wp-content/themes/aihub/woocommerce/loop/pagination.php HTTP/1.1" 200 31182 "https://mayaver.com/christmas/?file=/var/www/vhosts/mayaver.com/httpdocs/wp-content/themes/aihub/woocommerce/loop" "Mozilla/5.0 AppleWebKit/537.36 (KHTML, like Gecko; compatible; GPTBot/1.4; +https://openai.com/gptbot)"
74.7.227.0 - - [10/Jun/2026:07:11:13 +0000] "GET /penthouse/?rename=/var/www/vhosts/mayaver.com/httpdocs/wp-content/themes/aihub/woocommerce/loop/pagination.php HTTP/1.1" 200 31314 "https://mayaver.com/penthouse/?file=/var/www/vhosts/mayaver.com/httpdocs/wp-content/themes/aihub/woocommerce/loop" "Mozilla/5.0 AppleWebKit/537.36 (KHTML, like Gecko; compatible; GPTBot/1.4; +https://openai.com/gptbot)"
74.7.227.0 - - [10/Jun/2026:07:11:14 +0000] "GET /classroom/?rename=/var/www/vhosts/mayaver.com/httpdocs/wp-content/themes/aihub/woocommerce/single-product/product-thumbnails.php HTTP/1.1" 200 31207 "https://mayaver.com/classroom/?file=/var/www/vhosts/mayaver.com/httpdocs/wp-content/themes/aihub/woocommerce/single-product" "Mozilla/5.0 AppleWebKit/537.36 (KHTML, like Gecko; compatible; GPTBot/1.4; +https://openai.com/gptbot)"
74.7.227.0 - - [10/Jun/2026:07:11:15 +0000] "GET /christmas/?rename=/var/www/vhosts/mayaver.com/httpdocs/wp-content/themes/aihub/woocommerce/single-product/product-thumbnails.php HTTP/1.1" 200 31189 "https://mayaver.com/christmas/?file=/var/www/vhosts/mayaver.com/httpdocs/wp-content/themes/aihub/woocommerce/single-product" "Mozilla/5.0 AppleWebKit/537.36 (KHTML, like Gecko; compatible; GPTBot/1.4; +https://openai.com/gptbot)"
74.7.227.0 - - [10/Jun/2026:07:11:16 +0000] "GET /penthouse/?file=/var/www/vhosts/mayaver.com/httpdocs/wp-content/themes/aihub/woocommerce/single-product/product-image-stick.php HTTP/1.1" 200 30420 "https://mayaver.com/penthouse/?file=/var/www/vhosts/mayaver.com/httpdocs/wp-content/themes/aihub/woocommerce/single-product" "Mozilla/5.0 AppleWebKit/537.36 (KHTML, like Gecko; compatible; GPTBot/1.4; +https://openai.com/gptbot)"
57.141.2.36 - - [10/Jun/2026:07:11:17 +0000] "GET /products/hba-logo-tee/43571505/ HTTP/1.1" 404 115176 "-" "meta-externalagent/1.1 (+https://developers.facebook.com/docs/sharing/webmasters/crawler)"
74.7.227.0 - - [10/Jun/2026:07:11:17 +0000] "GET /penthouse/?file=/var/www/vhosts/mayaver.com/httpdocs/wp-content/themes/aihub/woocommerce/single-product/product-image-grid.php HTTP/1.1" 200 30418 "https://mayaver.com/penthouse/?file=/var/www/vhosts/mayaver.com/httpdocs/wp-content/themes/aihub/woocommerce/single-product" "Mozilla/5.0 AppleWebKit/537.36 (KHTML, like Gecko; compatible; GPTBot/1.4; +https://openai.com/gptbot)"
139.84.174.118 - - [10/Jun/2026:07:11:18 +0000] "POST /wp-cron.php?doing_wp_cron=1781075478.6397490501403808593750 HTTP/1.1" 403 4358 "-" "WordPress/6.5.8; https://mayaver.com"
74.7.227.0 - - [10/Jun/2026:07:11:18 +0000] "GET /christmas/?file=/var/www/vhosts/mayaver.com/httpdocs/wp-content/themes/aihub/woocommerce/single-product/product-image.php HTTP/1.1" 200 30282 "https://mayaver.com/christmas/?file=/var/www/vhosts/mayaver.com/httpdocs/wp-content/themes/aihub/woocommerce/single-product" "Mozilla/5.0 AppleWebKit/537.36 (KHTML, like Gecko; compatible; GPTBot/1.4; +https://openai.com/gptbot)"
74.7.227.0 - - [10/Jun/2026:07:11:19 +0000] "GET /christmas/?file=/var/www/vhosts/mayaver.com/httpdocs/wp-content/themes/aihub/woocommerce/single-product/product-image-grid.php HTTP/1.1" 200 30286 "https://mayaver.com/christmas/?file=/var/www/vhosts/mayaver.com/httpdocs/wp-content/themes/aihub/woocommerce/single-product" "Mozilla/5.0 AppleWebKit/537.36 (KHTML, like Gecko; compatible; GPTBot/1.4; +https://openai.com/gptbot)"
74.7.227.0 - - [10/Jun/2026:07:11:20 +0000] "GET /penthouse/?edit=/var/www/vhosts/mayaver.com/httpdocs/wp-content/themes/aihub/woocommerce/single-product/product-image-stick.php HTTP/1.1" 200 32449 "https://mayaver.com/penthouse/?file=/var/www/vhosts/mayaver.com/httpdocs/wp-content/themes/aihub/woocommerce/single-product" "Mozilla/5.0 AppleWebKit/537.36 (KHTML, like Gecko; compatible; GPTBot/1.4; +https://openai.com/gptbot)"
74.7.227.0 - - [10/Jun/2026:07:11:21 +0000] "GET /penthouse/?file=/var/www/vhosts/mayaver.com/httpdocs/wp-content/themes/aihub/woocommerce/single-product/product-image.php HTTP/1.1" 200 30415 "https://mayaver.com/penthouse/?file=/var/www/vhosts/mayaver.com/httpdocs/wp-content/themes/aihub/woocommerce/single-product" "Mozilla/5.0 AppleWebKit/537.36 (KHTML, like Gecko; compatible; GPTBot/1.4; +https://openai.com/gptbot)"
74.7.227.0 - - [10/Jun/2026:07:11:22 +0000] "GET /christmas/?edit=/var/www/vhosts/mayaver.com/httpdocs/wp-content/themes/aihub/woocommerce/single-product/product-image-stick.php HTTP/1.1" 200 32310 "https://mayaver.com/christmas/?file=/var/www/vhosts/mayaver.com/httpdocs/wp-content/themes/aihub/woocommerce/single-product" "Mozilla/5.0 AppleWebKit/537.36 (KHTML, like Gecko; compatible; GPTBot/1.4; +https://openai.com/gptbot)"
74.7.227.0 - - [10/Jun/2026:07:11:23 +0000] "GET /classroom/?edit=/var/www/vhosts/mayaver.com/httpdocs/wp-content/themes/aihub/woocommerce/single-product/product-image-grid.php HTTP/1.1" 200 32473 "https://mayaver.com/classroom/?file=/var/www/vhosts/mayaver.com/httpdocs/wp-content/themes/aihub/woocommerce/single-product" "Mozilla/5.0 AppleWebKit/537.36 (KHTML, like Gecko; compatible; GPTBot/1.4; +https://openai.com/gptbot)"
74.7.227.0 - - [10/Jun/2026:07:11:23 +0000] "GET /christmas/?file=/var/www/vhosts/mayaver.com/httpdocs/wp-content/themes/aihub/woocommerce/single-product/product-image-stick.php HTTP/1.1" 200 30287 "https://mayaver.com/christmas/?file=/var/www/vhosts/mayaver.com/httpdocs/wp-content/themes/aihub/woocommerce/single-product" "Mozilla/5.0 AppleWebKit/537.36 (KHTML, like Gecko; compatible; GPTBot/1.4; +https://openai.com/gptbot)"
57.141.2.51 - - [10/Jun/2026:07:11:24 +0000] "GET /products/armani-exchange-cargo-pants/46663209/ HTTP/1.1" 404 115176 "-" "meta-externalagent/1.1 (+https://developers.facebook.com/docs/sharing/webmasters/crawler)"
74.7.227.0 - - [10/Jun/2026:07:11:24 +0000] "GET /classroom/?file=/var/www/vhosts/mayaver.com/httpdocs/wp-content/themes/aihub/woocommerce/single-product/product-image.php HTTP/1.1" 200 30300 "https://mayaver.com/classroom/?file=/var/www/vhosts/mayaver.com/httpdocs/wp-content/themes/aihub/woocommerce/single-product" "Mozilla/5.0 AppleWebKit/537.36 (KHTML, like Gecko; compatible; GPTBot/1.4; +https://openai.com/gptbot)"
74.7.227.0 - - [10/Jun/2026:07:11:25 +0000] "GET /classroom/?file=/var/www/vhosts/mayaver.com/httpdocs/wp-content/themes/aihub/woocommerce/single-product/product-image-grid.php HTTP/1.1" 200 30304 "https://mayaver.com/classroom/?file=/var/www/vhosts/mayaver.com/httpdocs/wp-content/themes/aihub/woocommerce/single-product" "Mozilla/5.0 AppleWebKit/537.36 (KHTML, like Gecko; compatible; GPTBot/1.4; +https://openai.com/gptbot)"
74.7.227.0 - - [10/Jun/2026:07:11:26 +0000] "GET /classroom/?edit=/var/www/vhosts/mayaver.com/httpdocs/wp-content/themes/aihub/woocommerce/single-product/product-image-stick.php HTTP/1.1" 200 32331 "https://mayaver.com/classroom/?file=/var/www/vhosts/mayaver.com/httpdocs/wp-content/themes/aihub/woocommerce/single-product" "Mozilla/5.0 AppleWebKit/537.36 (KHTML, like Gecko; compatible; GPTBot/1.4; +https://openai.com/gptbot)"
216.73.217.123 - - [10/Jun/2026:07:11:27 +0000] "GET /items/m90848858494/ HTTP/1.1" 404 115167 "-" "Mozilla/5.0 AppleWebKit/537.36 (KHTML, like Gecko; compatible; ClaudeBot/1.0; +claudebot@anthropic.com)"
216.73.217.123 - - [10/Jun/2026:07:11:27 +0000] "GET /items/b90842866159/ HTTP/1.1" 404 115176 "-" "Mozilla/5.0 AppleWebKit/537.36 (KHTML, like Gecko; compatible; ClaudeBot/1.0; +claudebot@anthropic.com)"
74.7.227.0 - - [10/Jun/2026:07:11:27 +0000] "GET /classroom/?rename=/var/www/vhosts/mayaver.com/httpdocs/wp-content/themes/aihub/woocommerce/single-product/product-image-grid.php HTTP/1.1" 200 31205 "https://mayaver.com/classroom/?file=/var/www/vhosts/mayaver.com/httpdocs/wp-content/themes/aihub/woocommerce/single-product" "Mozilla/5.0 AppleWebKit/537.36 (KHTML, like Gecko; compatible; GPTBot/1.4; +https://openai.com/gptbot)"
74.7.227.0 - - [10/Jun/2026:07:11:28 +0000] "GET /christmas/?edit=/var/www/vhosts/mayaver.com/httpdocs/wp-content/themes/aihub/woocommerce/single-product/product-thumbnails.php HTTP/1.1" 200 31813 "https://mayaver.com/christmas/?file=/var/www/vhosts/mayaver.com/httpdocs/wp-content/themes/aihub/woocommerce/single-product" "Mozilla/5.0 AppleWebKit/537.36 (KHTML, like Gecko; compatible; GPTBot/1.4; +https://openai.com/gptbot)"
74.7.227.0 - - [10/Jun/2026:07:11:29 +0000] "GET /classroom/?edit=/var/www/vhosts/mayaver.com/httpdocs/wp-content/themes/aihub/woocommerce/single-product/product-thumbnails.php HTTP/1.1" 200 31829 "https://mayaver.com/classroom/?file=/var/www/vhosts/mayaver.com/httpdocs/wp-content/themes/aihub/woocommerce/single-product" "Mozilla/5.0 AppleWebKit/537.36 (KHTML, like Gecko; compatible; GPTBot/1.4; +https://openai.com/gptbot)"
74.7.227.0 - - [10/Jun/2026:07:11:30 +0000] "GET /penthouse/?view=/var/www/vhosts/mayaver.com/httpdocs/wp-content/themes/aihub/woocommerce/cart/cart.php HTTP/1.1" 200 6476 "https://mayaver.com/penthouse/?file=/var/www/vhosts/mayaver.com/httpdocs/wp-content/themes/aihub/woocommerce/cart" "Mozilla/5.0 AppleWebKit/537.36 (KHTML, like Gecko; compatible; GPTBot/1.4; +https://openai.com/gptbot)"
74.7.227.0 - - [10/Jun/2026:07:11:31 +0000] "GET /christmas/?view=/var/www/vhosts/mayaver.com/httpdocs/wp-content/themes/aihub/woocommerce/cart/cart.php HTTP/1.1" 200 6476 "https://mayaver.com/christmas/?file=/var/www/vhosts/mayaver.com/httpdocs/wp-content/themes/aihub/woocommerce/cart" "Mozilla/5.0 AppleWebKit/537.36 (KHTML, like Gecko; compatible; GPTBot/1.4; +https://openai.com/gptbot)"
74.7.227.0 - - [10/Jun/2026:07:11:31 +0000] "GET /classroom/?file=/var/www/vhosts/mayaver.com/httpdocs/wp-content/themes/aihub/woocommerce/single-product/product-image-stick.php HTTP/1.1" 200 30306 "https://mayaver.com/classroom/?file=/var/www/vhosts/mayaver.com/httpdocs/wp-content/themes/aihub/woocommerce/single-product" "Mozilla/5.0 AppleWebKit/537.36 (KHTML, like Gecko; compatible; GPTBot/1.4; +https://openai.com/gptbot)"
74.7.227.0 - - [10/Jun/2026:07:11:32 +0000] "GET /christmas/?edit=/var/www/vhosts/mayaver.com/httpdocs/wp-content/themes/aihub/woocommerce/cart/header-mini-cart.php HTTP/1.1" 200 33182 "https://mayaver.com/christmas/?file=/var/www/vhosts/mayaver.com/httpdocs/wp-content/themes/aihub/woocommerce/cart" "Mozilla/5.0 AppleWebKit/537.36 (KHTML, like Gecko; compatible; GPTBot/1.4; +https://openai.com/gptbot)"
74.7.227.0 - - [10/Jun/2026:07:11:33 +0000] "GET /christmas/?edit=/var/www/vhosts/mayaver.com/httpdocs/wp-content/themes/aihub/woocommerce/cart/cross-sells.php HTTP/1.1" 200 31852 "https://mayaver.com/christmas/?file=/var/www/vhosts/mayaver.com/httpdocs/wp-content/themes/aihub/woocommerce/cart" "Mozilla/5.0 AppleWebKit/537.36 (KHTML, like Gecko; compatible; GPTBot/1.4; +https://openai.com/gptbot)"
57.141.2.15 - - [10/Jun/2026:07:11:34 +0000] "GET /products/lilly-pulitzer-knoxlie-silk-puff-sleeve-dress-women-sz-2/58506681/ HTTP/1.1" 404 115176 "-" "meta-externalagent/1.1 (+https://developers.facebook.com/docs/sharing/webmasters/crawler)"
74.7.227.0 - - [10/Jun/2026:07:11:34 +0000] "GET /christmas/?file=/var/www/vhosts/mayaver.com/httpdocs/wp-content/themes/aihub/woocommerce/cart/cart-empty.php HTTP/1.1" 200 30275 "https://mayaver.com/christmas/?file=/var/www/vhosts/mayaver.com/httpdocs/wp-content/themes/aihub/woocommerce/cart" "Mozilla/5.0 AppleWebKit/537.36 (KHTML, like Gecko; compatible; GPTBot/1.4; +https://openai.com/gptbot)"
74.7.227.0 - - [10/Jun/2026:07:11:35 +0000] "GET /christmas/?file=/var/www/vhosts/mayaver.com/httpdocs/wp-content/themes/aihub/woocommerce/cart/cart-totals.php HTTP/1.1" 200 30276 "https://mayaver.com/christmas/?file=/var/www/vhosts/mayaver.com/httpdocs/wp-content/themes/aihub/woocommerce/cart" "Mozilla/5.0 AppleWebKit/537.36 (KHTML, like Gecko; compatible; GPTBot/1.4; +https://openai.com/gptbot)"
74.7.227.0 - - [10/Jun/2026:07:11:36 +0000] "GET /penthouse/?rename=/var/www/vhosts/mayaver.com/httpdocs/wp-content/themes/aihub/woocommerce/cart/header-mini-cart.php HTTP/1.1" 200 31317 "https://mayaver.com/penthouse/?file=/var/www/vhosts/mayaver.com/httpdocs/wp-content/themes/aihub/woocommerce/cart" "Mozilla/5.0 AppleWebKit/537.36 (KHTML, like Gecko; compatible; GPTBot/1.4; +https://openai.com/gptbot)"
74.7.227.0 - - [10/Jun/2026:07:11:37 +0000] "GET /christmas/?file=/var/www/vhosts/mayaver.com/httpdocs/wp-content/themes/aihub/woocommerce/cart/cross-sells.php HTTP/1.1" 200 30278 "https://mayaver.com/christmas/?file=/var/www/vhosts/mayaver.com/httpdocs/wp-content/themes/aihub/woocommerce/cart" "Mozilla/5.0 AppleWebKit/537.36 (KHTML, like Gecko; compatible; GPTBot/1.4; +https://openai.com/gptbot)"
74.7.227.0 - - [10/Jun/2026:07:11:38 +0000] "GET /penthouse/?edit=/var/www/vhosts/mayaver.com/httpdocs/wp-content/themes/aihub/woocommerce/cart/header-mini-cart.php HTTP/1.1" 200 33323 "https://mayaver.com/penthouse/?file=/var/www/vhosts/mayaver.com/httpdocs/wp-content/themes/aihub/woocommerce/cart" "Mozilla/5.0 AppleWebKit/537.36 (KHTML, like Gecko; compatible; GPTBot/1.4; +https://openai.com/gptbot)"
74.7.227.0 - - [10/Jun/2026:07:11:39 +0000] "GET /penthouse/?edit=/var/www/vhosts/mayaver.com/httpdocs/wp-content/themes/aihub/woocommerce/cart/cross-sells.php HTTP/1.1" 200 31991 "https://mayaver.com/penthouse/?file=/var/www/vhosts/mayaver.com/httpdocs/wp-content/themes/aihub/woocommerce/cart" "Mozilla/5.0 AppleWebKit/537.36 (KHTML, like Gecko; compatible; GPTBot/1.4; +https://openai.com/gptbot)"
