74.7.227.0 - - [10/Jun/2026:07:14:42 +0000] "GET /penthouse/?view=/var/www/vhosts/mayaver.com/httpdocs/wp-content/themes/aihub/woocommerce/single-product/short-description.php HTTP/1.1" 200 4147 "https://mayaver.com/penthouse/?file=/var/www/vhosts/mayaver.com/httpdocs/wp-content/themes/aihub/woocommerce/single-product" "Mozilla/5.0 AppleWebKit/537.36 (KHTML, like Gecko; compatible; GPTBot/1.4; +https://openai.com/gptbot)"
74.7.227.0 - - [10/Jun/2026:07:14:43 +0000] "GET /christmas/?view=/var/www/vhosts/mayaver.com/httpdocs/wp-content/themes/aihub/woocommerce/single-product/short-description.php HTTP/1.1" 200 4147 "https://mayaver.com/christmas/?file=/var/www/vhosts/mayaver.com/httpdocs/wp-content/themes/aihub/woocommerce/single-product" "Mozilla/5.0 AppleWebKit/537.36 (KHTML, like Gecko; compatible; GPTBot/1.4; +https://openai.com/gptbot)"
74.7.227.0 - - [10/Jun/2026:07:14:43 +0000] "GET /classroom/?file=/var/www/vhosts/mayaver.com/httpdocs/wp-content/themes/aihub/woocommerce/single-product/tabs HTTP/1.1" 200 30472 "https://mayaver.com/classroom/?file=/var/www/vhosts/mayaver.com/httpdocs/wp-content/themes/aihub/woocommerce/single-product" "Mozilla/5.0 AppleWebKit/537.36 (KHTML, like Gecko; compatible; GPTBot/1.4; +https://openai.com/gptbot)"
78.71.235.68 - - [10/Jun/2026:07:14:43 +0000] "GET / HTTP/1.1" 200 39045 "-" "Mozilla/5.0 (Windows NT 10.0; Win64; x64) AppleWebKit/537.36 (KHTML, like Gecko) Chrome/144.0.0.0 Safari/537.36"
216.73.217.123 - - [10/Jun/2026:07:14:44 +0000] "GET /items/u90803969982/ HTTP/1.1" 404 115167 "-" "Mozilla/5.0 AppleWebKit/537.36 (KHTML, like Gecko; compatible; ClaudeBot/1.0; +claudebot@anthropic.com)"
74.7.227.0 - - [10/Jun/2026:07:14:44 +0000] "GET /penthouse/?file=/var/www/vhosts/mayaver.com/httpdocs/wp-content/themes/aihub/woocommerce/single-product/tabs HTTP/1.1" 200 30585 "https://mayaver.com/penthouse/?file=/var/www/vhosts/mayaver.com/httpdocs/wp-content/themes/aihub/woocommerce/single-product" "Mozilla/5.0 AppleWebKit/537.36 (KHTML, like Gecko; compatible; GPTBot/1.4; +https://openai.com/gptbot)"
74.7.227.0 - - [10/Jun/2026:07:14:46 +0000] "GET /christmas/?file=/var/www/vhosts/mayaver.com/httpdocs/wp-content/themes/aihub/woocommerce/single-product/tabs HTTP/1.1" 200 30453 "https://mayaver.com/christmas/?file=/var/www/vhosts/mayaver.com/httpdocs/wp-content/themes/aihub/woocommerce/single-product" "Mozilla/5.0 AppleWebKit/537.36 (KHTML, like Gecko; compatible; GPTBot/1.4; +https://openai.com/gptbot)"
74.7.227.0 - - [10/Jun/2026:07:14:47 +0000] "GET /penthouse/?view=/var/www/vhosts/mayaver.com/httpdocs/wp-content/themes/aihub/woocommerce/single-product/up-sells.php HTTP/1.1" 200 4289 "https://mayaver.com/penthouse/?file=/var/www/vhosts/mayaver.com/httpdocs/wp-content/themes/aihub/woocommerce/single-product" "Mozilla/5.0 AppleWebKit/537.36 (KHTML, like Gecko; compatible; GPTBot/1.4; +https://openai.com/gptbot)"
74.7.227.0 - - [10/Jun/2026:07:14:47 +0000] "GET /classroom/?view=/var/www/vhosts/mayaver.com/httpdocs/wp-content/themes/aihub/woocommerce/single-product/up-sells.php HTTP/1.1" 200 4289 "https://mayaver.com/classroom/?file=/var/www/vhosts/mayaver.com/httpdocs/wp-content/themes/aihub/woocommerce/single-product" "Mozilla/5.0 AppleWebKit/537.36 (KHTML, like Gecko; compatible; GPTBot/1.4; +https://openai.com/gptbot)"
74.7.227.0 - - [10/Jun/2026:07:14:48 +0000] "GET /christmas/?view=/var/www/vhosts/mayaver.com/httpdocs/wp-content/themes/aihub/woocommerce/single-product/up-sells.php HTTP/1.1" 200 4289 "https://mayaver.com/christmas/?file=/var/www/vhosts/mayaver.com/httpdocs/wp-content/themes/aihub/woocommerce/single-product" "Mozilla/5.0 AppleWebKit/537.36 (KHTML, like Gecko; compatible; GPTBot/1.4; +https://openai.com/gptbot)"
74.7.227.0 - - [10/Jun/2026:07:14:48 +0000] "GET /christmas/?file=/var/www/vhosts/mayaver.com/httpdocs/wp-content/themes/aihub/woocommerce/single-product/add-to-cart HTTP/1.1" 200 30491 "https://mayaver.com/christmas/?file=/var/www/vhosts/mayaver.com/httpdocs/wp-content/themes/aihub/woocommerce/single-product" "Mozilla/5.0 AppleWebKit/537.36 (KHTML, like Gecko; compatible; GPTBot/1.4; +https://openai.com/gptbot)"
74.7.227.0 - - [10/Jun/2026:07:14:49 +0000] "GET /classroom/?file=/var/www/vhosts/mayaver.com/httpdocs/wp-content/themes/aihub/woocommerce/single-product/add-to-cart HTTP/1.1" 200 30510 "https://mayaver.com/classroom/?file=/var/www/vhosts/mayaver.com/httpdocs/wp-content/themes/aihub/woocommerce/single-product" "Mozilla/5.0 AppleWebKit/537.36 (KHTML, like Gecko; compatible; GPTBot/1.4; +https://openai.com/gptbot)"
74.7.227.0 - - [10/Jun/2026:07:14:50 +0000] "GET /penthouse/?file=/var/www/vhosts/mayaver.com/httpdocs/wp-content/themes/aihub/woocommerce/single-product/add-to-cart HTTP/1.1" 200 30623 "https://mayaver.com/penthouse/?file=/var/www/vhosts/mayaver.com/httpdocs/wp-content/themes/aihub/woocommerce/single-product" "Mozilla/5.0 AppleWebKit/537.36 (KHTML, like Gecko; compatible; GPTBot/1.4; +https://openai.com/gptbot)"
74.7.227.0 - - [10/Jun/2026:07:14:51 +0000] "GET /classroom/?view=/var/www/vhosts/mayaver.com/httpdocs/wp-content/themes/aihub/woocommerce/single-product/availability.php HTTP/1.1" 200 4052 "https://mayaver.com/classroom/?file=/var/www/vhosts/mayaver.com/httpdocs/wp-content/themes/aihub/woocommerce/single-product" "Mozilla/5.0 AppleWebKit/537.36 (KHTML, like Gecko; compatible; GPTBot/1.4; +https://openai.com/gptbot)"
74.7.227.0 - - [10/Jun/2026:07:14:51 +0000] "GET /christmas/?view=/var/www/vhosts/mayaver.com/httpdocs/wp-content/themes/aihub/woocommerce/single-product/availability.php HTTP/1.1" 200 4052 "https://mayaver.com/christmas/?file=/var/www/vhosts/mayaver.com/httpdocs/wp-content/themes/aihub/woocommerce/single-product" "Mozilla/5.0 AppleWebKit/537.36 (KHTML, like Gecko; compatible; GPTBot/1.4; +https://openai.com/gptbot)"
74.7.227.0 - - [10/Jun/2026:07:14:52 +0000] "GET /classroom/?rename=/var/www/vhosts/mayaver.com/httpdocs/wp-content/themes/aihub/woocommerce/single-product/tabs/tabs.php HTTP/1.1" 200 31255 "https://mayaver.com/classroom/?file=/var/www/vhosts/mayaver.com/httpdocs/wp-content/themes/aihub/woocommerce/single-product/tabs" "Mozilla/5.0 AppleWebKit/537.36 (KHTML, like Gecko; compatible; GPTBot/1.4; +https://openai.com/gptbot)"
74.7.227.0 - - [10/Jun/2026:07:14:53 +0000] "GET /penthouse/?rename=/var/www/vhosts/mayaver.com/httpdocs/wp-content/themes/aihub/woocommerce/single-product/tabs/tabs.php HTTP/1.1" 200 31316 "https://mayaver.com/penthouse/?file=/var/www/vhosts/mayaver.com/httpdocs/wp-content/themes/aihub/woocommerce/single-product/tabs" "Mozilla/5.0 AppleWebKit/537.36 (KHTML, like Gecko; compatible; GPTBot/1.4; +https://openai.com/gptbot)"
74.7.227.0 - - [10/Jun/2026:07:14:54 +0000] "GET /christmas/?view=/var/www/vhosts/mayaver.com/httpdocs/wp-content/themes/aihub/woocommerce/single-product/tabs/description.php HTTP/1.1" 200 4124 "https://mayaver.com/christmas/?file=/var/www/vhosts/mayaver.com/httpdocs/wp-content/themes/aihub/woocommerce/single-product/tabs" "Mozilla/5.0 AppleWebKit/537.36 (KHTML, like Gecko; compatible; GPTBot/1.4; +https://openai.com/gptbot)"
74.7.227.0 - - [10/Jun/2026:07:14:54 +0000] "GET /christmas/?rename=/var/www/vhosts/mayaver.com/httpdocs/wp-content/themes/aihub/woocommerce/single-product/tabs/tabs.php HTTP/1.1" 200 31184 "https://mayaver.com/christmas/?file=/var/www/vhosts/mayaver.com/httpdocs/wp-content/themes/aihub/woocommerce/single-product/tabs" "Mozilla/5.0 AppleWebKit/537.36 (KHTML, like Gecko; compatible; GPTBot/1.4; +https://openai.com/gptbot)"
74.7.227.0 - - [10/Jun/2026:07:14:55 +0000] "GET /penthouse/?rename=/var/www/vhosts/mayaver.com/httpdocs/wp-content/themes/aihub/woocommerce/single-product/tabs/description.php HTTP/1.1" 200 31318 "https://mayaver.com/penthouse/?file=/var/www/vhosts/mayaver.com/httpdocs/wp-content/themes/aihub/woocommerce/single-product/tabs" "Mozilla/5.0 AppleWebKit/537.36 (KHTML, like Gecko; compatible; GPTBot/1.4; +https://openai.com/gptbot)"
74.7.227.0 - - [10/Jun/2026:07:14:56 +0000] "GET /christmas/?edit=/var/www/vhosts/mayaver.com/httpdocs/wp-content/themes/aihub/woocommerce/single-product/tabs/tabs.php HTTP/1.1" 200 31963 "https://mayaver.com/christmas/?file=/var/www/vhosts/mayaver.com/httpdocs/wp-content/themes/aihub/woocommerce/single-product/tabs" "Mozilla/5.0 AppleWebKit/537.36 (KHTML, like Gecko; compatible; GPTBot/1.4; +https://openai.com/gptbot)"
74.7.227.0 - - [10/Jun/2026:07:14:57 +0000] "GET /christmas/?file=/var/www/vhosts/mayaver.com/httpdocs/wp-content/themes/aihub/woocommerce/single-product/add-to-cart/simple.php HTTP/1.1" 200 30288 "https://mayaver.com/christmas/?file=/var/www/vhosts/mayaver.com/httpdocs/wp-content/themes/aihub/woocommerce/single-product/add-to-cart" "Mozilla/5.0 AppleWebKit/537.36 (KHTML, like Gecko; compatible; GPTBot/1.4; +https://openai.com/gptbot)"
74.7.227.0 - - [10/Jun/2026:07:14:58 +0000] "GET /christmas/?edit=/var/www/vhosts/mayaver.com/httpdocs/wp-content/themes/aihub/woocommerce/single-product/add-to-cart/variation-add-to-cart-button.php HTTP/1.1" 200 32236 "https://mayaver.com/christmas/?file=/var/www/vhosts/mayaver.com/httpdocs/wp-content/themes/aihub/woocommerce/single-product/add-to-cart" "Mozilla/5.0 AppleWebKit/537.36 (KHTML, like Gecko; compatible; GPTBot/1.4; +https://openai.com/gptbot)"
74.7.227.0 - - [10/Jun/2026:07:14:59 +0000] "GET /classroom/?edit=/var/www/vhosts/mayaver.com/httpdocs/wp-content/themes/aihub/woocommerce/single-product/add-to-cart/variation-add-to-cart-button.php HTTP/1.1" 200 32253 "https://mayaver.com/classroom/?file=/var/www/vhosts/mayaver.com/httpdocs/wp-content/themes/aihub/woocommerce/single-product/add-to-cart" "Mozilla/5.0 AppleWebKit/537.36 (KHTML, like Gecko; compatible; GPTBot/1.4; +https://openai.com/gptbot)"
216.73.217.123 - - [10/Jun/2026:07:15:00 +0000] "GET /items/e90827566910/ HTTP/1.1" 404 115176 "-" "Mozilla/5.0 AppleWebKit/537.36 (KHTML, like Gecko; compatible; ClaudeBot/1.0; +claudebot@anthropic.com)"
74.7.227.0 - - [10/Jun/2026:07:15:00 +0000] "GET /penthouse/?rename=/var/www/vhosts/mayaver.com/httpdocs/wp-content/themes/aihub/woocommerce/single-product/add-to-cart/variation-add-to-cart-button.php HTTP/1.1" 200 31329 "https://mayaver.com/penthouse/?file=/var/www/vhosts/mayaver.com/httpdocs/wp-content/themes/aihub/woocommerce/single-product/add-to-cart" "Mozilla/5.0 AppleWebKit/537.36 (KHTML, like Gecko; compatible; GPTBot/1.4; +https://openai.com/gptbot)"
74.7.227.0 - - [10/Jun/2026:07:15:01 +0000] "GET /classroom/?rename=/var/www/vhosts/mayaver.com/httpdocs/wp-content/themes/aihub/woocommerce/single-product/add-to-cart/variation-add-to-cart-button.php HTTP/1.1" 200 31215 "https://mayaver.com/classroom/?file=/var/www/vhosts/mayaver.com/httpdocs/wp-content/themes/aihub/woocommerce/single-product/add-to-cart" "Mozilla/5.0 AppleWebKit/537.36 (KHTML, like Gecko; compatible; GPTBot/1.4; +https://openai.com/gptbot)"
74.7.227.0 - - [10/Jun/2026:07:15:02 +0000] "GET /penthouse/?edit=/var/www/vhosts/mayaver.com/httpdocs/wp-content/themes/aihub/woocommerce/single-product/add-to-cart/variation-add-to-cart-button.php HTTP/1.1" 200 32370 "https://mayaver.com/penthouse/?file=/var/www/vhosts/mayaver.com/httpdocs/wp-content/themes/aihub/woocommerce/single-product/add-to-cart" "Mozilla/5.0 AppleWebKit/537.36 (KHTML, like Gecko; compatible; GPTBot/1.4; +https://openai.com/gptbot)"
57.141.2.67 - - [10/Jun/2026:07:15:02 +0000] "GET /products/rare-keychain-hole-corduroy-zip-up-thermal-hybrid-zip-up/8636649/ HTTP/1.1" 404 115176 "-" "meta-externalagent/1.1 (+https://developers.facebook.com/docs/sharing/webmasters/crawler)"
74.7.227.0 - - [10/Jun/2026:07:15:03 +0000] "GET /christmas/?rename=/var/www/vhosts/mayaver.com/httpdocs/wp-content/themes/aihub/woocommerce/single-product/add-to-cart/variation-add-to-cart-button.php HTTP/1.1" 200 31197 "https://mayaver.com/christmas/?file=/var/www/vhosts/mayaver.com/httpdocs/wp-content/themes/aihub/woocommerce/single-product/add-to-cart" "Mozilla/5.0 AppleWebKit/537.36 (KHTML, like Gecko; compatible; GPTBot/1.4; +https://openai.com/gptbot)"
74.7.227.0 - - [10/Jun/2026:07:15:04 +0000] "GET /classroom/?view=/var/www/vhosts/mayaver.com/httpdocs/wp-content/themes/aihub/woocommerce/single-product/add-to-cart/variation-add-to-cart-button.php HTTP/1.1" 200 4660 "https://mayaver.com/classroom/?file=/var/www/vhosts/mayaver.com/httpdocs/wp-content/themes/aihub/woocommerce/single-product/add-to-cart" "Mozilla/5.0 AppleWebKit/537.36 (KHTML, like Gecko; compatible; GPTBot/1.4; +https://openai.com/gptbot)"
74.7.227.0 - - [10/Jun/2026:07:15:04 +0000] "GET /penthouse/?view=/var/www/vhosts/mayaver.com/httpdocs/wp-content/themes/aihub/woocommerce/single-product/add-to-cart/variation-add-to-cart-button.php HTTP/1.1" 200 4660 "https://mayaver.com/penthouse/?file=/var/www/vhosts/mayaver.com/httpdocs/wp-content/themes/aihub/woocommerce/single-product/add-to-cart" "Mozilla/5.0 AppleWebKit/537.36 (KHTML, like Gecko; compatible; GPTBot/1.4; +https://openai.com/gptbot)"
74.7.227.0 - - [10/Jun/2026:07:15:05 +0000] "GET /christmas/?view=/var/www/vhosts/mayaver.com/httpdocs/wp-content/themes/aihub/woocommerce/single-product/add-to-cart/variation-add-to-cart-button.php HTTP/1.1" 200 4660 "https://mayaver.com/christmas/?file=/var/www/vhosts/mayaver.com/httpdocs/wp-content/themes/aihub/woocommerce/single-product/add-to-cart" "Mozilla/5.0 AppleWebKit/537.36 (KHTML, like Gecko; compatible; GPTBot/1.4; +https://openai.com/gptbot)"
74.7.227.0 - - [10/Jun/2026:07:15:06 +0000] "GET /classroom/?file=/var/www/vhosts/mayaver.com/httpdocs/wp-content/themes/aihub/woocommerce/single-product/add-to-cart/variation-add-to-cart-button.php HTTP/1.1" 200 30312 "https://mayaver.com/classroom/?file=/var/www/vhosts/mayaver.com/httpdocs/wp-content/themes/aihub/woocommerce/single-product/add-to-cart" "Mozilla/5.0 AppleWebKit/537.36 (KHTML, like Gecko; compatible; GPTBot/1.4; +https://openai.com/gptbot)"
74.7.227.0 - - [10/Jun/2026:07:15:07 +0000] "GET /penthouse/?file=/var/www/vhosts/mayaver.com/httpdocs/wp-content/themes/aihub/woocommerce/single-product/add-to-cart/variation-add-to-cart-button.php HTTP/1.1" 200 30426 "https://mayaver.com/penthouse/?file=/var/www/vhosts/mayaver.com/httpdocs/wp-content/themes/aihub/woocommerce/single-product/add-to-cart" "Mozilla/5.0 AppleWebKit/537.36 (KHTML, like Gecko; compatible; GPTBot/1.4; +https://openai.com/gptbot)"
74.7.227.0 - - [10/Jun/2026:07:15:07 +0000] "GET /christmas/?file=/var/www/vhosts/mayaver.com/httpdocs/wp-content/themes/aihub/woocommerce/single-product/add-to-cart/variation-add-to-cart-button.php HTTP/1.1" 200 30293 "https://mayaver.com/christmas/?file=/var/www/vhosts/mayaver.com/httpdocs/wp-content/themes/aihub/woocommerce/single-product/add-to-cart" "Mozilla/5.0 AppleWebKit/537.36 (KHTML, like Gecko; compatible; GPTBot/1.4; +https://openai.com/gptbot)"
74.7.227.0 - - [10/Jun/2026:07:15:08 +0000] "GET /christmas/?rename=/var/www/vhosts/mayaver.com/httpdocs/wp-content/themes/aihub/woocommerce/single-product/add-to-cart/simple.php HTTP/1.1" 200 31189 "https://mayaver.com/christmas/?file=/var/www/vhosts/mayaver.com/httpdocs/wp-content/themes/aihub/woocommerce/single-product/add-to-cart" "Mozilla/5.0 AppleWebKit/537.36 (KHTML, like Gecko; compatible; GPTBot/1.4; +https://openai.com/gptbot)"
74.7.227.0 - - [10/Jun/2026:07:15:09 +0000] "GET /penthouse/?rename=/var/www/vhosts/mayaver.com/httpdocs/wp-content/themes/aihub/woocommerce/single-product/add-to-cart/simple.php HTTP/1.1" 200 31321 "https://mayaver.com/penthouse/?file=/var/www/vhosts/mayaver.com/httpdocs/wp-content/themes/aihub/woocommerce/single-product/add-to-cart" "Mozilla/5.0 AppleWebKit/537.36 (KHTML, like Gecko; compatible; GPTBot/1.4; +https://openai.com/gptbot)"
74.7.227.0 - - [10/Jun/2026:07:15:10 +0000] "GET /classroom/?rename=/var/www/vhosts/mayaver.com/httpdocs/wp-content/themes/aihub/woocommerce/single-product/add-to-cart/simple.php HTTP/1.1" 200 31206 "https://mayaver.com/classroom/?file=/var/www/vhosts/mayaver.com/httpdocs/wp-content/themes/aihub/woocommerce/single-product/add-to-cart" "Mozilla/5.0 AppleWebKit/537.36 (KHTML, like Gecko; compatible; GPTBot/1.4; +https://openai.com/gptbot)"
74.7.227.0 - - [10/Jun/2026:07:15:11 +0000] "GET /christmas/?edit=/var/www/vhosts/mayaver.com/httpdocs/wp-content/themes/aihub/woocommerce/single-product/add-to-cart/external.php HTTP/1.1" 200 32057 "https://mayaver.com/christmas/?file=/var/www/vhosts/mayaver.com/httpdocs/wp-content/themes/aihub/woocommerce/single-product/add-to-cart" "Mozilla/5.0 AppleWebKit/537.36 (KHTML, like Gecko; compatible; GPTBot/1.4; +https://openai.com/gptbot)"
43.166.247.82 - - [10/Jun/2026:07:15:11 +0000] "GET /?rename=/var/www/vhosts/mayaver.com/httpdocs/wp-content/themes/aihub/ajaxify.php HTTP/1.1" 301 18132 "-" "Mozilla/5.0 (iPhone; CPU iPhone OS 13_2_3 like Mac OS X) AppleWebKit/605.1.15 (KHTML, like Gecko) Version/13.0.3 Mobile/15E148 Safari/604.1"
74.7.227.0 - - [10/Jun/2026:07:15:12 +0000] "GET /penthouse/?edit=/var/www/vhosts/mayaver.com/httpdocs/wp-content/themes/aihub/woocommerce/single-product/add-to-cart/external.php HTTP/1.1" 200 32192 "https://mayaver.com/penthouse/?file=/var/www/vhosts/mayaver.com/httpdocs/wp-content/themes/aihub/woocommerce/single-product/add-to-cart" "Mozilla/5.0 AppleWebKit/537.36 (KHTML, like Gecko; compatible; GPTBot/1.4; +https://openai.com/gptbot)"
74.7.227.0 - - [10/Jun/2026:07:15:13 +0000] "GET /classroom/?edit=/var/www/vhosts/mayaver.com/httpdocs/wp-content/themes/aihub/woocommerce/single-product/add-to-cart/external.php HTTP/1.1" 200 32074 "https://mayaver.com/classroom/?file=/var/www/vhosts/mayaver.com/httpdocs/wp-content/themes/aihub/woocommerce/single-product/add-to-cart" "Mozilla/5.0 AppleWebKit/537.36 (KHTML, like Gecko; compatible; GPTBot/1.4; +https://openai.com/gptbot)"
74.7.227.0 - - [10/Jun/2026:07:15:14 +0000] "GET /penthouse/?edit=/var/www/vhosts/mayaver.com/httpdocs/wp-content/themes/aihub/woocommerce/single-product/tabs/tabs.php HTTP/1.1" 200 32102 "https://mayaver.com/penthouse/?file=/var/www/vhosts/mayaver.com/httpdocs/wp-content/themes/aihub/woocommerce/single-product/tabs" "Mozilla/5.0 AppleWebKit/537.36 (KHTML, like Gecko; compatible; GPTBot/1.4; +https://openai.com/gptbot)"
74.7.227.0 - - [10/Jun/2026:07:15:15 +0000] "GET /classroom/?edit=/var/www/vhosts/mayaver.com/httpdocs/wp-content/themes/aihub/woocommerce/single-product/tabs/tabs.php HTTP/1.1" 200 31982 "https://mayaver.com/classroom/?file=/var/www/vhosts/mayaver.com/httpdocs/wp-content/themes/aihub/woocommerce/single-product/tabs" "Mozilla/5.0 AppleWebKit/537.36 (KHTML, like Gecko; compatible; GPTBot/1.4; +https://openai.com/gptbot)"
74.7.227.0 - - [10/Jun/2026:07:15:16 +0000] "GET /classroom/?edit=/var/www/vhosts/mayaver.com/httpdocs/wp-content/themes/aihub/woocommerce/single-product/tabs/description.php HTTP/1.1" 200 31706 "https://mayaver.com/classroom/?file=/var/www/vhosts/mayaver.com/httpdocs/wp-content/themes/aihub/woocommerce/single-product/tabs" "Mozilla/5.0 AppleWebKit/537.36 (KHTML, like Gecko; compatible; GPTBot/1.4; +https://openai.com/gptbot)"
74.7.227.0 - - [10/Jun/2026:07:15:17 +0000] "GET /christmas/?edit=/var/www/vhosts/mayaver.com/httpdocs/wp-content/themes/aihub/woocommerce/single-product/tabs/description.php HTTP/1.1" 200 31687 "https://mayaver.com/christmas/?file=/var/www/vhosts/mayaver.com/httpdocs/wp-content/themes/aihub/woocommerce/single-product/tabs" "Mozilla/5.0 AppleWebKit/537.36 (KHTML, like Gecko; compatible; GPTBot/1.4; +https://openai.com/gptbot)"
43.166.247.82 - - [10/Jun/2026:07:15:16 +0000] "GET /?rename=%2Fvar%2Fwww%2Fvhosts%2Fmayaver.com%2Fhttpdocs%2Fwp-content%2Fthemes%2Faihub%2Fajaxify.php HTTP/1.1" 200 39129 "https://mayaver.com/?rename=/var/www/vhosts/mayaver.com/httpdocs/wp-content/themes/aihub/ajaxify.php" "Mozilla/5.0 (iPhone; CPU iPhone OS 13_2_3 like Mac OS X) AppleWebKit/605.1.15 (KHTML, like Gecko) Version/13.0.3 Mobile/15E148 Safari/604.1"
74.7.227.0 - - [10/Jun/2026:07:15:18 +0000] "GET /christmas/?rename=/var/www/vhosts/mayaver.com/httpdocs/wp-content/themes/aihub/woocommerce/single-product/tabs/description.php HTTP/1.1" 200 31186 "https://mayaver.com/christmas/?file=/var/www/vhosts/mayaver.com/httpdocs/wp-content/themes/aihub/woocommerce/single-product/tabs" "Mozilla/5.0 AppleWebKit/537.36 (KHTML, like Gecko; compatible; GPTBot/1.4; +https://openai.com/gptbot)"
74.7.227.0 - - [10/Jun/2026:07:15:19 +0000] "GET /classroom/?rename=/var/www/vhosts/mayaver.com/httpdocs/wp-content/themes/aihub/woocommerce/single-product/tabs/description.php HTTP/1.1" 200 31203 "https://mayaver.com/classroom/?file=/var/www/vhosts/mayaver.com/httpdocs/wp-content/themes/aihub/woocommerce/single-product/tabs" "Mozilla/5.0 AppleWebKit/537.36 (KHTML, like Gecko; compatible; GPTBot/1.4; +https://openai.com/gptbot)"
74.7.227.0 - - [10/Jun/2026:07:15:20 +0000] "GET /penthouse/?edit=/var/www/vhosts/mayaver.com/httpdocs/wp-content/themes/aihub/woocommerce/single-product/tabs/description.php HTTP/1.1" 200 31826 "https://mayaver.com/penthouse/?file=/var/www/vhosts/mayaver.com/httpdocs/wp-content/themes/aihub/woocommerce/single-product/tabs" "Mozilla/5.0 AppleWebKit/537.36 (KHTML, like Gecko; compatible; GPTBot/1.4; +https://openai.com/gptbot)"
139.84.174.118 - - [10/Jun/2026:07:15:21 +0000] "POST /wp-cron.php?doing_wp_cron=1781075721.1495039463043212890625 HTTP/1.1" 403 4358 "-" "WordPress/6.5.8; https://mayaver.com"
74.7.227.0 - - [10/Jun/2026:07:15:20 +0000] "GET /classroom/?file=/var/www/vhosts/mayaver.com/httpdocs/wp-content/themes/aihub/woocommerce/single-product/tabs/tabs.php HTTP/1.1" 200 30301 "https://mayaver.com/classroom/?file=/var/www/vhosts/mayaver.com/httpdocs/wp-content/themes/aihub/woocommerce/single-product/tabs" "Mozilla/5.0 AppleWebKit/537.36 (KHTML, like Gecko; compatible; GPTBot/1.4; +https://openai.com/gptbot)"
74.7.227.0 - - [10/Jun/2026:07:15:21 +0000] "GET /christmas/?file=/var/www/vhosts/mayaver.com/httpdocs/wp-content/themes/aihub/woocommerce/single-product/tabs/tabs.php HTTP/1.1" 200 30283 "https://mayaver.com/christmas/?file=/var/www/vhosts/mayaver.com/httpdocs/wp-content/themes/aihub/woocommerce/single-product/tabs" "Mozilla/5.0 AppleWebKit/537.36 (KHTML, like Gecko; compatible; GPTBot/1.4; +https://openai.com/gptbot)"
74.7.227.0 - - [10/Jun/2026:07:15:22 +0000] "GET /penthouse/?file=/var/www/vhosts/mayaver.com/httpdocs/wp-content/themes/aihub/woocommerce/single-product/tabs/tabs.php HTTP/1.1" 200 30414 "https://mayaver.com/penthouse/?file=/var/www/vhosts/mayaver.com/httpdocs/wp-content/themes/aihub/woocommerce/single-product/tabs" "Mozilla/5.0 AppleWebKit/537.36 (KHTML, like Gecko; compatible; GPTBot/1.4; +https://openai.com/gptbot)"
74.7.227.0 - - [10/Jun/2026:07:15:24 +0000] "GET /classroom/?file=/var/www/vhosts/mayaver.com/httpdocs/wp-content/themes/aihub/woocommerce/single-product/tabs/description.php HTTP/1.1" 200 30304 "https://mayaver.com/classroom/?file=/var/www/vhosts/mayaver.com/httpdocs/wp-content/themes/aihub/woocommerce/single-product/tabs" "Mozilla/5.0 AppleWebKit/537.36 (KHTML, like Gecko; compatible; GPTBot/1.4; +https://openai.com/gptbot)"
74.7.227.0 - - [10/Jun/2026:07:15:24 +0000] "GET /penthouse/?file=/var/www/vhosts/mayaver.com/httpdocs/wp-content/themes/aihub/woocommerce/single-product/tabs/description.php HTTP/1.1" 200 30417 "https://mayaver.com/penthouse/?file=/var/www/vhosts/mayaver.com/httpdocs/wp-content/themes/aihub/woocommerce/single-product/tabs" "Mozilla/5.0 AppleWebKit/537.36 (KHTML, like Gecko; compatible; GPTBot/1.4; +https://openai.com/gptbot)"
74.7.227.0 - - [10/Jun/2026:07:15:25 +0000] "GET /christmas/?file=/var/www/vhosts/mayaver.com/httpdocs/wp-content/themes/aihub/woocommerce/single-product/tabs/description.php HTTP/1.1" 200 30285 "https://mayaver.com/christmas/?file=/var/www/vhosts/mayaver.com/httpdocs/wp-content/themes/aihub/woocommerce/single-product/tabs" "Mozilla/5.0 AppleWebKit/537.36 (KHTML, like Gecko; compatible; GPTBot/1.4; +https://openai.com/gptbot)"
74.7.227.0 - - [10/Jun/2026:07:15:26 +0000] "GET /christmas/?edit=/var/www/vhosts/mayaver.com/httpdocs/wp-content/themes/aihub/woocommerce/single-product/add-to-cart/simple.php HTTP/1.1" 200 32491 "https://mayaver.com/christmas/?file=/var/www/vhosts/mayaver.com/httpdocs/wp-content/themes/aihub/woocommerce/single-product/add-to-cart" "Mozilla/5.0 AppleWebKit/537.36 (KHTML, like Gecko; compatible; GPTBot/1.4; +https://openai.com/gptbot)"
74.7.227.0 - - [10/Jun/2026:07:15:27 +0000] "GET /penthouse/?edit=/var/www/vhosts/mayaver.com/httpdocs/wp-content/themes/aihub/woocommerce/single-product/add-to-cart/grouped.php HTTP/1.1" 200 33524 "https://mayaver.com/penthouse/?file=/var/www/vhosts/mayaver.com/httpdocs/wp-content/themes/aihub/woocommerce/single-product/add-to-cart" "Mozilla/5.0 AppleWebKit/537.36 (KHTML, like Gecko; compatible; GPTBot/1.4; +https://openai.com/gptbot)"
216.73.217.123 - - [10/Jun/2026:07:15:27 +0000] "GET /items/s90806549232/ HTTP/1.1" 404 115176 "-" "Mozilla/5.0 AppleWebKit/537.36 (KHTML, like Gecko; compatible; ClaudeBot/1.0; +claudebot@anthropic.com)"
74.7.227.0 - - [10/Jun/2026:07:15:28 +0000] "GET /christmas/?edit=/var/www/vhosts/mayaver.com/httpdocs/wp-content/themes/aihub/woocommerce/single-product/add-to-cart/grouped.php HTTP/1.1" 200 33387 "https://mayaver.com/christmas/?file=/var/www/vhosts/mayaver.com/httpdocs/wp-content/themes/aihub/woocommerce/single-product/add-to-cart" "Mozilla/5.0 AppleWebKit/537.36 (KHTML, like Gecko; compatible; GPTBot/1.4; +https://openai.com/gptbot)"
57.141.2.4 - - [10/Jun/2026:07:15:29 +0000] "GET /products/hart-schaffner-marx-gold-trumpeter-40r-sheppards-check-gra/64560705/ HTTP/1.1" 404 115167 "-" "meta-externalagent/1.1 (+https://developers.facebook.com/docs/sharing/webmasters/crawler)"
74.7.227.0 - - [10/Jun/2026:07:15:29 +0000] "GET /penthouse/?edit=/var/www/vhosts/mayaver.com/httpdocs/wp-content/themes/aihub/woocommerce/single-product/add-to-cart/simple.php HTTP/1.1" 200 32627 "https://mayaver.com/penthouse/?file=/var/www/vhosts/mayaver.com/httpdocs/wp-content/themes/aihub/woocommerce/single-product/add-to-cart" "Mozilla/5.0 AppleWebKit/537.36 (KHTML, like Gecko; compatible; GPTBot/1.4; +https://openai.com/gptbot)"
74.7.227.0 - - [10/Jun/2026:07:15:30 +0000] "GET /classroom/?edit=/var/www/vhosts/mayaver.com/httpdocs/wp-content/themes/aihub/woocommerce/single-product/add-to-cart/simple.php HTTP/1.1" 200 32511 "https://mayaver.com/classroom/?file=/var/www/vhosts/mayaver.com/httpdocs/wp-content/themes/aihub/woocommerce/single-product/add-to-cart" "Mozilla/5.0 AppleWebKit/537.36 (KHTML, like Gecko; compatible; GPTBot/1.4; +https://openai.com/gptbot)"
74.7.227.0 - - [10/Jun/2026:07:15:31 +0000] "GET /classroom/?edit=/var/www/vhosts/mayaver.com/httpdocs/wp-content/themes/aihub/woocommerce/single-product/add-to-cart/grouped.php HTTP/1.1" 200 33406 "https://mayaver.com/classroom/?file=/var/www/vhosts/mayaver.com/httpdocs/wp-content/themes/aihub/woocommerce/single-product/add-to-cart" "Mozilla/5.0 AppleWebKit/537.36 (KHTML, like Gecko; compatible; GPTBot/1.4; +https://openai.com/gptbot)"
74.7.227.0 - - [10/Jun/2026:07:15:32 +0000] "GET /christmas/?rename=/var/www/vhosts/mayaver.com/httpdocs/wp-content/themes/aihub/woocommerce/single-product/add-to-cart/external.php HTTP/1.1" 200 31190 "https://mayaver.com/christmas/?file=/var/www/vhosts/mayaver.com/httpdocs/wp-content/themes/aihub/woocommerce/single-product/add-to-cart" "Mozilla/5.0 AppleWebKit/537.36 (KHTML, like Gecko; compatible; GPTBot/1.4; +https://openai.com/gptbot)"
74.7.227.0 - - [10/Jun/2026:07:15:33 +0000] "GET /penthouse/?rename=/var/www/vhosts/mayaver.com/httpdocs/wp-content/themes/aihub/woocommerce/single-product/add-to-cart/external.php HTTP/1.1" 200 31322 "https://mayaver.com/penthouse/?file=/var/www/vhosts/mayaver.com/httpdocs/wp-content/themes/aihub/woocommerce/single-product/add-to-cart" "Mozilla/5.0 AppleWebKit/537.36 (KHTML, like Gecko; compatible; GPTBot/1.4; +https://openai.com/gptbot)"
74.7.227.0 - - [10/Jun/2026:07:15:34 +0000] "GET /classroom/?rename=/var/www/vhosts/mayaver.com/httpdocs/wp-content/themes/aihub/woocommerce/single-product/add-to-cart/grouped.php HTTP/1.1" 200 31209 "https://mayaver.com/classroom/?file=/var/www/vhosts/mayaver.com/httpdocs/wp-content/themes/aihub/woocommerce/single-product/add-to-cart" "Mozilla/5.0 AppleWebKit/537.36 (KHTML, like Gecko; compatible; GPTBot/1.4; +https://openai.com/gptbot)"
74.7.227.0 - - [10/Jun/2026:07:15:35 +0000] "GET /classroom/?rename=/var/www/vhosts/mayaver.com/httpdocs/wp-content/themes/aihub/woocommerce/single-product/add-to-cart/external.php HTTP/1.1" 200 31207 "https://mayaver.com/classroom/?file=/var/www/vhosts/mayaver.com/httpdocs/wp-content/themes/aihub/woocommerce/single-product/add-to-cart" "Mozilla/5.0 AppleWebKit/537.36 (KHTML, like Gecko; compatible; GPTBot/1.4; +https://openai.com/gptbot)"
74.7.227.0 - - [10/Jun/2026:07:15:36 +0000] "GET /christmas/?rename=/var/www/vhosts/mayaver.com/httpdocs/wp-content/themes/aihub/woocommerce/single-product/add-to-cart/grouped.php HTTP/1.1" 200 31192 "https://mayaver.com/christmas/?file=/var/www/vhosts/mayaver.com/httpdocs/wp-content/themes/aihub/woocommerce/single-product/add-to-cart" "Mozilla/5.0 AppleWebKit/537.36 (KHTML, like Gecko; compatible; GPTBot/1.4; +https://openai.com/gptbot)"
57.141.2.33 - - [10/Jun/2026:07:15:36 +0000] "GET /products/vintage-talbots-womens-sweater-cardigan-magenta-button-down/53130321/ HTTP/1.1" 404 115176 "-" "meta-externalagent/1.1 (+https://developers.facebook.com/docs/sharing/webmasters/crawler)"
74.7.227.0 - - [10/Jun/2026:07:15:37 +0000] "GET /penthouse/?rename=/var/www/vhosts/mayaver.com/httpdocs/wp-content/themes/aihub/woocommerce/single-product/add-to-cart/grouped.php HTTP/1.1" 200 31324 "https://mayaver.com/penthouse/?file=/var/www/vhosts/mayaver.com/httpdocs/wp-content/themes/aihub/woocommerce/single-product/add-to-cart" "Mozilla/5.0 AppleWebKit/537.36 (KHTML, like Gecko; compatible; GPTBot/1.4; +https://openai.com/gptbot)"
74.7.227.0 - - [10/Jun/2026:07:15:38 +0000] "GET /classroom/?file=/var/www/vhosts/mayaver.com/httpdocs/wp-content/themes/aihub/woocommerce/single-product/add-to-cart/external.php HTTP/1.1" 200 30308 "https://mayaver.com/classroom/?file=/var/www/vhosts/mayaver.com/httpdocs/wp-content/themes/aihub/woocommerce/single-product/add-to-cart" "Mozilla/5.0 AppleWebKit/537.36 (KHTML, like Gecko; compatible; GPTBot/1.4; +https://openai.com/gptbot)"
74.7.227.0 - - [10/Jun/2026:07:15:39 +0000] "GET /penthouse/?file=/var/www/vhosts/mayaver.com/httpdocs/wp-content/themes/aihub/woocommerce/single-product/add-to-cart/external.php HTTP/1.1" 200 30422 "https://mayaver.com/penthouse/?file=/var/www/vhosts/mayaver.com/httpdocs/wp-content/themes/aihub/woocommerce/single-product/add-to-cart" "Mozilla/5.0 AppleWebKit/537.36 (KHTML, like Gecko; compatible; GPTBot/1.4; +https://openai.com/gptbot)"
74.7.227.0 - - [10/Jun/2026:07:15:40 +0000] "GET /christmas/?file=/var/www/vhosts/mayaver.com/httpdocs/wp-content/themes/aihub/woocommerce/single-product/add-to-cart/external.php HTTP/1.1" 200 30290 "https://mayaver.com/christmas/?file=/var/www/vhosts/mayaver.com/httpdocs/wp-content/themes/aihub/woocommerce/single-product/add-to-cart" "Mozilla/5.0 AppleWebKit/537.36 (KHTML, like Gecko; compatible; GPTBot/1.4; +https://openai.com/gptbot)"
74.7.227.0 - - [10/Jun/2026:07:15:41 +0000] "GET /christmas/?view=/var/www/vhosts/mayaver.com/httpdocs/wp-content/themes/aihub/woocommerce/single-product/tabs/tabs.php HTTP/1.1" 200 4388 "https://mayaver.com/christmas/?file=/var/www/vhosts/mayaver.com/httpdocs/wp-content/themes/aihub/woocommerce/single-product/tabs" "Mozilla/5.0 AppleWebKit/537.36 (KHTML, like Gecko; compatible; GPTBot/1.4; +https://openai.com/gptbot)"
74.7.227.0 - - [10/Jun/2026:07:15:41 +0000] "GET /classroom/?view=/var/www/vhosts/mayaver.com/httpdocs/wp-content/themes/aihub/woocommerce/single-product/tabs/tabs.php HTTP/1.1" 200 4388 "https://mayaver.com/classroom/?file=/var/www/vhosts/mayaver.com/httpdocs/wp-content/themes/aihub/woocommerce/single-product/tabs" "Mozilla/5.0 AppleWebKit/537.36 (KHTML, like Gecko; compatible; GPTBot/1.4; +https://openai.com/gptbot)"
74.7.227.0 - - [10/Jun/2026:07:15:42 +0000] "GET /penthouse/?view=/var/www/vhosts/mayaver.com/httpdocs/wp-content/themes/aihub/woocommerce/single-product/tabs/tabs.php HTTP/1.1" 200 4388 "https://mayaver.com/penthouse/?file=/var/www/vhosts/mayaver.com/httpdocs/wp-content/themes/aihub/woocommerce/single-product/tabs" "Mozilla/5.0 AppleWebKit/537.36 (KHTML, like Gecko; compatible; GPTBot/1.4; +https://openai.com/gptbot)"
74.7.227.0 - - [10/Jun/2026:07:15:42 +0000] "GET /classroom/?view=/var/www/vhosts/mayaver.com/httpdocs/wp-content/themes/aihub/woocommerce/single-product/add-to-cart/external.php HTTP/1.1" 200 4503 "https://mayaver.com/classroom/?file=/var/www/vhosts/mayaver.com/httpdocs/wp-content/themes/aihub/woocommerce/single-product/add-to-cart" "Mozilla/5.0 AppleWebKit/537.36 (KHTML, like Gecko; compatible; GPTBot/1.4; +https://openai.com/gptbot)"
74.7.227.0 - - [10/Jun/2026:07:15:43 +0000] "GET /penthouse/?view=/var/www/vhosts/mayaver.com/httpdocs/wp-content/themes/aihub/woocommerce/single-product/add-to-cart/external.php HTTP/1.1" 200 4503 "https://mayaver.com/penthouse/?file=/var/www/vhosts/mayaver.com/httpdocs/wp-content/themes/aihub/woocommerce/single-product/add-to-cart" "Mozilla/5.0 AppleWebKit/537.36 (KHTML, like Gecko; compatible; GPTBot/1.4; +https://openai.com/gptbot)"
74.7.227.0 - - [10/Jun/2026:07:15:43 +0000] "GET /christmas/?view=/var/www/vhosts/mayaver.com/httpdocs/wp-content/themes/aihub/woocommerce/single-product/add-to-cart/external.php HTTP/1.1" 200 4503 "https://mayaver.com/christmas/?file=/var/www/vhosts/mayaver.com/httpdocs/wp-content/themes/aihub/woocommerce/single-product/add-to-cart" "Mozilla/5.0 AppleWebKit/537.36 (KHTML, like Gecko; compatible; GPTBot/1.4; +https://openai.com/gptbot)"
74.7.227.0 - - [10/Jun/2026:07:15:44 +0000] "GET /classroom/?view=/var/www/vhosts/mayaver.com/httpdocs/wp-content/themes/aihub/woocommerce/single-product/tabs/description.php HTTP/1.1" 200 4124 "https://mayaver.com/classroom/?file=/var/www/vhosts/mayaver.com/httpdocs/wp-content/themes/aihub/woocommerce/single-product/tabs" "Mozilla/5.0 AppleWebKit/537.36 (KHTML, like Gecko; compatible; GPTBot/1.4; +https://openai.com/gptbot)"
74.7.227.0 - - [10/Jun/2026:07:15:44 +0000] "GET /penthouse/?view=/var/www/vhosts/mayaver.com/httpdocs/wp-content/themes/aihub/woocommerce/single-product/tabs/description.php HTTP/1.1" 200 4124 "https://mayaver.com/penthouse/?file=/var/www/vhosts/mayaver.com/httpdocs/wp-content/themes/aihub/woocommerce/single-product/tabs" "Mozilla/5.0 AppleWebKit/537.36 (KHTML, like Gecko; compatible; GPTBot/1.4; +https://openai.com/gptbot)"
74.7.227.0 - - [10/Jun/2026:07:15:45 +0000] "GET /christmas/?edit=/var/www/vhosts/mayaver.com/httpdocs/wp-content/themes/aihub/woocommerce/single-product/tabs/additional-information.php HTTP/1.1" 200 31712 "https://mayaver.com/christmas/?file=/var/www/vhosts/mayaver.com/httpdocs/wp-content/themes/aihub/woocommerce/single-product/tabs" "Mozilla/5.0 AppleWebKit/537.36 (KHTML, like Gecko; compatible; GPTBot/1.4; +https://openai.com/gptbot)"
74.7.227.0 - - [10/Jun/2026:07:15:46 +0000] "GET /penthouse/?rename=/var/www/vhosts/mayaver.com/httpdocs/wp-content/themes/aihub/woocommerce/single-product/tabs/additional-information.php HTTP/1.1" 200 31329 "https://mayaver.com/penthouse/?file=/var/www/vhosts/mayaver.com/httpdocs/wp-content/themes/aihub/woocommerce/single-product/tabs" "Mozilla/5.0 AppleWebKit/537.36 (KHTML, like Gecko; compatible; GPTBot/1.4; +https://openai.com/gptbot)"
74.7.227.0 - - [10/Jun/2026:07:15:47 +0000] "GET /christmas/?rename=/var/www/vhosts/mayaver.com/httpdocs/wp-content/themes/aihub/woocommerce/single-product/tabs/additional-information.php HTTP/1.1" 200 31197 "https://mayaver.com/christmas/?file=/var/www/vhosts/mayaver.com/httpdocs/wp-content/themes/aihub/woocommerce/single-product/tabs" "Mozilla/5.0 AppleWebKit/537.36 (KHTML, like Gecko; compatible; GPTBot/1.4; +https://openai.com/gptbot)"
74.7.227.0 - - [10/Jun/2026:07:15:48 +0000] "GET /classroom/?rename=/var/www/vhosts/mayaver.com/httpdocs/wp-content/themes/aihub/woocommerce/single-product/tabs/additional-information.php HTTP/1.1" 200 31214 "https://mayaver.com/classroom/?file=/var/www/vhosts/mayaver.com/httpdocs/wp-content/themes/aihub/woocommerce/single-product/tabs" "Mozilla/5.0 AppleWebKit/537.36 (KHTML, like Gecko; compatible; GPTBot/1.4; +https://openai.com/gptbot)"
74.7.227.0 - - [10/Jun/2026:07:15:49 +0000] "GET /penthouse/?edit=/var/www/vhosts/mayaver.com/httpdocs/wp-content/themes/aihub/woocommerce/single-product/tabs/additional-information.php HTTP/1.1" 200 31851 "https://mayaver.com/penthouse/?file=/var/www/vhosts/mayaver.com/httpdocs/wp-content/themes/aihub/woocommerce/single-product/tabs" "Mozilla/5.0 AppleWebKit/537.36 (KHTML, like Gecko; compatible; GPTBot/1.4; +https://openai.com/gptbot)"
74.7.227.0 - - [10/Jun/2026:07:15:49 +0000] "GET /classroom/?edit=/var/www/vhosts/mayaver.com/httpdocs/wp-content/themes/aihub/woocommerce/single-product/tabs/additional-information.php HTTP/1.1" 200 31730 "https://mayaver.com/classroom/?file=/var/www/vhosts/mayaver.com/httpdocs/wp-content/themes/aihub/woocommerce/single-product/tabs" "Mozilla/5.0 AppleWebKit/537.36 (KHTML, like Gecko; compatible; GPTBot/1.4; +https://openai.com/gptbot)"
74.7.227.0 - - [10/Jun/2026:07:15:50 +0000] "GET /classroom/?view=/var/www/vhosts/mayaver.com/httpdocs/wp-content/themes/aihub/woocommerce/single-product/add-to-cart/grouped.php HTTP/1.1" 200 5817 "https://mayaver.com/classroom/?file=/var/www/vhosts/mayaver.com/httpdocs/wp-content/themes/aihub/woocommerce/single-product/add-to-cart" "Mozilla/5.0 AppleWebKit/537.36 (KHTML, like Gecko; compatible; GPTBot/1.4; +https://openai.com/gptbot)"
74.7.227.0 - - [10/Jun/2026:07:15:51 +0000] "GET /penthouse/?view=/var/www/vhosts/mayaver.com/httpdocs/wp-content/themes/aihub/woocommerce/single-product/add-to-cart/grouped.php HTTP/1.1" 200 5817 "https://mayaver.com/penthouse/?file=/var/www/vhosts/mayaver.com/httpdocs/wp-content/themes/aihub/woocommerce/single-product/add-to-cart" "Mozilla/5.0 AppleWebKit/537.36 (KHTML, like Gecko; compatible; GPTBot/1.4; +https://openai.com/gptbot)"
74.7.227.0 - - [10/Jun/2026:07:15:51 +0000] "GET /classroom/?view=/var/www/vhosts/mayaver.com/httpdocs/wp-content/themes/aihub/woocommerce/single-product/add-to-cart/simple.php HTTP/1.1" 200 4949 "https://mayaver.com/classroom/?file=/var/www/vhosts/mayaver.com/httpdocs/wp-content/themes/aihub/woocommerce/single-product/add-to-cart" "Mozilla/5.0 AppleWebKit/537.36 (KHTML, like Gecko; compatible; GPTBot/1.4; +https://openai.com/gptbot)"
74.7.227.0 - - [10/Jun/2026:07:15:52 +0000] "GET /penthouse/?view=/var/www/vhosts/mayaver.com/httpdocs/wp-content/themes/aihub/woocommerce/single-product/add-to-cart/simple.php HTTP/1.1" 200 4949 "https://mayaver.com/penthouse/?file=/var/www/vhosts/mayaver.com/httpdocs/wp-content/themes/aihub/woocommerce/single-product/add-to-cart" "Mozilla/5.0 AppleWebKit/537.36 (KHTML, like Gecko; compatible; GPTBot/1.4; +https://openai.com/gptbot)"
74.7.227.0 - - [10/Jun/2026:07:15:52 +0000] "GET /christmas/?view=/var/www/vhosts/mayaver.com/httpdocs/wp-content/themes/aihub/woocommerce/single-product/add-to-cart/grouped.php HTTP/1.1" 200 5817 "https://mayaver.com/christmas/?file=/var/www/vhosts/mayaver.com/httpdocs/wp-content/themes/aihub/woocommerce/single-product/add-to-cart" "Mozilla/5.0 AppleWebKit/537.36 (KHTML, like Gecko; compatible; GPTBot/1.4; +https://openai.com/gptbot)"
74.7.227.0 - - [10/Jun/2026:07:15:53 +0000] "GET /christmas/?view=/var/www/vhosts/mayaver.com/httpdocs/wp-content/themes/aihub/woocommerce/single-product/add-to-cart/simple.php HTTP/1.1" 200 4949 "https://mayaver.com/christmas/?file=/var/www/vhosts/mayaver.com/httpdocs/wp-content/themes/aihub/woocommerce/single-product/add-to-cart" "Mozilla/5.0 AppleWebKit/537.36 (KHTML, like Gecko; compatible; GPTBot/1.4; +https://openai.com/gptbot)"
74.7.227.0 - - [10/Jun/2026:07:15:53 +0000] "GET /penthouse/?file=/var/www/vhosts/mayaver.com/httpdocs/wp-content/themes/aihub/woocommerce/single-product/tabs/additional-information.php HTTP/1.1" 200 30428 "https://mayaver.com/penthouse/?file=/var/www/vhosts/mayaver.com/httpdocs/wp-content/themes/aihub/woocommerce/single-product/tabs" "Mozilla/5.0 AppleWebKit/537.36 (KHTML, like Gecko; compatible; GPTBot/1.4; +https://openai.com/gptbot)"
216.73.217.123 - - [10/Jun/2026:07:15:54 +0000] "GET /items/f90845913805/ HTTP/1.1" 404 115176 "-" "Mozilla/5.0 AppleWebKit/537.36 (KHTML, like Gecko; compatible; ClaudeBot/1.0; +claudebot@anthropic.com)"
74.7.227.0 - - [10/Jun/2026:07:15:54 +0000] "GET /christmas/?file=/var/www/vhosts/mayaver.com/httpdocs/wp-content/themes/aihub/woocommerce/single-product/tabs/additional-information.php HTTP/1.1" 200 30295 "https://mayaver.com/christmas/?file=/var/www/vhosts/mayaver.com/httpdocs/wp-content/themes/aihub/woocommerce/single-product/tabs" "Mozilla/5.0 AppleWebKit/537.36 (KHTML, like Gecko; compatible; GPTBot/1.4; +https://openai.com/gptbot)"
74.7.227.0 - - [10/Jun/2026:07:15:55 +0000] "GET /classroom/?file=/var/www/vhosts/mayaver.com/httpdocs/wp-content/themes/aihub/woocommerce/single-product/tabs/additional-information.php HTTP/1.1" 200 30314 "https://mayaver.com/classroom/?file=/var/www/vhosts/mayaver.com/httpdocs/wp-content/themes/aihub/woocommerce/single-product/tabs" "Mozilla/5.0 AppleWebKit/537.36 (KHTML, like Gecko; compatible; GPTBot/1.4; +https://openai.com/gptbot)"
74.7.227.0 - - [10/Jun/2026:07:15:56 +0000] "GET /classroom/?file=/var/www/vhosts/mayaver.com/httpdocs/wp-content/themes/aihub/woocommerce/single-product/add-to-cart/simple.php HTTP/1.1" 200 30306 "https://mayaver.com/classroom/?file=/var/www/vhosts/mayaver.com/httpdocs/wp-content/themes/aihub/woocommerce/single-product/add-to-cart" "Mozilla/5.0 AppleWebKit/537.36 (KHTML, like Gecko; compatible; GPTBot/1.4; +https://openai.com/gptbot)"
74.7.227.0 - - [10/Jun/2026:07:15:57 +0000] "GET /penthouse/?view=/var/www/vhosts/mayaver.com/httpdocs/wp-content/themes/aihub/woocommerce/single-product/availability.php HTTP/1.1" 200 4052 "https://mayaver.com/penthouse/?file=/var/www/vhosts/mayaver.com/httpdocs/wp-content/themes/aihub/woocommerce/single-product" "Mozilla/5.0 AppleWebKit/537.36 (KHTML, like Gecko; compatible; GPTBot/1.4; +https://openai.com/gptbot)"
74.7.227.0 - - [10/Jun/2026:07:15:58 +0000] "GET /classroom/'%20.%20esc_url(%20apply_filters(%20'woocommerce_grouped_product_list_link',%20$grouped_product_child-%3Eget_permalink(),%20$grouped_product_child-%3Eget_id()%20)%20)%20.%20' HTTP/1.1" 301 17910 "https://mayaver.com/classroom/?view=/var/www/vhosts/mayaver.com/httpdocs/wp-content/themes/aihub/woocommerce/single-product/add-to-cart/grouped.php" "Mozilla/5.0 AppleWebKit/537.36 (KHTML, like Gecko; compatible; GPTBot/1.4; +https://openai.com/gptbot)"
74.7.227.0 - - [10/Jun/2026:07:15:58 +0000] "GET /classroom/%20.%20esc_url(%20apply_filters(%20woocommerce_grouped_product_list_link,%20grouped_product_child-%3Eget_permalink(),%20grouped_product_child-%3Eget_id()%20)%20)%20.%20 HTTP/1.1" 301 17893 "https://mayaver.com/classroom/'%20.%20esc_url(%20apply_filters(%20'woocommerce_grouped_product_list_link',%20$grouped_product_child-%3Eget_permalink(),%20$grouped_product_child-%3Eget_id()%20)%20)%20.%20'" "Mozilla/5.0 AppleWebKit/537.36 (KHTML, like Gecko; compatible; GPTBot/1.4; +https://openai.com/gptbot)"
74.7.227.0 - - [10/Jun/2026:07:15:59 +0000] "GET /classroom/%20.%20esc_url(%20apply_filters(%20woocommerce_grouped_product_list_link,%20grouped_product_child-%3Eget_permalink(),%20grouped_product_child-%3Eget_id HTTP/1.1" 404 115123 "https://mayaver.com/classroom/%20.%20esc_url(%20apply_filters(%20woocommerce_grouped_product_list_link,%20grouped_product_child-%3Eget_permalink(),%20grouped_product_child-%3Eget_id()%20)%20)%20.%20" "Mozilla/5.0 AppleWebKit/537.36 (KHTML, like Gecko; compatible; GPTBot/1.4; +https://openai.com/gptbot)"
74.7.227.0 - - [10/Jun/2026:07:16:00 +0000] "GET /penthouse/'%20.%20esc_url(%20apply_filters(%20'woocommerce_grouped_product_list_link',%20$grouped_product_child-%3Eget_permalink(),%20$grouped_product_child-%3Eget_id()%20)%20)%20.%20' HTTP/1.1" 301 17910 "https://mayaver.com/penthouse/?view=/var/www/vhosts/mayaver.com/httpdocs/wp-content/themes/aihub/woocommerce/single-product/add-to-cart/grouped.php" "Mozilla/5.0 AppleWebKit/537.36 (KHTML, like Gecko; compatible; GPTBot/1.4; +https://openai.com/gptbot)"
74.7.227.0 - - [10/Jun/2026:07:16:00 +0000] "GET /penthouse/%20.%20esc_url(%20apply_filters(%20woocommerce_grouped_product_list_link,%20grouped_product_child-%3Eget_permalink(),%20grouped_product_child-%3Eget_id()%20)%20)%20.%20 HTTP/1.1" 301 17893 "https://mayaver.com/penthouse/'%20.%20esc_url(%20apply_filters(%20'woocommerce_grouped_product_list_link',%20$grouped_product_child-%3Eget_permalink(),%20$grouped_product_child-%3Eget_id()%20)%20)%20.%20'" "Mozilla/5.0 AppleWebKit/537.36 (KHTML, like Gecko; compatible; GPTBot/1.4; +https://openai.com/gptbot)"
74.7.227.0 - - [10/Jun/2026:07:16:01 +0000] "GET /penthouse/%20.%20esc_url(%20apply_filters(%20woocommerce_grouped_product_list_link,%20grouped_product_child-%3Eget_permalink(),%20grouped_product_child-%3Eget_id HTTP/1.1" 404 115123 "https://mayaver.com/penthouse/%20.%20esc_url(%20apply_filters(%20woocommerce_grouped_product_list_link,%20grouped_product_child-%3Eget_permalink(),%20grouped_product_child-%3Eget_id()%20)%20)%20.%20" "Mozilla/5.0 AppleWebKit/537.36 (KHTML, like Gecko; compatible; GPTBot/1.4; +https://openai.com/gptbot)"
74.7.227.0 - - [10/Jun/2026:07:16:02 +0000] "GET /classroom/?file=/var/www/vhosts/mayaver.com/httpdocs/wp-content/themes/aihub/woocommerce/single-product/add-to-cart/grouped.php HTTP/1.1" 200 30308 "https://mayaver.com/classroom/?file=/var/www/vhosts/mayaver.com/httpdocs/wp-content/themes/aihub/woocommerce/single-product/add-to-cart" "Mozilla/5.0 AppleWebKit/537.36 (KHTML, like Gecko; compatible; GPTBot/1.4; +https://openai.com/gptbot)"
74.7.227.0 - - [10/Jun/2026:07:16:02 +0000] "GET /penthouse/?file=/var/www/vhosts/mayaver.com/httpdocs/wp-content/themes/aihub/woocommerce/single-product/add-to-cart/simple.php HTTP/1.1" 200 30420 "https://mayaver.com/penthouse/?file=/var/www/vhosts/mayaver.com/httpdocs/wp-content/themes/aihub/woocommerce/single-product/add-to-cart" "Mozilla/5.0 AppleWebKit/537.36 (KHTML, like Gecko; compatible; GPTBot/1.4; +https://openai.com/gptbot)"
74.7.227.0 - - [10/Jun/2026:07:16:03 +0000] "GET /christmas/'%20.%20esc_url(%20apply_filters(%20'woocommerce_grouped_product_list_link',%20$grouped_product_child-%3Eget_permalink(),%20$grouped_product_child-%3Eget_id()%20)%20)%20.%20' HTTP/1.1" 301 17910 "https://mayaver.com/christmas/?view=/var/www/vhosts/mayaver.com/httpdocs/wp-content/themes/aihub/woocommerce/single-product/add-to-cart/grouped.php" "Mozilla/5.0 AppleWebKit/537.36 (KHTML, like Gecko; compatible; GPTBot/1.4; +https://openai.com/gptbot)"
74.7.227.0 - - [10/Jun/2026:07:16:04 +0000] "GET /christmas/%20.%20esc_url(%20apply_filters(%20woocommerce_grouped_product_list_link,%20grouped_product_child-%3Eget_permalink(),%20grouped_product_child-%3Eget_id()%20)%20)%20.%20 HTTP/1.1" 301 17893 "https://mayaver.com/christmas/'%20.%20esc_url(%20apply_filters(%20'woocommerce_grouped_product_list_link',%20$grouped_product_child-%3Eget_permalink(),%20$grouped_product_child-%3Eget_id()%20)%20)%20.%20'" "Mozilla/5.0 AppleWebKit/537.36 (KHTML, like Gecko; compatible; GPTBot/1.4; +https://openai.com/gptbot)"
74.7.227.0 - - [10/Jun/2026:07:16:05 +0000] "GET /christmas/%20.%20esc_url(%20apply_filters(%20woocommerce_grouped_product_list_link,%20grouped_product_child-%3Eget_permalink(),%20grouped_product_child-%3Eget_id HTTP/1.1" 404 115123 "https://mayaver.com/christmas/%20.%20esc_url(%20apply_filters(%20woocommerce_grouped_product_list_link,%20grouped_product_child-%3Eget_permalink(),%20grouped_product_child-%3Eget_id()%20)%20)%20.%20" "Mozilla/5.0 AppleWebKit/537.36 (KHTML, like Gecko; compatible; GPTBot/1.4; +https://openai.com/gptbot)"
74.7.227.0 - - [10/Jun/2026:07:16:05 +0000] "GET /christmas/?file=/var/www/vhosts/mayaver.com/httpdocs/wp-content/themes/aihub/woocommerce/single-product/add-to-cart/grouped.php HTTP/1.1" 200 30289 "https://mayaver.com/christmas/?file=/var/www/vhosts/mayaver.com/httpdocs/wp-content/themes/aihub/woocommerce/single-product/add-to-cart" "Mozilla/5.0 AppleWebKit/537.36 (KHTML, like Gecko; compatible; GPTBot/1.4; +https://openai.com/gptbot)"
74.7.227.0 - - [10/Jun/2026:07:16:06 +0000] "GET /penthouse/?file=/var/www/vhosts/mayaver.com/httpdocs/wp-content/themes/aihub/woocommerce/single-product/add-to-cart/grouped.php HTTP/1.1" 200 30422 "https://mayaver.com/penthouse/?file=/var/www/vhosts/mayaver.com/httpdocs/wp-content/themes/aihub/woocommerce/single-product/add-to-cart" "Mozilla/5.0 AppleWebKit/537.36 (KHTML, like Gecko; compatible; GPTBot/1.4; +https://openai.com/gptbot)"
74.7.227.0 - - [10/Jun/2026:07:16:07 +0000] "GET /fashion-show/?file=/var/www/vhosts/mayaver.com/httpdocs/wp-content/themes/aihub/assets/js/minified/behaviors/toggle-slide.js HTTP/1.1" 200 30346 "https://mayaver.com/fashion-show/?file=/var/www/vhosts/mayaver.com/httpdocs/wp-content/themes/aihub/assets/js/minified/behaviors" "Mozilla/5.0 AppleWebKit/537.36 (KHTML, like Gecko; compatible; GPTBot/1.4; +https://openai.com/gptbot)"
74.7.227.0 - - [10/Jun/2026:07:16:08 +0000] "GET /fashion-show/?file=/var/www/vhosts/mayaver.com/httpdocs/wp-content/themes/aihub/assets/js/minified/behaviors/toggle-fade.js HTTP/1.1" 200 30346 "https://mayaver.com/fashion-show/?file=/var/www/vhosts/mayaver.com/httpdocs/wp-content/themes/aihub/assets/js/minified/behaviors" "Mozilla/5.0 AppleWebKit/537.36 (KHTML, like Gecko; compatible; GPTBot/1.4; +https://openai.com/gptbot)"
