216.73.217.123 - - [10/Jun/2026:07:22:40 +0000] "GET /items/m90814029410/ HTTP/1.1" 404 115176 "-" "Mozilla/5.0 AppleWebKit/537.36 (KHTML, like Gecko; compatible; ClaudeBot/1.0; +claudebot@anthropic.com)"
57.141.2.29 - - [10/Jun/2026:07:22:41 +0000] "GET /products/chrome-hearts-roll-chain-necklace/24549921/ HTTP/1.1" 404 115176 "-" "meta-externalagent/1.1 (+https://developers.facebook.com/docs/sharing/webmasters/crawler)"
216.73.217.123 - - [10/Jun/2026:07:22:41 +0000] "GET /items/d90814053971/ HTTP/1.1" 404 115176 "-" "Mozilla/5.0 AppleWebKit/537.36 (KHTML, like Gecko; compatible; ClaudeBot/1.0; +claudebot@anthropic.com)"
216.73.217.123 - - [10/Jun/2026:07:22:43 +0000] "GET /items/f90811312715/ HTTP/1.1" 404 115114 "-" "Mozilla/5.0 AppleWebKit/537.36 (KHTML, like Gecko; compatible; ClaudeBot/1.0; +claudebot@anthropic.com)"
216.73.217.123 - - [10/Jun/2026:07:22:43 +0000] "GET /items/n9079475601/ HTTP/1.1" 404 115123 "-" "Mozilla/5.0 AppleWebKit/537.36 (KHTML, like Gecko; compatible; ClaudeBot/1.0; +claudebot@anthropic.com)"
216.73.217.123 - - [10/Jun/2026:07:22:43 +0000] "GET /items/s90811010036/ HTTP/1.1" 404 115123 "-" "Mozilla/5.0 AppleWebKit/537.36 (KHTML, like Gecko; compatible; ClaudeBot/1.0; +claudebot@anthropic.com)"
74.7.227.0 - - [10/Jun/2026:07:22:41 +0000] "GET /?edit=%2Fvar%2Fwww%2Fvhosts%2Fmayaver.com%2Fhttpdocs%2Fwp-content%2Fthemes%2Faihub%2Fbbpress%2Fuser-subscriptions.php HTTP/1.1" 200 39514 "https://mayaver.com/?edit=/var/www/vhosts/mayaver.com/httpdocs/wp-content/themes/aihub/bbpress/user-subscriptions.php" "Mozilla/5.0 AppleWebKit/537.36 (KHTML, like Gecko; compatible; GPTBot/1.4; +https://openai.com/gptbot)"
216.73.217.123 - - [10/Jun/2026:07:22:43 +0000] "GET /items/a90811270850/ HTTP/1.1" 404 115108 "-" "Mozilla/5.0 AppleWebKit/537.36 (KHTML, like Gecko; compatible; ClaudeBot/1.0; +claudebot@anthropic.com)"
216.73.217.123 - - [10/Jun/2026:07:22:43 +0000] "GET /items/h9080526295/ HTTP/1.1" 404 115123 "-" "Mozilla/5.0 AppleWebKit/537.36 (KHTML, like Gecko; compatible; ClaudeBot/1.0; +claudebot@anthropic.com)"
216.73.217.123 - - [10/Jun/2026:07:22:43 +0000] "GET /items/a90821853588/ HTTP/1.1" 404 115114 "-" "Mozilla/5.0 AppleWebKit/537.36 (KHTML, like Gecko; compatible; ClaudeBot/1.0; +claudebot@anthropic.com)"
216.73.217.123 - - [10/Jun/2026:07:22:43 +0000] "GET /items/x90821928075/ HTTP/1.1" 404 115123 "-" "Mozilla/5.0 AppleWebKit/537.36 (KHTML, like Gecko; compatible; ClaudeBot/1.0; +claudebot@anthropic.com)"
216.73.217.123 - - [10/Jun/2026:07:22:43 +0000] "GET /items/d90835442761/ HTTP/1.1" 404 115114 "-" "Mozilla/5.0 AppleWebKit/537.36 (KHTML, like Gecko; compatible; ClaudeBot/1.0; +claudebot@anthropic.com)"
216.73.217.123 - - [10/Jun/2026:07:22:43 +0000] "GET /items/h90821760411/ HTTP/1.1" 404 115114 "-" "Mozilla/5.0 AppleWebKit/537.36 (KHTML, like Gecko; compatible; ClaudeBot/1.0; +claudebot@anthropic.com)"
216.73.217.123 - - [10/Jun/2026:07:22:44 +0000] "GET /items/x90796479765/ HTTP/1.1" 404 115123 "-" "Mozilla/5.0 AppleWebKit/537.36 (KHTML, like Gecko; compatible; ClaudeBot/1.0; +claudebot@anthropic.com)"
216.73.217.123 - - [10/Jun/2026:07:22:45 +0000] "GET /items/t90842868595/ HTTP/1.1" 404 115114 "-" "Mozilla/5.0 AppleWebKit/537.36 (KHTML, like Gecko; compatible; ClaudeBot/1.0; +claudebot@anthropic.com)"
216.73.217.123 - - [10/Jun/2026:07:22:45 +0000] "GET /items/u9080904946/ HTTP/1.1" 404 115108 "-" "Mozilla/5.0 AppleWebKit/537.36 (KHTML, like Gecko; compatible; ClaudeBot/1.0; +claudebot@anthropic.com)"
216.73.217.123 - - [10/Jun/2026:07:22:45 +0000] "GET /items/k90821535540/ HTTP/1.1" 404 115123 "-" "Mozilla/5.0 AppleWebKit/537.36 (KHTML, like Gecko; compatible; ClaudeBot/1.0; +claudebot@anthropic.com)"
216.73.217.123 - - [10/Jun/2026:07:22:45 +0000] "GET /items/f9079430535/ HTTP/1.1" 404 115123 "-" "Mozilla/5.0 AppleWebKit/537.36 (KHTML, like Gecko; compatible; ClaudeBot/1.0; +claudebot@anthropic.com)"
216.73.217.123 - - [10/Jun/2026:07:22:45 +0000] "GET /items/m90811274996/ HTTP/1.1" 404 115123 "-" "Mozilla/5.0 AppleWebKit/537.36 (KHTML, like Gecko; compatible; ClaudeBot/1.0; +claudebot@anthropic.com)"
57.141.2.26 - - [10/Jun/2026:07:22:46 +0000] "GET /products/vintage-california-imperial-jacket-mens-large-beige-lined-wi/59706465/ HTTP/1.1" 404 115167 "-" "meta-externalagent/1.1 (+https://developers.facebook.com/docs/sharing/webmasters/crawler)"
216.73.217.123 - - [10/Jun/2026:07:22:46 +0000] "GET /items/r90793052309/ HTTP/1.1" 404 115123 "-" "Mozilla/5.0 AppleWebKit/537.36 (KHTML, like Gecko; compatible; ClaudeBot/1.0; +claudebot@anthropic.com)"
216.73.217.123 - - [10/Jun/2026:07:22:46 +0000] "GET /items/a90811498376/ HTTP/1.1" 404 115108 "-" "Mozilla/5.0 AppleWebKit/537.36 (KHTML, like Gecko; compatible; ClaudeBot/1.0; +claudebot@anthropic.com)"
216.73.217.123 - - [10/Jun/2026:07:22:46 +0000] "GET /items/f90827729957/ HTTP/1.1" 404 115114 "-" "Mozilla/5.0 AppleWebKit/537.36 (KHTML, like Gecko; compatible; ClaudeBot/1.0; +claudebot@anthropic.com)"
216.73.217.123 - - [10/Jun/2026:07:22:46 +0000] "GET /items/e90814010890/ HTTP/1.1" 404 115123 "-" "Mozilla/5.0 AppleWebKit/537.36 (KHTML, like Gecko; compatible; ClaudeBot/1.0; +claudebot@anthropic.com)"
74.7.227.0 - - [10/Jun/2026:07:22:45 +0000] "GET /?rename=%2Fvar%2Fwww%2Fvhosts%2Fmayaver.com%2Fhttpdocs%2Fwp-content%2Fthemes%2Faihub%2Fbbpress%2Fcontent-archive-topic.php HTTP/1.1" 200 39088 "https://mayaver.com/?rename=/var/www/vhosts/mayaver.com/httpdocs/wp-content/themes/aihub/bbpress/content-archive-topic.php" "Mozilla/5.0 AppleWebKit/537.36 (KHTML, like Gecko; compatible; GPTBot/1.4; +https://openai.com/gptbot)"
216.73.217.123 - - [10/Jun/2026:07:22:47 +0000] "GET /items/m90848720590/ HTTP/1.1" 404 115114 "-" "Mozilla/5.0 AppleWebKit/537.36 (KHTML, like Gecko; compatible; ClaudeBot/1.0; +claudebot@anthropic.com)"
216.73.217.123 - - [10/Jun/2026:07:22:47 +0000] "GET /items/n9079454463/ HTTP/1.1" 404 115123 "-" "Mozilla/5.0 AppleWebKit/537.36 (KHTML, like Gecko; compatible; ClaudeBot/1.0; +claudebot@anthropic.com)"
216.73.217.123 - - [10/Jun/2026:07:22:47 +0000] "GET /items/t90806914065/ HTTP/1.1" 404 115114 "-" "Mozilla/5.0 AppleWebKit/537.36 (KHTML, like Gecko; compatible; ClaudeBot/1.0; +claudebot@anthropic.com)"
216.73.217.123 - - [10/Jun/2026:07:22:48 +0000] "GET /items/r90835213845/ HTTP/1.1" 404 115108 "-" "Mozilla/5.0 AppleWebKit/537.36 (KHTML, like Gecko; compatible; ClaudeBot/1.0; +claudebot@anthropic.com)"
216.73.217.123 - - [10/Jun/2026:07:22:48 +0000] "GET /items/t90806985357/ HTTP/1.1" 404 115123 "-" "Mozilla/5.0 AppleWebKit/537.36 (KHTML, like Gecko; compatible; ClaudeBot/1.0; +claudebot@anthropic.com)"
216.73.217.123 - - [10/Jun/2026:07:22:48 +0000] "GET /items/d90793456725/ HTTP/1.1" 404 115114 "-" "Mozilla/5.0 AppleWebKit/537.36 (KHTML, like Gecko; compatible; ClaudeBot/1.0; +claudebot@anthropic.com)"
216.73.217.123 - - [10/Jun/2026:07:22:48 +0000] "GET /items/m90806543116/ HTTP/1.1" 404 115123 "-" "Mozilla/5.0 AppleWebKit/537.36 (KHTML, like Gecko; compatible; ClaudeBot/1.0; +claudebot@anthropic.com)"
216.73.217.123 - - [10/Jun/2026:07:22:48 +0000] "GET /items/n9080808505/ HTTP/1.1" 404 115123 "-" "Mozilla/5.0 AppleWebKit/537.36 (KHTML, like Gecko; compatible; ClaudeBot/1.0; +claudebot@anthropic.com)"
216.73.217.123 - - [10/Jun/2026:07:22:49 +0000] "GET /items/s90842998984/ HTTP/1.1" 404 115114 "-" "Mozilla/5.0 AppleWebKit/537.36 (KHTML, like Gecko; compatible; ClaudeBot/1.0; +claudebot@anthropic.com)"
57.141.2.57 - - [10/Jun/2026:07:22:49 +0000] "GET /products/thom-browne-pink-shirt/25496841/ HTTP/1.1" 404 115176 "-" "meta-externalagent/1.1 (+https://developers.facebook.com/docs/sharing/webmasters/crawler)"
74.7.227.0 - - [10/Jun/2026:07:22:50 +0000] "GET /?rename=%2Fvar%2Fwww%2Fvhosts%2Fmayaver.com%2Fhttpdocs%2Fwp-content%2Fthemes%2Faihub%2Fbbpress%2Fcontent-single-user.php HTTP/1.1" 200 39085 "https://mayaver.com/?rename=/var/www/vhosts/mayaver.com/httpdocs/wp-content/themes/aihub/bbpress/content-single-user.php" "Mozilla/5.0 AppleWebKit/537.36 (KHTML, like Gecko; compatible; GPTBot/1.4; +https://openai.com/gptbot)"
51.15.160.8 - - [10/Jun/2026:07:22:50 +0000] "GET /wp-json/wp/v2/users/me HTTP/1.1" 401 17996 "-" "Mozilla/5.0 (X11; Fedora; Linux x86_64) AppleWebKit/537.36 (KHTML, like Gecko) Chrome/133.0.0.0 Safari/537.36"
74.7.227.0 - - [10/Jun/2026:07:22:51 +0000] "GET /?rename=%2Fvar%2Fwww%2Fvhosts%2Fmayaver.com%2Fhttpdocs%2Fwp-content%2Fthemes%2Faihub%2Fbbpress%2Fcontent-statistics.php HTTP/1.1" 200 39088 "https://mayaver.com/?rename=/var/www/vhosts/mayaver.com/httpdocs/wp-content/themes/aihub/bbpress/content-statistics.php" "Mozilla/5.0 AppleWebKit/537.36 (KHTML, like Gecko; compatible; GPTBot/1.4; +https://openai.com/gptbot)"
74.7.227.0 - - [10/Jun/2026:07:22:52 +0000] "GET /?edit=/var/www/vhosts/mayaver.com/httpdocs/wp-content/themes/aihub/bbpress/content-archive-topic.php HTTP/1.1" 301 19177 "https://mayaver.com/?file=/var/www/vhosts/mayaver.com/httpdocs/wp-content/themes/aihub/bbpress" "Mozilla/5.0 AppleWebKit/537.36 (KHTML, like Gecko; compatible; GPTBot/1.4; +https://openai.com/gptbot)"
74.7.227.0 - - [10/Jun/2026:07:22:53 +0000] "GET /?edit=%2Fvar%2Fwww%2Fvhosts%2Fmayaver.com%2Fhttpdocs%2Fwp-content%2Fthemes%2Faihub%2Fbbpress%2Fcontent-archive-topic.php HTTP/1.1" 200 39409 "https://mayaver.com/?edit=/var/www/vhosts/mayaver.com/httpdocs/wp-content/themes/aihub/bbpress/content-archive-topic.php" "Mozilla/5.0 AppleWebKit/537.36 (KHTML, like Gecko; compatible; GPTBot/1.4; +https://openai.com/gptbot)"
216.73.217.123 - - [10/Jun/2026:07:22:54 +0000] "GET /items/q90821730000/ HTTP/1.1" 404 115167 "-" "Mozilla/5.0 AppleWebKit/537.36 (KHTML, like Gecko; compatible; ClaudeBot/1.0; +claudebot@anthropic.com)"
216.73.217.123 - - [10/Jun/2026:07:22:54 +0000] "GET /items/m90845539256/ HTTP/1.1" 404 115161 "-" "Mozilla/5.0 AppleWebKit/537.36 (KHTML, like Gecko; compatible; ClaudeBot/1.0; +claudebot@anthropic.com)"
216.73.217.123 - - [10/Jun/2026:07:22:54 +0000] "GET /items/h9080678785/ HTTP/1.1" 404 115176 "-" "Mozilla/5.0 AppleWebKit/537.36 (KHTML, like Gecko; compatible; ClaudeBot/1.0; +claudebot@anthropic.com)"
216.73.217.123 - - [10/Jun/2026:07:22:54 +0000] "GET /items/m90845924186/ HTTP/1.1" 404 115167 "-" "Mozilla/5.0 AppleWebKit/537.36 (KHTML, like Gecko; compatible; ClaudeBot/1.0; +claudebot@anthropic.com)"
216.73.217.123 - - [10/Jun/2026:07:22:54 +0000] "GET /items/a90793235280/ HTTP/1.1" 404 115176 "-" "Mozilla/5.0 AppleWebKit/537.36 (KHTML, like Gecko; compatible; ClaudeBot/1.0; +claudebot@anthropic.com)"
216.73.217.123 - - [10/Jun/2026:07:22:54 +0000] "GET /items/u90821775738/ HTTP/1.1" 404 115176 "-" "Mozilla/5.0 AppleWebKit/537.36 (KHTML, like Gecko; compatible; ClaudeBot/1.0; +claudebot@anthropic.com)"
216.73.217.123 - - [10/Jun/2026:07:22:54 +0000] "GET /items/k90803835838/ HTTP/1.1" 404 115176 "-" "Mozilla/5.0 AppleWebKit/537.36 (KHTML, like Gecko; compatible; ClaudeBot/1.0; +claudebot@anthropic.com)"
216.73.217.123 - - [10/Jun/2026:07:22:54 +0000] "GET /items/n90832369285/ HTTP/1.1" 404 115176 "-" "Mozilla/5.0 AppleWebKit/537.36 (KHTML, like Gecko; compatible; ClaudeBot/1.0; +claudebot@anthropic.com)"
216.73.217.123 - - [10/Jun/2026:07:22:54 +0000] "GET /items/y90803593480/ HTTP/1.1" 404 115176 "-" "Mozilla/5.0 AppleWebKit/537.36 (KHTML, like Gecko; compatible; ClaudeBot/1.0; +claudebot@anthropic.com)"
216.73.217.123 - - [10/Jun/2026:07:22:54 +0000] "GET /items/l9080503705/ HTTP/1.1" 404 115176 "-" "Mozilla/5.0 AppleWebKit/537.36 (KHTML, like Gecko; compatible; ClaudeBot/1.0; +claudebot@anthropic.com)"
74.7.227.0 - - [10/Jun/2026:07:22:54 +0000] "GET /?rename=/var/www/vhosts/mayaver.com/httpdocs/wp-content/themes/aihub/bbpress/content-topic-tag-edit.php HTTP/1.1" 301 18135 "https://mayaver.com/?file=/var/www/vhosts/mayaver.com/httpdocs/wp-content/themes/aihub/bbpress" "Mozilla/5.0 AppleWebKit/537.36 (KHTML, like Gecko; compatible; GPTBot/1.4; +https://openai.com/gptbot)"
216.73.217.123 - - [10/Jun/2026:07:22:54 +0000] "GET /items/y90793028916/ HTTP/1.1" 404 115176 "-" "Mozilla/5.0 AppleWebKit/537.36 (KHTML, like Gecko; compatible; ClaudeBot/1.0; +claudebot@anthropic.com)"
57.141.2.35 - - [10/Jun/2026:07:22:54 +0000] "GET /products/prada-parachute-trench-coat/26577417/ HTTP/1.1" 404 115176 "-" "meta-externalagent/1.1 (+https://developers.facebook.com/docs/sharing/webmasters/crawler)"
216.73.217.123 - - [10/Jun/2026:07:22:56 +0000] "GET /items/x9079467291/ HTTP/1.1" 404 115108 "-" "Mozilla/5.0 AppleWebKit/537.36 (KHTML, like Gecko; compatible; ClaudeBot/1.0; +claudebot@anthropic.com)"
216.73.217.123 - - [10/Jun/2026:07:22:56 +0000] "GET /items/l9080610955/ HTTP/1.1" 404 115114 "-" "Mozilla/5.0 AppleWebKit/537.36 (KHTML, like Gecko; compatible; ClaudeBot/1.0; +claudebot@anthropic.com)"
216.73.217.123 - - [10/Jun/2026:07:22:57 +0000] "GET /items/k90811097336/ HTTP/1.1" 404 115114 "-" "Mozilla/5.0 AppleWebKit/537.36 (KHTML, like Gecko; compatible; ClaudeBot/1.0; +claudebot@anthropic.com)"
216.73.217.123 - - [10/Jun/2026:07:22:56 +0000] "GET /items/s90811258466/ HTTP/1.1" 404 115114 "-" "Mozilla/5.0 AppleWebKit/537.36 (KHTML, like Gecko; compatible; ClaudeBot/1.0; +claudebot@anthropic.com)"
216.73.217.123 - - [10/Jun/2026:07:22:57 +0000] "GET /items/u90832279150/ HTTP/1.1" 404 115123 "-" "Mozilla/5.0 AppleWebKit/537.36 (KHTML, like Gecko; compatible; ClaudeBot/1.0; +claudebot@anthropic.com)"
74.7.227.0 - - [10/Jun/2026:07:22:56 +0000] "GET /?rename=%2Fvar%2Fwww%2Fvhosts%2Fmayaver.com%2Fhttpdocs%2Fwp-content%2Fthemes%2Faihub%2Fbbpress%2Fcontent-topic-tag-edit.php HTTP/1.1" 200 39091 "https://mayaver.com/?rename=/var/www/vhosts/mayaver.com/httpdocs/wp-content/themes/aihub/bbpress/content-topic-tag-edit.php" "Mozilla/5.0 AppleWebKit/537.36 (KHTML, like Gecko; compatible; GPTBot/1.4; +https://openai.com/gptbot)"
216.73.217.123 - - [10/Jun/2026:07:22:57 +0000] "GET /items/k9079427706/ HTTP/1.1" 404 115108 "-" "Mozilla/5.0 AppleWebKit/537.36 (KHTML, like Gecko; compatible; ClaudeBot/1.0; +claudebot@anthropic.com)"
216.73.217.123 - - [10/Jun/2026:07:22:58 +0000] "GET /items/a90842736860/ HTTP/1.1" 404 115123 "-" "Mozilla/5.0 AppleWebKit/537.36 (KHTML, like Gecko; compatible; ClaudeBot/1.0; +claudebot@anthropic.com)"
57.141.2.1 - - [10/Jun/2026:07:22:58 +0000] "GET /products/black-sweatpants-with-blue-accents-size-36/21540033/ HTTP/1.1" 404 115167 "-" "meta-externalagent/1.1 (+https://developers.facebook.com/docs/sharing/webmasters/crawler)"
216.73.217.123 - - [10/Jun/2026:07:22:58 +0000] "GET /items/z9080773495/ HTTP/1.1" 404 115108 "-" "Mozilla/5.0 AppleWebKit/537.36 (KHTML, like Gecko; compatible; ClaudeBot/1.0; +claudebot@anthropic.com)"
216.73.217.123 - - [10/Jun/2026:07:22:58 +0000] "GET /items/h9080646415/ HTTP/1.1" 404 115123 "-" "Mozilla/5.0 AppleWebKit/537.36 (KHTML, like Gecko; compatible; ClaudeBot/1.0; +claudebot@anthropic.com)"
216.73.217.123 - - [10/Jun/2026:07:22:58 +0000] "GET /items/u9080748088/ HTTP/1.1" 404 115108 "-" "Mozilla/5.0 AppleWebKit/537.36 (KHTML, like Gecko; compatible; ClaudeBot/1.0; +claudebot@anthropic.com)"
216.73.217.123 - - [10/Jun/2026:07:22:59 +0000] "GET /items/s9079396566/ HTTP/1.1" 404 115114 "-" "Mozilla/5.0 AppleWebKit/537.36 (KHTML, like Gecko; compatible; ClaudeBot/1.0; +claudebot@anthropic.com)"
74.7.227.0 - - [10/Jun/2026:07:22:58 +0000] "GET /?edit=%2Fvar%2Fwww%2Fvhosts%2Fmayaver.com%2Fhttpdocs%2Fwp-content%2Fthemes%2Faihub%2Fbbpress%2Fuser-topics-created.php HTTP/1.1" 200 39446 "https://mayaver.com/?edit=/var/www/vhosts/mayaver.com/httpdocs/wp-content/themes/aihub/bbpress/user-topics-created.php" "Mozilla/5.0 AppleWebKit/537.36 (KHTML, like Gecko; compatible; GPTBot/1.4; +https://openai.com/gptbot)"
216.73.217.123 - - [10/Jun/2026:07:22:59 +0000] "GET /items/l90842938865/ HTTP/1.1" 404 115108 "-" "Mozilla/5.0 AppleWebKit/537.36 (KHTML, like Gecko; compatible; ClaudeBot/1.0; +claudebot@anthropic.com)"
216.73.217.123 - - [10/Jun/2026:07:23:00 +0000] "GET /items/a90842651840/ HTTP/1.1" 404 115108 "-" "Mozilla/5.0 AppleWebKit/537.36 (KHTML, like Gecko; compatible; ClaudeBot/1.0; +claudebot@anthropic.com)"
216.73.217.123 - - [10/Jun/2026:07:23:00 +0000] "GET /items/m90811221800/ HTTP/1.1" 404 115123 "-" "Mozilla/5.0 AppleWebKit/537.36 (KHTML, like Gecko; compatible; ClaudeBot/1.0; +claudebot@anthropic.com)"
74.7.227.0 - - [10/Jun/2026:07:23:00 +0000] "GET /?rename=/var/www/vhosts/mayaver.com/httpdocs/wp-content/themes/aihub/bbpress/content-single-forum.php HTTP/1.1" 301 18127 "https://mayaver.com/?file=/var/www/vhosts/mayaver.com/httpdocs/wp-content/themes/aihub/bbpress" "Mozilla/5.0 AppleWebKit/537.36 (KHTML, like Gecko; compatible; GPTBot/1.4; +https://openai.com/gptbot)"
216.73.217.123 - - [10/Jun/2026:07:23:00 +0000] "GET /items/q9080918020/ HTTP/1.1" 404 115108 "-" "Mozilla/5.0 AppleWebKit/537.36 (KHTML, like Gecko; compatible; ClaudeBot/1.0; +claudebot@anthropic.com)"
216.73.217.123 - - [10/Jun/2026:07:23:00 +0000] "GET /items/k90835309180/ HTTP/1.1" 404 115123 "-" "Mozilla/5.0 AppleWebKit/537.36 (KHTML, like Gecko; compatible; ClaudeBot/1.0; +claudebot@anthropic.com)"
216.73.217.123 - - [10/Jun/2026:07:23:01 +0000] "GET /items/y90832048690/ HTTP/1.1" 404 115123 "-" "Mozilla/5.0 AppleWebKit/537.36 (KHTML, like Gecko; compatible; ClaudeBot/1.0; +claudebot@anthropic.com)"
216.73.217.123 - - [10/Jun/2026:07:23:01 +0000] "GET /items/a90814304036/ HTTP/1.1" 404 115123 "-" "Mozilla/5.0 AppleWebKit/537.36 (KHTML, like Gecko; compatible; ClaudeBot/1.0; +claudebot@anthropic.com)"
216.73.217.123 - - [10/Jun/2026:07:23:01 +0000] "GET /items/y9080985550/ HTTP/1.1" 404 115123 "-" "Mozilla/5.0 AppleWebKit/537.36 (KHTML, like Gecko; compatible; ClaudeBot/1.0; +claudebot@anthropic.com)"
216.73.217.123 - - [10/Jun/2026:07:23:01 +0000] "GET /items/l90814449335/ HTTP/1.1" 404 115108 "-" "Mozilla/5.0 AppleWebKit/537.36 (KHTML, like Gecko; compatible; ClaudeBot/1.0; +claudebot@anthropic.com)"
216.73.217.123 - - [10/Jun/2026:07:23:02 +0000] "GET /items/q9080802580/ HTTP/1.1" 404 115114 "-" "Mozilla/5.0 AppleWebKit/537.36 (KHTML, like Gecko; compatible; ClaudeBot/1.0; +claudebot@anthropic.com)"
74.7.227.0 - - [10/Jun/2026:07:23:01 +0000] "GET /?rename=%2Fvar%2Fwww%2Fvhosts%2Fmayaver.com%2Fhttpdocs%2Fwp-content%2Fthemes%2Faihub%2Fbbpress%2Fcontent-single-forum.php HTTP/1.1" 200 39087 "https://mayaver.com/?rename=/var/www/vhosts/mayaver.com/httpdocs/wp-content/themes/aihub/bbpress/content-single-forum.php" "Mozilla/5.0 AppleWebKit/537.36 (KHTML, like Gecko; compatible; GPTBot/1.4; +https://openai.com/gptbot)"
57.141.2.55 - - [10/Jun/2026:07:23:02 +0000] "GET /products/lululemon-swiftly-tech-half-zip-crop-sweatshirt-sport-gym/41726961/ HTTP/1.1" 404 115161 "-" "meta-externalagent/1.1 (+https://developers.facebook.com/docs/sharing/webmasters/crawler)"
216.73.217.123 - - [10/Jun/2026:07:23:02 +0000] "GET /items/a90821922696/ HTTP/1.1" 404 115114 "-" "Mozilla/5.0 AppleWebKit/537.36 (KHTML, like Gecko; compatible; ClaudeBot/1.0; +claudebot@anthropic.com)"
74.7.227.0 - - [10/Jun/2026:07:23:03 +0000] "GET /?rename=/var/www/vhosts/mayaver.com/httpdocs/wp-content/themes/aihub/bbpress/user-topics-created.php HTTP/1.1" 301 18123 "https://mayaver.com/?file=/var/www/vhosts/mayaver.com/httpdocs/wp-content/themes/aihub/bbpress" "Mozilla/5.0 AppleWebKit/537.36 (KHTML, like Gecko; compatible; GPTBot/1.4; +https://openai.com/gptbot)"
216.73.217.123 - - [10/Jun/2026:07:23:02 +0000] "GET /items/m90835490896/ HTTP/1.1" 404 115114 "-" "Mozilla/5.0 AppleWebKit/537.36 (KHTML, like Gecko; compatible; ClaudeBot/1.0; +claudebot@anthropic.com)"
216.73.217.123 - - [10/Jun/2026:07:23:03 +0000] "GET /items/z90821626113/ HTTP/1.1" 404 115123 "-" "Mozilla/5.0 AppleWebKit/537.36 (KHTML, like Gecko; compatible; ClaudeBot/1.0; +claudebot@anthropic.com)"
216.73.217.123 - - [10/Jun/2026:07:23:03 +0000] "GET /items/h9080992501/ HTTP/1.1" 404 115114 "-" "Mozilla/5.0 AppleWebKit/537.36 (KHTML, like Gecko; compatible; ClaudeBot/1.0; +claudebot@anthropic.com)"
216.73.217.123 - - [10/Jun/2026:07:23:03 +0000] "GET /items/n90842823401/ HTTP/1.1" 404 115123 "-" "Mozilla/5.0 AppleWebKit/537.36 (KHTML, like Gecko; compatible; ClaudeBot/1.0; +claudebot@anthropic.com)"
216.73.217.123 - - [10/Jun/2026:07:23:04 +0000] "GET /items/f90832156363/ HTTP/1.1" 404 115114 "-" "Mozilla/5.0 AppleWebKit/537.36 (KHTML, like Gecko; compatible; ClaudeBot/1.0; +claudebot@anthropic.com)"
74.7.227.0 - - [10/Jun/2026:07:23:03 +0000] "GET /?rename=%2Fvar%2Fwww%2Fvhosts%2Fmayaver.com%2Fhttpdocs%2Fwp-content%2Fthemes%2Faihub%2Fbbpress%2Fuser-topics-created.php HTTP/1.1" 200 39090 "https://mayaver.com/?rename=/var/www/vhosts/mayaver.com/httpdocs/wp-content/themes/aihub/bbpress/user-topics-created.php" "Mozilla/5.0 AppleWebKit/537.36 (KHTML, like Gecko; compatible; GPTBot/1.4; +https://openai.com/gptbot)"
216.73.217.123 - - [10/Jun/2026:07:23:04 +0000] "GET /items/a90832326970/ HTTP/1.1" 404 115123 "-" "Mozilla/5.0 AppleWebKit/537.36 (KHTML, like Gecko; compatible; ClaudeBot/1.0; +claudebot@anthropic.com)"
74.7.227.0 - - [10/Jun/2026:07:23:05 +0000] "GET /?rename=/var/www/vhosts/mayaver.com/httpdocs/wp-content/themes/aihub/bbpress/user-subscriptions.php HTTP/1.1" 301 18119 "https://mayaver.com/?file=/var/www/vhosts/mayaver.com/httpdocs/wp-content/themes/aihub/bbpress" "Mozilla/5.0 AppleWebKit/537.36 (KHTML, like Gecko; compatible; GPTBot/1.4; +https://openai.com/gptbot)"
74.7.227.0 - - [10/Jun/2026:07:23:05 +0000] "GET /?rename=%2Fvar%2Fwww%2Fvhosts%2Fmayaver.com%2Fhttpdocs%2Fwp-content%2Fthemes%2Faihub%2Fbbpress%2Fuser-subscriptions.php HTTP/1.1" 200 39084 "https://mayaver.com/?rename=/var/www/vhosts/mayaver.com/httpdocs/wp-content/themes/aihub/bbpress/user-subscriptions.php" "Mozilla/5.0 AppleWebKit/537.36 (KHTML, like Gecko; compatible; GPTBot/1.4; +https://openai.com/gptbot)"
216.73.217.123 - - [10/Jun/2026:07:23:06 +0000] "GET /items/y9080613256/ HTTP/1.1" 404 115176 "-" "Mozilla/5.0 AppleWebKit/537.36 (KHTML, like Gecko; compatible; ClaudeBot/1.0; +claudebot@anthropic.com)"
216.73.217.123 - - [10/Jun/2026:07:23:06 +0000] "GET /items/m90811242080/ HTTP/1.1" 404 115176 "-" "Mozilla/5.0 AppleWebKit/537.36 (KHTML, like Gecko; compatible; ClaudeBot/1.0; +claudebot@anthropic.com)"
74.7.227.0 - - [10/Jun/2026:07:23:07 +0000] "GET /?rename=/var/www/vhosts/mayaver.com/httpdocs/wp-content/themes/aihub/bbpress/user-favorites.php HTTP/1.1" 301 18103 "https://mayaver.com/?file=/var/www/vhosts/mayaver.com/httpdocs/wp-content/themes/aihub/bbpress" "Mozilla/5.0 AppleWebKit/537.36 (KHTML, like Gecko; compatible; GPTBot/1.4; +https://openai.com/gptbot)"
216.73.217.123 - - [10/Jun/2026:07:23:06 +0000] "GET /items/n90842568341/ HTTP/1.1" 404 115167 "-" "Mozilla/5.0 AppleWebKit/537.36 (KHTML, like Gecko; compatible; ClaudeBot/1.0; +claudebot@anthropic.com)"
216.73.217.123 - - [10/Jun/2026:07:23:06 +0000] "GET /items/u90811225838/ HTTP/1.1" 404 115176 "-" "Mozilla/5.0 AppleWebKit/537.36 (KHTML, like Gecko; compatible; ClaudeBot/1.0; +claudebot@anthropic.com)"
216.73.217.123 - - [10/Jun/2026:07:23:08 +0000] "GET /items/h90835179255/ HTTP/1.1" 404 115123 "-" "Mozilla/5.0 AppleWebKit/537.36 (KHTML, like Gecko; compatible; ClaudeBot/1.0; +claudebot@anthropic.com)"
216.73.217.123 - - [10/Jun/2026:07:23:08 +0000] "GET /items/k90811304270/ HTTP/1.1" 404 115123 "-" "Mozilla/5.0 AppleWebKit/537.36 (KHTML, like Gecko; compatible; ClaudeBot/1.0; +claudebot@anthropic.com)"
74.7.227.0 - - [10/Jun/2026:07:23:08 +0000] "GET /?rename=%2Fvar%2Fwww%2Fvhosts%2Fmayaver.com%2Fhttpdocs%2Fwp-content%2Fthemes%2Faihub%2Fbbpress%2Fuser-favorites.php HTTP/1.1" 200 39088 "https://mayaver.com/?rename=/var/www/vhosts/mayaver.com/httpdocs/wp-content/themes/aihub/bbpress/user-favorites.php" "Mozilla/5.0 AppleWebKit/537.36 (KHTML, like Gecko; compatible; GPTBot/1.4; +https://openai.com/gptbot)"
216.73.217.123 - - [10/Jun/2026:07:23:09 +0000] "GET /items/o90803741280/ HTTP/1.1" 404 115114 "-" "Mozilla/5.0 AppleWebKit/537.36 (KHTML, like Gecko; compatible; ClaudeBot/1.0; +claudebot@anthropic.com)"
216.73.217.123 - - [10/Jun/2026:07:23:09 +0000] "GET /items/t90793154309/ HTTP/1.1" 404 115123 "-" "Mozilla/5.0 AppleWebKit/537.36 (KHTML, like Gecko; compatible; ClaudeBot/1.0; +claudebot@anthropic.com)"
216.73.217.123 - - [10/Jun/2026:07:23:09 +0000] "GET /items/x90803884965/ HTTP/1.1" 404 115123 "-" "Mozilla/5.0 AppleWebKit/537.36 (KHTML, like Gecko; compatible; ClaudeBot/1.0; +claudebot@anthropic.com)"
74.7.227.0 - - [10/Jun/2026:07:23:10 +0000] "GET /?edit=/var/www/vhosts/mayaver.com/httpdocs/wp-content/themes/aihub/bbpress/content-topic-tag-edit.php HTTP/1.1" 301 18575 "https://mayaver.com/?file=/var/www/vhosts/mayaver.com/httpdocs/wp-content/themes/aihub/bbpress" "Mozilla/5.0 AppleWebKit/537.36 (KHTML, like Gecko; compatible; GPTBot/1.4; +https://openai.com/gptbot)"
216.73.217.123 - - [10/Jun/2026:07:23:10 +0000] "GET /items/a90832139146/ HTTP/1.1" 404 115114 "-" "Mozilla/5.0 AppleWebKit/537.36 (KHTML, like Gecko; compatible; ClaudeBot/1.0; +claudebot@anthropic.com)"
216.73.217.123 - - [10/Jun/2026:07:23:10 +0000] "GET /items/k90803894832/ HTTP/1.1" 404 115123 "-" "Mozilla/5.0 AppleWebKit/537.36 (KHTML, like Gecko; compatible; ClaudeBot/1.0; +claudebot@anthropic.com)"
216.73.217.123 - - [10/Jun/2026:07:23:10 +0000] "GET /items/d90803539951/ HTTP/1.1" 404 115114 "-" "Mozilla/5.0 AppleWebKit/537.36 (KHTML, like Gecko; compatible; ClaudeBot/1.0; +claudebot@anthropic.com)"
216.73.217.123 - - [10/Jun/2026:07:23:10 +0000] "GET /items/q90806767396/ HTTP/1.1" 404 115108 "-" "Mozilla/5.0 AppleWebKit/537.36 (KHTML, like Gecko; compatible; ClaudeBot/1.0; +claudebot@anthropic.com)"
216.73.217.123 - - [10/Jun/2026:07:23:11 +0000] "GET /items/m90793008000/ HTTP/1.1" 404 115123 "-" "Mozilla/5.0 AppleWebKit/537.36 (KHTML, like Gecko; compatible; ClaudeBot/1.0; +claudebot@anthropic.com)"
74.7.227.0 - - [10/Jun/2026:07:23:10 +0000] "GET /?edit=%2Fvar%2Fwww%2Fvhosts%2Fmayaver.com%2Fhttpdocs%2Fwp-content%2Fthemes%2Faihub%2Fbbpress%2Fcontent-topic-tag-edit.php HTTP/1.1" 200 39287 "https://mayaver.com/?edit=/var/www/vhosts/mayaver.com/httpdocs/wp-content/themes/aihub/bbpress/content-topic-tag-edit.php" "Mozilla/5.0 AppleWebKit/537.36 (KHTML, like Gecko; compatible; GPTBot/1.4; +https://openai.com/gptbot)"
216.73.217.123 - - [10/Jun/2026:07:23:11 +0000] "GET /items/e90793382054/ HTTP/1.1" 404 115123 "-" "Mozilla/5.0 AppleWebKit/537.36 (KHTML, like Gecko; compatible; ClaudeBot/1.0; +claudebot@anthropic.com)"
216.73.217.123 - - [10/Jun/2026:07:23:11 +0000] "GET /items/x90806521963/ HTTP/1.1" 404 115108 "-" "Mozilla/5.0 AppleWebKit/537.36 (KHTML, like Gecko; compatible; ClaudeBot/1.0; +claudebot@anthropic.com)"
216.73.217.123 - - [10/Jun/2026:07:23:11 +0000] "GET /items/u9080552230/ HTTP/1.1" 404 115123 "-" "Mozilla/5.0 AppleWebKit/537.36 (KHTML, like Gecko; compatible; ClaudeBot/1.0; +claudebot@anthropic.com)"
216.73.217.123 - - [10/Jun/2026:07:23:12 +0000] "GET /items/q9079411488/ HTTP/1.1" 404 115123 "-" "Mozilla/5.0 AppleWebKit/537.36 (KHTML, like Gecko; compatible; ClaudeBot/1.0; +claudebot@anthropic.com)"
74.7.227.0 - - [10/Jun/2026:07:23:12 +0000] "GET /?edit=/var/www/vhosts/mayaver.com/httpdocs/wp-content/themes/aihub/bbpress/content-single-forum.php HTTP/1.1" 301 19581 "https://mayaver.com/?file=/var/www/vhosts/mayaver.com/httpdocs/wp-content/themes/aihub/bbpress" "Mozilla/5.0 AppleWebKit/537.36 (KHTML, like Gecko; compatible; GPTBot/1.4; +https://openai.com/gptbot)"
57.141.2.16 - - [10/Jun/2026:07:23:12 +0000] "GET /products/vintage-moschino-jeans-jacket-wool-japan/69958425/ HTTP/1.1" 404 115176 "-" "meta-externalagent/1.1 (+https://developers.facebook.com/docs/sharing/webmasters/crawler)"
216.73.217.123 - - [10/Jun/2026:07:23:12 +0000] "GET /items/d90814380635/ HTTP/1.1" 404 115123 "-" "Mozilla/5.0 AppleWebKit/537.36 (KHTML, like Gecko; compatible; ClaudeBot/1.0; +claudebot@anthropic.com)"
216.73.217.123 - - [10/Jun/2026:07:23:13 +0000] "GET /items/t90842675779/ HTTP/1.1" 404 115123 "-" "Mozilla/5.0 AppleWebKit/537.36 (KHTML, like Gecko; compatible; ClaudeBot/1.0; +claudebot@anthropic.com)"
216.73.217.123 - - [10/Jun/2026:07:23:13 +0000] "GET /items/z90832059871/ HTTP/1.1" 404 115123 "-" "Mozilla/5.0 AppleWebKit/537.36 (KHTML, like Gecko; compatible; ClaudeBot/1.0; +claudebot@anthropic.com)"
216.73.217.123 - - [10/Jun/2026:07:23:13 +0000] "GET /items/k90803940046/ HTTP/1.1" 404 115123 "-" "Mozilla/5.0 AppleWebKit/537.36 (KHTML, like Gecko; compatible; ClaudeBot/1.0; +claudebot@anthropic.com)"
216.73.217.123 - - [10/Jun/2026:07:23:13 +0000] "GET /items/a90811142930/ HTTP/1.1" 404 115123 "-" "Mozilla/5.0 AppleWebKit/537.36 (KHTML, like Gecko; compatible; ClaudeBot/1.0; +claudebot@anthropic.com)"
216.73.217.123 - - [10/Jun/2026:07:23:13 +0000] "GET /items/s90842980238/ HTTP/1.1" 404 115123 "-" "Mozilla/5.0 AppleWebKit/537.36 (KHTML, like Gecko; compatible; ClaudeBot/1.0; +claudebot@anthropic.com)"
216.73.217.123 - - [10/Jun/2026:07:23:14 +0000] "GET /items/a90811116176/ HTTP/1.1" 404 115108 "-" "Mozilla/5.0 AppleWebKit/537.36 (KHTML, like Gecko; compatible; ClaudeBot/1.0; +claudebot@anthropic.com)"
74.7.227.0 - - [10/Jun/2026:07:23:13 +0000] "GET /?edit=%2Fvar%2Fwww%2Fvhosts%2Fmayaver.com%2Fhttpdocs%2Fwp-content%2Fthemes%2Faihub%2Fbbpress%2Fcontent-single-forum.php HTTP/1.1" 200 39454 "https://mayaver.com/?edit=/var/www/vhosts/mayaver.com/httpdocs/wp-content/themes/aihub/bbpress/content-single-forum.php" "Mozilla/5.0 AppleWebKit/537.36 (KHTML, like Gecko; compatible; GPTBot/1.4; +https://openai.com/gptbot)"
216.73.217.123 - - [10/Jun/2026:07:23:15 +0000] "GET /items/x90806958555/ HTTP/1.1" 404 115123 "-" "Mozilla/5.0 AppleWebKit/537.36 (KHTML, like Gecko; compatible; ClaudeBot/1.0; +claudebot@anthropic.com)"
216.73.217.123 - - [10/Jun/2026:07:23:15 +0000] "GET /items/u9080854090/ HTTP/1.1" 404 115108 "-" "Mozilla/5.0 AppleWebKit/537.36 (KHTML, like Gecko; compatible; ClaudeBot/1.0; +claudebot@anthropic.com)"
216.73.217.123 - - [10/Jun/2026:07:23:15 +0000] "GET /items/u90824668784/ HTTP/1.1" 404 115123 "-" "Mozilla/5.0 AppleWebKit/537.36 (KHTML, like Gecko; compatible; ClaudeBot/1.0; +claudebot@anthropic.com)"
74.7.227.0 - - [10/Jun/2026:07:23:16 +0000] "GET /?edit=/var/www/vhosts/mayaver.com/httpdocs/wp-content/themes/aihub/bbpress/content-search.php HTTP/1.1" 301 19063 "https://mayaver.com/?file=/var/www/vhosts/mayaver.com/httpdocs/wp-content/themes/aihub/bbpress" "Mozilla/5.0 AppleWebKit/537.36 (KHTML, like Gecko; compatible; GPTBot/1.4; +https://openai.com/gptbot)"
216.73.217.123 - - [10/Jun/2026:07:23:15 +0000] "GET /items/n9080575363/ HTTP/1.1" 404 115114 "-" "Mozilla/5.0 AppleWebKit/537.36 (KHTML, like Gecko; compatible; ClaudeBot/1.0; +claudebot@anthropic.com)"
216.73.217.123 - - [10/Jun/2026:07:23:15 +0000] "GET /items/k90806799760/ HTTP/1.1" 404 115114 "-" "Mozilla/5.0 AppleWebKit/537.36 (KHTML, like Gecko; compatible; ClaudeBot/1.0; +claudebot@anthropic.com)"
216.73.217.123 - - [10/Jun/2026:07:23:15 +0000] "GET /items/n90824703201/ HTTP/1.1" 404 115123 "-" "Mozilla/5.0 AppleWebKit/537.36 (KHTML, like Gecko; compatible; ClaudeBot/1.0; +claudebot@anthropic.com)"
216.73.217.123 - - [10/Jun/2026:07:23:16 +0000] "GET /items/q9080876056/ HTTP/1.1" 404 115114 "-" "Mozilla/5.0 AppleWebKit/537.36 (KHTML, like Gecko; compatible; ClaudeBot/1.0; +claudebot@anthropic.com)"
216.73.217.123 - - [10/Jun/2026:07:23:16 +0000] "GET /items/s90793352376/ HTTP/1.1" 404 115114 "-" "Mozilla/5.0 AppleWebKit/537.36 (KHTML, like Gecko; compatible; ClaudeBot/1.0; +claudebot@anthropic.com)"
57.141.2.41 - - [10/Jun/2026:07:23:16 +0000] "GET /products/cp-company-men-bubble-jackets-mow012a00-5904g-999-black/56344017/ HTTP/1.1" 404 115167 "-" "meta-externalagent/1.1 (+https://developers.facebook.com/docs/sharing/webmasters/crawler)"
216.73.217.123 - - [10/Jun/2026:07:23:16 +0000] "GET /items/m90842952620/ HTTP/1.1" 404 115123 "-" "Mozilla/5.0 AppleWebKit/537.36 (KHTML, like Gecko; compatible; ClaudeBot/1.0; +claudebot@anthropic.com)"
216.73.217.123 - - [10/Jun/2026:07:23:17 +0000] "GET /items/u90806585530/ HTTP/1.1" 404 115108 "-" "Mozilla/5.0 AppleWebKit/537.36 (KHTML, like Gecko; compatible; ClaudeBot/1.0; +claudebot@anthropic.com)"
216.73.217.123 - - [10/Jun/2026:07:23:17 +0000] "GET /items/n90845548955/ HTTP/1.1" 404 115114 "-" "Mozilla/5.0 AppleWebKit/537.36 (KHTML, like Gecko; compatible; ClaudeBot/1.0; +claudebot@anthropic.com)"
216.73.217.123 - - [10/Jun/2026:07:23:17 +0000] "GET /items/s90842549288/ HTTP/1.1" 404 115108 "-" "Mozilla/5.0 AppleWebKit/537.36 (KHTML, like Gecko; compatible; ClaudeBot/1.0; +claudebot@anthropic.com)"
216.73.217.123 - - [10/Jun/2026:07:23:18 +0000] "GET /items/u90821709906/ HTTP/1.1" 404 115114 "-" "Mozilla/5.0 AppleWebKit/537.36 (KHTML, like Gecko; compatible; ClaudeBot/1.0; +claudebot@anthropic.com)"
74.7.227.0 - - [10/Jun/2026:07:23:17 +0000] "GET /?edit=%2Fvar%2Fwww%2Fvhosts%2Fmayaver.com%2Fhttpdocs%2Fwp-content%2Fthemes%2Faihub%2Fbbpress%2Fcontent-search.php HTTP/1.1" 200 39364 "https://mayaver.com/?edit=/var/www/vhosts/mayaver.com/httpdocs/wp-content/themes/aihub/bbpress/content-search.php" "Mozilla/5.0 AppleWebKit/537.36 (KHTML, like Gecko; compatible; GPTBot/1.4; +https://openai.com/gptbot)"
216.73.217.123 - - [10/Jun/2026:07:23:17 +0000] "GET /items/u90811238006/ HTTP/1.1" 404 115123 "-" "Mozilla/5.0 AppleWebKit/537.36 (KHTML, like Gecko; compatible; ClaudeBot/1.0; +claudebot@anthropic.com)"
74.7.227.0 - - [10/Jun/2026:07:23:19 +0000] "GET /?file=/var/www/vhosts/mayaver.com/httpdocs/wp-content/themes/aihub/bbpress/content-single-forum.php HTTP/1.1" 301 4183 "https://mayaver.com/?file=/var/www/vhosts/mayaver.com/httpdocs/wp-content/themes/aihub/bbpress" "Mozilla/5.0 AppleWebKit/537.36 (KHTML, like Gecko; compatible; GPTBot/1.4; +https://openai.com/gptbot)"
216.73.217.123 - - [10/Jun/2026:07:23:19 +0000] "GET /items/b90817138765/ HTTP/1.1" 404 115176 "-" "Mozilla/5.0 AppleWebKit/537.36 (KHTML, like Gecko; compatible; ClaudeBot/1.0; +claudebot@anthropic.com)"
216.73.217.123 - - [10/Jun/2026:07:23:19 +0000] "GET /items/u90835220790/ HTTP/1.1" 404 115176 "-" "Mozilla/5.0 AppleWebKit/537.36 (KHTML, like Gecko; compatible; ClaudeBot/1.0; +claudebot@anthropic.com)"
216.73.217.123 - - [10/Jun/2026:07:23:19 +0000] "GET /items/y9080641570/ HTTP/1.1" 404 115176 "-" "Mozilla/5.0 AppleWebKit/537.36 (KHTML, like Gecko; compatible; ClaudeBot/1.0; +claudebot@anthropic.com)"
216.73.217.123 - - [10/Jun/2026:07:23:19 +0000] "GET /items/q9080841736/ HTTP/1.1" 404 115176 "-" "Mozilla/5.0 AppleWebKit/537.36 (KHTML, like Gecko; compatible; ClaudeBot/1.0; +claudebot@anthropic.com)"
216.73.217.123 - - [10/Jun/2026:07:23:19 +0000] "GET /items/a90821592366/ HTTP/1.1" 404 115176 "-" "Mozilla/5.0 AppleWebKit/537.36 (KHTML, like Gecko; compatible; ClaudeBot/1.0; +claudebot@anthropic.com)"
216.73.217.123 - - [10/Jun/2026:07:23:19 +0000] "GET /items/h9079437765/ HTTP/1.1" 404 115167 "-" "Mozilla/5.0 AppleWebKit/537.36 (KHTML, like Gecko; compatible; ClaudeBot/1.0; +claudebot@anthropic.com)"
216.73.217.123 - - [10/Jun/2026:07:23:20 +0000] "GET /items/z90845794355/ HTTP/1.1" 404 115114 "-" "Mozilla/5.0 AppleWebKit/537.36 (KHTML, like Gecko; compatible; ClaudeBot/1.0; +claudebot@anthropic.com)"
74.7.227.0 - - [10/Jun/2026:07:23:20 +0000] "GET /?file=%2Fvar%2Fwww%2Fvhosts%2Fmayaver.com%2Fhttpdocs%2Fwp-content%2Fthemes%2Faihub%2Fbbpress%2Fcontent-single-forum.php HTTP/1.1" 200 38197 "https://mayaver.com/?file=/var/www/vhosts/mayaver.com/httpdocs/wp-content/themes/aihub/bbpress/content-single-forum.php" "Mozilla/5.0 AppleWebKit/537.36 (KHTML, like Gecko; compatible; GPTBot/1.4; +https://openai.com/gptbot)"
216.73.217.123 - - [10/Jun/2026:07:23:21 +0000] "GET /items/n90806532535/ HTTP/1.1" 404 115123 "-" "Mozilla/5.0 AppleWebKit/537.36 (KHTML, like Gecko; compatible; ClaudeBot/1.0; +claudebot@anthropic.com)"
74.7.227.0 - - [10/Jun/2026:07:23:21 +0000] "GET /?view=/var/www/vhosts/mayaver.com/httpdocs/wp-content/themes/aihub/bbpress/content-statistics.php HTTP/1.1" 200 3994 "https://mayaver.com/?file=/var/www/vhosts/mayaver.com/httpdocs/wp-content/themes/aihub/bbpress" "Mozilla/5.0 AppleWebKit/537.36 (KHTML, like Gecko; compatible; GPTBot/1.4; +https://openai.com/gptbot)"
216.73.217.123 - - [10/Jun/2026:07:23:21 +0000] "GET /items/k90838194270/ HTTP/1.1" 404 115123 "-" "Mozilla/5.0 AppleWebKit/537.36 (KHTML, like Gecko; compatible; ClaudeBot/1.0; +claudebot@anthropic.com)"
57.141.2.55 - - [10/Jun/2026:07:23:21 +0000] "GET /products/vintage-guess-eagle-emblem-sub-second-y2k-watch/60872337/ HTTP/1.1" 404 115167 "-" "meta-externalagent/1.1 (+https://developers.facebook.com/docs/sharing/webmasters/crawler)"
216.73.217.123 - - [10/Jun/2026:07:23:21 +0000] "GET /items/q90803655196/ HTTP/1.1" 404 115123 "-" "Mozilla/5.0 AppleWebKit/537.36 (KHTML, like Gecko; compatible; ClaudeBot/1.0; +claudebot@anthropic.com)"
216.73.217.123 - - [10/Jun/2026:07:23:21 +0000] "GET /items/k90811377200/ HTTP/1.1" 404 115123 "-" "Mozilla/5.0 AppleWebKit/537.36 (KHTML, like Gecko; compatible; ClaudeBot/1.0; +claudebot@anthropic.com)"
216.73.217.123 - - [10/Jun/2026:07:23:21 +0000] "GET /items/h90803788255/ HTTP/1.1" 404 115123 "-" "Mozilla/5.0 AppleWebKit/537.36 (KHTML, like Gecko; compatible; ClaudeBot/1.0; +claudebot@anthropic.com)"
74.7.227.0 - - [10/Jun/2026:07:23:22 +0000] "GET /?file=/var/www/vhosts/mayaver.com/httpdocs/wp-content/themes/aihub/bbpress/content-statistics.php HTTP/1.1" 301 4179 "https://mayaver.com/?file=/var/www/vhosts/mayaver.com/httpdocs/wp-content/themes/aihub/bbpress" "Mozilla/5.0 AppleWebKit/537.36 (KHTML, like Gecko; compatible; GPTBot/1.4; +https://openai.com/gptbot)"
216.73.217.123 - - [10/Jun/2026:07:23:22 +0000] "GET /items/x9080601841/ HTTP/1.1" 404 115123 "-" "Mozilla/5.0 AppleWebKit/537.36 (KHTML, like Gecko; compatible; ClaudeBot/1.0; +claudebot@anthropic.com)"
216.73.217.123 - - [10/Jun/2026:07:23:22 +0000] "GET /items/m90796137126/ HTTP/1.1" 404 115123 "-" "Mozilla/5.0 AppleWebKit/537.36 (KHTML, like Gecko; compatible; ClaudeBot/1.0; +claudebot@anthropic.com)"
216.73.217.123 - - [10/Jun/2026:07:23:22 +0000] "GET /items/s90832231906/ HTTP/1.1" 404 115123 "-" "Mozilla/5.0 AppleWebKit/537.36 (KHTML, like Gecko; compatible; ClaudeBot/1.0; +claudebot@anthropic.com)"
216.73.217.123 - - [10/Jun/2026:07:23:22 +0000] "GET /items/a90842870630/ HTTP/1.1" 404 115114 "-" "Mozilla/5.0 AppleWebKit/537.36 (KHTML, like Gecko; compatible; ClaudeBot/1.0; +claudebot@anthropic.com)"
216.73.217.123 - - [10/Jun/2026:07:23:23 +0000] "GET /items/h90814320995/ HTTP/1.1" 404 115114 "-" "Mozilla/5.0 AppleWebKit/537.36 (KHTML, like Gecko; compatible; ClaudeBot/1.0; +claudebot@anthropic.com)"
216.73.217.123 - - [10/Jun/2026:07:23:23 +0000] "GET /items/x90811049405/ HTTP/1.1" 404 115114 "-" "Mozilla/5.0 AppleWebKit/537.36 (KHTML, like Gecko; compatible; ClaudeBot/1.0; +claudebot@anthropic.com)"
216.73.217.123 - - [10/Jun/2026:07:23:23 +0000] "GET /items/n9080511091/ HTTP/1.1" 404 115114 "-" "Mozilla/5.0 AppleWebKit/537.36 (KHTML, like Gecko; compatible; ClaudeBot/1.0; +claudebot@anthropic.com)"
216.73.217.123 - - [10/Jun/2026:07:23:23 +0000] "GET /items/m90793322886/ HTTP/1.1" 404 115123 "-" "Mozilla/5.0 AppleWebKit/537.36 (KHTML, like Gecko; compatible; ClaudeBot/1.0; +claudebot@anthropic.com)"
216.73.217.123 - - [10/Jun/2026:07:23:23 +0000] "GET /items/y90814228166/ HTTP/1.1" 404 115123 "-" "Mozilla/5.0 AppleWebKit/537.36 (KHTML, like Gecko; compatible; ClaudeBot/1.0; +claudebot@anthropic.com)"
216.73.217.123 - - [10/Jun/2026:07:23:24 +0000] "GET /items/k90835224238/ HTTP/1.1" 404 115114 "-" "Mozilla/5.0 AppleWebKit/537.36 (KHTML, like Gecko; compatible; ClaudeBot/1.0; +claudebot@anthropic.com)"
139.84.174.118 - - [10/Jun/2026:07:23:25 +0000] "POST /wp-cron.php?doing_wp_cron=1781076205.4653179645538330078125 HTTP/1.1" 403 4358 "-" "WordPress/6.5.8; https://mayaver.com"
139.84.174.118 - - [10/Jun/2026:07:23:25 +0000] "POST /wp-cron.php?doing_wp_cron=1781076205.6094310283660888671875 HTTP/1.1" 403 4358 "-" "WordPress/6.5.8; https://mayaver.com"
139.84.174.118 - - [10/Jun/2026:07:23:25 +0000] "POST /wp-cron.php?doing_wp_cron=1781076205.8820590972900390625000 HTTP/1.1" 403 4358 "-" "WordPress/6.5.8; https://mayaver.com"
74.7.227.0 - - [10/Jun/2026:07:23:23 +0000] "GET /?file=%2Fvar%2Fwww%2Fvhosts%2Fmayaver.com%2Fhttpdocs%2Fwp-content%2Fthemes%2Faihub%2Fbbpress%2Fcontent-statistics.php HTTP/1.1" 200 38195 "https://mayaver.com/?file=/var/www/vhosts/mayaver.com/httpdocs/wp-content/themes/aihub/bbpress/content-statistics.php" "Mozilla/5.0 AppleWebKit/537.36 (KHTML, like Gecko; compatible; GPTBot/1.4; +https://openai.com/gptbot)"
139.84.174.118 - - [10/Jun/2026:07:23:26 +0000] "POST /wp-cron.php?doing_wp_cron=1781076206.1921749114990234375000 HTTP/1.1" 403 4358 "-" "WordPress/6.5.8; https://mayaver.com"
139.84.174.118 - - [10/Jun/2026:07:23:26 +0000] "POST /wp-cron.php?doing_wp_cron=1781076206.2337920665740966796875 HTTP/1.1" 403 4358 "-" "WordPress/6.5.8; https://mayaver.com"
216.73.217.123 - - [10/Jun/2026:07:23:24 +0000] "GET /items/s90824501238/ HTTP/1.1" 404 115123 "-" "Mozilla/5.0 AppleWebKit/537.36 (KHTML, like Gecko; compatible; ClaudeBot/1.0; +claudebot@anthropic.com)"
216.73.217.123 - - [10/Jun/2026:07:23:25 +0000] "GET /items/s90811205738/ HTTP/1.1" 404 115114 "-" "Mozilla/5.0 AppleWebKit/537.36 (KHTML, like Gecko; compatible; ClaudeBot/1.0; +claudebot@anthropic.com)"
216.73.217.123 - - [10/Jun/2026:07:23:25 +0000] "GET /items/s90814062176/ HTTP/1.1" 404 115108 "-" "Mozilla/5.0 AppleWebKit/537.36 (KHTML, like Gecko; compatible; ClaudeBot/1.0; +claudebot@anthropic.com)"
216.73.217.123 - - [10/Jun/2026:07:23:25 +0000] "GET /items/l90793213581/ HTTP/1.1" 404 115123 "-" "Mozilla/5.0 AppleWebKit/537.36 (KHTML, like Gecko; compatible; ClaudeBot/1.0; +claudebot@anthropic.com)"
57.141.2.4 - - [10/Jun/2026:07:23:25 +0000] "GET /products/2000s-y2k-disney-mickey-mouse-pom-beanie-hats/45186201/ HTTP/1.1" 404 115167 "-" "meta-externalagent/1.1 (+https://developers.facebook.com/docs/sharing/webmasters/crawler)"
216.73.217.123 - - [10/Jun/2026:07:23:25 +0000] "GET /items/h9080558431/ HTTP/1.1" 404 115123 "-" "Mozilla/5.0 AppleWebKit/537.36 (KHTML, like Gecko; compatible; ClaudeBot/1.0; +claudebot@anthropic.com)"
216.73.217.123 - - [10/Jun/2026:07:23:25 +0000] "GET /items/u90793315536/ HTTP/1.1" 404 115123 "-" "Mozilla/5.0 AppleWebKit/537.36 (KHTML, like Gecko; compatible; ClaudeBot/1.0; +claudebot@anthropic.com)"
216.73.217.123 - - [10/Jun/2026:07:23:25 +0000] "GET /items/y9080530186/ HTTP/1.1" 404 115123 "-" "Mozilla/5.0 AppleWebKit/537.36 (KHTML, like Gecko; compatible; ClaudeBot/1.0; +claudebot@anthropic.com)"
74.7.227.0 - - [10/Jun/2026:07:23:26 +0000] "GET /?rename=/var/www/vhosts/mayaver.com/httpdocs/wp-content/themes/aihub/bbpress/content-single-topic-lead.php HTTP/1.1" 301 18147 "https://mayaver.com/?file=/var/www/vhosts/mayaver.com/httpdocs/wp-content/themes/aihub/bbpress" "Mozilla/5.0 AppleWebKit/537.36 (KHTML, like Gecko; compatible; GPTBot/1.4; +https://openai.com/gptbot)"
74.7.227.0 - - [10/Jun/2026:07:23:27 +0000] "GET /?rename=%2Fvar%2Fwww%2Fvhosts%2Fmayaver.com%2Fhttpdocs%2Fwp-content%2Fthemes%2Faihub%2Fbbpress%2Fcontent-single-topic-lead.php HTTP/1.1" 200 39091 "https://mayaver.com/?rename=/var/www/vhosts/mayaver.com/httpdocs/wp-content/themes/aihub/bbpress/content-single-topic-lead.php" "Mozilla/5.0 AppleWebKit/537.36 (KHTML, like Gecko; compatible; GPTBot/1.4; +https://openai.com/gptbot)"
74.7.227.0 - - [10/Jun/2026:07:23:28 +0000] "GET /?edit=/var/www/vhosts/mayaver.com/httpdocs/wp-content/themes/aihub/bbpress/form-user-edit.php HTTP/1.1" 301 28303 "https://mayaver.com/?file=/var/www/vhosts/mayaver.com/httpdocs/wp-content/themes/aihub/bbpress" "Mozilla/5.0 AppleWebKit/537.36 (KHTML, like Gecko; compatible; GPTBot/1.4; +https://openai.com/gptbot)"
74.7.227.0 - - [10/Jun/2026:07:23:29 +0000] "GET /?edit=%2Fvar%2Fwww%2Fvhosts%2Fmayaver.com%2Fhttpdocs%2Fwp-content%2Fthemes%2Faihub%2Fbbpress%2Fform-user-edit.php HTTP/1.1" 200 40857 "https://mayaver.com/?edit=/var/www/vhosts/mayaver.com/httpdocs/wp-content/themes/aihub/bbpress/form-user-edit.php" "Mozilla/5.0 AppleWebKit/537.36 (KHTML, like Gecko; compatible; GPTBot/1.4; +https://openai.com/gptbot)"
74.7.227.0 - - [10/Jun/2026:07:23:30 +0000] "GET /?rename=%2Fvar%2Fwww%2Fvhosts%2Fmayaver.com%2Fhttpdocs%2Fwp-content%2Fthemes%2Faihub%2Fbbpress%2Fuser-subscriptions.php HTTP/1.1" 200 39084 "https://mayaver.com/?rename=/var/www/vhosts/mayaver.com/httpdocs/wp-content/themes/aihub/bbpress/user-subscriptions.php" "Mozilla/5.0 AppleWebKit/537.36 (KHTML, like Gecko; compatible; GPTBot/1.4; +https://openai.com/gptbot)"
74.7.227.0 - - [10/Jun/2026:07:23:31 +0000] "GET /?file=/var/www/vhosts/mayaver.com/httpdocs/wp-content/themes/aihub/bbpress/user-subscriptions.php HTTP/1.1" 301 4179 "https://mayaver.com/?file=/var/www/vhosts/mayaver.com/httpdocs/wp-content/themes/aihub/bbpress" "Mozilla/5.0 AppleWebKit/537.36 (KHTML, like Gecko; compatible; GPTBot/1.4; +https://openai.com/gptbot)"
74.7.227.0 - - [10/Jun/2026:07:23:32 +0000] "GET /?file=%2Fvar%2Fwww%2Fvhosts%2Fmayaver.com%2Fhttpdocs%2Fwp-content%2Fthemes%2Faihub%2Fbbpress%2Fuser-subscriptions.php HTTP/1.1" 200 38194 "https://mayaver.com/?file=/var/www/vhosts/mayaver.com/httpdocs/wp-content/themes/aihub/bbpress/user-subscriptions.php" "Mozilla/5.0 AppleWebKit/537.36 (KHTML, like Gecko; compatible; GPTBot/1.4; +https://openai.com/gptbot)"
74.7.227.0 - - [10/Jun/2026:07:23:33 +0000] "GET /?edit=%2Fvar%2Fwww%2Fvhosts%2Fmayaver.com%2Fhttpdocs%2Fwp-content%2Fthemes%2Faihub%2Fbbpress%2Fcontent-topic-tag-edit.php HTTP/1.1" 200 39287 "https://mayaver.com/?edit=/var/www/vhosts/mayaver.com/httpdocs/wp-content/themes/aihub/bbpress/content-topic-tag-edit.php" "Mozilla/5.0 AppleWebKit/537.36 (KHTML, like Gecko; compatible; GPTBot/1.4; +https://openai.com/gptbot)"
74.7.227.0 - - [10/Jun/2026:07:23:34 +0000] "GET /?view=/var/www/vhosts/mayaver.com/httpdocs/wp-content/themes/aihub/bbpress/user-subscriptions.php HTTP/1.1" 200 3999 "https://mayaver.com/?file=/var/www/vhosts/mayaver.com/httpdocs/wp-content/themes/aihub/bbpress" "Mozilla/5.0 AppleWebKit/537.36 (KHTML, like Gecko; compatible; GPTBot/1.4; +https://openai.com/gptbot)"
74.7.227.0 - - [10/Jun/2026:07:23:34 +0000] "GET /?edit=/var/www/vhosts/mayaver.com/httpdocs/wp-content/themes/aihub/bbpress/form-user-lost-pass.php HTTP/1.1" 301 19478 "https://mayaver.com/?file=/var/www/vhosts/mayaver.com/httpdocs/wp-content/themes/aihub/bbpress" "Mozilla/5.0 AppleWebKit/537.36 (KHTML, like Gecko; compatible; GPTBot/1.4; +https://openai.com/gptbot)"
216.73.217.123 - - [10/Jun/2026:07:23:34 +0000] "GET /items/m90814466600/ HTTP/1.1" 404 115161 "-" "Mozilla/5.0 AppleWebKit/537.36 (KHTML, like Gecko; compatible; ClaudeBot/1.0; +claudebot@anthropic.com)"
216.73.217.123 - - [10/Jun/2026:07:23:34 +0000] "GET /items/q90793264338/ HTTP/1.1" 404 115176 "-" "Mozilla/5.0 AppleWebKit/537.36 (KHTML, like Gecko; compatible; ClaudeBot/1.0; +claudebot@anthropic.com)"
216.73.217.123 - - [10/Jun/2026:07:23:34 +0000] "GET /items/a90824819460/ HTTP/1.1" 404 115176 "-" "Mozilla/5.0 AppleWebKit/537.36 (KHTML, like Gecko; compatible; ClaudeBot/1.0; +claudebot@anthropic.com)"
216.73.217.123 - - [10/Jun/2026:07:23:34 +0000] "GET /items/x90811475441/ HTTP/1.1" 404 115167 "-" "Mozilla/5.0 AppleWebKit/537.36 (KHTML, like Gecko; compatible; ClaudeBot/1.0; +claudebot@anthropic.com)"
216.73.217.123 - - [10/Jun/2026:07:23:34 +0000] "GET /items/u9080704720/ HTTP/1.1" 404 115176 "-" "Mozilla/5.0 AppleWebKit/537.36 (KHTML, like Gecko; compatible; ClaudeBot/1.0; +claudebot@anthropic.com)"
216.73.217.123 - - [10/Jun/2026:07:23:34 +0000] "GET /items/z9080750875/ HTTP/1.1" 404 115176 "-" "Mozilla/5.0 AppleWebKit/537.36 (KHTML, like Gecko; compatible; ClaudeBot/1.0; +claudebot@anthropic.com)"
216.73.217.123 - - [10/Jun/2026:07:23:34 +0000] "GET /items/a90811193786/ HTTP/1.1" 404 115176 "-" "Mozilla/5.0 AppleWebKit/537.36 (KHTML, like Gecko; compatible; ClaudeBot/1.0; +claudebot@anthropic.com)"
216.73.217.123 - - [10/Jun/2026:07:23:36 +0000] "GET /items/n90824588463/ HTTP/1.1" 404 115114 "-" "Mozilla/5.0 AppleWebKit/537.36 (KHTML, like Gecko; compatible; ClaudeBot/1.0; +claudebot@anthropic.com)"
74.7.227.0 - - [10/Jun/2026:07:23:36 +0000] "GET /?edit=%2Fvar%2Fwww%2Fvhosts%2Fmayaver.com%2Fhttpdocs%2Fwp-content%2Fthemes%2Faihub%2Fbbpress%2Fform-user-lost-pass.php HTTP/1.1" 200 39515 "https://mayaver.com/?edit=/var/www/vhosts/mayaver.com/httpdocs/wp-content/themes/aihub/bbpress/form-user-lost-pass.php" "Mozilla/5.0 AppleWebKit/537.36 (KHTML, like Gecko; compatible; GPTBot/1.4; +https://openai.com/gptbot)"
216.73.217.123 - - [10/Jun/2026:07:23:36 +0000] "GET /items/x90793367175/ HTTP/1.1" 404 115123 "-" "Mozilla/5.0 AppleWebKit/537.36 (KHTML, like Gecko; compatible; ClaudeBot/1.0; +claudebot@anthropic.com)"
74.7.227.0 - - [10/Jun/2026:07:23:37 +0000] "GET /?view=/var/www/vhosts/mayaver.com/httpdocs/wp-content/themes/aihub/bbpress/content-archive-topic.php HTTP/1.1" 200 3891 "https://mayaver.com/?file=/var/www/vhosts/mayaver.com/httpdocs/wp-content/themes/aihub/bbpress" "Mozilla/5.0 AppleWebKit/537.36 (KHTML, like Gecko; compatible; GPTBot/1.4; +https://openai.com/gptbot)"
216.73.217.123 - - [10/Jun/2026:07:23:36 +0000] "GET /items/z90803923915/ HTTP/1.1" 404 115123 "-" "Mozilla/5.0 AppleWebKit/537.36 (KHTML, like Gecko; compatible; ClaudeBot/1.0; +claudebot@anthropic.com)"
216.73.217.123 - - [10/Jun/2026:07:23:37 +0000] "GET /items/y90824676588/ HTTP/1.1" 404 115123 "-" "Mozilla/5.0 AppleWebKit/537.36 (KHTML, like Gecko; compatible; ClaudeBot/1.0; +claudebot@anthropic.com)"
216.73.217.123 - - [10/Jun/2026:07:23:37 +0000] "GET /items/m90832332988/ HTTP/1.1" 404 115108 "-" "Mozilla/5.0 AppleWebKit/537.36 (KHTML, like Gecko; compatible; ClaudeBot/1.0; +claudebot@anthropic.com)"
216.73.217.123 - - [10/Jun/2026:07:23:37 +0000] "GET /items/y9080643988/ HTTP/1.1" 404 115123 "-" "Mozilla/5.0 AppleWebKit/537.36 (KHTML, like Gecko; compatible; ClaudeBot/1.0; +claudebot@anthropic.com)"
