74.7.227.0 - - [10/Jun/2026:07:28:04 +0000] "GET /?file=%2Fvar%2Fwww%2Fvhosts%2Fmayaver.com%2Fhttpdocs%2Fwp-content%2Fthemes%2Faihub%2Fbbpress%2Floop-search-topic.php HTTP/1.1" 200 38196 "https://mayaver.com/?file=/var/www/vhosts/mayaver.com/httpdocs/wp-content/themes/aihub/bbpress/loop-search-topic.php" "Mozilla/5.0 AppleWebKit/537.36 (KHTML, like Gecko; compatible; GPTBot/1.4; +https://openai.com/gptbot)"
74.7.227.0 - - [10/Jun/2026:07:28:05 +0000] "GET /?view=/var/www/vhosts/mayaver.com/httpdocs/wp-content/themes/aihub/bbpress/loop-search-topic.php HTTP/1.1" 200 4141 "https://mayaver.com/?file=/var/www/vhosts/mayaver.com/httpdocs/wp-content/themes/aihub/bbpress" "Mozilla/5.0 AppleWebKit/537.36 (KHTML, like Gecko; compatible; GPTBot/1.4; +https://openai.com/gptbot)"
74.7.227.0 - - [10/Jun/2026:07:28:06 +0000] "GET /?edit=/var/www/vhosts/mayaver.com/httpdocs/wp-content/themes/aihub/bbpress/form-protected.php HTTP/1.1" 301 18465 "https://mayaver.com/?file=/var/www/vhosts/mayaver.com/httpdocs/wp-content/themes/aihub/bbpress" "Mozilla/5.0 AppleWebKit/537.36 (KHTML, like Gecko; compatible; GPTBot/1.4; +https://openai.com/gptbot)"
74.7.227.0 - - [10/Jun/2026:07:28:07 +0000] "GET /?edit=%2Fvar%2Fwww%2Fvhosts%2Fmayaver.com%2Fhttpdocs%2Fwp-content%2Fthemes%2Faihub%2Fbbpress%2Fform-protected.php HTTP/1.1" 200 39286 "https://mayaver.com/?edit=/var/www/vhosts/mayaver.com/httpdocs/wp-content/themes/aihub/bbpress/form-protected.php" "Mozilla/5.0 AppleWebKit/537.36 (KHTML, like Gecko; compatible; GPTBot/1.4; +https://openai.com/gptbot)"
216.73.217.123 - - [10/Jun/2026:07:28:08 +0000] "GET /items/s90814169660/ HTTP/1.1" 404 115176 "-" "Mozilla/5.0 AppleWebKit/537.36 (KHTML, like Gecko; compatible; ClaudeBot/1.0; +claudebot@anthropic.com)"
216.73.217.123 - - [10/Jun/2026:07:28:08 +0000] "GET /items/q90793170426/ HTTP/1.1" 404 115167 "-" "Mozilla/5.0 AppleWebKit/537.36 (KHTML, like Gecko; compatible; ClaudeBot/1.0; +claudebot@anthropic.com)"
216.73.217.123 - - [10/Jun/2026:07:28:08 +0000] "GET /items/l90811452731/ HTTP/1.1" 404 115176 "-" "Mozilla/5.0 AppleWebKit/537.36 (KHTML, like Gecko; compatible; ClaudeBot/1.0; +claudebot@anthropic.com)"
216.73.217.123 - - [10/Jun/2026:07:28:08 +0000] "GET /items/o90824576894/ HTTP/1.1" 404 115176 "-" "Mozilla/5.0 AppleWebKit/537.36 (KHTML, like Gecko; compatible; ClaudeBot/1.0; +claudebot@anthropic.com)"
216.73.217.123 - - [10/Jun/2026:07:28:08 +0000] "GET /items/x90814083865/ HTTP/1.1" 404 115176 "-" "Mozilla/5.0 AppleWebKit/537.36 (KHTML, like Gecko; compatible; ClaudeBot/1.0; +claudebot@anthropic.com)"
216.73.217.123 - - [10/Jun/2026:07:28:08 +0000] "GET /items/r90824756375/ HTTP/1.1" 404 115176 "-" "Mozilla/5.0 AppleWebKit/537.36 (KHTML, like Gecko; compatible; ClaudeBot/1.0; +claudebot@anthropic.com)"
216.73.217.123 - - [10/Jun/2026:07:28:08 +0000] "GET /items/l90814013081/ HTTP/1.1" 404 115176 "-" "Mozilla/5.0 AppleWebKit/537.36 (KHTML, like Gecko; compatible; ClaudeBot/1.0; +claudebot@anthropic.com)"
216.73.217.123 - - [10/Jun/2026:07:28:08 +0000] "GET /items/q90811013570/ HTTP/1.1" 404 115176 "-" "Mozilla/5.0 AppleWebKit/537.36 (KHTML, like Gecko; compatible; ClaudeBot/1.0; +claudebot@anthropic.com)"
216.73.217.123 - - [10/Jun/2026:07:28:08 +0000] "GET /items/o90817257832/ HTTP/1.1" 404 115176 "-" "Mozilla/5.0 AppleWebKit/537.36 (KHTML, like Gecko; compatible; ClaudeBot/1.0; +claudebot@anthropic.com)"
74.7.227.0 - - [10/Jun/2026:07:28:08 +0000] "GET /?edit=%2Fvar%2Fwww%2Fvhosts%2Fmayaver.com%2Fhttpdocs%2Fwp-content%2Fthemes%2Faihub%2Fbbpress%2Fpagination-replies.php HTTP/1.1" 200 39292 "https://mayaver.com/?edit=/var/www/vhosts/mayaver.com/httpdocs/wp-content/themes/aihub/bbpress/pagination-replies.php" "Mozilla/5.0 AppleWebKit/537.36 (KHTML, like Gecko; compatible; GPTBot/1.4; +https://openai.com/gptbot)"
216.73.217.123 - - [10/Jun/2026:07:28:08 +0000] "GET /items/h90842619919/ HTTP/1.1" 404 115176 "-" "Mozilla/5.0 AppleWebKit/537.36 (KHTML, like Gecko; compatible; ClaudeBot/1.0; +claudebot@anthropic.com)"
216.73.217.123 - - [10/Jun/2026:07:28:12 +0000] "GET /items/z90842761819/ HTTP/1.1" 404 115123 "-" "Mozilla/5.0 AppleWebKit/537.36 (KHTML, like Gecko; compatible; ClaudeBot/1.0; +claudebot@anthropic.com)"
57.141.2.36 - - [10/Jun/2026:07:28:12 +0000] "GET /products/silver-logo-hoop-earring/24425529/ HTTP/1.1" 404 115161 "-" "meta-externalagent/1.1 (+https://developers.facebook.com/docs/sharing/webmasters/crawler)"
216.73.217.123 - - [10/Jun/2026:07:28:12 +0000] "GET /items/y90824783526/ HTTP/1.1" 404 115114 "-" "Mozilla/5.0 AppleWebKit/537.36 (KHTML, like Gecko; compatible; ClaudeBot/1.0; +claudebot@anthropic.com)"
216.73.217.123 - - [10/Jun/2026:07:28:13 +0000] "GET /items/r90814463407/ HTTP/1.1" 404 115108 "-" "Mozilla/5.0 AppleWebKit/537.36 (KHTML, like Gecko; compatible; ClaudeBot/1.0; +claudebot@anthropic.com)"
216.73.217.123 - - [10/Jun/2026:07:28:13 +0000] "GET /items/r90806703645/ HTTP/1.1" 404 115123 "-" "Mozilla/5.0 AppleWebKit/537.36 (KHTML, like Gecko; compatible; ClaudeBot/1.0; +claudebot@anthropic.com)"
216.73.217.123 - - [10/Jun/2026:07:28:13 +0000] "GET /items/g90793243970/ HTTP/1.1" 404 115114 "-" "Mozilla/5.0 AppleWebKit/537.36 (KHTML, like Gecko; compatible; ClaudeBot/1.0; +claudebot@anthropic.com)"
74.7.227.0 - - [10/Jun/2026:07:28:15 +0000] "GET /?rename=/var/www/vhosts/mayaver.com/httpdocs/wp-content/themes/aihub/bbpress/loop-replies.php HTTP/1.1" 301 18095 "https://mayaver.com/?file=/var/www/vhosts/mayaver.com/httpdocs/wp-content/themes/aihub/bbpress" "Mozilla/5.0 AppleWebKit/537.36 (KHTML, like Gecko; compatible; GPTBot/1.4; +https://openai.com/gptbot)"
216.73.217.123 - - [10/Jun/2026:07:28:15 +0000] "GET /items/t90827585957/ HTTP/1.1" 404 115108 "-" "Mozilla/5.0 AppleWebKit/537.36 (KHTML, like Gecko; compatible; ClaudeBot/1.0; +claudebot@anthropic.com)"
216.73.217.123 - - [10/Jun/2026:07:28:16 +0000] "GET /items/h90793265525/ HTTP/1.1" 404 115114 "-" "Mozilla/5.0 AppleWebKit/537.36 (KHTML, like Gecko; compatible; ClaudeBot/1.0; +claudebot@anthropic.com)"
216.73.217.123 - - [10/Jun/2026:07:28:16 +0000] "GET /items/r90803713515/ HTTP/1.1" 404 115123 "-" "Mozilla/5.0 AppleWebKit/537.36 (KHTML, like Gecko; compatible; ClaudeBot/1.0; +claudebot@anthropic.com)"
216.73.217.123 - - [10/Jun/2026:07:28:16 +0000] "GET /items/o90817111504/ HTTP/1.1" 404 115123 "-" "Mozilla/5.0 AppleWebKit/537.36 (KHTML, like Gecko; compatible; ClaudeBot/1.0; +claudebot@anthropic.com)"
216.73.217.123 - - [10/Jun/2026:07:28:16 +0000] "GET /items/l90811283315/ HTTP/1.1" 404 115108 "-" "Mozilla/5.0 AppleWebKit/537.36 (KHTML, like Gecko; compatible; ClaudeBot/1.0; +claudebot@anthropic.com)"
74.7.227.0 - - [10/Jun/2026:07:28:16 +0000] "GET /?rename=%2Fvar%2Fwww%2Fvhosts%2Fmayaver.com%2Fhttpdocs%2Fwp-content%2Fthemes%2Faihub%2Fbbpress%2Floop-replies.php HTTP/1.1" 200 39087 "https://mayaver.com/?rename=/var/www/vhosts/mayaver.com/httpdocs/wp-content/themes/aihub/bbpress/loop-replies.php" "Mozilla/5.0 AppleWebKit/537.36 (KHTML, like Gecko; compatible; GPTBot/1.4; +https://openai.com/gptbot)"
57.141.2.22 - - [10/Jun/2026:07:28:18 +0000] "GET /products/ladies-the-north-face-hoodie/60245265/ HTTP/1.1" 404 115176 "-" "meta-externalagent/1.1 (+https://developers.facebook.com/docs/sharing/webmasters/crawler)"
216.73.217.123 - - [10/Jun/2026:07:28:18 +0000] "GET /items/l90803701861/ HTTP/1.1" 404 115123 "-" "Mozilla/5.0 AppleWebKit/537.36 (KHTML, like Gecko; compatible; ClaudeBot/1.0; +claudebot@anthropic.com)"
216.73.217.123 - - [10/Jun/2026:07:28:18 +0000] "GET /items/u90838153980/ HTTP/1.1" 404 115108 "-" "Mozilla/5.0 AppleWebKit/537.36 (KHTML, like Gecko; compatible; ClaudeBot/1.0; +claudebot@anthropic.com)"
216.73.217.123 - - [10/Jun/2026:07:28:19 +0000] "GET /items/u90814236560/ HTTP/1.1" 404 115123 "-" "Mozilla/5.0 AppleWebKit/537.36 (KHTML, like Gecko; compatible; ClaudeBot/1.0; +claudebot@anthropic.com)"
74.7.227.0 - - [10/Jun/2026:07:28:20 +0000] "GET /?rename=/var/www/vhosts/mayaver.com/httpdocs/wp-content/themes/aihub/bbpress/form-topic.php HTTP/1.1" 301 18087 "https://mayaver.com/?file=/var/www/vhosts/mayaver.com/httpdocs/wp-content/themes/aihub/bbpress" "Mozilla/5.0 AppleWebKit/537.36 (KHTML, like Gecko; compatible; GPTBot/1.4; +https://openai.com/gptbot)"
216.73.217.123 - - [10/Jun/2026:07:28:19 +0000] "GET /items/r90842687035/ HTTP/1.1" 404 115123 "-" "Mozilla/5.0 AppleWebKit/537.36 (KHTML, like Gecko; compatible; ClaudeBot/1.0; +claudebot@anthropic.com)"
216.73.217.123 - - [10/Jun/2026:07:28:21 +0000] "GET /items/g90817221034/ HTTP/1.1" 404 115123 "-" "Mozilla/5.0 AppleWebKit/537.36 (KHTML, like Gecko; compatible; ClaudeBot/1.0; +claudebot@anthropic.com)"
216.73.217.123 - - [10/Jun/2026:07:28:21 +0000] "GET /items/u90817331860/ HTTP/1.1" 404 115123 "-" "Mozilla/5.0 AppleWebKit/537.36 (KHTML, like Gecko; compatible; ClaudeBot/1.0; +claudebot@anthropic.com)"
216.73.217.123 - - [10/Jun/2026:07:28:21 +0000] "GET /items/k90814372088/ HTTP/1.1" 404 115123 "-" "Mozilla/5.0 AppleWebKit/537.36 (KHTML, like Gecko; compatible; ClaudeBot/1.0; +claudebot@anthropic.com)"
216.73.217.123 - - [10/Jun/2026:07:28:21 +0000] "GET /items/y90811177976/ HTTP/1.1" 404 115123 "-" "Mozilla/5.0 AppleWebKit/537.36 (KHTML, like Gecko; compatible; ClaudeBot/1.0; +claudebot@anthropic.com)"
57.141.2.21 - - [10/Jun/2026:07:28:22 +0000] "GET /products/berghaus-extrem-gore-tex-vintage-jacket/57191601/ HTTP/1.1" 404 115176 "-" "meta-externalagent/1.1 (+https://developers.facebook.com/docs/sharing/webmasters/crawler)"
74.7.227.0 - - [10/Jun/2026:07:28:21 +0000] "GET /?rename=%2Fvar%2Fwww%2Fvhosts%2Fmayaver.com%2Fhttpdocs%2Fwp-content%2Fthemes%2Faihub%2Fbbpress%2Fform-topic.php HTTP/1.1" 200 39083 "https://mayaver.com/?rename=/var/www/vhosts/mayaver.com/httpdocs/wp-content/themes/aihub/bbpress/form-topic.php" "Mozilla/5.0 AppleWebKit/537.36 (KHTML, like Gecko; compatible; GPTBot/1.4; +https://openai.com/gptbot)"
216.73.217.123 - - [10/Jun/2026:07:28:23 +0000] "GET /items/m90835413988/ HTTP/1.1" 404 115123 "-" "Mozilla/5.0 AppleWebKit/537.36 (KHTML, like Gecko; compatible; ClaudeBot/1.0; +claudebot@anthropic.com)"
216.73.217.123 - - [10/Jun/2026:07:28:23 +0000] "GET /items/q90832302988/ HTTP/1.1" 404 115114 "-" "Mozilla/5.0 AppleWebKit/537.36 (KHTML, like Gecko; compatible; ClaudeBot/1.0; +claudebot@anthropic.com)"
216.73.217.123 - - [10/Jun/2026:07:28:24 +0000] "GET /items/n90796198695/ HTTP/1.1" 404 115123 "-" "Mozilla/5.0 AppleWebKit/537.36 (KHTML, like Gecko; compatible; ClaudeBot/1.0; +claudebot@anthropic.com)"
216.73.217.123 - - [10/Jun/2026:07:28:24 +0000] "GET /items/r90838295625/ HTTP/1.1" 404 115123 "-" "Mozilla/5.0 AppleWebKit/537.36 (KHTML, like Gecko; compatible; ClaudeBot/1.0; +claudebot@anthropic.com)"
216.73.217.123 - - [10/Jun/2026:07:28:26 +0000] "GET /items/u90842742184/ HTTP/1.1" 404 115123 "-" "Mozilla/5.0 AppleWebKit/537.36 (KHTML, like Gecko; compatible; ClaudeBot/1.0; +claudebot@anthropic.com)"
216.73.217.123 - - [10/Jun/2026:07:28:26 +0000] "GET /items/u90817156984/ HTTP/1.1" 404 115123 "-" "Mozilla/5.0 AppleWebKit/537.36 (KHTML, like Gecko; compatible; ClaudeBot/1.0; +claudebot@anthropic.com)"
216.73.217.123 - - [10/Jun/2026:07:28:26 +0000] "GET /items/h90811075025/ HTTP/1.1" 404 115123 "-" "Mozilla/5.0 AppleWebKit/537.36 (KHTML, like Gecko; compatible; ClaudeBot/1.0; +claudebot@anthropic.com)"
216.73.217.123 - - [10/Jun/2026:07:28:26 +0000] "GET /items/z90814021207/ HTTP/1.1" 404 115123 "-" "Mozilla/5.0 AppleWebKit/537.36 (KHTML, like Gecko; compatible; ClaudeBot/1.0; +claudebot@anthropic.com)"
74.7.227.0 - - [10/Jun/2026:07:28:26 +0000] "GET /?edit=%2Fvar%2Fwww%2Fvhosts%2Fmayaver.com%2Fhttpdocs%2Fwp-content%2Fthemes%2Faihub%2Fbbpress%2Fpagination-search.php HTTP/1.1" 200 39276 "https://mayaver.com/?edit=/var/www/vhosts/mayaver.com/httpdocs/wp-content/themes/aihub/bbpress/pagination-search.php" "Mozilla/5.0 AppleWebKit/537.36 (KHTML, like Gecko; compatible; GPTBot/1.4; +https://openai.com/gptbot)"
139.84.174.118 - - [10/Jun/2026:07:28:28 +0000] "POST /wp-cron.php?doing_wp_cron=1781076508.8601870536804199218750 HTTP/1.1" 403 4358 "-" "WordPress/6.5.8; https://mayaver.com"
139.84.174.118 - - [10/Jun/2026:07:28:29 +0000] "POST /wp-cron.php?doing_wp_cron=1781076509.1477680206298828125000 HTTP/1.1" 403 4358 "-" "WordPress/6.5.8; https://mayaver.com"
216.73.217.123 - - [10/Jun/2026:07:28:28 +0000] "GET /items/g90842697034/ HTTP/1.1" 404 115123 "-" "Mozilla/5.0 AppleWebKit/537.36 (KHTML, like Gecko; compatible; ClaudeBot/1.0; +claudebot@anthropic.com)"
216.73.217.123 - - [10/Jun/2026:07:28:28 +0000] "GET /items/z90838449345/ HTTP/1.1" 404 115123 "-" "Mozilla/5.0 AppleWebKit/537.36 (KHTML, like Gecko; compatible; ClaudeBot/1.0; +claudebot@anthropic.com)"
74.7.227.0 - - [10/Jun/2026:07:28:29 +0000] "GET /?rename=/var/www/vhosts/mayaver.com/httpdocs/wp-content/themes/aihub/bbpress/loop-topics.php HTTP/1.1" 301 18091 "https://mayaver.com/?file=/var/www/vhosts/mayaver.com/httpdocs/wp-content/themes/aihub/bbpress" "Mozilla/5.0 AppleWebKit/537.36 (KHTML, like Gecko; compatible; GPTBot/1.4; +https://openai.com/gptbot)"
216.73.217.123 - - [10/Jun/2026:07:28:29 +0000] "GET /items/q90811158416/ HTTP/1.1" 404 115176 "-" "Mozilla/5.0 AppleWebKit/537.36 (KHTML, like Gecko; compatible; ClaudeBot/1.0; +claudebot@anthropic.com)"
216.73.217.123 - - [10/Jun/2026:07:28:29 +0000] "GET /items/z90821822205/ HTTP/1.1" 404 115161 "-" "Mozilla/5.0 AppleWebKit/537.36 (KHTML, like Gecko; compatible; ClaudeBot/1.0; +claudebot@anthropic.com)"
216.73.217.123 - - [10/Jun/2026:07:28:29 +0000] "GET /items/z90811351163/ HTTP/1.1" 404 115176 "-" "Mozilla/5.0 AppleWebKit/537.36 (KHTML, like Gecko; compatible; ClaudeBot/1.0; +claudebot@anthropic.com)"
216.73.217.123 - - [10/Jun/2026:07:28:29 +0000] "GET /items/q90842809988/ HTTP/1.1" 404 115176 "-" "Mozilla/5.0 AppleWebKit/537.36 (KHTML, like Gecko; compatible; ClaudeBot/1.0; +claudebot@anthropic.com)"
57.141.2.53 - - [10/Jun/2026:07:28:29 +0000] "GET /products/pedro-del-hierro-blazer-jacket-size-52-duemilacori/77594097/ HTTP/1.1" 404 115176 "-" "meta-externalagent/1.1 (+https://developers.facebook.com/docs/sharing/webmasters/crawler)"
74.7.227.0 - - [10/Jun/2026:07:28:30 +0000] "GET /?rename=%2Fvar%2Fwww%2Fvhosts%2Fmayaver.com%2Fhttpdocs%2Fwp-content%2Fthemes%2Faihub%2Fbbpress%2Floop-topics.php HTTP/1.1" 200 39086 "https://mayaver.com/?rename=/var/www/vhosts/mayaver.com/httpdocs/wp-content/themes/aihub/bbpress/loop-topics.php" "Mozilla/5.0 AppleWebKit/537.36 (KHTML, like Gecko; compatible; GPTBot/1.4; +https://openai.com/gptbot)"
216.73.217.123 - - [10/Jun/2026:07:28:32 +0000] "GET /items/h90832127713/ HTTP/1.1" 404 115123 "-" "Mozilla/5.0 AppleWebKit/537.36 (KHTML, like Gecko; compatible; ClaudeBot/1.0; +claudebot@anthropic.com)"
216.73.217.123 - - [10/Jun/2026:07:28:32 +0000] "GET /items/n90832249555/ HTTP/1.1" 404 115123 "-" "Mozilla/5.0 AppleWebKit/537.36 (KHTML, like Gecko; compatible; ClaudeBot/1.0; +claudebot@anthropic.com)"
216.73.217.123 - - [10/Jun/2026:07:28:32 +0000] "GET /items/y90824792496/ HTTP/1.1" 404 115123 "-" "Mozilla/5.0 AppleWebKit/537.36 (KHTML, like Gecko; compatible; ClaudeBot/1.0; +claudebot@anthropic.com)"
216.73.217.123 - - [10/Jun/2026:07:28:33 +0000] "GET /items/y90824900838/ HTTP/1.1" 404 115123 "-" "Mozilla/5.0 AppleWebKit/537.36 (KHTML, like Gecko; compatible; ClaudeBot/1.0; +claudebot@anthropic.com)"
216.73.217.123 - - [10/Jun/2026:07:28:34 +0000] "GET /items/z90811295861/ HTTP/1.1" 404 115123 "-" "Mozilla/5.0 AppleWebKit/537.36 (KHTML, like Gecko; compatible; ClaudeBot/1.0; +claudebot@anthropic.com)"
57.141.2.27 - - [10/Jun/2026:07:28:34 +0000] "GET /products/acne-studios-size34-black-coat/37907553/ HTTP/1.1" 404 115176 "-" "meta-externalagent/1.1 (+https://developers.facebook.com/docs/sharing/webmasters/crawler)"
216.73.217.123 - - [10/Jun/2026:07:28:34 +0000] "GET /items/z90821526195/ HTTP/1.1" 404 115123 "-" "Mozilla/5.0 AppleWebKit/537.36 (KHTML, like Gecko; compatible; ClaudeBot/1.0; +claudebot@anthropic.com)"
216.73.217.123 - - [10/Jun/2026:07:28:34 +0000] "GET /items/h90824658891/ HTTP/1.1" 404 115108 "-" "Mozilla/5.0 AppleWebKit/537.36 (KHTML, like Gecko; compatible; ClaudeBot/1.0; +claudebot@anthropic.com)"
216.73.217.123 - - [10/Jun/2026:07:28:35 +0000] "GET /items/x90811416863/ HTTP/1.1" 404 115123 "-" "Mozilla/5.0 AppleWebKit/537.36 (KHTML, like Gecko; compatible; ClaudeBot/1.0; +claudebot@anthropic.com)"
74.7.227.0 - - [10/Jun/2026:07:28:34 +0000] "GET /?edit=%2Fvar%2Fwww%2Fvhosts%2Fmayaver.com%2Fhttpdocs%2Fwp-content%2Fthemes%2Faihub%2Fbbpress%2Floop-topics.php HTTP/1.1" 200 39575 "https://mayaver.com/?edit=/var/www/vhosts/mayaver.com/httpdocs/wp-content/themes/aihub/bbpress/loop-topics.php" "Mozilla/5.0 AppleWebKit/537.36 (KHTML, like Gecko; compatible; GPTBot/1.4; +https://openai.com/gptbot)"
216.73.217.123 - - [10/Jun/2026:07:28:37 +0000] "GET /items/l90811181915/ HTTP/1.1" 404 115108 "-" "Mozilla/5.0 AppleWebKit/537.36 (KHTML, like Gecko; compatible; ClaudeBot/1.0; +claudebot@anthropic.com)"
216.73.217.123 - - [10/Jun/2026:07:28:38 +0000] "GET /items/y90814004930/ HTTP/1.1" 404 115108 "-" "Mozilla/5.0 AppleWebKit/537.36 (KHTML, like Gecko; compatible; ClaudeBot/1.0; +claudebot@anthropic.com)"
74.7.227.0 - - [10/Jun/2026:07:28:39 +0000] "GET /?edit=/var/www/vhosts/mayaver.com/httpdocs/wp-content/themes/aihub/bbpress/loop-replies.php HTTP/1.1" 301 20108 "https://mayaver.com/?file=/var/www/vhosts/mayaver.com/httpdocs/wp-content/themes/aihub/bbpress" "Mozilla/5.0 AppleWebKit/537.36 (KHTML, like Gecko; compatible; GPTBot/1.4; +https://openai.com/gptbot)"
216.73.217.123 - - [10/Jun/2026:07:28:38 +0000] "GET /items/y90811394738/ HTTP/1.1" 404 115123 "-" "Mozilla/5.0 AppleWebKit/537.36 (KHTML, like Gecko; compatible; ClaudeBot/1.0; +claudebot@anthropic.com)"
216.73.217.123 - - [10/Jun/2026:07:28:38 +0000] "GET /items/y90811082426/ HTTP/1.1" 404 115123 "-" "Mozilla/5.0 AppleWebKit/537.36 (KHTML, like Gecko; compatible; ClaudeBot/1.0; +claudebot@anthropic.com)"
216.73.217.123 - - [10/Jun/2026:07:28:38 +0000] "GET /items/d90832314961/ HTTP/1.1" 404 115123 "-" "Mozilla/5.0 AppleWebKit/537.36 (KHTML, like Gecko; compatible; ClaudeBot/1.0; +claudebot@anthropic.com)"
216.73.217.123 - - [10/Jun/2026:07:28:40 +0000] "GET /items/l90814111595/ HTTP/1.1" 404 115108 "-" "Mozilla/5.0 AppleWebKit/537.36 (KHTML, like Gecko; compatible; ClaudeBot/1.0; +claudebot@anthropic.com)"
216.73.217.123 - - [10/Jun/2026:07:28:40 +0000] "GET /items/z90835243051/ HTTP/1.1" 404 115123 "-" "Mozilla/5.0 AppleWebKit/537.36 (KHTML, like Gecko; compatible; ClaudeBot/1.0; +claudebot@anthropic.com)"
216.73.217.123 - - [10/Jun/2026:07:28:40 +0000] "GET /items/z90824882691/ HTTP/1.1" 404 115108 "-" "Mozilla/5.0 AppleWebKit/537.36 (KHTML, like Gecko; compatible; ClaudeBot/1.0; +claudebot@anthropic.com)"
216.73.217.123 - - [10/Jun/2026:07:28:41 +0000] "GET /items/y90793113390/ HTTP/1.1" 404 115114 "-" "Mozilla/5.0 AppleWebKit/537.36 (KHTML, like Gecko; compatible; ClaudeBot/1.0; +claudebot@anthropic.com)"
216.73.217.123 - - [10/Jun/2026:07:28:41 +0000] "GET /items/n90821955105/ HTTP/1.1" 404 115123 "-" "Mozilla/5.0 AppleWebKit/537.36 (KHTML, like Gecko; compatible; ClaudeBot/1.0; +claudebot@anthropic.com)"
74.7.227.0 - - [10/Jun/2026:07:28:40 +0000] "GET /?edit=%2Fvar%2Fwww%2Fvhosts%2Fmayaver.com%2Fhttpdocs%2Fwp-content%2Fthemes%2Faihub%2Fbbpress%2Floop-replies.php HTTP/1.1" 200 39531 "https://mayaver.com/?edit=/var/www/vhosts/mayaver.com/httpdocs/wp-content/themes/aihub/bbpress/loop-replies.php" "Mozilla/5.0 AppleWebKit/537.36 (KHTML, like Gecko; compatible; GPTBot/1.4; +https://openai.com/gptbot)"
216.73.217.123 - - [10/Jun/2026:07:28:42 +0000] "GET /items/u90814103336/ HTTP/1.1" 404 115123 "-" "Mozilla/5.0 AppleWebKit/537.36 (KHTML, like Gecko; compatible; ClaudeBot/1.0; +claudebot@anthropic.com)"
216.73.217.123 - - [10/Jun/2026:07:28:43 +0000] "GET /items/y90821516886/ HTTP/1.1" 404 115123 "-" "Mozilla/5.0 AppleWebKit/537.36 (KHTML, like Gecko; compatible; ClaudeBot/1.0; +claudebot@anthropic.com)"
216.73.217.123 - - [10/Jun/2026:07:28:43 +0000] "GET /items/z90796188411/ HTTP/1.1" 404 115123 "-" "Mozilla/5.0 AppleWebKit/537.36 (KHTML, like Gecko; compatible; ClaudeBot/1.0; +claudebot@anthropic.com)"
216.73.217.123 - - [10/Jun/2026:07:28:44 +0000] "GET /items/l90845519885/ HTTP/1.1" 404 115123 "-" "Mozilla/5.0 AppleWebKit/537.36 (KHTML, like Gecko; compatible; ClaudeBot/1.0; +claudebot@anthropic.com)"
216.73.217.123 - - [10/Jun/2026:07:28:44 +0000] "GET /items/q90811372838/ HTTP/1.1" 404 115123 "-" "Mozilla/5.0 AppleWebKit/537.36 (KHTML, like Gecko; compatible; ClaudeBot/1.0; +claudebot@anthropic.com)"
216.73.217.123 - - [10/Jun/2026:07:28:44 +0000] "GET /items/z90814244963/ HTTP/1.1" 404 115123 "-" "Mozilla/5.0 AppleWebKit/537.36 (KHTML, like Gecko; compatible; ClaudeBot/1.0; +claudebot@anthropic.com)"
216.73.217.123 - - [10/Jun/2026:07:28:45 +0000] "GET /items/h90835130713/ HTTP/1.1" 404 115114 "-" "Mozilla/5.0 AppleWebKit/537.36 (KHTML, like Gecko; compatible; ClaudeBot/1.0; +claudebot@anthropic.com)"
216.73.217.123 - - [10/Jun/2026:07:28:45 +0000] "GET /items/z90832133425/ HTTP/1.1" 404 115123 "-" "Mozilla/5.0 AppleWebKit/537.36 (KHTML, like Gecko; compatible; ClaudeBot/1.0; +claudebot@anthropic.com)"
216.73.217.123 - - [10/Jun/2026:07:28:46 +0000] "GET /items/u90842684360/ HTTP/1.1" 404 115114 "-" "Mozilla/5.0 AppleWebKit/537.36 (KHTML, like Gecko; compatible; ClaudeBot/1.0; +claudebot@anthropic.com)"
216.73.217.123 - - [10/Jun/2026:07:28:47 +0000] "GET /items/y90832116316/ HTTP/1.1" 404 115123 "-" "Mozilla/5.0 AppleWebKit/537.36 (KHTML, like Gecko; compatible; ClaudeBot/1.0; +claudebot@anthropic.com)"
74.7.227.0 - - [10/Jun/2026:07:28:44 +0000] "GET /?file=%2Fvar%2Fwww%2Fvhosts%2Fmayaver.com%2Fhttpdocs%2Fwp-content%2Fthemes%2Faihub%2Fbbpress%2Floop-search-topic.php HTTP/1.1" 200 38196 "https://mayaver.com/?file=/var/www/vhosts/mayaver.com/httpdocs/wp-content/themes/aihub/bbpress/loop-search-topic.php" "Mozilla/5.0 AppleWebKit/537.36 (KHTML, like Gecko; compatible; GPTBot/1.4; +https://openai.com/gptbot)"
216.73.217.123 - - [10/Jun/2026:07:28:47 +0000] "GET /items/n90832173661/ HTTP/1.1" 404 115108 "-" "Mozilla/5.0 AppleWebKit/537.36 (KHTML, like Gecko; compatible; ClaudeBot/1.0; +claudebot@anthropic.com)"
216.73.217.123 - - [10/Jun/2026:07:28:48 +0000] "GET /items/o90838103820/ HTTP/1.1" 404 115108 "-" "Mozilla/5.0 AppleWebKit/537.36 (KHTML, like Gecko; compatible; ClaudeBot/1.0; +claudebot@anthropic.com)"
74.7.227.0 - - [10/Jun/2026:07:28:50 +0000] "GET /?view=/var/www/vhosts/mayaver.com/httpdocs/wp-content/themes/aihub/bbpress/pagination-topics.php HTTP/1.1" 200 3779 "https://mayaver.com/?file=/var/www/vhosts/mayaver.com/httpdocs/wp-content/themes/aihub/bbpress" "Mozilla/5.0 AppleWebKit/537.36 (KHTML, like Gecko; compatible; GPTBot/1.4; +https://openai.com/gptbot)"
216.73.217.123 - - [10/Jun/2026:07:28:48 +0000] "GET /items/n90845675861/ HTTP/1.1" 404 115123 "-" "Mozilla/5.0 AppleWebKit/537.36 (KHTML, like Gecko; compatible; ClaudeBot/1.0; +claudebot@anthropic.com)"
216.73.217.123 - - [10/Jun/2026:07:28:49 +0000] "GET /items/z90814423505/ HTTP/1.1" 404 115123 "-" "Mozilla/5.0 AppleWebKit/537.36 (KHTML, like Gecko; compatible; ClaudeBot/1.0; +claudebot@anthropic.com)"
216.73.217.123 - - [10/Jun/2026:07:28:49 +0000] "GET /items/t90824662595/ HTTP/1.1" 404 115123 "-" "Mozilla/5.0 AppleWebKit/537.36 (KHTML, like Gecko; compatible; ClaudeBot/1.0; +claudebot@anthropic.com)"
216.73.217.123 - - [10/Jun/2026:07:28:50 +0000] "GET /items/r90827652905/ HTTP/1.1" 404 115123 "-" "Mozilla/5.0 AppleWebKit/537.36 (KHTML, like Gecko; compatible; ClaudeBot/1.0; +claudebot@anthropic.com)"
74.7.227.0 - - [10/Jun/2026:07:28:51 +0000] "GET /%3C?php%20bbp_forum_permalink(%20bbp_get_topic_forum_id()%20);%20?%3E HTTP/1.1" 404 115123 "https://mayaver.com/?view=/var/www/vhosts/mayaver.com/httpdocs/wp-content/themes/aihub/bbpress/loop-search-topic.php" "Mozilla/5.0 AppleWebKit/537.36 (KHTML, like Gecko; compatible; GPTBot/1.4; +https://openai.com/gptbot)"
216.73.217.123 - - [10/Jun/2026:07:28:51 +0000] "GET /items/q90821675088/ HTTP/1.1" 404 115167 "-" "Mozilla/5.0 AppleWebKit/537.36 (KHTML, like Gecko; compatible; ClaudeBot/1.0; +claudebot@anthropic.com)"
216.73.217.123 - - [10/Jun/2026:07:28:51 +0000] "GET /items/q90821540226/ HTTP/1.1" 404 115176 "-" "Mozilla/5.0 AppleWebKit/537.36 (KHTML, like Gecko; compatible; ClaudeBot/1.0; +claudebot@anthropic.com)"
216.73.217.123 - - [10/Jun/2026:07:28:51 +0000] "GET /items/q90835075030/ HTTP/1.1" 404 115176 "-" "Mozilla/5.0 AppleWebKit/537.36 (KHTML, like Gecko; compatible; ClaudeBot/1.0; +claudebot@anthropic.com)"
216.73.217.123 - - [10/Jun/2026:07:28:51 +0000] "GET /items/z90811139081/ HTTP/1.1" 404 115176 "-" "Mozilla/5.0 AppleWebKit/537.36 (KHTML, like Gecko; compatible; ClaudeBot/1.0; +claudebot@anthropic.com)"
216.73.217.123 - - [10/Jun/2026:07:28:51 +0000] "GET /items/n90811470881/ HTTP/1.1" 404 115176 "-" "Mozilla/5.0 AppleWebKit/537.36 (KHTML, like Gecko; compatible; ClaudeBot/1.0; +claudebot@anthropic.com)"
216.73.217.123 - - [10/Jun/2026:07:28:51 +0000] "GET /items/u90821694930/ HTTP/1.1" 404 115176 "-" "Mozilla/5.0 AppleWebKit/537.36 (KHTML, like Gecko; compatible; ClaudeBot/1.0; +claudebot@anthropic.com)"
74.7.227.0 - - [10/Jun/2026:07:28:53 +0000] "GET /?rename=/var/www/vhosts/mayaver.com/httpdocs/wp-content/themes/aihub/bbpress/form-topic-split.php HTTP/1.1" 301 18111 "https://mayaver.com/?file=/var/www/vhosts/mayaver.com/httpdocs/wp-content/themes/aihub/bbpress" "Mozilla/5.0 AppleWebKit/537.36 (KHTML, like Gecko; compatible; GPTBot/1.4; +https://openai.com/gptbot)"
216.73.217.123 - - [10/Jun/2026:07:28:55 +0000] "GET /items/z90793134711/ HTTP/1.1" 404 115123 "-" "Mozilla/5.0 AppleWebKit/537.36 (KHTML, like Gecko; compatible; ClaudeBot/1.0; +claudebot@anthropic.com)"
216.73.217.123 - - [10/Jun/2026:07:28:55 +0000] "GET /items/h90796200275/ HTTP/1.1" 404 115123 "-" "Mozilla/5.0 AppleWebKit/537.36 (KHTML, like Gecko; compatible; ClaudeBot/1.0; +claudebot@anthropic.com)"
216.73.217.123 - - [10/Jun/2026:07:28:56 +0000] "GET /items/y90811127588/ HTTP/1.1" 404 115114 "-" "Mozilla/5.0 AppleWebKit/537.36 (KHTML, like Gecko; compatible; ClaudeBot/1.0; +claudebot@anthropic.com)"
216.73.217.123 - - [10/Jun/2026:07:28:56 +0000] "GET /items/u90842685400/ HTTP/1.1" 404 115108 "-" "Mozilla/5.0 AppleWebKit/537.36 (KHTML, like Gecko; compatible; ClaudeBot/1.0; +claudebot@anthropic.com)"
216.73.217.123 - - [10/Jun/2026:07:28:56 +0000] "GET /items/u90842782354/ HTTP/1.1" 404 115123 "-" "Mozilla/5.0 AppleWebKit/537.36 (KHTML, like Gecko; compatible; ClaudeBot/1.0; +claudebot@anthropic.com)"
74.7.227.0 - - [10/Jun/2026:07:28:55 +0000] "GET /?rename=%2Fvar%2Fwww%2Fvhosts%2Fmayaver.com%2Fhttpdocs%2Fwp-content%2Fthemes%2Faihub%2Fbbpress%2Fform-topic-split.php HTTP/1.1" 200 39088 "https://mayaver.com/?rename=/var/www/vhosts/mayaver.com/httpdocs/wp-content/themes/aihub/bbpress/form-topic-split.php" "Mozilla/5.0 AppleWebKit/537.36 (KHTML, like Gecko; compatible; GPTBot/1.4; +https://openai.com/gptbot)"
216.73.217.123 - - [10/Jun/2026:07:28:58 +0000] "GET /items/z90793374275/ HTTP/1.1" 404 115123 "-" "Mozilla/5.0 AppleWebKit/537.36 (KHTML, like Gecko; compatible; ClaudeBot/1.0; +claudebot@anthropic.com)"
216.73.217.123 - - [10/Jun/2026:07:28:58 +0000] "GET /items/y90842756696/ HTTP/1.1" 404 115123 "-" "Mozilla/5.0 AppleWebKit/537.36 (KHTML, like Gecko; compatible; ClaudeBot/1.0; +claudebot@anthropic.com)"
216.73.217.123 - - [10/Jun/2026:07:28:59 +0000] "GET /items/r90814147819/ HTTP/1.1" 404 115123 "-" "Mozilla/5.0 AppleWebKit/537.36 (KHTML, like Gecko; compatible; ClaudeBot/1.0; +claudebot@anthropic.com)"
216.73.217.123 - - [10/Jun/2026:07:28:59 +0000] "GET /items/q90814161338/ HTTP/1.1" 404 115108 "-" "Mozilla/5.0 AppleWebKit/537.36 (KHTML, like Gecko; compatible; ClaudeBot/1.0; +claudebot@anthropic.com)"
74.7.227.0 - - [10/Jun/2026:07:29:00 +0000] "GET /?rename=/var/www/vhosts/mayaver.com/httpdocs/wp-content/themes/aihub/bbpress/form-topic-merge.php HTTP/1.1" 301 18111 "https://mayaver.com/?file=/var/www/vhosts/mayaver.com/httpdocs/wp-content/themes/aihub/bbpress" "Mozilla/5.0 AppleWebKit/537.36 (KHTML, like Gecko; compatible; GPTBot/1.4; +https://openai.com/gptbot)"
216.73.217.123 - - [10/Jun/2026:07:29:00 +0000] "GET /items/h90845784431/ HTTP/1.1" 404 115123 "-" "Mozilla/5.0 AppleWebKit/537.36 (KHTML, like Gecko; compatible; ClaudeBot/1.0; +claudebot@anthropic.com)"
216.73.217.123 - - [10/Jun/2026:07:29:00 +0000] "GET /items/g90793111760/ HTTP/1.1" 404 115108 "-" "Mozilla/5.0 AppleWebKit/537.36 (KHTML, like Gecko; compatible; ClaudeBot/1.0; +claudebot@anthropic.com)"
216.73.217.123 - - [10/Jun/2026:07:29:01 +0000] "GET /items/y90811131410/ HTTP/1.1" 404 115123 "-" "Mozilla/5.0 AppleWebKit/537.36 (KHTML, like Gecko; compatible; ClaudeBot/1.0; +claudebot@anthropic.com)"
216.73.217.123 - - [10/Jun/2026:07:29:02 +0000] "GET /items/b90793212245/ HTTP/1.1" 404 115123 "-" "Mozilla/5.0 AppleWebKit/537.36 (KHTML, like Gecko; compatible; ClaudeBot/1.0; +claudebot@anthropic.com)"
216.73.217.123 - - [10/Jun/2026:07:29:02 +0000] "GET /items/g90842705614/ HTTP/1.1" 404 115123 "-" "Mozilla/5.0 AppleWebKit/537.36 (KHTML, like Gecko; compatible; ClaudeBot/1.0; +claudebot@anthropic.com)"
74.7.227.0 - - [10/Jun/2026:07:29:03 +0000] "GET /?rename=%2Fvar%2Fwww%2Fvhosts%2Fmayaver.com%2Fhttpdocs%2Fwp-content%2Fthemes%2Faihub%2Fbbpress%2Fform-topic-merge.php HTTP/1.1" 200 39087 "https://mayaver.com/?rename=/var/www/vhosts/mayaver.com/httpdocs/wp-content/themes/aihub/bbpress/form-topic-merge.php" "Mozilla/5.0 AppleWebKit/537.36 (KHTML, like Gecko; compatible; GPTBot/1.4; +https://openai.com/gptbot)"
216.73.217.123 - - [10/Jun/2026:07:29:05 +0000] "GET /items/u90814036750/ HTTP/1.1" 404 115123 "-" "Mozilla/5.0 AppleWebKit/537.36 (KHTML, like Gecko; compatible; ClaudeBot/1.0; +claudebot@anthropic.com)"
216.73.217.123 - - [10/Jun/2026:07:29:06 +0000] "GET /items/e90842732704/ HTTP/1.1" 404 115123 "-" "Mozilla/5.0 AppleWebKit/537.36 (KHTML, like Gecko; compatible; ClaudeBot/1.0; +claudebot@anthropic.com)"
216.73.217.123 - - [10/Jun/2026:07:29:06 +0000] "GET /items/x90827662505/ HTTP/1.1" 404 115123 "-" "Mozilla/5.0 AppleWebKit/537.36 (KHTML, like Gecko; compatible; ClaudeBot/1.0; +claudebot@anthropic.com)"
216.73.217.123 - - [10/Jun/2026:07:29:07 +0000] "GET /items/g90835083600/ HTTP/1.1" 404 115123 "-" "Mozilla/5.0 AppleWebKit/537.36 (KHTML, like Gecko; compatible; ClaudeBot/1.0; +claudebot@anthropic.com)"
216.73.217.123 - - [10/Jun/2026:07:29:08 +0000] "GET /items/h90814213069/ HTTP/1.1" 404 115123 "-" "Mozilla/5.0 AppleWebKit/537.36 (KHTML, like Gecko; compatible; ClaudeBot/1.0; +claudebot@anthropic.com)"
74.7.227.0 - - [10/Jun/2026:07:29:09 +0000] "GET /?rename=%2Fvar%2Fwww%2Fvhosts%2Fmayaver.com%2Fhttpdocs%2Fwp-content%2Fthemes%2Faihub%2Fbbpress%2Fform-topic.php HTTP/1.1" 200 39083 "https://mayaver.com/?rename=/var/www/vhosts/mayaver.com/httpdocs/wp-content/themes/aihub/bbpress/form-topic.php" "Mozilla/5.0 AppleWebKit/537.36 (KHTML, like Gecko; compatible; GPTBot/1.4; +https://openai.com/gptbot)"
57.141.2.18 - - [10/Jun/2026:07:29:10 +0000] "GET /products/christian-audigier-italian-designer-big-design-sweaters/53216697/ HTTP/1.1" 404 115176 "-" "meta-externalagent/1.1 (+https://developers.facebook.com/docs/sharing/webmasters/crawler)"
216.73.217.123 - - [10/Jun/2026:07:29:11 +0000] "GET /items/o90814498894/ HTTP/1.1" 404 115123 "-" "Mozilla/5.0 AppleWebKit/537.36 (KHTML, like Gecko; compatible; ClaudeBot/1.0; +claudebot@anthropic.com)"
216.73.217.123 - - [10/Jun/2026:07:29:11 +0000] "GET /items/r90824781725/ HTTP/1.1" 404 115123 "-" "Mozilla/5.0 AppleWebKit/537.36 (KHTML, like Gecko; compatible; ClaudeBot/1.0; +claudebot@anthropic.com)"
216.73.217.123 - - [10/Jun/2026:07:29:11 +0000] "GET /items/s90814341754/ HTTP/1.1" 404 115123 "-" "Mozilla/5.0 AppleWebKit/537.36 (KHTML, like Gecko; compatible; ClaudeBot/1.0; +claudebot@anthropic.com)"
216.73.217.123 - - [10/Jun/2026:07:29:12 +0000] "GET /items/t90799041125/ HTTP/1.1" 404 115123 "-" "Mozilla/5.0 AppleWebKit/537.36 (KHTML, like Gecko; compatible; ClaudeBot/1.0; +claudebot@anthropic.com)"
57.141.2.44 - - [10/Jun/2026:07:29:12 +0000] "GET /products/loafers/23515473/ HTTP/1.1" 404 115176 "-" "meta-externalagent/1.1 (+https://developers.facebook.com/docs/sharing/webmasters/crawler)"
74.7.227.0 - - [10/Jun/2026:07:29:13 +0000] "GET /?edit=/var/www/vhosts/mayaver.com/httpdocs/wp-content/themes/aihub/bbpress/form-topic-split.php HTTP/1.1" 301 24473 "https://mayaver.com/?file=/var/www/vhosts/mayaver.com/httpdocs/wp-content/themes/aihub/bbpress" "Mozilla/5.0 AppleWebKit/537.36 (KHTML, like Gecko; compatible; GPTBot/1.4; +https://openai.com/gptbot)"
216.73.217.123 - - [10/Jun/2026:07:29:13 +0000] "GET /items/x90838043925/ HTTP/1.1" 404 115123 "-" "Mozilla/5.0 AppleWebKit/537.36 (KHTML, like Gecko; compatible; ClaudeBot/1.0; +claudebot@anthropic.com)"
216.73.217.123 - - [10/Jun/2026:07:29:13 +0000] "GET /items/q90845568380/ HTTP/1.1" 404 115123 "-" "Mozilla/5.0 AppleWebKit/537.36 (KHTML, like Gecko; compatible; ClaudeBot/1.0; +claudebot@anthropic.com)"
57.141.2.2 - - [10/Jun/2026:07:29:14 +0000] "GET /products/nike-tech-running-windrunner-y2k-style-size-m/79554753/ HTTP/1.1" 404 115176 "-" "meta-externalagent/1.1 (+https://developers.facebook.com/docs/sharing/webmasters/crawler)"
216.73.217.123 - - [10/Jun/2026:07:29:15 +0000] "GET /items/z90814312511/ HTTP/1.1" 404 115123 "-" "Mozilla/5.0 AppleWebKit/537.36 (KHTML, like Gecko; compatible; ClaudeBot/1.0; +claudebot@anthropic.com)"
216.73.217.123 - - [10/Jun/2026:07:29:16 +0000] "GET /items/u90835038088/ HTTP/1.1" 404 115123 "-" "Mozilla/5.0 AppleWebKit/537.36 (KHTML, like Gecko; compatible; ClaudeBot/1.0; +claudebot@anthropic.com)"
216.73.217.123 - - [10/Jun/2026:07:29:16 +0000] "GET /items/n90821684991/ HTTP/1.1" 404 115123 "-" "Mozilla/5.0 AppleWebKit/537.36 (KHTML, like Gecko; compatible; ClaudeBot/1.0; +claudebot@anthropic.com)"
216.73.217.123 - - [10/Jun/2026:07:29:17 +0000] "GET /items/h90811403561/ HTTP/1.1" 404 115123 "-" "Mozilla/5.0 AppleWebKit/537.36 (KHTML, like Gecko; compatible; ClaudeBot/1.0; +claudebot@anthropic.com)"
74.7.227.0 - - [10/Jun/2026:07:29:16 +0000] "GET /?edit=%2Fvar%2Fwww%2Fvhosts%2Fmayaver.com%2Fhttpdocs%2Fwp-content%2Fthemes%2Faihub%2Fbbpress%2Fform-topic-split.php HTTP/1.1" 200 40435 "https://mayaver.com/?edit=/var/www/vhosts/mayaver.com/httpdocs/wp-content/themes/aihub/bbpress/form-topic-split.php" "Mozilla/5.0 AppleWebKit/537.36 (KHTML, like Gecko; compatible; GPTBot/1.4; +https://openai.com/gptbot)"
57.141.2.66 - - [10/Jun/2026:07:29:18 +0000] "GET /products/comme-des-garcons-19aw-parfums-front-print-long-sleeve-top-w/43494153/ HTTP/1.1" 404 115176 "-" "meta-externalagent/1.1 (+https://developers.facebook.com/docs/sharing/webmasters/crawler)"
74.7.227.0 - - [10/Jun/2026:07:29:18 +0000] "GET /?edit=/var/www/vhosts/mayaver.com/httpdocs/wp-content/themes/aihub/bbpress/form-topic-merge.php HTTP/1.1" 301 23693 "https://mayaver.com/?file=/var/www/vhosts/mayaver.com/httpdocs/wp-content/themes/aihub/bbpress" "Mozilla/5.0 AppleWebKit/537.36 (KHTML, like Gecko; compatible; GPTBot/1.4; +https://openai.com/gptbot)"
216.73.217.123 - - [10/Jun/2026:07:29:18 +0000] "GET /items/m90811024226/ HTTP/1.1" 404 115123 "-" "Mozilla/5.0 AppleWebKit/537.36 (KHTML, like Gecko; compatible; ClaudeBot/1.0; +claudebot@anthropic.com)"
216.73.217.123 - - [10/Jun/2026:07:29:18 +0000] "GET /items/u90811461788/ HTTP/1.1" 404 115114 "-" "Mozilla/5.0 AppleWebKit/537.36 (KHTML, like Gecko; compatible; ClaudeBot/1.0; +claudebot@anthropic.com)"
216.73.217.123 - - [10/Jun/2026:07:29:18 +0000] "GET /items/z90811170125/ HTTP/1.1" 404 115123 "-" "Mozilla/5.0 AppleWebKit/537.36 (KHTML, like Gecko; compatible; ClaudeBot/1.0; +claudebot@anthropic.com)"
74.7.227.0 - - [10/Jun/2026:07:29:20 +0000] "GET /?edit=%2Fvar%2Fwww%2Fvhosts%2Fmayaver.com%2Fhttpdocs%2Fwp-content%2Fthemes%2Faihub%2Fbbpress%2Fform-topic-merge.php HTTP/1.1" 200 40350 "https://mayaver.com/?edit=/var/www/vhosts/mayaver.com/httpdocs/wp-content/themes/aihub/bbpress/form-topic-merge.php" "Mozilla/5.0 AppleWebKit/537.36 (KHTML, like Gecko; compatible; GPTBot/1.4; +https://openai.com/gptbot)"
74.7.227.0 - - [10/Jun/2026:07:29:22 +0000] "GET /?rename=/var/www/vhosts/mayaver.com/httpdocs/wp-content/themes/aihub/bbpress/form-reply-move.php HTTP/1.1" 301 18107 "https://mayaver.com/?file=/var/www/vhosts/mayaver.com/httpdocs/wp-content/themes/aihub/bbpress" "Mozilla/5.0 AppleWebKit/537.36 (KHTML, like Gecko; compatible; GPTBot/1.4; +https://openai.com/gptbot)"
216.73.217.123 - - [10/Jun/2026:07:29:21 +0000] "GET /products/ski-pants/53741601/ HTTP/1.1" 404 115167 "-" "Mozilla/5.0 AppleWebKit/537.36 (KHTML, like Gecko; compatible; ClaudeBot/1.0; +claudebot@anthropic.com)"
216.73.217.123 - - [10/Jun/2026:07:29:21 +0000] "GET /products/hd-track-pants/21521985/ HTTP/1.1" 404 115176 "-" "Mozilla/5.0 AppleWebKit/537.36 (KHTML, like Gecko; compatible; ClaudeBot/1.0; +claudebot@anthropic.com)"
57.141.2.18 - - [10/Jun/2026:07:29:21 +0000] "GET /products/2001-turnover-band-euphoria-shiver-tee/34915137/ HTTP/1.1" 404 115176 "-" "meta-externalagent/1.1 (+https://developers.facebook.com/docs/sharing/webmasters/crawler)"
74.7.227.0 - - [10/Jun/2026:07:29:24 +0000] "GET /?rename=%2Fvar%2Fwww%2Fvhosts%2Fmayaver.com%2Fhttpdocs%2Fwp-content%2Fthemes%2Faihub%2Fbbpress%2Fform-reply-move.php HTTP/1.1" 200 39087 "https://mayaver.com/?rename=/var/www/vhosts/mayaver.com/httpdocs/wp-content/themes/aihub/bbpress/form-reply-move.php" "Mozilla/5.0 AppleWebKit/537.36 (KHTML, like Gecko; compatible; GPTBot/1.4; +https://openai.com/gptbot)"
57.141.2.64 - - [10/Jun/2026:07:29:27 +0000] "GET /products/coach-leather-tailored-bomber-jacket/77203953/ HTTP/1.1" 404 115176 "-" "meta-externalagent/1.1 (+https://developers.facebook.com/docs/sharing/webmasters/crawler)"
74.7.227.0 - - [10/Jun/2026:07:29:27 +0000] "GET /?edit=%2Fvar%2Fwww%2Fvhosts%2Fmayaver.com%2Fhttpdocs%2Fwp-content%2Fthemes%2Faihub%2Fbbpress%2Floop-replies.php HTTP/1.1" 200 39531 "https://mayaver.com/?edit=/var/www/vhosts/mayaver.com/httpdocs/wp-content/themes/aihub/bbpress/loop-replies.php" "Mozilla/5.0 AppleWebKit/537.36 (KHTML, like Gecko; compatible; GPTBot/1.4; +https://openai.com/gptbot)"
57.141.2.61 - - [10/Jun/2026:07:29:31 +0000] "GET /products/the-demon-slayer-t-shirt-anime-japan/50901297/ HTTP/1.1" 404 115176 "-" "meta-externalagent/1.1 (+https://developers.facebook.com/docs/sharing/webmasters/crawler)"
74.7.227.0 - - [10/Jun/2026:07:29:30 +0000] "GET /?edit=/var/www/vhosts/mayaver.com/httpdocs/wp-content/themes/aihub/bbpress/form-topic-tag.php HTTP/1.1" 301 24623 "https://mayaver.com/?file=/var/www/vhosts/mayaver.com/httpdocs/wp-content/themes/aihub/bbpress" "Mozilla/5.0 AppleWebKit/537.36 (KHTML, like Gecko; compatible; GPTBot/1.4; +https://openai.com/gptbot)"
216.73.217.123 - - [10/Jun/2026:07:29:32 +0000] "GET /products/nike-dunk-lows/15495153/ HTTP/1.1" 404 115176 "-" "Mozilla/5.0 AppleWebKit/537.36 (KHTML, like Gecko; compatible; ClaudeBot/1.0; +claudebot@anthropic.com)"
216.73.217.123 - - [10/Jun/2026:07:29:32 +0000] "GET /products/necklace/61030881/ HTTP/1.1" 404 115176 "-" "Mozilla/5.0 AppleWebKit/537.36 (KHTML, like Gecko; compatible; ClaudeBot/1.0; +claudebot@anthropic.com)"
74.7.227.0 - - [10/Jun/2026:07:29:33 +0000] "GET /?edit=%2Fvar%2Fwww%2Fvhosts%2Fmayaver.com%2Fhttpdocs%2Fwp-content%2Fthemes%2Faihub%2Fbbpress%2Fform-topic-tag.php HTTP/1.1" 200 40182 "https://mayaver.com/?edit=/var/www/vhosts/mayaver.com/httpdocs/wp-content/themes/aihub/bbpress/form-topic-tag.php" "Mozilla/5.0 AppleWebKit/537.36 (KHTML, like Gecko; compatible; GPTBot/1.4; +https://openai.com/gptbot)"
57.141.2.19 - - [10/Jun/2026:07:29:36 +0000] "GET /products/boots-burberry-unisexe/21375081/ HTTP/1.1" 404 115176 "-" "meta-externalagent/1.1 (+https://developers.facebook.com/docs/sharing/webmasters/crawler)"
74.7.227.0 - - [10/Jun/2026:07:29:37 +0000] "GET /?rename=/var/www/vhosts/mayaver.com/httpdocs/wp-content/themes/aihub/bbpress/form-anonymous.php HTTP/1.1" 301 18103 "https://mayaver.com/?file=/var/www/vhosts/mayaver.com/httpdocs/wp-content/themes/aihub/bbpress" "Mozilla/5.0 AppleWebKit/537.36 (KHTML, like Gecko; compatible; GPTBot/1.4; +https://openai.com/gptbot)"
74.7.227.0 - - [10/Jun/2026:07:29:40 +0000] "GET /?rename=%2Fvar%2Fwww%2Fvhosts%2Fmayaver.com%2Fhttpdocs%2Fwp-content%2Fthemes%2Faihub%2Fbbpress%2Fform-anonymous.php HTTP/1.1" 200 39086 "https://mayaver.com/?rename=/var/www/vhosts/mayaver.com/httpdocs/wp-content/themes/aihub/bbpress/form-anonymous.php" "Mozilla/5.0 AppleWebKit/537.36 (KHTML, like Gecko; compatible; GPTBot/1.4; +https://openai.com/gptbot)"
74.7.227.0 - - [10/Jun/2026:07:29:42 +0000] "GET /?view=/var/www/vhosts/mayaver.com/httpdocs/wp-content/themes/aihub/bbpress/loop-single-forum.php HTTP/1.1" 200 4130 "https://mayaver.com/?file=/var/www/vhosts/mayaver.com/httpdocs/wp-content/themes/aihub/bbpress" "Mozilla/5.0 AppleWebKit/537.36 (KHTML, like Gecko; compatible; GPTBot/1.4; +https://openai.com/gptbot)"
74.7.227.0 - - [10/Jun/2026:07:29:43 +0000] "GET /?file=/var/www/vhosts/mayaver.com/httpdocs/wp-content/themes/aihub/bbpress/pagination-replies.php HTTP/1.1" 301 4179 "https://mayaver.com/?file=/var/www/vhosts/mayaver.com/httpdocs/wp-content/themes/aihub/bbpress" "Mozilla/5.0 AppleWebKit/537.36 (KHTML, like Gecko; compatible; GPTBot/1.4; +https://openai.com/gptbot)"
74.7.227.0 - - [10/Jun/2026:07:29:43 +0000] "GET /?file=%2Fvar%2Fwww%2Fvhosts%2Fmayaver.com%2Fhttpdocs%2Fwp-content%2Fthemes%2Faihub%2Fbbpress%2Fpagination-replies.php HTTP/1.1" 200 38197 "https://mayaver.com/?file=/var/www/vhosts/mayaver.com/httpdocs/wp-content/themes/aihub/bbpress/pagination-replies.php" "Mozilla/5.0 AppleWebKit/537.36 (KHTML, like Gecko; compatible; GPTBot/1.4; +https://openai.com/gptbot)"
74.7.227.0 - - [10/Jun/2026:07:29:45 +0000] "GET /?file=/var/www/vhosts/mayaver.com/httpdocs/wp-content/themes/aihub/bbpress/loop-search-reply.php HTTP/1.1" 301 4177 "https://mayaver.com/?file=/var/www/vhosts/mayaver.com/httpdocs/wp-content/themes/aihub/bbpress" "Mozilla/5.0 AppleWebKit/537.36 (KHTML, like Gecko; compatible; GPTBot/1.4; +https://openai.com/gptbot)"
74.7.227.0 - - [10/Jun/2026:07:29:45 +0000] "GET /?file=%2Fvar%2Fwww%2Fvhosts%2Fmayaver.com%2Fhttpdocs%2Fwp-content%2Fthemes%2Faihub%2Fbbpress%2Floop-search-reply.php HTTP/1.1" 200 38197 "https://mayaver.com/?file=/var/www/vhosts/mayaver.com/httpdocs/wp-content/themes/aihub/bbpress/loop-search-reply.php" "Mozilla/5.0 AppleWebKit/537.36 (KHTML, like Gecko; compatible; GPTBot/1.4; +https://openai.com/gptbot)"
74.7.227.0 - - [10/Jun/2026:07:29:47 +0000] "GET /?file=/var/www/vhosts/mayaver.com/httpdocs/wp-content/themes/aihub/bbpress/pagination-search.php HTTP/1.1" 301 4177 "https://mayaver.com/?file=/var/www/vhosts/mayaver.com/httpdocs/wp-content/themes/aihub/bbpress" "Mozilla/5.0 AppleWebKit/537.36 (KHTML, like Gecko; compatible; GPTBot/1.4; +https://openai.com/gptbot)"
57.141.2.60 - - [10/Jun/2026:07:29:47 +0000] "GET /products/san-remo-1950-x-duca-visconti-dimodrone-blue-cotton-blazer/36674433/ HTTP/1.1" 404 115176 "-" "meta-externalagent/1.1 (+https://developers.facebook.com/docs/sharing/webmasters/crawler)"
74.7.227.0 - - [10/Jun/2026:07:29:47 +0000] "GET /?file=%2Fvar%2Fwww%2Fvhosts%2Fmayaver.com%2Fhttpdocs%2Fwp-content%2Fthemes%2Faihub%2Fbbpress%2Fpagination-search.php HTTP/1.1" 200 38195 "https://mayaver.com/?file=/var/www/vhosts/mayaver.com/httpdocs/wp-content/themes/aihub/bbpress/pagination-search.php" "Mozilla/5.0 AppleWebKit/537.36 (KHTML, like Gecko; compatible; GPTBot/1.4; +https://openai.com/gptbot)"
74.7.227.0 - - [10/Jun/2026:07:29:49 +0000] "GET /?view=/var/www/vhosts/mayaver.com/httpdocs/wp-content/themes/aihub/bbpress/form-forum.php HTTP/1.1" 200 4932 "https://mayaver.com/?file=/var/www/vhosts/mayaver.com/httpdocs/wp-content/themes/aihub/bbpress" "Mozilla/5.0 AppleWebKit/537.36 (KHTML, like Gecko; compatible; GPTBot/1.4; +https://openai.com/gptbot)"
74.7.227.0 - - [10/Jun/2026:07:29:49 +0000] "GET /?file=/var/www/vhosts/mayaver.com/httpdocs/wp-content/themes/aihub/bbpress/pagination-topics.php HTTP/1.1" 301 4177 "https://mayaver.com/?file=/var/www/vhosts/mayaver.com/httpdocs/wp-content/themes/aihub/bbpress" "Mozilla/5.0 AppleWebKit/537.36 (KHTML, like Gecko; compatible; GPTBot/1.4; +https://openai.com/gptbot)"
74.7.227.0 - - [10/Jun/2026:07:29:50 +0000] "GET /?file=%2Fvar%2Fwww%2Fvhosts%2Fmayaver.com%2Fhttpdocs%2Fwp-content%2Fthemes%2Faihub%2Fbbpress%2Fpagination-topics.php HTTP/1.1" 200 38197 "https://mayaver.com/?file=/var/www/vhosts/mayaver.com/httpdocs/wp-content/themes/aihub/bbpress/pagination-topics.php" "Mozilla/5.0 AppleWebKit/537.36 (KHTML, like Gecko; compatible; GPTBot/1.4; +https://openai.com/gptbot)"
74.7.227.0 - - [10/Jun/2026:07:29:51 +0000] "GET /?rename=%2Fvar%2Fwww%2Fvhosts%2Fmayaver.com%2Fhttpdocs%2Fwp-content%2Fthemes%2Faihub%2Fbbpress%2Fform-reply-move.php HTTP/1.1" 200 39087 "https://mayaver.com/?rename=/var/www/vhosts/mayaver.com/httpdocs/wp-content/themes/aihub/bbpress/form-reply-move.php" "Mozilla/5.0 AppleWebKit/537.36 (KHTML, like Gecko; compatible; GPTBot/1.4; +https://openai.com/gptbot)"
74.7.227.0 - - [10/Jun/2026:07:29:52 +0000] "GET /?edit=/var/www/vhosts/mayaver.com/httpdocs/wp-content/themes/aihub/bbpress/loop-single-topic.php HTTP/1.1" 301 22055 "https://mayaver.com/?file=/var/www/vhosts/mayaver.com/httpdocs/wp-content/themes/aihub/bbpress" "Mozilla/5.0 AppleWebKit/537.36 (KHTML, like Gecko; compatible; GPTBot/1.4; +https://openai.com/gptbot)"
74.7.227.0 - - [10/Jun/2026:07:29:53 +0000] "GET /?edit=%2Fvar%2Fwww%2Fvhosts%2Fmayaver.com%2Fhttpdocs%2Fwp-content%2Fthemes%2Faihub%2Fbbpress%2Floop-single-topic.php HTTP/1.1" 200 39854 "https://mayaver.com/?edit=/var/www/vhosts/mayaver.com/httpdocs/wp-content/themes/aihub/bbpress/loop-single-topic.php" "Mozilla/5.0 AppleWebKit/537.36 (KHTML, like Gecko; compatible; GPTBot/1.4; +https://openai.com/gptbot)"
74.7.227.0 - - [10/Jun/2026:07:29:54 +0000] "GET /?edit=/var/www/vhosts/mayaver.com/httpdocs/wp-content/themes/aihub/bbpress/form-reply-move.php HTTP/1.1" 301 22777 "https://mayaver.com/?file=/var/www/vhosts/mayaver.com/httpdocs/wp-content/themes/aihub/bbpress" "Mozilla/5.0 AppleWebKit/537.36 (KHTML, like Gecko; compatible; GPTBot/1.4; +https://openai.com/gptbot)"
34.245.174.145 - - [10/Jun/2026:07:29:56 +0000] "POST /xmlrpc.php HTTP/1.1" 403 4358 "-" "Mozilla/5.0 (Windows NT 10.0; Win64; x64) AppleWebKit/537.36 (KHTML, like Gecko) Chrome/114.0.0.0 Safari/537.36"
74.7.227.0 - - [10/Jun/2026:07:29:55 +0000] "GET /?edit=%2Fvar%2Fwww%2Fvhosts%2Fmayaver.com%2Fhttpdocs%2Fwp-content%2Fthemes%2Faihub%2Fbbpress%2Fform-reply-move.php HTTP/1.1" 200 40193 "https://mayaver.com/?edit=/var/www/vhosts/mayaver.com/httpdocs/wp-content/themes/aihub/bbpress/form-reply-move.php" "Mozilla/5.0 AppleWebKit/537.36 (KHTML, like Gecko; compatible; GPTBot/1.4; +https://openai.com/gptbot)"
34.245.174.145 - - [10/Jun/2026:07:29:56 +0000] "POST /xmlrpc.php HTTP/1.1" 403 4358 "-" "Mozilla/5.0 (Windows NT 10.0; Win64; x64) AppleWebKit/537.36 (KHTML, like Gecko) Chrome/114.0.0.0 Safari/537.36"
74.7.227.0 - - [10/Jun/2026:07:29:56 +0000] "GET /?rename=%2Fvar%2Fwww%2Fvhosts%2Fmayaver.com%2Fhttpdocs%2Fwp-content%2Fthemes%2Faihub%2Fbbpress%2Fform-anonymous.php HTTP/1.1" 200 39139 "https://mayaver.com/?rename=/var/www/vhosts/mayaver.com/httpdocs/wp-content/themes/aihub/bbpress/form-anonymous.php" "Mozilla/5.0 AppleWebKit/537.36 (KHTML, like Gecko; compatible; GPTBot/1.4; +https://openai.com/gptbot)"
216.73.217.123 - - [10/Jun/2026:07:29:57 +0000] "GET /products/m-striped-button-down-neck-patch-pocket-custom-fit-87019/12896841/ HTTP/1.1" 404 115167 "-" "Mozilla/5.0 AppleWebKit/537.36 (KHTML, like Gecko; compatible; ClaudeBot/1.0; +claudebot@anthropic.com)"
216.73.217.123 - - [10/Jun/2026:07:29:57 +0000] "GET /products/jordan-1-shadows/23705817/ HTTP/1.1" 404 115176 "-" "Mozilla/5.0 AppleWebKit/537.36 (KHTML, like Gecko; compatible; ClaudeBot/1.0; +claudebot@anthropic.com)"
74.7.227.0 - - [10/Jun/2026:07:29:58 +0000] "GET /?file=/var/www/vhosts/mayaver.com/httpdocs/wp-content/themes/aihub/bbpress/form-search.php HTTP/1.1" 301 4165 "https://mayaver.com/?file=/var/www/vhosts/mayaver.com/httpdocs/wp-content/themes/aihub/bbpress" "Mozilla/5.0 AppleWebKit/537.36 (KHTML, like Gecko; compatible; GPTBot/1.4; +https://openai.com/gptbot)"
74.7.227.0 - - [10/Jun/2026:07:29:59 +0000] "GET /?file=%2Fvar%2Fwww%2Fvhosts%2Fmayaver.com%2Fhttpdocs%2Fwp-content%2Fthemes%2Faihub%2Fbbpress%2Fform-search.php HTTP/1.1" 200 38190 "https://mayaver.com/?file=/var/www/vhosts/mayaver.com/httpdocs/wp-content/themes/aihub/bbpress/form-search.php" "Mozilla/5.0 AppleWebKit/537.36 (KHTML, like Gecko; compatible; GPTBot/1.4; +https://openai.com/gptbot)"
74.7.227.0 - - [10/Jun/2026:07:30:00 +0000] "GET /?file=/var/www/vhosts/mayaver.com/httpdocs/wp-content/themes/aihub/bbpress/loop-search.php HTTP/1.1" 301 4165 "https://mayaver.com/?file=/var/www/vhosts/mayaver.com/httpdocs/wp-content/themes/aihub/bbpress" "Mozilla/5.0 AppleWebKit/537.36 (KHTML, like Gecko; compatible; GPTBot/1.4; +https://openai.com/gptbot)"
74.7.227.0 - - [10/Jun/2026:07:30:01 +0000] "GET /?file=%2Fvar%2Fwww%2Fvhosts%2Fmayaver.com%2Fhttpdocs%2Fwp-content%2Fthemes%2Faihub%2Fbbpress%2Floop-search.php HTTP/1.1" 200 38192 "https://mayaver.com/?file=/var/www/vhosts/mayaver.com/httpdocs/wp-content/themes/aihub/bbpress/loop-search.php" "Mozilla/5.0 AppleWebKit/537.36 (KHTML, like Gecko; compatible; GPTBot/1.4; +https://openai.com/gptbot)"
