74.7.227.0 - - [10/Jun/2026:06:39:23 +0000] "GET /jewellery-showcase/?file=/var/www/vhosts/mayaver.com/httpdocs/wp-content/themes/aihub/woocommerce HTTP/1.1" 200 31016 "https://mayaver.com/jewellery-showcase/" "Mozilla/5.0 AppleWebKit/537.36 (KHTML, like Gecko; compatible; GPTBot/1.4; +https://openai.com/gptbot)"
74.7.227.0 - - [10/Jun/2026:06:39:24 +0000] "GET /movie-theater/?edit=/var/www/vhosts/mayaver.com/httpdocs/wp-content/themes/aihub/screenshot.png HTTP/1.1" 200 35748 "https://mayaver.com/movie-theater/" "Mozilla/5.0 AppleWebKit/537.36 (KHTML, like Gecko; compatible; GPTBot/1.4; +https://openai.com/gptbot)"
74.7.227.0 - - [10/Jun/2026:06:39:25 +0000] "GET /plots/page/2/?rename=%2Fvar%2Fwww%2Fvhosts%2Fmayaver.com%2Fhttpdocs%2Fwp-content%2Fthemes%2Faihub%2Farchive.php HTTP/1.1" 200 32055 "https://mayaver.com/plots/?rename=/var/www/vhosts/mayaver.com/httpdocs/wp-content/themes/aihub/archive.php" "Mozilla/5.0 AppleWebKit/537.36 (KHTML, like Gecko; compatible; GPTBot/1.4; +https://openai.com/gptbot)"
74.7.227.0 - - [10/Jun/2026:06:39:26 +0000] "GET /plots/page/3/?rename=%2Fvar%2Fwww%2Fvhosts%2Fmayaver.com%2Fhttpdocs%2Fwp-content%2Fthemes%2Faihub%2Farchive.php HTTP/1.1" 200 31659 "https://mayaver.com/plots/?rename=/var/www/vhosts/mayaver.com/httpdocs/wp-content/themes/aihub/archive.php" "Mozilla/5.0 AppleWebKit/537.36 (KHTML, like Gecko; compatible; GPTBot/1.4; +https://openai.com/gptbot)"
74.7.227.0 - - [10/Jun/2026:06:39:27 +0000] "GET /plots/page/4/?rename=%2Fvar%2Fwww%2Fvhosts%2Fmayaver.com%2Fhttpdocs%2Fwp-content%2Fthemes%2Faihub%2Farchive.php HTTP/1.1" 200 30414 "https://mayaver.com/plots/?rename=/var/www/vhosts/mayaver.com/httpdocs/wp-content/themes/aihub/archive.php" "Mozilla/5.0 AppleWebKit/537.36 (KHTML, like Gecko; compatible; GPTBot/1.4; +https://openai.com/gptbot)"
57.141.2.59 - - [10/Jun/2026:06:39:28 +0000] "GET /products/sick-y2k-spiral-girl-deep-spirit-shirt/62996481/ HTTP/1.1" 404 115176 "-" "meta-externalagent/1.1 (+https://developers.facebook.com/docs/sharing/webmasters/crawler)"
1.187.228.175 - - [10/Jun/2026:06:39:29 +0000] "POST /xmlrpc.php HTTP/1.1" 403 4358 "-" "Jetpack/12.1; WordPress/6.2; http://site35959151.com"
74.7.227.0 - - [10/Jun/2026:06:39:28 +0000] "GET /jewellery-showcase/?file=/tmp HTTP/1.1" 200 30465 "https://mayaver.com/jewellery-showcase/?file" "Mozilla/5.0 AppleWebKit/537.36 (KHTML, like Gecko; compatible; GPTBot/1.4; +https://openai.com/gptbot)"
74.7.227.0 - - [10/Jun/2026:06:39:29 +0000] "GET /tree-house-space/?file=/var/www/vhosts/mayaver.com/httpdocs/wp-content/themes/aihub/woocommerce HTTP/1.1" 200 30318 "https://mayaver.com/tree-house-space/" "Mozilla/5.0 AppleWebKit/537.36 (KHTML, like Gecko; compatible; GPTBot/1.4; +https://openai.com/gptbot)"
74.7.227.0 - - [10/Jun/2026:06:39:30 +0000] "GET /conference-room/?rename=/var/www/vhosts/mayaver.com/httpdocs/wp-content/themes/aihub/author.php HTTP/1.1" 200 31471 "https://mayaver.com/conference-room/" "Mozilla/5.0 AppleWebKit/537.36 (KHTML, like Gecko; compatible; GPTBot/1.4; +https://openai.com/gptbot)"
74.7.227.0 - - [10/Jun/2026:06:39:31 +0000] "GET /?view=/var/www/vhosts/mayaver.com/httpdocs/wp-content/themes/aihub/assets/js/minified/app.js HTTP/1.1" 200 6706 "https://mayaver.com/?file=/var/www/vhosts/mayaver.com/httpdocs/wp-content/themes/aihub/assets/js/minified" "Mozilla/5.0 AppleWebKit/537.36 (KHTML, like Gecko; compatible; GPTBot/1.4; +https://openai.com/gptbot)"
74.7.227.0 - - [10/Jun/2026:06:39:32 +0000] "GET /?edit=%2Fvar%2Fwww%2Fvhosts%2Fmayaver.com%2Fhttpdocs%2Fwp-content%2Fthemes%2Faihub%2Fassets%2Fimg%2Fmisc%2Farchub-promote.jpg HTTP/1.1" 200 71310 "https://mayaver.com/?edit=/var/www/vhosts/mayaver.com/httpdocs/wp-content/themes/aihub/assets/img/misc/archub-promote.jpg" "Mozilla/5.0 AppleWebKit/537.36 (KHTML, like Gecko; compatible; GPTBot/1.4; +https://openai.com/gptbot)"
74.7.227.0 - - [10/Jun/2026:06:39:33 +0000] "GET /movie-theater/?rename=/var/www/vhosts/mayaver.com/httpdocs/wp-content/themes/aihub/favicon.ico HTTP/1.1" 200 31181 "https://mayaver.com/movie-theater/" "Mozilla/5.0 AppleWebKit/537.36 (KHTML, like Gecko; compatible; GPTBot/1.4; +https://openai.com/gptbot)"
74.7.227.0 - - [10/Jun/2026:06:39:34 +0000] "GET /jewellery-showcase/?rename=/var/www/vhosts/mayaver.com/httpdocs/wp-content/themes/aihub/woocommerce/content-product-minimal-hover-shadow-2.php HTTP/1.1" 200 31408 "https://mayaver.com/jewellery-showcase/?file=/var/www/vhosts/mayaver.com/httpdocs/wp-content/themes/aihub/woocommerce" "Mozilla/5.0 AppleWebKit/537.36 (KHTML, like Gecko; compatible; GPTBot/1.4; +https://openai.com/gptbot)"
74.7.227.0 - - [10/Jun/2026:06:39:35 +0000] "GET /jewellery-showcase/?file=/var/www/vhosts/mayaver.com/httpdocs/wp-content/themes/aihub/woocommerce/content-product-minimal-hover-shadow-2.php HTTP/1.1" 200 30500 "https://mayaver.com/jewellery-showcase/?file=/var/www/vhosts/mayaver.com/httpdocs/wp-content/themes/aihub/woocommerce" "Mozilla/5.0 AppleWebKit/537.36 (KHTML, like Gecko; compatible; GPTBot/1.4; +https://openai.com/gptbot)"
74.7.227.0 - - [10/Jun/2026:06:39:36 +0000] "GET /jewellery-showcase/?edit=/var/www/vhosts/mayaver.com/httpdocs/wp-content/themes/aihub/woocommerce/content-product-minimal-hover-shadow-2.php HTTP/1.1" 200 32193 "https://mayaver.com/jewellery-showcase/?file=/var/www/vhosts/mayaver.com/httpdocs/wp-content/themes/aihub/woocommerce" "Mozilla/5.0 AppleWebKit/537.36 (KHTML, like Gecko; compatible; GPTBot/1.4; +https://openai.com/gptbot)"
74.7.227.0 - - [10/Jun/2026:06:39:37 +0000] "GET /jewellery-showcase/?view=/var/www/vhosts/mayaver.com/httpdocs/wp-content/themes/aihub/woocommerce/content-product-minimal-hover-shadow-2.php HTTP/1.1" 200 4384 "https://mayaver.com/jewellery-showcase/?file=/var/www/vhosts/mayaver.com/httpdocs/wp-content/themes/aihub/woocommerce" "Mozilla/5.0 AppleWebKit/537.36 (KHTML, like Gecko; compatible; GPTBot/1.4; +https://openai.com/gptbot)"
3.107.190.253 - - [10/Jun/2026:06:39:37 +0000] "POST /xmlrpc.php HTTP/1.1" 403 4358 "-" "Mozilla/5.0 (Macintosh; Intel Mac OS X 10_15_7) AppleWebKit/537.36 (KHTML, like Gecko) Chrome/142.0.0.0 Safari/537.36"
74.7.227.0 - - [10/Jun/2026:06:39:37 +0000] "GET /jewellery-showcase/?edit=/var/www/vhosts/mayaver.com/httpdocs/wp-content/themes/aihub/woocommerce/content-product_cat.php HTTP/1.1" 200 31959 "https://mayaver.com/jewellery-showcase/?file=/var/www/vhosts/mayaver.com/httpdocs/wp-content/themes/aihub/woocommerce" "Mozilla/5.0 AppleWebKit/537.36 (KHTML, like Gecko; compatible; GPTBot/1.4; +https://openai.com/gptbot)"
3.107.190.253 - - [10/Jun/2026:06:39:38 +0000] "POST /xmlrpc.php HTTP/1.1" 403 4358 "-" "Mozilla/5.0 (Macintosh; Intel Mac OS X 10_15_7) AppleWebKit/537.36 (KHTML, like Gecko) Chrome/142.0.0.0 Safari/537.36"
74.7.227.0 - - [10/Jun/2026:06:39:38 +0000] "GET /jewellery-showcase/?rename=/var/www/vhosts/mayaver.com/httpdocs/wp-content/themes/aihub/woocommerce/content-product_cat.php HTTP/1.1" 200 31397 "https://mayaver.com/jewellery-showcase/?file=/var/www/vhosts/mayaver.com/httpdocs/wp-content/themes/aihub/woocommerce" "Mozilla/5.0 AppleWebKit/537.36 (KHTML, like Gecko; compatible; GPTBot/1.4; +https://openai.com/gptbot)"
3.107.190.253 - - [10/Jun/2026:06:39:39 +0000] "POST /xmlrpc.php HTTP/1.1" 403 4358 "-" "Mozilla/5.0 (Macintosh; Intel Mac OS X 10_15_7) AppleWebKit/537.36 (KHTML, like Gecko) Chrome/142.0.0.0 Safari/537.36"
1.187.228.175 - - [10/Jun/2026:06:39:39 +0000] "POST /xmlrpc.php HTTP/1.1" 403 4358 "-" "Jetpack by WordPress.com (Jetpack 12.5; WordPress 6.1)"
74.7.227.0 - - [10/Jun/2026:06:39:39 +0000] "GET /tree-house-space/?rename=/var/www/vhosts/mayaver.com/httpdocs/wp-content/themes/aihub/woocommerce/content-product-minimal-hover-shadow-2.php HTTP/1.1" 200 30708 "https://mayaver.com/tree-house-space/?file=/var/www/vhosts/mayaver.com/httpdocs/wp-content/themes/aihub/woocommerce" "Mozilla/5.0 AppleWebKit/537.36 (KHTML, like Gecko; compatible; GPTBot/1.4; +https://openai.com/gptbot)"
3.107.190.253 - - [10/Jun/2026:06:39:40 +0000] "POST /xmlrpc.php HTTP/1.1" 403 4358 "-" "Mozilla/5.0 (Macintosh; Intel Mac OS X 10_15_7) AppleWebKit/537.36 (KHTML, like Gecko) Chrome/142.0.0.0 Safari/537.36"
74.7.227.0 - - [10/Jun/2026:06:39:40 +0000] "GET /tree-house-space/?edit=/var/www/vhosts/mayaver.com/httpdocs/wp-content/themes/aihub/woocommerce/content-product-minimal-hover-shadow-2.php HTTP/1.1" 200 31496 "https://mayaver.com/tree-house-space/?file=/var/www/vhosts/mayaver.com/httpdocs/wp-content/themes/aihub/woocommerce" "Mozilla/5.0 AppleWebKit/537.36 (KHTML, like Gecko; compatible; GPTBot/1.4; +https://openai.com/gptbot)"
74.7.227.0 - - [10/Jun/2026:06:39:41 +0000] "GET /tree-house-space/?rename=/var/www/vhosts/mayaver.com/httpdocs/wp-content/themes/aihub/woocommerce/content-product_cat.php HTTP/1.1" 200 30696 "https://mayaver.com/tree-house-space/?file=/var/www/vhosts/mayaver.com/httpdocs/wp-content/themes/aihub/woocommerce" "Mozilla/5.0 AppleWebKit/537.36 (KHTML, like Gecko; compatible; GPTBot/1.4; +https://openai.com/gptbot)"
74.7.227.0 - - [10/Jun/2026:06:39:42 +0000] "GET /tree-house-space/?edit=/var/www/vhosts/mayaver.com/httpdocs/wp-content/themes/aihub/woocommerce/content-product_cat.php HTTP/1.1" 200 31260 "https://mayaver.com/tree-house-space/?file=/var/www/vhosts/mayaver.com/httpdocs/wp-content/themes/aihub/woocommerce" "Mozilla/5.0 AppleWebKit/537.36 (KHTML, like Gecko; compatible; GPTBot/1.4; +https://openai.com/gptbot)"
74.7.227.0 - - [10/Jun/2026:06:39:43 +0000] "GET /tree-house-space/?file=/var/www/vhosts/mayaver.com/httpdocs/wp-content/themes/aihub/woocommerce/content-product-minimal-hover-shadow-2.php HTTP/1.1" 200 29800 "https://mayaver.com/tree-house-space/?file=/var/www/vhosts/mayaver.com/httpdocs/wp-content/themes/aihub/woocommerce" "Mozilla/5.0 AppleWebKit/537.36 (KHTML, like Gecko; compatible; GPTBot/1.4; +https://openai.com/gptbot)"
74.7.227.0 - - [10/Jun/2026:06:39:44 +0000] "GET /tree-house-space/?rename=/var/www/vhosts/mayaver.com/httpdocs/wp-content/themes/aihub/woocommerce/content-product.php HTTP/1.1" 200 30693 "https://mayaver.com/tree-house-space/?file=/var/www/vhosts/mayaver.com/httpdocs/wp-content/themes/aihub/woocommerce" "Mozilla/5.0 AppleWebKit/537.36 (KHTML, like Gecko; compatible; GPTBot/1.4; +https://openai.com/gptbot)"
74.7.227.0 - - [10/Jun/2026:06:39:45 +0000] "GET /tree-house-space/?edit=/var/www/vhosts/mayaver.com/httpdocs/wp-content/themes/aihub/woocommerce/content-product-classic.php HTTP/1.1" 200 31515 "https://mayaver.com/tree-house-space/?file=/var/www/vhosts/mayaver.com/httpdocs/wp-content/themes/aihub/woocommerce" "Mozilla/5.0 AppleWebKit/537.36 (KHTML, like Gecko; compatible; GPTBot/1.4; +https://openai.com/gptbot)"
74.7.227.0 - - [10/Jun/2026:06:39:45 +0000] "GET /tree-house-space/?rename=/var/www/vhosts/mayaver.com/httpdocs/wp-content/themes/aihub/woocommerce/content-product-widget.php HTTP/1.1" 200 30697 "https://mayaver.com/tree-house-space/?file=/var/www/vhosts/mayaver.com/httpdocs/wp-content/themes/aihub/woocommerce" "Mozilla/5.0 AppleWebKit/537.36 (KHTML, like Gecko; compatible; GPTBot/1.4; +https://openai.com/gptbot)"
74.7.227.0 - - [10/Jun/2026:06:39:46 +0000] "GET /tree-house-space/?rename=/var/www/vhosts/mayaver.com/httpdocs/wp-content/themes/aihub/woocommerce/content-product-minimal.php HTTP/1.1" 200 30699 "https://mayaver.com/tree-house-space/?file=/var/www/vhosts/mayaver.com/httpdocs/wp-content/themes/aihub/woocommerce" "Mozilla/5.0 AppleWebKit/537.36 (KHTML, like Gecko; compatible; GPTBot/1.4; +https://openai.com/gptbot)"
74.7.227.0 - - [10/Jun/2026:06:39:47 +0000] "GET /tree-house-space/?rename=/var/www/vhosts/mayaver.com/httpdocs/wp-content/themes/aihub/woocommerce/content-product-classic.php HTTP/1.1" 200 30696 "https://mayaver.com/tree-house-space/?file=/var/www/vhosts/mayaver.com/httpdocs/wp-content/themes/aihub/woocommerce" "Mozilla/5.0 AppleWebKit/537.36 (KHTML, like Gecko; compatible; GPTBot/1.4; +https://openai.com/gptbot)"
74.7.227.0 - - [10/Jun/2026:06:39:48 +0000] "GET /tree-house-space/?view=/var/www/vhosts/mayaver.com/httpdocs/wp-content/themes/aihub/woocommerce/content-product-minimal-hover-shadow-2.php HTTP/1.1" 200 4384 "https://mayaver.com/tree-house-space/?file=/var/www/vhosts/mayaver.com/httpdocs/wp-content/themes/aihub/woocommerce" "Mozilla/5.0 AppleWebKit/537.36 (KHTML, like Gecko; compatible; GPTBot/1.4; +https://openai.com/gptbot)"
74.7.227.0 - - [10/Jun/2026:06:39:49 +0000] "GET /tree-house-space/?view=/var/www/vhosts/mayaver.com/httpdocs/wp-content/themes/aihub/woocommerce/content-product_cat.php HTTP/1.1" 200 4181 "https://mayaver.com/tree-house-space/?file=/var/www/vhosts/mayaver.com/httpdocs/wp-content/themes/aihub/woocommerce" "Mozilla/5.0 AppleWebKit/537.36 (KHTML, like Gecko; compatible; GPTBot/1.4; +https://openai.com/gptbot)"
74.7.227.0 - - [10/Jun/2026:06:39:49 +0000] "GET /tree-house-space/?rename=/var/www/vhosts/mayaver.com/httpdocs/wp-content/themes/aihub/woocommerce/compare.php HTTP/1.1" 200 30688 "https://mayaver.com/tree-house-space/?file=/var/www/vhosts/mayaver.com/httpdocs/wp-content/themes/aihub/woocommerce" "Mozilla/5.0 AppleWebKit/537.36 (KHTML, like Gecko; compatible; GPTBot/1.4; +https://openai.com/gptbot)"
1.187.228.175 - - [10/Jun/2026:06:39:50 +0000] "POST /xmlrpc.php HTTP/1.1" 403 4358 "-" "Jetpack/12.0; WordPress/6.1; http://site34215316.com"
74.7.227.0 - - [10/Jun/2026:06:39:50 +0000] "GET /tree-house-space/?edit=/var/www/vhosts/mayaver.com/httpdocs/wp-content/themes/aihub/woocommerce/content-product.php HTTP/1.1" 200 31621 "https://mayaver.com/tree-house-space/?file=/var/www/vhosts/mayaver.com/httpdocs/wp-content/themes/aihub/woocommerce" "Mozilla/5.0 AppleWebKit/537.36 (KHTML, like Gecko; compatible; GPTBot/1.4; +https://openai.com/gptbot)"
74.7.227.0 - - [10/Jun/2026:06:39:51 +0000] "GET /tree-house-space/?edit=/var/www/vhosts/mayaver.com/httpdocs/wp-content/themes/aihub/woocommerce/content-product-widget.php HTTP/1.1" 200 31276 "https://mayaver.com/tree-house-space/?file=/var/www/vhosts/mayaver.com/httpdocs/wp-content/themes/aihub/woocommerce" "Mozilla/5.0 AppleWebKit/537.36 (KHTML, like Gecko; compatible; GPTBot/1.4; +https://openai.com/gptbot)"
74.7.227.0 - - [10/Jun/2026:06:39:52 +0000] "GET /tree-house-space/?rename=/var/www/vhosts/mayaver.com/httpdocs/wp-content/themes/aihub/woocommerce/content-single-product.php HTTP/1.1" 200 30696 "https://mayaver.com/tree-house-space/?file=/var/www/vhosts/mayaver.com/httpdocs/wp-content/themes/aihub/woocommerce" "Mozilla/5.0 AppleWebKit/537.36 (KHTML, like Gecko; compatible; GPTBot/1.4; +https://openai.com/gptbot)"
74.7.227.0 - - [10/Jun/2026:06:39:53 +0000] "GET /tree-house-space/?file=/var/www/vhosts/mayaver.com/httpdocs/wp-content/themes/aihub/woocommerce/content-product-classic.php HTTP/1.1" 200 29789 "https://mayaver.com/tree-house-space/?file=/var/www/vhosts/mayaver.com/httpdocs/wp-content/themes/aihub/woocommerce" "Mozilla/5.0 AppleWebKit/537.36 (KHTML, like Gecko; compatible; GPTBot/1.4; +https://openai.com/gptbot)"
74.7.227.0 - - [10/Jun/2026:06:39:54 +0000] "GET /tree-house-space/?edit=/var/www/vhosts/mayaver.com/httpdocs/wp-content/themes/aihub/woocommerce/content-product-minimal.php HTTP/1.1" 200 31490 "https://mayaver.com/tree-house-space/?file=/var/www/vhosts/mayaver.com/httpdocs/wp-content/themes/aihub/woocommerce" "Mozilla/5.0 AppleWebKit/537.36 (KHTML, like Gecko; compatible; GPTBot/1.4; +https://openai.com/gptbot)"
74.7.227.0 - - [10/Jun/2026:06:39:55 +0000] "GET /jewellery-showcase/?rename=/var/www/vhosts/mayaver.com/httpdocs/wp-content/themes/aihub/woocommerce/content-product.php HTTP/1.1" 200 31394 "https://mayaver.com/jewellery-showcase/?file=/var/www/vhosts/mayaver.com/httpdocs/wp-content/themes/aihub/woocommerce" "Mozilla/5.0 AppleWebKit/537.36 (KHTML, like Gecko; compatible; GPTBot/1.4; +https://openai.com/gptbot)"
74.7.227.0 - - [10/Jun/2026:06:39:56 +0000] "GET /tree-house-space/?rename=/var/www/vhosts/mayaver.com/httpdocs/wp-content/themes/aihub/woocommerce/content-product-minimal-hover-shadow.php HTTP/1.1" 200 30705 "https://mayaver.com/tree-house-space/?file=/var/www/vhosts/mayaver.com/httpdocs/wp-content/themes/aihub/woocommerce" "Mozilla/5.0 AppleWebKit/537.36 (KHTML, like Gecko; compatible; GPTBot/1.4; +https://openai.com/gptbot)"
74.7.227.0 - - [10/Jun/2026:06:39:56 +0000] "GET /jewellery-showcase/?file=/var/www/vhosts/mayaver.com/httpdocs/wp-content/themes/aihub/woocommerce/content-product_cat.php HTTP/1.1" 200 30489 "https://mayaver.com/jewellery-showcase/?file=/var/www/vhosts/mayaver.com/httpdocs/wp-content/themes/aihub/woocommerce" "Mozilla/5.0 AppleWebKit/537.36 (KHTML, like Gecko; compatible; GPTBot/1.4; +https://openai.com/gptbot)"
74.7.227.0 - - [10/Jun/2026:06:39:57 +0000] "GET /tree-house-space/?file=/var/www/vhosts/mayaver.com/httpdocs/wp-content/themes/aihub/woocommerce/content-product_cat.php HTTP/1.1" 200 29791 "https://mayaver.com/tree-house-space/?file=/var/www/vhosts/mayaver.com/httpdocs/wp-content/themes/aihub/woocommerce" "Mozilla/5.0 AppleWebKit/537.36 (KHTML, like Gecko; compatible; GPTBot/1.4; +https://openai.com/gptbot)"
139.84.174.118 - - [10/Jun/2026:06:39:59 +0000] "POST /wp-cron.php?doing_wp_cron=1781073599.1573140621185302734375 HTTP/1.1" 403 4358 "-" "WordPress/6.5.8; https://mayaver.com"
74.7.227.0 - - [10/Jun/2026:06:39:58 +0000] "GET /tree-house-space/?edit=/var/www/vhosts/mayaver.com/httpdocs/wp-content/themes/aihub/woocommerce/content-single-product.php HTTP/1.1" 200 32530 "https://mayaver.com/tree-house-space/?file=/var/www/vhosts/mayaver.com/httpdocs/wp-content/themes/aihub/woocommerce" "Mozilla/5.0 AppleWebKit/537.36 (KHTML, like Gecko; compatible; GPTBot/1.4; +https://openai.com/gptbot)"
74.7.227.0 - - [10/Jun/2026:06:40:00 +0000] "GET /tree-house-space/?file=/var/www/vhosts/mayaver.com/httpdocs/wp-content/themes/aihub/woocommerce/content-product.php HTTP/1.1" 200 29787 "https://mayaver.com/tree-house-space/?file=/var/www/vhosts/mayaver.com/httpdocs/wp-content/themes/aihub/woocommerce" "Mozilla/5.0 AppleWebKit/537.36 (KHTML, like Gecko; compatible; GPTBot/1.4; +https://openai.com/gptbot)"
1.187.228.175 - - [10/Jun/2026:06:40:01 +0000] "POST /xmlrpc.php HTTP/1.1" 403 4358 "-" "WordPress.com; https://wordpress.com"
74.7.227.0 - - [10/Jun/2026:06:40:01 +0000] "GET /tree-house-space/?view=/var/www/vhosts/mayaver.com/httpdocs/wp-content/themes/aihub/woocommerce/content-product-classic.php HTTP/1.1" 200 4421 "https://mayaver.com/tree-house-space/?file=/var/www/vhosts/mayaver.com/httpdocs/wp-content/themes/aihub/woocommerce" "Mozilla/5.0 AppleWebKit/537.36 (KHTML, like Gecko; compatible; GPTBot/1.4; +https://openai.com/gptbot)"
74.7.227.0 - - [10/Jun/2026:06:40:02 +0000] "GET /jewellery-showcase/?view=/var/www/vhosts/mayaver.com/httpdocs/wp-content/themes/aihub/woocommerce/content-product_cat.php HTTP/1.1" 200 4181 "https://mayaver.com/jewellery-showcase/?file=/var/www/vhosts/mayaver.com/httpdocs/wp-content/themes/aihub/woocommerce" "Mozilla/5.0 AppleWebKit/537.36 (KHTML, like Gecko; compatible; GPTBot/1.4; +https://openai.com/gptbot)"
74.7.227.0 - - [10/Jun/2026:06:40:02 +0000] "GET /tree-house-space/?view=/var/www/vhosts/mayaver.com/httpdocs/wp-content/themes/aihub/woocommerce/content-product.php HTTP/1.1" 200 4530 "https://mayaver.com/tree-house-space/?file=/var/www/vhosts/mayaver.com/httpdocs/wp-content/themes/aihub/woocommerce" "Mozilla/5.0 AppleWebKit/537.36 (KHTML, like Gecko; compatible; GPTBot/1.4; +https://openai.com/gptbot)"
57.141.2.49 - - [10/Jun/2026:06:40:02 +0000] "GET /products/gucci-gucci-black-patent-leather-buckle-clutch-clutch-bag/41371593/ HTTP/1.1" 404 115176 "-" "meta-externalagent/1.1 (+https://developers.facebook.com/docs/sharing/webmasters/crawler)"
74.7.227.0 - - [10/Jun/2026:06:40:03 +0000] "GET /tree-house-space/?view=/var/www/vhosts/mayaver.com/httpdocs/wp-content/themes/aihub/woocommerce/content-product-widget.php HTTP/1.1" 200 4182 "https://mayaver.com/tree-house-space/?file=/var/www/vhosts/mayaver.com/httpdocs/wp-content/themes/aihub/woocommerce" "Mozilla/5.0 AppleWebKit/537.36 (KHTML, like Gecko; compatible; GPTBot/1.4; +https://openai.com/gptbot)"
74.7.227.0 - - [10/Jun/2026:06:40:04 +0000] "GET /tree-house-space/?edit=/var/www/vhosts/mayaver.com/httpdocs/wp-content/themes/aihub/woocommerce/content-product-minimal-hover-shadow.php HTTP/1.1" 200 31496 "https://mayaver.com/tree-house-space/?file=/var/www/vhosts/mayaver.com/httpdocs/wp-content/themes/aihub/woocommerce" "Mozilla/5.0 AppleWebKit/537.36 (KHTML, like Gecko; compatible; GPTBot/1.4; +https://openai.com/gptbot)"
74.7.227.0 - - [10/Jun/2026:06:40:04 +0000] "GET /tree-house-space/?file=/var/www/vhosts/mayaver.com/httpdocs/wp-content/themes/aihub/woocommerce/content-product-minimal.php HTTP/1.1" 200 29793 "https://mayaver.com/tree-house-space/?file=/var/www/vhosts/mayaver.com/httpdocs/wp-content/themes/aihub/woocommerce" "Mozilla/5.0 AppleWebKit/537.36 (KHTML, like Gecko; compatible; GPTBot/1.4; +https://openai.com/gptbot)"
74.7.227.0 - - [10/Jun/2026:06:40:05 +0000] "GET /jewellery-showcase/?edit=/var/www/vhosts/mayaver.com/httpdocs/wp-content/themes/aihub/woocommerce/content-product-minimal.php HTTP/1.1" 200 32186 "https://mayaver.com/jewellery-showcase/?file=/var/www/vhosts/mayaver.com/httpdocs/wp-content/themes/aihub/woocommerce" "Mozilla/5.0 AppleWebKit/537.36 (KHTML, like Gecko; compatible; GPTBot/1.4; +https://openai.com/gptbot)"
74.7.227.0 - - [10/Jun/2026:06:40:06 +0000] "GET /jewellery-showcase/?edit=/var/www/vhosts/mayaver.com/httpdocs/wp-content/themes/aihub/woocommerce/content-product-widget.php HTTP/1.1" 200 31974 "https://mayaver.com/jewellery-showcase/?file=/var/www/vhosts/mayaver.com/httpdocs/wp-content/themes/aihub/woocommerce" "Mozilla/5.0 AppleWebKit/537.36 (KHTML, like Gecko; compatible; GPTBot/1.4; +https://openai.com/gptbot)"
74.7.227.0 - - [10/Jun/2026:06:40:07 +0000] "GET /jewellery-showcase/?file=/var/www/vhosts/mayaver.com/httpdocs/wp-content/themes/aihub/woocommerce/content-product.php HTTP/1.1" 200 30486 "https://mayaver.com/jewellery-showcase/?file=/var/www/vhosts/mayaver.com/httpdocs/wp-content/themes/aihub/woocommerce" "Mozilla/5.0 AppleWebKit/537.36 (KHTML, like Gecko; compatible; GPTBot/1.4; +https://openai.com/gptbot)"
74.7.227.0 - - [10/Jun/2026:06:40:08 +0000] "GET /jewellery-showcase/?rename=/var/www/vhosts/mayaver.com/httpdocs/wp-content/themes/aihub/woocommerce/content-product-widget.php HTTP/1.1" 200 31396 "https://mayaver.com/jewellery-showcase/?file=/var/www/vhosts/mayaver.com/httpdocs/wp-content/themes/aihub/woocommerce" "Mozilla/5.0 AppleWebKit/537.36 (KHTML, like Gecko; compatible; GPTBot/1.4; +https://openai.com/gptbot)"
74.7.227.0 - - [10/Jun/2026:06:40:09 +0000] "GET /jewellery-showcase/?rename=/var/www/vhosts/mayaver.com/httpdocs/wp-content/themes/aihub/woocommerce/content-single-product.php HTTP/1.1" 200 31396 "https://mayaver.com/jewellery-showcase/?file=/var/www/vhosts/mayaver.com/httpdocs/wp-content/themes/aihub/woocommerce" "Mozilla/5.0 AppleWebKit/537.36 (KHTML, like Gecko; compatible; GPTBot/1.4; +https://openai.com/gptbot)"
40.77.167.131 - - [10/Jun/2026:06:40:08 +0000] "GET /products/vintage-moncler-womens-long-puffer-jacket/38169297/ HTTP/1.1" 200 29057 "-" "Mozilla/5.0 AppleWebKit/537.36 (KHTML, like Gecko; compatible; bingbot/2.0; +http://www.bing.com/bingbot.htm) Chrome/116.0.1938.76 Safari/537.36"
74.7.227.0 - - [10/Jun/2026:06:40:10 +0000] "GET /jewellery-showcase/?edit=/var/www/vhosts/mayaver.com/httpdocs/wp-content/themes/aihub/woocommerce/content-product-classic.php HTTP/1.1" 200 32212 "https://mayaver.com/jewellery-showcase/?file=/var/www/vhosts/mayaver.com/httpdocs/wp-content/themes/aihub/woocommerce" "Mozilla/5.0 AppleWebKit/537.36 (KHTML, like Gecko; compatible; GPTBot/1.4; +https://openai.com/gptbot)"
40.77.167.131 - - [10/Jun/2026:06:40:09 +0000] "GET /products/paul-smith-sheepskin-leather-jackets/45561441/ HTTP/1.1" 200 28742 "-" "Mozilla/5.0 AppleWebKit/537.36 (KHTML, like Gecko; compatible; bingbot/2.0; +http://www.bing.com/bingbot.htm) Chrome/116.0.1938.76 Safari/537.36"
1.187.228.175 - - [10/Jun/2026:06:40:11 +0000] "POST /xmlrpc.php HTTP/1.1" 403 4358 "-" "Jetpack/12.5; WordPress/6.1; http://site26924426.com"
74.7.227.0 - - [10/Jun/2026:06:40:11 +0000] "GET /jewellery-showcase/?edit=/var/www/vhosts/mayaver.com/httpdocs/wp-content/themes/aihub/woocommerce/content-product.php HTTP/1.1" 200 32317 "https://mayaver.com/jewellery-showcase/?file=/var/www/vhosts/mayaver.com/httpdocs/wp-content/themes/aihub/woocommerce" "Mozilla/5.0 AppleWebKit/537.36 (KHTML, like Gecko; compatible; GPTBot/1.4; +https://openai.com/gptbot)"
74.7.227.0 - - [10/Jun/2026:06:40:13 +0000] "GET /jewellery-showcase/?rename=/var/www/vhosts/mayaver.com/httpdocs/wp-content/themes/aihub/woocommerce/content-product-minimal.php HTTP/1.1" 200 31400 "https://mayaver.com/jewellery-showcase/?file=/var/www/vhosts/mayaver.com/httpdocs/wp-content/themes/aihub/woocommerce" "Mozilla/5.0 AppleWebKit/537.36 (KHTML, like Gecko; compatible; GPTBot/1.4; +https://openai.com/gptbot)"
74.7.227.0 - - [10/Jun/2026:06:40:13 +0000] "GET /jewellery-showcase/?rename=/var/www/vhosts/mayaver.com/httpdocs/wp-content/themes/aihub/woocommerce/content-product-classic.php HTTP/1.1" 200 31397 "https://mayaver.com/jewellery-showcase/?file=/var/www/vhosts/mayaver.com/httpdocs/wp-content/themes/aihub/woocommerce" "Mozilla/5.0 AppleWebKit/537.36 (KHTML, like Gecko; compatible; GPTBot/1.4; +https://openai.com/gptbot)"
40.77.167.131 - - [10/Jun/2026:06:40:12 +0000] "GET /products/aws-ex-treme-women-xl-jacket-waterproof-breathable-stretch/31931937/ HTTP/1.1" 200 29211 "-" "Mozilla/5.0 AppleWebKit/537.36 (KHTML, like Gecko; compatible; bingbot/2.0; +http://www.bing.com/bingbot.htm) Chrome/116.0.1938.76 Safari/537.36"
74.7.227.0 - - [10/Jun/2026:06:40:14 +0000] "GET /tree-house-space/?view=/var/www/vhosts/mayaver.com/httpdocs/wp-content/themes/aihub/woocommerce/content-product-minimal.php HTTP/1.1" 200 4383 "https://mayaver.com/tree-house-space/?file=/var/www/vhosts/mayaver.com/httpdocs/wp-content/themes/aihub/woocommerce" "Mozilla/5.0 AppleWebKit/537.36 (KHTML, like Gecko; compatible; GPTBot/1.4; +https://openai.com/gptbot)"
74.7.227.0 - - [10/Jun/2026:06:40:15 +0000] "GET /tree-house-space/?view=/var/www/vhosts/mayaver.com/httpdocs/wp-content/themes/aihub/woocommerce/compare.php HTTP/1.1" 200 6159 "https://mayaver.com/tree-house-space/?file=/var/www/vhosts/mayaver.com/httpdocs/wp-content/themes/aihub/woocommerce" "Mozilla/5.0 AppleWebKit/537.36 (KHTML, like Gecko; compatible; GPTBot/1.4; +https://openai.com/gptbot)"
52.167.144.211 - - [10/Jun/2026:06:40:13 +0000] "GET /products/new-loewe-denim-jacket-in-size-36/34376625/ HTTP/1.1" 200 28720 "-" "Mozilla/5.0 AppleWebKit/537.36 (KHTML, like Gecko; compatible; bingbot/2.0; +http://www.bing.com/bingbot.htm) Chrome/116.0.1938.76 Safari/537.36"
74.7.227.0 - - [10/Jun/2026:06:40:15 +0000] "GET /jewellery-showcase/?file=/var/www/vhosts/mayaver.com/httpdocs/wp-content/themes/aihub/woocommerce/content-product-classic.php HTTP/1.1" 200 30489 "https://mayaver.com/jewellery-showcase/?file=/var/www/vhosts/mayaver.com/httpdocs/wp-content/themes/aihub/woocommerce" "Mozilla/5.0 AppleWebKit/537.36 (KHTML, like Gecko; compatible; GPTBot/1.4; +https://openai.com/gptbot)"
74.7.227.0 - - [10/Jun/2026:06:40:16 +0000] "GET /jewellery-showcase/?edit=/var/www/vhosts/mayaver.com/httpdocs/wp-content/themes/aihub/woocommerce/content-single-product.php HTTP/1.1" 200 33219 "https://mayaver.com/jewellery-showcase/?file=/var/www/vhosts/mayaver.com/httpdocs/wp-content/themes/aihub/woocommerce" "Mozilla/5.0 AppleWebKit/537.36 (KHTML, like Gecko; compatible; GPTBot/1.4; +https://openai.com/gptbot)"
74.7.227.0 - - [10/Jun/2026:06:40:17 +0000] "GET /jewellery-showcase/?rename=/var/www/vhosts/mayaver.com/httpdocs/wp-content/themes/aihub/woocommerce/compare.php HTTP/1.1" 200 31389 "https://mayaver.com/jewellery-showcase/?file=/var/www/vhosts/mayaver.com/httpdocs/wp-content/themes/aihub/woocommerce" "Mozilla/5.0 AppleWebKit/537.36 (KHTML, like Gecko; compatible; GPTBot/1.4; +https://openai.com/gptbot)"
74.7.227.0 - - [10/Jun/2026:06:40:18 +0000] "GET /tree-house-space/?file=/var/www/vhosts/mayaver.com/httpdocs/wp-content/themes/aihub/woocommerce/content-single-product.php HTTP/1.1" 200 29792 "https://mayaver.com/tree-house-space/?file=/var/www/vhosts/mayaver.com/httpdocs/wp-content/themes/aihub/woocommerce" "Mozilla/5.0 AppleWebKit/537.36 (KHTML, like Gecko; compatible; GPTBot/1.4; +https://openai.com/gptbot)"
74.7.227.0 - - [10/Jun/2026:06:40:20 +0000] "GET /tree-house-space/?file=/var/www/vhosts/mayaver.com/httpdocs/wp-content/themes/aihub/woocommerce/content-product-widget.php HTTP/1.1" 200 29791 "https://mayaver.com/tree-house-space/?file=/var/www/vhosts/mayaver.com/httpdocs/wp-content/themes/aihub/woocommerce" "Mozilla/5.0 AppleWebKit/537.36 (KHTML, like Gecko; compatible; GPTBot/1.4; +https://openai.com/gptbot)"
74.7.227.0 - - [10/Jun/2026:06:40:21 +0000] "GET /plots/?rename=%2Fvar%2Fwww%2Fvhosts%2Fmayaver.com%2Fhttpdocs%2Fwp-content%2Fthemes%2Faihub%2Farchive.php HTTP/1.1" 200 31970 "https://mayaver.com/plots/page/2/?rename=%2Fvar%2Fwww%2Fvhosts%2Fmayaver.com%2Fhttpdocs%2Fwp-content%2Fthemes%2Faihub%2Farchive.php" "Mozilla/5.0 AppleWebKit/537.36 (KHTML, like Gecko; compatible; GPTBot/1.4; +https://openai.com/gptbot)"
74.7.227.0 - - [10/Jun/2026:06:40:22 +0000] "GET /tree-house-space/?view=/var/www/vhosts/mayaver.com/httpdocs/wp-content/themes/aihub/woocommerce/content-product-minimal-hover-shadow.php HTTP/1.1" 200 4393 "https://mayaver.com/tree-house-space/?file=/var/www/vhosts/mayaver.com/httpdocs/wp-content/themes/aihub/woocommerce" "Mozilla/5.0 AppleWebKit/537.36 (KHTML, like Gecko; compatible; GPTBot/1.4; +https://openai.com/gptbot)"
1.187.228.175 - - [10/Jun/2026:06:40:22 +0000] "POST /xmlrpc.php HTTP/1.1" 403 4358 "-" "Jetpack by WordPress.com"
74.7.227.0 - - [10/Jun/2026:06:40:22 +0000] "GET /tree-house-space/?view=/var/www/vhosts/mayaver.com/httpdocs/wp-content/themes/aihub/woocommerce/content-single-product.php HTTP/1.1" 200 5427 "https://mayaver.com/tree-house-space/?file=/var/www/vhosts/mayaver.com/httpdocs/wp-content/themes/aihub/woocommerce" "Mozilla/5.0 AppleWebKit/537.36 (KHTML, like Gecko; compatible; GPTBot/1.4; +https://openai.com/gptbot)"
74.7.227.0 - - [10/Jun/2026:06:40:23 +0000] "GET /tree-house-space/?edit=/var/www/vhosts/mayaver.com/httpdocs/wp-content/themes/aihub/woocommerce/compare.php HTTP/1.1" 200 33249 "https://mayaver.com/tree-house-space/?file=/var/www/vhosts/mayaver.com/httpdocs/wp-content/themes/aihub/woocommerce" "Mozilla/5.0 AppleWebKit/537.36 (KHTML, like Gecko; compatible; GPTBot/1.4; +https://openai.com/gptbot)"
74.7.227.0 - - [10/Jun/2026:06:40:24 +0000] "GET /jewellery-showcase/?file=/var/www/vhosts/mayaver.com/httpdocs/wp-content/themes/aihub/woocommerce/content-product-minimal.php HTTP/1.1" 200 30492 "https://mayaver.com/jewellery-showcase/?file=/var/www/vhosts/mayaver.com/httpdocs/wp-content/themes/aihub/woocommerce" "Mozilla/5.0 AppleWebKit/537.36 (KHTML, like Gecko; compatible; GPTBot/1.4; +https://openai.com/gptbot)"
74.7.227.0 - - [10/Jun/2026:06:40:24 +0000] "GET /tree-house-space/%3C?php%20echo%20YITH_WOOCOMPARE_URL%20?%3Eassets/images/colorbox/loading.gif HTTP/1.1" 404 115123 "https://mayaver.com/tree-house-space/?view=/var/www/vhosts/mayaver.com/httpdocs/wp-content/themes/aihub/woocommerce/compare.php" "Mozilla/5.0 AppleWebKit/537.36 (KHTML, like Gecko; compatible; GPTBot/1.4; +https://openai.com/gptbot)"
74.7.227.0 - - [10/Jun/2026:06:40:25 +0000] "GET /jewellery-showcase/?file=/var/www/vhosts/mayaver.com/httpdocs/wp-content/themes/aihub/woocommerce/content-product-widget.php HTTP/1.1" 200 30491 "https://mayaver.com/jewellery-showcase/?file=/var/www/vhosts/mayaver.com/httpdocs/wp-content/themes/aihub/woocommerce" "Mozilla/5.0 AppleWebKit/537.36 (KHTML, like Gecko; compatible; GPTBot/1.4; +https://openai.com/gptbot)"
74.7.227.0 - - [10/Jun/2026:06:40:26 +0000] "GET /jewellery-showcase/?file=/var/www/vhosts/mayaver.com/httpdocs/wp-content/themes/aihub/woocommerce/content-single-product.php HTTP/1.1" 200 30491 "https://mayaver.com/jewellery-showcase/?file=/var/www/vhosts/mayaver.com/httpdocs/wp-content/themes/aihub/woocommerce" "Mozilla/5.0 AppleWebKit/537.36 (KHTML, like Gecko; compatible; GPTBot/1.4; +https://openai.com/gptbot)"
74.7.227.0 - - [10/Jun/2026:06:40:27 +0000] "GET /jewellery-showcase/?edit=/var/www/vhosts/mayaver.com/httpdocs/wp-content/themes/aihub/woocommerce/compare.php HTTP/1.1" 200 33949 "https://mayaver.com/jewellery-showcase/?file=/var/www/vhosts/mayaver.com/httpdocs/wp-content/themes/aihub/woocommerce" "Mozilla/5.0 AppleWebKit/537.36 (KHTML, like Gecko; compatible; GPTBot/1.4; +https://openai.com/gptbot)"
74.7.227.0 - - [10/Jun/2026:06:40:28 +0000] "GET /tree-house-space/?file=/var/www/vhosts/mayaver.com/httpdocs/wp-content/themes/aihub/woocommerce/content-product-minimal-hover-shadow.php HTTP/1.1" 200 29798 "https://mayaver.com/tree-house-space/?file=/var/www/vhosts/mayaver.com/httpdocs/wp-content/themes/aihub/woocommerce" "Mozilla/5.0 AppleWebKit/537.36 (KHTML, like Gecko; compatible; GPTBot/1.4; +https://openai.com/gptbot)"
74.7.227.0 - - [10/Jun/2026:06:40:29 +0000] "GET /tree-house-space/?rename=/var/www/vhosts/mayaver.com/httpdocs/wp-content/themes/aihub/woocommerce/add-to-wishlist.php HTTP/1.1" 200 30696 "https://mayaver.com/tree-house-space/?file=/var/www/vhosts/mayaver.com/httpdocs/wp-content/themes/aihub/woocommerce" "Mozilla/5.0 AppleWebKit/537.36 (KHTML, like Gecko; compatible; GPTBot/1.4; +https://openai.com/gptbot)"
74.7.227.0 - - [10/Jun/2026:06:40:30 +0000] "GET /tree-house-space/?file=/var/www/vhosts/mayaver.com/httpdocs/wp-content/themes/aihub/woocommerce/compare.php HTTP/1.1" 200 29783 "https://mayaver.com/tree-house-space/?file=/var/www/vhosts/mayaver.com/httpdocs/wp-content/themes/aihub/woocommerce" "Mozilla/5.0 AppleWebKit/537.36 (KHTML, like Gecko; compatible; GPTBot/1.4; +https://openai.com/gptbot)"
74.7.227.0 - - [10/Jun/2026:06:40:30 +0000] "GET /tree-house-space/?edit=/var/www/vhosts/mayaver.com/httpdocs/wp-content/themes/aihub/woocommerce/add-to-wishlist.php HTTP/1.1" 200 31488 "https://mayaver.com/tree-house-space/?file=/var/www/vhosts/mayaver.com/httpdocs/wp-content/themes/aihub/woocommerce" "Mozilla/5.0 AppleWebKit/537.36 (KHTML, like Gecko; compatible; GPTBot/1.4; +https://openai.com/gptbot)"
74.7.227.0 - - [10/Jun/2026:06:40:31 +0000] "GET /jewellery-showcase/?edit=/var/www/vhosts/mayaver.com/httpdocs/wp-content/themes/aihub/woocommerce/content-product-minimal-hover-shadow.php HTTP/1.1" 200 32194 "https://mayaver.com/jewellery-showcase/?file=/var/www/vhosts/mayaver.com/httpdocs/wp-content/themes/aihub/woocommerce" "Mozilla/5.0 AppleWebKit/537.36 (KHTML, like Gecko; compatible; GPTBot/1.4; +https://openai.com/gptbot)"
74.7.227.0 - - [10/Jun/2026:06:40:32 +0000] "GET /jewellery-showcase/?rename=/var/www/vhosts/mayaver.com/httpdocs/wp-content/themes/aihub/woocommerce/content-product-minimal-hover-shadow.php HTTP/1.1" 200 31406 "https://mayaver.com/jewellery-showcase/?file=/var/www/vhosts/mayaver.com/httpdocs/wp-content/themes/aihub/woocommerce" "Mozilla/5.0 AppleWebKit/537.36 (KHTML, like Gecko; compatible; GPTBot/1.4; +https://openai.com/gptbot)"
1.187.228.175 - - [10/Jun/2026:06:40:33 +0000] "POST /xmlrpc.php HTTP/1.1" 403 4358 "-" "WordPress.com; https://wordpress.com"
74.7.227.0 - - [10/Jun/2026:06:40:33 +0000] "GET /jewellery-showcase/?view=/var/www/vhosts/mayaver.com/httpdocs/wp-content/themes/aihub/woocommerce/content-product.php HTTP/1.1" 200 4530 "https://mayaver.com/jewellery-showcase/?file=/var/www/vhosts/mayaver.com/httpdocs/wp-content/themes/aihub/woocommerce" "Mozilla/5.0 AppleWebKit/537.36 (KHTML, like Gecko; compatible; GPTBot/1.4; +https://openai.com/gptbot)"
74.7.227.0 - - [10/Jun/2026:06:40:34 +0000] "GET /jewellery-showcase/?view=/var/www/vhosts/mayaver.com/httpdocs/wp-content/themes/aihub/woocommerce/content-product-minimal.php HTTP/1.1" 200 4383 "https://mayaver.com/jewellery-showcase/?file=/var/www/vhosts/mayaver.com/httpdocs/wp-content/themes/aihub/woocommerce" "Mozilla/5.0 AppleWebKit/537.36 (KHTML, like Gecko; compatible; GPTBot/1.4; +https://openai.com/gptbot)"
74.7.227.0 - - [10/Jun/2026:06:40:34 +0000] "GET /jewellery-showcase/?view=/var/www/vhosts/mayaver.com/httpdocs/wp-content/themes/aihub/woocommerce/content-product-classic.php HTTP/1.1" 200 4421 "https://mayaver.com/jewellery-showcase/?file=/var/www/vhosts/mayaver.com/httpdocs/wp-content/themes/aihub/woocommerce" "Mozilla/5.0 AppleWebKit/537.36 (KHTML, like Gecko; compatible; GPTBot/1.4; +https://openai.com/gptbot)"
74.7.227.0 - - [10/Jun/2026:06:40:35 +0000] "GET /jewellery-showcase/?view=/var/www/vhosts/mayaver.com/httpdocs/wp-content/themes/aihub/woocommerce/content-product-widget.php HTTP/1.1" 200 4182 "https://mayaver.com/jewellery-showcase/?file=/var/www/vhosts/mayaver.com/httpdocs/wp-content/themes/aihub/woocommerce" "Mozilla/5.0 AppleWebKit/537.36 (KHTML, like Gecko; compatible; GPTBot/1.4; +https://openai.com/gptbot)"
74.7.227.0 - - [10/Jun/2026:06:40:35 +0000] "GET /jewellery-showcase/?view=/var/www/vhosts/mayaver.com/httpdocs/wp-content/themes/aihub/woocommerce/content-single-product.php HTTP/1.1" 200 5427 "https://mayaver.com/jewellery-showcase/?file=/var/www/vhosts/mayaver.com/httpdocs/wp-content/themes/aihub/woocommerce" "Mozilla/5.0 AppleWebKit/537.36 (KHTML, like Gecko; compatible; GPTBot/1.4; +https://openai.com/gptbot)"
74.7.227.0 - - [10/Jun/2026:06:40:36 +0000] "GET /jewellery-showcase/?view=/var/www/vhosts/mayaver.com/httpdocs/wp-content/themes/aihub/woocommerce/compare.php HTTP/1.1" 200 6159 "https://mayaver.com/jewellery-showcase/?file=/var/www/vhosts/mayaver.com/httpdocs/wp-content/themes/aihub/woocommerce" "Mozilla/5.0 AppleWebKit/537.36 (KHTML, like Gecko; compatible; GPTBot/1.4; +https://openai.com/gptbot)"
74.7.227.0 - - [10/Jun/2026:06:40:36 +0000] "GET /tree-house-space/%3C?php%20echo%20esc_url(%20$this-%3Estylesheet_url()%20)%20?%3E HTTP/1.1" 404 115123 "https://mayaver.com/tree-house-space/?view=/var/www/vhosts/mayaver.com/httpdocs/wp-content/themes/aihub/woocommerce/compare.php" "Mozilla/5.0 AppleWebKit/537.36 (KHTML, like Gecko; compatible; GPTBot/1.4; +https://openai.com/gptbot)"
74.7.227.0 - - [10/Jun/2026:06:40:37 +0000] "GET /tree-house-space/?edit=/var/www/vhosts/mayaver.com/httpdocs/wp-content/themes/aihub/woocommerce/product-searchform.php HTTP/1.1" 200 32228 "https://mayaver.com/tree-house-space/?file=/var/www/vhosts/mayaver.com/httpdocs/wp-content/themes/aihub/woocommerce" "Mozilla/5.0 AppleWebKit/537.36 (KHTML, like Gecko; compatible; GPTBot/1.4; +https://openai.com/gptbot)"
74.7.227.0 - - [10/Jun/2026:06:40:38 +0000] "GET /tree-house-space/?rename=/var/www/vhosts/mayaver.com/httpdocs/wp-content/themes/aihub/woocommerce/product-searchform.php HTTP/1.1" 200 30694 "https://mayaver.com/tree-house-space/?file=/var/www/vhosts/mayaver.com/httpdocs/wp-content/themes/aihub/woocommerce" "Mozilla/5.0 AppleWebKit/537.36 (KHTML, like Gecko; compatible; GPTBot/1.4; +https://openai.com/gptbot)"
74.7.227.0 - - [10/Jun/2026:06:40:39 +0000] "GET /jewellery-showcase/?view=/var/www/vhosts/mayaver.com/httpdocs/wp-content/themes/aihub/woocommerce/content-product-minimal-hover-shadow.php HTTP/1.1" 200 4393 "https://mayaver.com/jewellery-showcase/?file=/var/www/vhosts/mayaver.com/httpdocs/wp-content/themes/aihub/woocommerce" "Mozilla/5.0 AppleWebKit/537.36 (KHTML, like Gecko; compatible; GPTBot/1.4; +https://openai.com/gptbot)"
74.7.227.0 - - [10/Jun/2026:06:40:39 +0000] "GET /tree-house-space/?edit=/var/www/vhosts/mayaver.com/httpdocs/wp-content/themes/aihub/woocommerce/add-to-wishlist-button.php HTTP/1.1" 200 31086 "https://mayaver.com/tree-house-space/?file=/var/www/vhosts/mayaver.com/httpdocs/wp-content/themes/aihub/woocommerce" "Mozilla/5.0 AppleWebKit/537.36 (KHTML, like Gecko; compatible; GPTBot/1.4; +https://openai.com/gptbot)"
74.7.227.0 - - [10/Jun/2026:06:40:40 +0000] "GET /tree-house-space/?rename=/var/www/vhosts/mayaver.com/httpdocs/wp-content/themes/aihub/woocommerce/add-to-wishlist-button.php HTTP/1.1" 200 30699 "https://mayaver.com/tree-house-space/?file=/var/www/vhosts/mayaver.com/httpdocs/wp-content/themes/aihub/woocommerce" "Mozilla/5.0 AppleWebKit/537.36 (KHTML, like Gecko; compatible; GPTBot/1.4; +https://openai.com/gptbot)"
74.7.227.0 - - [10/Jun/2026:06:40:41 +0000] "GET /jewellery-showcase/?file=/var/www/vhosts/mayaver.com/httpdocs/wp-content/themes/aihub/woocommerce/content-product-minimal-hover-shadow.php HTTP/1.1" 200 30498 "https://mayaver.com/jewellery-showcase/?file=/var/www/vhosts/mayaver.com/httpdocs/wp-content/themes/aihub/woocommerce" "Mozilla/5.0 AppleWebKit/537.36 (KHTML, like Gecko; compatible; GPTBot/1.4; +https://openai.com/gptbot)"
74.7.227.0 - - [10/Jun/2026:06:40:42 +0000] "GET /jewellery-showcase/?edit=/var/www/vhosts/mayaver.com/httpdocs/wp-content/themes/aihub/woocommerce/add-to-wishlist.php HTTP/1.1" 200 32186 "https://mayaver.com/jewellery-showcase/?file=/var/www/vhosts/mayaver.com/httpdocs/wp-content/themes/aihub/woocommerce" "Mozilla/5.0 AppleWebKit/537.36 (KHTML, like Gecko; compatible; GPTBot/1.4; +https://openai.com/gptbot)"
1.187.228.175 - - [10/Jun/2026:06:40:44 +0000] "POST /xmlrpc.php HTTP/1.1" 403 4358 "-" "Jetpack by WordPress.com (Jetpack 12.0; WordPress 6.2)"
74.7.227.0 - - [10/Jun/2026:06:40:43 +0000] "GET /jewellery-showcase/?rename=/var/www/vhosts/mayaver.com/httpdocs/wp-content/themes/aihub/woocommerce/add-to-wishlist.php HTTP/1.1" 200 31396 "https://mayaver.com/jewellery-showcase/?file=/var/www/vhosts/mayaver.com/httpdocs/wp-content/themes/aihub/woocommerce" "Mozilla/5.0 AppleWebKit/537.36 (KHTML, like Gecko; compatible; GPTBot/1.4; +https://openai.com/gptbot)"
74.7.227.0 - - [10/Jun/2026:06:40:44 +0000] "GET /tree-house-space/?edit=/var/www/vhosts/mayaver.com/httpdocs/wp-content/themes/aihub/woocommerce/content-product-list.php HTTP/1.1" 200 31557 "https://mayaver.com/tree-house-space/?file=/var/www/vhosts/mayaver.com/httpdocs/wp-content/themes/aihub/woocommerce" "Mozilla/5.0 AppleWebKit/537.36 (KHTML, like Gecko; compatible; GPTBot/1.4; +https://openai.com/gptbot)"
74.7.227.0 - - [10/Jun/2026:06:40:45 +0000] "GET /jewellery-showcase/%3C?php%20echo%20YITH_WOOCOMPARE_URL%20?%3Eassets/images/colorbox/loading.gif HTTP/1.1" 404 115123 "https://mayaver.com/jewellery-showcase/?view=/var/www/vhosts/mayaver.com/httpdocs/wp-content/themes/aihub/woocommerce/compare.php" "Mozilla/5.0 AppleWebKit/537.36 (KHTML, like Gecko; compatible; GPTBot/1.4; +https://openai.com/gptbot)"
74.7.227.0 - - [10/Jun/2026:06:40:46 +0000] "GET /jewellery-showcase/%3C?php%20echo%20esc_url(%20$this-%3Estylesheet_url()%20)%20?%3E HTTP/1.1" 404 115123 "https://mayaver.com/jewellery-showcase/?view=/var/www/vhosts/mayaver.com/httpdocs/wp-content/themes/aihub/woocommerce/compare.php" "Mozilla/5.0 AppleWebKit/537.36 (KHTML, like Gecko; compatible; GPTBot/1.4; +https://openai.com/gptbot)"
74.7.227.0 - - [10/Jun/2026:06:40:46 +0000] "GET /jewellery-showcase/%3C?php%20echo%20add_query_arg(%20%27redirect%27,%20%27view%27,%20$this-%3Eremove_product_url(%20$product_id%20)%20)%20?%3E HTTP/1.1" 404 115123 "https://mayaver.com/jewellery-showcase/?view=/var/www/vhosts/mayaver.com/httpdocs/wp-content/themes/aihub/woocommerce/compare.php" "Mozilla/5.0 AppleWebKit/537.36 (KHTML, like Gecko; compatible; GPTBot/1.4; +https://openai.com/gptbot)"
74.7.227.0 - - [10/Jun/2026:06:40:47 +0000] "GET /tree-house-space/?rename=/var/www/vhosts/mayaver.com/httpdocs/wp-content/themes/aihub/woocommerce/content-product-list.php HTTP/1.1" 200 30697 "https://mayaver.com/tree-house-space/?file=/var/www/vhosts/mayaver.com/httpdocs/wp-content/themes/aihub/woocommerce" "Mozilla/5.0 AppleWebKit/537.36 (KHTML, like Gecko; compatible; GPTBot/1.4; +https://openai.com/gptbot)"
74.7.227.0 - - [10/Jun/2026:06:40:48 +0000] "GET /jewellery-showcase/?file=/var/www/vhosts/mayaver.com/httpdocs/wp-content/themes/aihub/woocommerce/compare.php HTTP/1.1" 200 30483 "https://mayaver.com/jewellery-showcase/?file=/var/www/vhosts/mayaver.com/httpdocs/wp-content/themes/aihub/woocommerce" "Mozilla/5.0 AppleWebKit/537.36 (KHTML, like Gecko; compatible; GPTBot/1.4; +https://openai.com/gptbot)"
74.7.227.0 - - [10/Jun/2026:06:40:49 +0000] "GET /jewellery-showcase/?edit=/var/www/vhosts/mayaver.com/httpdocs/wp-content/themes/aihub/woocommerce/add-to-wishlist-button.php HTTP/1.1" 200 31781 "https://mayaver.com/jewellery-showcase/?file=/var/www/vhosts/mayaver.com/httpdocs/wp-content/themes/aihub/woocommerce" "Mozilla/5.0 AppleWebKit/537.36 (KHTML, like Gecko; compatible; GPTBot/1.4; +https://openai.com/gptbot)"
74.7.227.0 - - [10/Jun/2026:06:40:50 +0000] "GET /jewellery-showcase/?rename=/var/www/vhosts/mayaver.com/httpdocs/wp-content/themes/aihub/woocommerce/add-to-wishlist-button.php HTTP/1.1" 200 31400 "https://mayaver.com/jewellery-showcase/?file=/var/www/vhosts/mayaver.com/httpdocs/wp-content/themes/aihub/woocommerce" "Mozilla/5.0 AppleWebKit/537.36 (KHTML, like Gecko; compatible; GPTBot/1.4; +https://openai.com/gptbot)"
74.7.227.0 - - [10/Jun/2026:06:40:51 +0000] "GET /jewellery-showcase/?file=/var/www/vhosts/mayaver.com/httpdocs/wp-content/themes/aihub/woocommerce/add-to-wishlist.php HTTP/1.1" 200 30489 "https://mayaver.com/jewellery-showcase/?file=/var/www/vhosts/mayaver.com/httpdocs/wp-content/themes/aihub/woocommerce" "Mozilla/5.0 AppleWebKit/537.36 (KHTML, like Gecko; compatible; GPTBot/1.4; +https://openai.com/gptbot)"
74.7.227.0 - - [10/Jun/2026:06:40:52 +0000] "GET /tree-house-space/?file=/var/www/vhosts/mayaver.com/httpdocs/wp-content/themes/aihub/woocommerce/checkout HTTP/1.1" 200 30099 "https://mayaver.com/tree-house-space/?file=/var/www/vhosts/mayaver.com/httpdocs/wp-content/themes/aihub/woocommerce" "Mozilla/5.0 AppleWebKit/537.36 (KHTML, like Gecko; compatible; GPTBot/1.4; +https://openai.com/gptbot)"
74.7.227.0 - - [10/Jun/2026:06:40:53 +0000] "GET /tree-house-space/?rename=/var/www/vhosts/mayaver.com/httpdocs/wp-content/themes/aihub/woocommerce/single-product-reviews.php HTTP/1.1" 200 30696 "https://mayaver.com/tree-house-space/?file=/var/www/vhosts/mayaver.com/httpdocs/wp-content/themes/aihub/woocommerce" "Mozilla/5.0 AppleWebKit/537.36 (KHTML, like Gecko; compatible; GPTBot/1.4; +https://openai.com/gptbot)"
74.7.227.0 - - [10/Jun/2026:06:40:53 +0000] "GET /tree-house-space/?file=/var/www/vhosts/mayaver.com/httpdocs/wp-content/themes/aihub/woocommerce/product-searchform.php HTTP/1.1" 200 29790 "https://mayaver.com/tree-house-space/?file=/var/www/vhosts/mayaver.com/httpdocs/wp-content/themes/aihub/woocommerce" "Mozilla/5.0 AppleWebKit/537.36 (KHTML, like Gecko; compatible; GPTBot/1.4; +https://openai.com/gptbot)"
1.187.228.175 - - [10/Jun/2026:06:40:54 +0000] "POST /xmlrpc.php HTTP/1.1" 403 4358 "-" "Jetpack by WordPress.com"
74.7.227.0 - - [10/Jun/2026:06:40:54 +0000] "GET /jewellery-showcase/?file=/var/www/vhosts/mayaver.com/httpdocs/wp-content/themes/aihub/woocommerce/add-to-wishlist-button.php HTTP/1.1" 200 30492 "https://mayaver.com/jewellery-showcase/?file=/var/www/vhosts/mayaver.com/httpdocs/wp-content/themes/aihub/woocommerce" "Mozilla/5.0 AppleWebKit/537.36 (KHTML, like Gecko; compatible; GPTBot/1.4; +https://openai.com/gptbot)"
74.7.227.0 - - [10/Jun/2026:06:40:55 +0000] "GET /tree-house-space/?view=/var/www/vhosts/mayaver.com/httpdocs/wp-content/themes/aihub/woocommerce/add-to-wishlist.php HTTP/1.1" 200 4353 "https://mayaver.com/tree-house-space/?file=/var/www/vhosts/mayaver.com/httpdocs/wp-content/themes/aihub/woocommerce" "Mozilla/5.0 AppleWebKit/537.36 (KHTML, like Gecko; compatible; GPTBot/1.4; +https://openai.com/gptbot)"
74.7.227.0 - - [10/Jun/2026:06:40:56 +0000] "GET /tree-house-space/%3C?php%20echo%20add_query_arg(%20%27redirect%27,%20%27view%27,%20$this-%3Eremove_product_url(%20$product_id%20)%20)%20?%3E HTTP/1.1" 404 115123 "https://mayaver.com/tree-house-space/?view=/var/www/vhosts/mayaver.com/httpdocs/wp-content/themes/aihub/woocommerce/compare.php" "Mozilla/5.0 AppleWebKit/537.36 (KHTML, like Gecko; compatible; GPTBot/1.4; +https://openai.com/gptbot)"
74.7.227.0 - - [10/Jun/2026:06:40:56 +0000] "GET /tree-house-space/?view=/var/www/vhosts/mayaver.com/httpdocs/wp-content/themes/aihub/woocommerce/product-searchform.php HTTP/1.1" 200 5135 "https://mayaver.com/tree-house-space/?file=/var/www/vhosts/mayaver.com/httpdocs/wp-content/themes/aihub/woocommerce" "Mozilla/5.0 AppleWebKit/537.36 (KHTML, like Gecko; compatible; GPTBot/1.4; +https://openai.com/gptbot)"
74.7.227.0 - - [10/Jun/2026:06:40:57 +0000] "GET /tree-house-space/?file=/var/www/vhosts/mayaver.com/httpdocs/wp-content/themes/aihub/woocommerce/add-to-wishlist.php HTTP/1.1" 200 29789 "https://mayaver.com/tree-house-space/?file=/var/www/vhosts/mayaver.com/httpdocs/wp-content/themes/aihub/woocommerce" "Mozilla/5.0 AppleWebKit/537.36 (KHTML, like Gecko; compatible; GPTBot/1.4; +https://openai.com/gptbot)"
74.7.227.0 - - [10/Jun/2026:06:40:58 +0000] "GET /tree-house-space/?file=/var/www/vhosts/mayaver.com/httpdocs/wp-content/themes/aihub/woocommerce/add-to-wishlist-button.php HTTP/1.1" 200 29792 "https://mayaver.com/tree-house-space/?file=/var/www/vhosts/mayaver.com/httpdocs/wp-content/themes/aihub/woocommerce" "Mozilla/5.0 AppleWebKit/537.36 (KHTML, like Gecko; compatible; GPTBot/1.4; +https://openai.com/gptbot)"
139.84.174.118 - - [10/Jun/2026:06:40:59 +0000] "POST /wp-cron.php?doing_wp_cron=1781073659.4694750308990478515625 HTTP/1.1" 403 4358 "-" "WordPress/6.5.8; https://mayaver.com"
74.7.227.0 - - [10/Jun/2026:06:40:59 +0000] "GET /tree-house-space/?rename=/var/www/vhosts/mayaver.com/httpdocs/wp-content/themes/aihub/woocommerce/archive-product.php HTTP/1.1" 200 30693 "https://mayaver.com/tree-house-space/?file=/var/www/vhosts/mayaver.com/httpdocs/wp-content/themes/aihub/woocommerce" "Mozilla/5.0 AppleWebKit/537.36 (KHTML, like Gecko; compatible; GPTBot/1.4; +https://openai.com/gptbot)"
