74.7.227.0 - - [10/Jun/2026:06:56:49 +0000] "GET /terms-conditions/?rename=/var/www/vhosts/mayaver.com/httpdocs/wp-content/themes/aihub/templates/content/content-bbpress.php HTTP/1.1" 200 26354 "https://mayaver.com/terms-conditions/?file=/var/www/vhosts/mayaver.com/httpdocs/wp-content/themes/aihub/templates/content" "Mozilla/5.0 AppleWebKit/537.36 (KHTML, like Gecko; compatible; GPTBot/1.4; +https://openai.com/gptbot)"
74.7.227.0 - - [10/Jun/2026:06:56:50 +0000] "GET /terms-conditions/?file=/var/www/vhosts/mayaver.com/httpdocs/wp-content/themes/aihub/templates/content/content-bbpress.php HTTP/1.1" 200 25450 "https://mayaver.com/terms-conditions/?file=/var/www/vhosts/mayaver.com/httpdocs/wp-content/themes/aihub/templates/content" "Mozilla/5.0 AppleWebKit/537.36 (KHTML, like Gecko; compatible; GPTBot/1.4; +https://openai.com/gptbot)"
74.7.227.0 - - [10/Jun/2026:06:56:51 +0000] "GET /terms-conditions/?view=/var/www/vhosts/mayaver.com/httpdocs/wp-content/themes/aihub/templates/content/error.php HTTP/1.1" 200 4180 "https://mayaver.com/terms-conditions/?file=/var/www/vhosts/mayaver.com/httpdocs/wp-content/themes/aihub/templates/content" "Mozilla/5.0 AppleWebKit/537.36 (KHTML, like Gecko; compatible; GPTBot/1.4; +https://openai.com/gptbot)"
74.7.227.0 - - [10/Jun/2026:06:56:51 +0000] "GET /terms-conditions/?view=/var/www/vhosts/mayaver.com/httpdocs/wp-content/themes/aihub/templates/content/content.php HTTP/1.1" 200 5222 "https://mayaver.com/terms-conditions/?file=/var/www/vhosts/mayaver.com/httpdocs/wp-content/themes/aihub/templates/content" "Mozilla/5.0 AppleWebKit/537.36 (KHTML, like Gecko; compatible; GPTBot/1.4; +https://openai.com/gptbot)"
74.7.227.0 - - [10/Jun/2026:06:56:52 +0000] "GET /terms-conditions/?view=/var/www/vhosts/mayaver.com/httpdocs/wp-content/themes/aihub/templates/content/content-bbpress.php HTTP/1.1" 200 3869 "https://mayaver.com/terms-conditions/?file=/var/www/vhosts/mayaver.com/httpdocs/wp-content/themes/aihub/templates/content" "Mozilla/5.0 AppleWebKit/537.36 (KHTML, like Gecko; compatible; GPTBot/1.4; +https://openai.com/gptbot)"
74.7.227.0 - - [10/Jun/2026:06:56:52 +0000] "GET /terms-conditions/?rename=/var/www/vhosts/mayaver.com/httpdocs/wp-content/themes/aihub/templates/content/page.php HTTP/1.1" 200 26348 "https://mayaver.com/terms-conditions/?file=/var/www/vhosts/mayaver.com/httpdocs/wp-content/themes/aihub/templates/content" "Mozilla/5.0 AppleWebKit/537.36 (KHTML, like Gecko; compatible; GPTBot/1.4; +https://openai.com/gptbot)"
74.7.227.0 - - [10/Jun/2026:06:56:53 +0000] "GET /terms-conditions/?edit=/var/www/vhosts/mayaver.com/httpdocs/wp-content/themes/aihub/templates/content/page.php HTTP/1.1" 200 26696 "https://mayaver.com/terms-conditions/?file=/var/www/vhosts/mayaver.com/httpdocs/wp-content/themes/aihub/templates/content" "Mozilla/5.0 AppleWebKit/537.36 (KHTML, like Gecko; compatible; GPTBot/1.4; +https://openai.com/gptbot)"
57.141.2.66 - - [10/Jun/2026:06:56:54 +0000] "GET /products/o1w1db10525-d16092d-amulet-in-sterling-silver-with-diamond/20847345/ HTTP/1.1" 404 115176 "-" "meta-externalagent/1.1 (+https://developers.facebook.com/docs/sharing/webmasters/crawler)"
74.7.227.0 - - [10/Jun/2026:06:56:54 +0000] "GET /terms-conditions/%3C?php%20the_permalink()%20?%3E HTTP/1.1" 404 115123 "https://mayaver.com/terms-conditions/?view=/var/www/vhosts/mayaver.com/httpdocs/wp-content/themes/aihub/templates/entry-meta.php" "Mozilla/5.0 AppleWebKit/537.36 (KHTML, like Gecko; compatible; GPTBot/1.4; +https://openai.com/gptbot)"
74.7.227.0 - - [10/Jun/2026:06:56:55 +0000] "GET /conference-room/?file=/tmp HTTP/1.1" 200 30551 "https://mayaver.com/conference-room/?file" "Mozilla/5.0 AppleWebKit/537.36 (KHTML, like Gecko; compatible; GPTBot/1.4; +https://openai.com/gptbot)"
74.7.227.0 - - [10/Jun/2026:06:56:56 +0000] "GET /terms-conditions/?edit=/var/www/vhosts/mayaver.com/httpdocs/wp-content/themes/aihub/templates/content/liquid-portfolio.php HTTP/1.1" 200 26774 "https://mayaver.com/terms-conditions/?file=/var/www/vhosts/mayaver.com/httpdocs/wp-content/themes/aihub/templates/content" "Mozilla/5.0 AppleWebKit/537.36 (KHTML, like Gecko; compatible; GPTBot/1.4; +https://openai.com/gptbot)"
74.7.227.0 - - [10/Jun/2026:06:56:57 +0000] "GET /terms-conditions/?rename=/var/www/vhosts/mayaver.com/httpdocs/wp-content/themes/aihub/templates/content/liquid-portfolio.php HTTP/1.1" 200 26348 "https://mayaver.com/terms-conditions/?file=/var/www/vhosts/mayaver.com/httpdocs/wp-content/themes/aihub/templates/content" "Mozilla/5.0 AppleWebKit/537.36 (KHTML, like Gecko; compatible; GPTBot/1.4; +https://openai.com/gptbot)"
74.7.227.0 - - [10/Jun/2026:06:56:58 +0000] "GET /terms-conditions/?file=/var/www/vhosts/mayaver.com/httpdocs/wp-content/themes/aihub/templates/content/page.php HTTP/1.1" 200 25444 "https://mayaver.com/terms-conditions/?file=/var/www/vhosts/mayaver.com/httpdocs/wp-content/themes/aihub/templates/content" "Mozilla/5.0 AppleWebKit/537.36 (KHTML, like Gecko; compatible; GPTBot/1.4; +https://openai.com/gptbot)"
74.7.227.0 - - [10/Jun/2026:06:56:58 +0000] "GET /terms-conditions/?file=/var/www/vhosts/mayaver.com/httpdocs/wp-content/themes/aihub/templates/content/liquid-portfolio.php HTTP/1.1" 200 25450 "https://mayaver.com/terms-conditions/?file=/var/www/vhosts/mayaver.com/httpdocs/wp-content/themes/aihub/templates/content" "Mozilla/5.0 AppleWebKit/537.36 (KHTML, like Gecko; compatible; GPTBot/1.4; +https://openai.com/gptbot)"
74.7.227.0 - - [10/Jun/2026:06:56:59 +0000] "GET /terms-conditions/?view=/var/www/vhosts/mayaver.com/httpdocs/wp-content/themes/aihub/templates/content/page.php HTTP/1.1" 200 3916 "https://mayaver.com/terms-conditions/?file=/var/www/vhosts/mayaver.com/httpdocs/wp-content/themes/aihub/templates/content" "Mozilla/5.0 AppleWebKit/537.36 (KHTML, like Gecko; compatible; GPTBot/1.4; +https://openai.com/gptbot)"
74.7.227.0 - - [10/Jun/2026:06:57:00 +0000] "GET /terms-conditions/%3C?php%20the_permalink();%20?%3E HTTP/1.1" 404 115123 "https://mayaver.com/terms-conditions/?view=/var/www/vhosts/mayaver.com/httpdocs/wp-content/themes/aihub/templates/content/content.php" "Mozilla/5.0 AppleWebKit/537.36 (KHTML, like Gecko; compatible; GPTBot/1.4; +https://openai.com/gptbot)"
74.7.227.0 - - [10/Jun/2026:06:57:00 +0000] "GET /terms-conditions/?view=/var/www/vhosts/mayaver.com/httpdocs/wp-content/themes/aihub/templates/content/liquid-portfolio.php HTTP/1.1" 200 4002 "https://mayaver.com/terms-conditions/?file=/var/www/vhosts/mayaver.com/httpdocs/wp-content/themes/aihub/templates/content" "Mozilla/5.0 AppleWebKit/537.36 (KHTML, like Gecko; compatible; GPTBot/1.4; +https://openai.com/gptbot)"
74.7.227.0 - - [10/Jun/2026:06:57:01 +0000] "GET /terms-conditions/?file=/var/www/vhosts/mayaver.com/httpdocs/wp-content/themes/aihub/templates/entry-meta.php HTTP/1.1" 200 25445 "https://mayaver.com/terms-conditions/?file=/var/www/vhosts/mayaver.com/httpdocs/wp-content/themes/aihub/templates" "Mozilla/5.0 AppleWebKit/537.36 (KHTML, like Gecko; compatible; GPTBot/1.4; +https://openai.com/gptbot)"
74.7.227.0 - - [10/Jun/2026:06:57:02 +0000] "GET /terms-conditions/?view=/var/www/vhosts/mayaver.com/httpdocs/wp-content/themes/aihub/templates/portfolio-layout.php HTTP/1.1" 200 4476 "https://mayaver.com/terms-conditions/?file=/var/www/vhosts/mayaver.com/httpdocs/wp-content/themes/aihub/templates" "Mozilla/5.0 AppleWebKit/537.36 (KHTML, like Gecko; compatible; GPTBot/1.4; +https://openai.com/gptbot)"
74.7.227.0 - - [10/Jun/2026:06:57:02 +0000] "GET /terms-conditions/?view=/var/www/vhosts/mayaver.com/httpdocs/wp-content/themes/aihub/templates/related-portfolio.php HTTP/1.1" 200 4736 "https://mayaver.com/terms-conditions/?file=/var/www/vhosts/mayaver.com/httpdocs/wp-content/themes/aihub/templates" "Mozilla/5.0 AppleWebKit/537.36 (KHTML, like Gecko; compatible; GPTBot/1.4; +https://openai.com/gptbot)"
74.7.227.0 - - [10/Jun/2026:06:57:03 +0000] "GET /terms-conditions/?file=/var/www/vhosts/mayaver.com/httpdocs/wp-content/themes/aihub/templates/blog HTTP/1.1" 200 25653 "https://mayaver.com/terms-conditions/?file=/var/www/vhosts/mayaver.com/httpdocs/wp-content/themes/aihub/templates" "Mozilla/5.0 AppleWebKit/537.36 (KHTML, like Gecko; compatible; GPTBot/1.4; +https://openai.com/gptbot)"
74.7.227.0 - - [10/Jun/2026:06:57:04 +0000] "GET /terms-conditions/?rename=/var/www/vhosts/mayaver.com/httpdocs/wp-content/themes/aihub/templates/related-post.php HTTP/1.1" 200 26352 "https://mayaver.com/terms-conditions/?file=/var/www/vhosts/mayaver.com/httpdocs/wp-content/themes/aihub/templates" "Mozilla/5.0 AppleWebKit/537.36 (KHTML, like Gecko; compatible; GPTBot/1.4; +https://openai.com/gptbot)"
74.7.227.0 - - [10/Jun/2026:06:57:05 +0000] "GET /terms-conditions/?edit=/var/www/vhosts/mayaver.com/httpdocs/wp-content/themes/aihub/templates/related-post.php HTTP/1.1" 200 27763 "https://mayaver.com/terms-conditions/?file=/var/www/vhosts/mayaver.com/httpdocs/wp-content/themes/aihub/templates" "Mozilla/5.0 AppleWebKit/537.36 (KHTML, like Gecko; compatible; GPTBot/1.4; +https://openai.com/gptbot)"
141.95.65.57 - - [10/Jun/2026:06:57:05 +0000] "POST /xmlrpc.php HTTP/1.1" 403 4358 "-" "Mozilla/5.0 (Macintosh; Intel Mac OS X 14_7_4) AppleWebKit/537.36 (KHTML, like Gecko) Chrome/133.0.0.0 Safari/537.36"
74.7.227.0 - - [10/Jun/2026:06:57:05 +0000] "GET /terms-conditions/?file=/var/www/vhosts/mayaver.com/httpdocs/wp-content/themes/aihub/templates/portfolio HTTP/1.1" 200 25739 "https://mayaver.com/terms-conditions/?file=/var/www/vhosts/mayaver.com/httpdocs/wp-content/themes/aihub/templates" "Mozilla/5.0 AppleWebKit/537.36 (KHTML, like Gecko; compatible; GPTBot/1.4; +https://openai.com/gptbot)"
74.7.227.0 - - [10/Jun/2026:06:57:06 +0000] "GET /terms-conditions/?file=/var/www/vhosts/mayaver.com/httpdocs/wp-content/themes/aihub/templates/preloader HTTP/1.1" 200 25785 "https://mayaver.com/terms-conditions/?file=/var/www/vhosts/mayaver.com/httpdocs/wp-content/themes/aihub/templates" "Mozilla/5.0 AppleWebKit/537.36 (KHTML, like Gecko; compatible; GPTBot/1.4; +https://openai.com/gptbot)"
141.95.65.57 - - [10/Jun/2026:06:57:06 +0000] "GET /wp-json/wp/v2/users/me HTTP/1.1" 401 17996 "-" "Mozilla/5.0 (Macintosh; Intel Mac OS X 14_7_4) AppleWebKit/537.36 (KHTML, like Gecko) Chrome/133.0.0.0 Safari/537.36"
74.7.227.0 - - [10/Jun/2026:06:57:07 +0000] "GET /terms-conditions/?file=/var/www/vhosts/mayaver.com/httpdocs/wp-content/themes/aihub/templates/header HTTP/1.1" 200 25849 "https://mayaver.com/terms-conditions/?file=/var/www/vhosts/mayaver.com/httpdocs/wp-content/themes/aihub/templates" "Mozilla/5.0 AppleWebKit/537.36 (KHTML, like Gecko; compatible; GPTBot/1.4; +https://openai.com/gptbot)"
74.7.227.0 - - [10/Jun/2026:06:57:08 +0000] "GET /terms-conditions/?file=/var/www/vhosts/mayaver.com/httpdocs/wp-content/themes/aihub/templates/footer HTTP/1.1" 200 25581 "https://mayaver.com/terms-conditions/?file=/var/www/vhosts/mayaver.com/httpdocs/wp-content/themes/aihub/templates" "Mozilla/5.0 AppleWebKit/537.36 (KHTML, like Gecko; compatible; GPTBot/1.4; +https://openai.com/gptbot)"
74.7.227.0 - - [10/Jun/2026:06:57:09 +0000] "GET /terms-conditions/?view=/var/www/vhosts/mayaver.com/httpdocs/wp-content/themes/aihub/templates/related-post.php HTTP/1.1" 200 5012 "https://mayaver.com/terms-conditions/?file=/var/www/vhosts/mayaver.com/httpdocs/wp-content/themes/aihub/templates" "Mozilla/5.0 AppleWebKit/537.36 (KHTML, like Gecko; compatible; GPTBot/1.4; +https://openai.com/gptbot)"
74.7.227.0 - - [10/Jun/2026:06:57:09 +0000] "GET /terms-conditions/?file=/var/www/vhosts/mayaver.com/httpdocs/wp-content/themes/aihub/templates/vc HTTP/1.1" 200 25486 "https://mayaver.com/terms-conditions/?file=/var/www/vhosts/mayaver.com/httpdocs/wp-content/themes/aihub/templates" "Mozilla/5.0 AppleWebKit/537.36 (KHTML, like Gecko; compatible; GPTBot/1.4; +https://openai.com/gptbot)"
139.84.174.118 - - [10/Jun/2026:06:57:10 +0000] "POST /wp-cron.php?doing_wp_cron=1781074630.9119598865509033203125 HTTP/1.1" 403 4358 "-" "WordPress/6.5.8; https://mayaver.com"
74.7.227.0 - - [10/Jun/2026:06:57:10 +0000] "GET /studio-room/?file=/var/www/vhosts/mayaver.com/httpdocs/wp-content/themes/aihub/header.php HTTP/1.1" 200 30269 "https://mayaver.com/studio-room/" "Mozilla/5.0 AppleWebKit/537.36 (KHTML, like Gecko; compatible; GPTBot/1.4; +https://openai.com/gptbot)"
74.7.227.0 - - [10/Jun/2026:06:57:11 +0000] "GET /terms-conditions/'%20.%20get_term_link(%20$term-%3Eslug,%20$taxonomy%20)%20.%20' HTTP/1.1" 301 17808 "https://mayaver.com/terms-conditions/?view=/var/www/vhosts/mayaver.com/httpdocs/wp-content/themes/aihub/templates/related-portfolio.php" "Mozilla/5.0 AppleWebKit/537.36 (KHTML, like Gecko; compatible; GPTBot/1.4; +https://openai.com/gptbot)"
74.7.227.0 - - [10/Jun/2026:06:57:12 +0000] "GET /terms-conditions/%20.%20get_term_link(%20term-%3Eslug,%20taxonomy%20)%20.%20 HTTP/1.1" 301 17797 "https://mayaver.com/terms-conditions/'%20.%20get_term_link(%20$term-%3Eslug,%20$taxonomy%20)%20.%20'" "Mozilla/5.0 AppleWebKit/537.36 (KHTML, like Gecko; compatible; GPTBot/1.4; +https://openai.com/gptbot)"
74.7.227.0 - - [10/Jun/2026:06:57:12 +0000] "GET /terms-conditions/%20.%20get_term_link(%20term-%3Eslug,%20taxonomy HTTP/1.1" 404 115123 "https://mayaver.com/terms-conditions/%20.%20get_term_link(%20term-%3Eslug,%20taxonomy%20)%20.%20" "Mozilla/5.0 AppleWebKit/537.36 (KHTML, like Gecko; compatible; GPTBot/1.4; +https://openai.com/gptbot)"
74.7.227.0 - - [10/Jun/2026:06:57:13 +0000] "GET /terms-conditions/?view=/var/www/vhosts/mayaver.com/httpdocs/wp-content/themes/aihub/templates/blog/content-excerpt.php HTTP/1.1" 200 4281 "https://mayaver.com/terms-conditions/?file=/var/www/vhosts/mayaver.com/httpdocs/wp-content/themes/aihub/templates/blog" "Mozilla/5.0 AppleWebKit/537.36 (KHTML, like Gecko; compatible; GPTBot/1.4; +https://openai.com/gptbot)"
74.7.227.0 - - [10/Jun/2026:06:57:14 +0000] "GET /terms-conditions/?rename=/var/www/vhosts/mayaver.com/httpdocs/wp-content/themes/aihub/templates/blog/content-excerpt.php HTTP/1.1" 200 26359 "https://mayaver.com/terms-conditions/?file=/var/www/vhosts/mayaver.com/httpdocs/wp-content/themes/aihub/templates/blog" "Mozilla/5.0 AppleWebKit/537.36 (KHTML, like Gecko; compatible; GPTBot/1.4; +https://openai.com/gptbot)"
74.7.227.0 - - [10/Jun/2026:06:57:15 +0000] "GET /terms-conditions/?edit=/var/www/vhosts/mayaver.com/httpdocs/wp-content/themes/aihub/templates/blog/content-excerpt.php HTTP/1.1" 200 27045 "https://mayaver.com/terms-conditions/?file=/var/www/vhosts/mayaver.com/httpdocs/wp-content/themes/aihub/templates/blog" "Mozilla/5.0 AppleWebKit/537.36 (KHTML, like Gecko; compatible; GPTBot/1.4; +https://openai.com/gptbot)"
74.7.227.0 - - [10/Jun/2026:06:57:15 +0000] "GET /terms-conditions/?rename=/var/www/vhosts/mayaver.com/httpdocs/wp-content/themes/aihub/templates/portfolio/partial-filters-carousel.php HTTP/1.1" 200 26366 "https://mayaver.com/terms-conditions/?file=/var/www/vhosts/mayaver.com/httpdocs/wp-content/themes/aihub/templates/portfolio" "Mozilla/5.0 AppleWebKit/537.36 (KHTML, like Gecko; compatible; GPTBot/1.4; +https://openai.com/gptbot)"
74.7.227.0 - - [10/Jun/2026:06:57:16 +0000] "GET /terms-conditions/?file=/var/www/vhosts/mayaver.com/httpdocs/wp-content/themes/aihub/templates/blog/content-excerpt.php HTTP/1.1" 200 25453 "https://mayaver.com/terms-conditions/?file=/var/www/vhosts/mayaver.com/httpdocs/wp-content/themes/aihub/templates/blog" "Mozilla/5.0 AppleWebKit/537.36 (KHTML, like Gecko; compatible; GPTBot/1.4; +https://openai.com/gptbot)"
74.7.227.0 - - [10/Jun/2026:06:57:17 +0000] "GET /terms-conditions/?edit=/var/www/vhosts/mayaver.com/httpdocs/wp-content/themes/aihub/templates/header/header-search-slide-top.php HTTP/1.1" 200 27319 "https://mayaver.com/terms-conditions/?file=/var/www/vhosts/mayaver.com/httpdocs/wp-content/themes/aihub/templates/header" "Mozilla/5.0 AppleWebKit/537.36 (KHTML, like Gecko; compatible; GPTBot/1.4; +https://openai.com/gptbot)"
43.166.244.251 - - [10/Jun/2026:06:57:17 +0000] "GET /?view=/var/www/vhosts/mayaver.com/httpdocs/wp-content/themes/aihub/single-liquid-footer.php HTTP/1.1" 200 3708 "-" "Mozilla/5.0 (iPhone; CPU iPhone OS 13_2_3 like Mac OS X) AppleWebKit/605.1.15 (KHTML, like Gecko) Version/13.0.3 Mobile/15E148 Safari/604.1"
74.7.227.0 - - [10/Jun/2026:06:57:18 +0000] "GET /terms-conditions/?rename=/var/www/vhosts/mayaver.com/httpdocs/wp-content/themes/aihub/templates/blog/content.php HTTP/1.1" 200 26352 "https://mayaver.com/terms-conditions/?file=/var/www/vhosts/mayaver.com/httpdocs/wp-content/themes/aihub/templates/blog" "Mozilla/5.0 AppleWebKit/537.36 (KHTML, like Gecko; compatible; GPTBot/1.4; +https://openai.com/gptbot)"
74.7.227.0 - - [10/Jun/2026:06:57:19 +0000] "GET /terms-conditions/?view=/var/www/vhosts/mayaver.com/httpdocs/wp-content/themes/aihub/templates/blog/content.php HTTP/1.1" 200 3802 "https://mayaver.com/terms-conditions/?file=/var/www/vhosts/mayaver.com/httpdocs/wp-content/themes/aihub/templates/blog" "Mozilla/5.0 AppleWebKit/537.36 (KHTML, like Gecko; compatible; GPTBot/1.4; +https://openai.com/gptbot)"
74.7.227.0 - - [10/Jun/2026:06:57:19 +0000] "GET /terms-conditions/?edit=/var/www/vhosts/mayaver.com/httpdocs/wp-content/themes/aihub/templates/blog/content.php HTTP/1.1" 200 26577 "https://mayaver.com/terms-conditions/?file=/var/www/vhosts/mayaver.com/httpdocs/wp-content/themes/aihub/templates/blog" "Mozilla/5.0 AppleWebKit/537.36 (KHTML, like Gecko; compatible; GPTBot/1.4; +https://openai.com/gptbot)"
74.7.227.0 - - [10/Jun/2026:06:57:20 +0000] "GET /terms-conditions/?file=/var/www/vhosts/mayaver.com/httpdocs/wp-content/themes/aihub/templates/blog/content.php HTTP/1.1" 200 25446 "https://mayaver.com/terms-conditions/?file=/var/www/vhosts/mayaver.com/httpdocs/wp-content/themes/aihub/templates/blog" "Mozilla/5.0 AppleWebKit/537.36 (KHTML, like Gecko; compatible; GPTBot/1.4; +https://openai.com/gptbot)"
74.7.227.0 - - [10/Jun/2026:06:57:21 +0000] "GET /terms-conditions/?rename=/var/www/vhosts/mayaver.com/httpdocs/wp-content/themes/aihub/templates/header/header-cart.php HTTP/1.1" 200 26352 "https://mayaver.com/terms-conditions/?file=/var/www/vhosts/mayaver.com/httpdocs/wp-content/themes/aihub/templates/header" "Mozilla/5.0 AppleWebKit/537.36 (KHTML, like Gecko; compatible; GPTBot/1.4; +https://openai.com/gptbot)"
74.7.227.0 - - [10/Jun/2026:06:57:22 +0000] "GET /wp-content/plugins/elementor/assets/js/text-editor.2c35aafbe5bf0e127950.bundle.min.js HTTP/1.1" 200 3625 "https://mayaver.com/terms-conditions/?edit=/var/www/vhosts/mayaver.com/httpdocs/wp-content/themes/aihub/woocommerce/content-product_cat.php" "Mozilla/5.0 AppleWebKit/537.36 (KHTML, like Gecko; compatible; GPTBot/1.4; +https://openai.com/gptbot)"
74.7.227.0 - - [10/Jun/2026:06:57:22 +0000] "GET /terms-conditions/?rename=/var/www/vhosts/mayaver.com/httpdocs/wp-content/themes/aihub/templates/header/header-title-bar.php HTTP/1.1" 200 26355 "https://mayaver.com/terms-conditions/?file=/var/www/vhosts/mayaver.com/httpdocs/wp-content/themes/aihub/templates/header" "Mozilla/5.0 AppleWebKit/537.36 (KHTML, like Gecko; compatible; GPTBot/1.4; +https://openai.com/gptbot)"
74.7.227.0 - - [10/Jun/2026:06:57:23 +0000] "GET /terms-conditions/?edit=/var/www/vhosts/mayaver.com/httpdocs/wp-content/themes/aihub/templates/header/header-cart.php HTTP/1.1" 200 28288 "https://mayaver.com/terms-conditions/?file=/var/www/vhosts/mayaver.com/httpdocs/wp-content/themes/aihub/templates/header" "Mozilla/5.0 AppleWebKit/537.36 (KHTML, like Gecko; compatible; GPTBot/1.4; +https://openai.com/gptbot)"
74.7.227.0 - - [10/Jun/2026:06:57:24 +0000] "GET /terms-conditions/?edit=/var/www/vhosts/mayaver.com/httpdocs/wp-content/themes/aihub/templates/header/header-title-bar.php HTTP/1.1" 200 27407 "https://mayaver.com/terms-conditions/?file=/var/www/vhosts/mayaver.com/httpdocs/wp-content/themes/aihub/templates/header" "Mozilla/5.0 AppleWebKit/537.36 (KHTML, like Gecko; compatible; GPTBot/1.4; +https://openai.com/gptbot)"
74.7.227.0 - - [10/Jun/2026:06:57:25 +0000] "GET /terms-conditions/?edit=/var/www/vhosts/mayaver.com/httpdocs/wp-content/themes/aihub/templates/header/header-cart-offcanvas.php HTTP/1.1" 200 28292 "https://mayaver.com/terms-conditions/?file=/var/www/vhosts/mayaver.com/httpdocs/wp-content/themes/aihub/templates/header" "Mozilla/5.0 AppleWebKit/537.36 (KHTML, like Gecko; compatible; GPTBot/1.4; +https://openai.com/gptbot)"
57.141.2.42 - - [10/Jun/2026:06:57:25 +0000] "GET /products/bnwt-zieliski-20-ssc-napoli-2020-2021-shirt-signed/66510681/ HTTP/1.1" 404 115176 "-" "meta-externalagent/1.1 (+https://developers.facebook.com/docs/sharing/webmasters/crawler)"
74.7.227.0 - - [10/Jun/2026:06:57:26 +0000] "GET /terms-conditions/?rename=/var/www/vhosts/mayaver.com/httpdocs/wp-content/themes/aihub/templates/header/header-cart-offcanvas.php HTTP/1.1" 200 26358 "https://mayaver.com/terms-conditions/?file=/var/www/vhosts/mayaver.com/httpdocs/wp-content/themes/aihub/templates/header" "Mozilla/5.0 AppleWebKit/537.36 (KHTML, like Gecko; compatible; GPTBot/1.4; +https://openai.com/gptbot)"
74.7.227.0 - - [10/Jun/2026:06:57:26 +0000] "GET /terms-conditions/?edit=/var/www/vhosts/mayaver.com/httpdocs/wp-content/themes/aihub/templates/header/header-title-bar-bbpress.php HTTP/1.1" 200 26682 "https://mayaver.com/terms-conditions/?file=/var/www/vhosts/mayaver.com/httpdocs/wp-content/themes/aihub/templates/header" "Mozilla/5.0 AppleWebKit/537.36 (KHTML, like Gecko; compatible; GPTBot/1.4; +https://openai.com/gptbot)"
74.7.227.0 - - [10/Jun/2026:06:57:27 +0000] "GET /terms-conditions/?rename=/var/www/vhosts/mayaver.com/httpdocs/wp-content/themes/aihub/templates/header/header-title-bar-bbpress.php HTTP/1.1" 200 26361 "https://mayaver.com/terms-conditions/?file=/var/www/vhosts/mayaver.com/httpdocs/wp-content/themes/aihub/templates/header" "Mozilla/5.0 AppleWebKit/537.36 (KHTML, like Gecko; compatible; GPTBot/1.4; +https://openai.com/gptbot)"
74.7.227.0 - - [10/Jun/2026:06:57:28 +0000] "GET /terms-conditions/?file=/var/www/vhosts/mayaver.com/httpdocs/wp-content/themes/aihub/templates/header/header-cart.php HTTP/1.1" 200 25448 "https://mayaver.com/terms-conditions/?file=/var/www/vhosts/mayaver.com/httpdocs/wp-content/themes/aihub/templates/header" "Mozilla/5.0 AppleWebKit/537.36 (KHTML, like Gecko; compatible; GPTBot/1.4; +https://openai.com/gptbot)"
74.7.227.0 - - [10/Jun/2026:06:57:29 +0000] "GET /terms-conditions/%3C?php%20echo%20esc_url(%20get_permalink()%20);%20?%3E HTTP/1.1" 404 115123 "https://mayaver.com/terms-conditions/?view=/var/www/vhosts/mayaver.com/httpdocs/wp-content/themes/aihub/templates/blog/content.php" "Mozilla/5.0 AppleWebKit/537.36 (KHTML, like Gecko; compatible; GPTBot/1.4; +https://openai.com/gptbot)"
74.7.227.0 - - [10/Jun/2026:06:57:30 +0000] "GET /terms-conditions/?view=/var/www/vhosts/mayaver.com/httpdocs/wp-content/themes/aihub/templates/blog/partial-filters.php HTTP/1.1" 200 4274 "https://mayaver.com/terms-conditions/?file=/var/www/vhosts/mayaver.com/httpdocs/wp-content/themes/aihub/templates/blog" "Mozilla/5.0 AppleWebKit/537.36 (KHTML, like Gecko; compatible; GPTBot/1.4; +https://openai.com/gptbot)"
74.7.227.0 - - [10/Jun/2026:06:57:30 +0000] "GET /terms-conditions/?view=/var/www/vhosts/mayaver.com/httpdocs/wp-content/themes/aihub/templates/blog/partial-filters-carousel.php HTTP/1.1" 200 4484 "https://mayaver.com/terms-conditions/?file=/var/www/vhosts/mayaver.com/httpdocs/wp-content/themes/aihub/templates/blog" "Mozilla/5.0 AppleWebKit/537.36 (KHTML, like Gecko; compatible; GPTBot/1.4; +https://openai.com/gptbot)"
74.7.227.0 - - [10/Jun/2026:06:57:31 +0000] "GET /terms-conditions/?rename=/var/www/vhosts/mayaver.com/httpdocs/wp-content/themes/aihub/templates/blog/partial-filters.php HTTP/1.1" 200 26357 "https://mayaver.com/terms-conditions/?file=/var/www/vhosts/mayaver.com/httpdocs/wp-content/themes/aihub/templates/blog" "Mozilla/5.0 AppleWebKit/537.36 (KHTML, like Gecko; compatible; GPTBot/1.4; +https://openai.com/gptbot)"
74.7.227.0 - - [10/Jun/2026:06:57:32 +0000] "GET /terms-conditions/?edit=/var/www/vhosts/mayaver.com/httpdocs/wp-content/themes/aihub/templates/blog/partial-filters.php HTTP/1.1" 200 27074 "https://mayaver.com/terms-conditions/?file=/var/www/vhosts/mayaver.com/httpdocs/wp-content/themes/aihub/templates/blog" "Mozilla/5.0 AppleWebKit/537.36 (KHTML, like Gecko; compatible; GPTBot/1.4; +https://openai.com/gptbot)"
74.7.227.0 - - [10/Jun/2026:06:57:32 +0000] "GET /terms-conditions/?view=/var/www/vhosts/mayaver.com/httpdocs/wp-content/themes/aihub/templates/header/header-cart.php HTTP/1.1" 200 5454 "https://mayaver.com/terms-conditions/?file=/var/www/vhosts/mayaver.com/httpdocs/wp-content/themes/aihub/templates/header" "Mozilla/5.0 AppleWebKit/537.36 (KHTML, like Gecko; compatible; GPTBot/1.4; +https://openai.com/gptbot)"
74.7.227.0 - - [10/Jun/2026:06:57:33 +0000] "GET /terms-conditions/?file=/var/www/vhosts/mayaver.com/httpdocs/wp-content/themes/aihub/templates/header/header-cart-offcanvas.php HTTP/1.1" 200 25456 "https://mayaver.com/terms-conditions/?file=/var/www/vhosts/mayaver.com/httpdocs/wp-content/themes/aihub/templates/header" "Mozilla/5.0 AppleWebKit/537.36 (KHTML, like Gecko; compatible; GPTBot/1.4; +https://openai.com/gptbot)"
74.7.227.0 - - [10/Jun/2026:06:57:34 +0000] "GET /terms-conditions/?file=/var/www/vhosts/mayaver.com/httpdocs/wp-content/themes/aihub/templates/blog/partial-filters-carousel.php HTTP/1.1" 200 25461 "https://mayaver.com/terms-conditions/?file=/var/www/vhosts/mayaver.com/httpdocs/wp-content/themes/aihub/templates/blog" "Mozilla/5.0 AppleWebKit/537.36 (KHTML, like Gecko; compatible; GPTBot/1.4; +https://openai.com/gptbot)"
74.7.227.0 - - [10/Jun/2026:06:57:35 +0000] "GET /terms-conditions/?edit=/var/www/vhosts/mayaver.com/httpdocs/wp-content/themes/aihub/templates/blog/partial-filters-carousel.php HTTP/1.1" 200 27273 "https://mayaver.com/terms-conditions/?file=/var/www/vhosts/mayaver.com/httpdocs/wp-content/themes/aihub/templates/blog" "Mozilla/5.0 AppleWebKit/537.36 (KHTML, like Gecko; compatible; GPTBot/1.4; +https://openai.com/gptbot)"
74.7.227.0 - - [10/Jun/2026:06:57:35 +0000] "GET /terms-conditions/?file=/var/www/vhosts/mayaver.com/httpdocs/wp-content/themes/aihub/templates/blog/partial-filters.php HTTP/1.1" 200 25451 "https://mayaver.com/terms-conditions/?file=/var/www/vhosts/mayaver.com/httpdocs/wp-content/themes/aihub/templates/blog" "Mozilla/5.0 AppleWebKit/537.36 (KHTML, like Gecko; compatible; GPTBot/1.4; +https://openai.com/gptbot)"
74.7.227.0 - - [10/Jun/2026:06:57:36 +0000] "GET /terms-conditions/?view=/var/www/vhosts/mayaver.com/httpdocs/wp-content/themes/aihub/templates/header/custom.php HTTP/1.1" 200 4013 "https://mayaver.com/terms-conditions/?file=/var/www/vhosts/mayaver.com/httpdocs/wp-content/themes/aihub/templates/header" "Mozilla/5.0 AppleWebKit/537.36 (KHTML, like Gecko; compatible; GPTBot/1.4; +https://openai.com/gptbot)"
74.7.227.0 - - [10/Jun/2026:06:57:37 +0000] "GET /terms-conditions/?view=/var/www/vhosts/mayaver.com/httpdocs/wp-content/themes/aihub/templates/header/header-title-bar-bbpress.php HTTP/1.1" 200 3895 "https://mayaver.com/terms-conditions/?file=/var/www/vhosts/mayaver.com/httpdocs/wp-content/themes/aihub/templates/header" "Mozilla/5.0 AppleWebKit/537.36 (KHTML, like Gecko; compatible; GPTBot/1.4; +https://openai.com/gptbot)"
74.7.227.0 - - [10/Jun/2026:06:57:37 +0000] "GET /terms-conditions/?file=/var/www/vhosts/mayaver.com/httpdocs/wp-content/themes/aihub/templates/header/header-title-bar.php HTTP/1.1" 200 25454 "https://mayaver.com/terms-conditions/?file=/var/www/vhosts/mayaver.com/httpdocs/wp-content/themes/aihub/templates/header" "Mozilla/5.0 AppleWebKit/537.36 (KHTML, like Gecko; compatible; GPTBot/1.4; +https://openai.com/gptbot)"
74.7.227.0 - - [10/Jun/2026:06:57:38 +0000] "GET /terms-conditions/?view=/var/www/vhosts/mayaver.com/httpdocs/wp-content/themes/aihub/templates/header/header-title-bar.php HTTP/1.1" 200 4617 "https://mayaver.com/terms-conditions/?file=/var/www/vhosts/mayaver.com/httpdocs/wp-content/themes/aihub/templates/header" "Mozilla/5.0 AppleWebKit/537.36 (KHTML, like Gecko; compatible; GPTBot/1.4; +https://openai.com/gptbot)"
74.7.227.0 - - [10/Jun/2026:06:57:39 +0000] "GET /terms-conditions/?file=/var/www/vhosts/mayaver.com/httpdocs/wp-content/themes/aihub/templates/header/header-title-bar-bbpress.php HTTP/1.1" 200 25461 "https://mayaver.com/terms-conditions/?file=/var/www/vhosts/mayaver.com/httpdocs/wp-content/themes/aihub/templates/header" "Mozilla/5.0 AppleWebKit/537.36 (KHTML, like Gecko; compatible; GPTBot/1.4; +https://openai.com/gptbot)"
74.7.227.0 - - [10/Jun/2026:06:57:39 +0000] "GET /terms-conditions/?rename=/var/www/vhosts/mayaver.com/httpdocs/wp-content/themes/aihub/templates/blog/partial-filters-carousel.php HTTP/1.1" 200 26367 "https://mayaver.com/terms-conditions/?file=/var/www/vhosts/mayaver.com/httpdocs/wp-content/themes/aihub/templates/blog" "Mozilla/5.0 AppleWebKit/537.36 (KHTML, like Gecko; compatible; GPTBot/1.4; +https://openai.com/gptbot)"
74.7.227.0 - - [10/Jun/2026:06:57:41 +0000] "GET /terms-conditions/?edit=/var/www/vhosts/mayaver.com/httpdocs/wp-content/themes/aihub/templates/header/header-search-frame.php HTTP/1.1" 200 27548 "https://mayaver.com/terms-conditions/?file=/var/www/vhosts/mayaver.com/httpdocs/wp-content/themes/aihub/templates/header" "Mozilla/5.0 AppleWebKit/537.36 (KHTML, like Gecko; compatible; GPTBot/1.4; +https://openai.com/gptbot)"
74.7.227.0 - - [10/Jun/2026:06:57:42 +0000] "GET /terms-conditions/?rename=/var/www/vhosts/mayaver.com/httpdocs/wp-content/themes/aihub/templates/header/header-search.php HTTP/1.1" 200 26349 "https://mayaver.com/terms-conditions/?file=/var/www/vhosts/mayaver.com/httpdocs/wp-content/themes/aihub/templates/header" "Mozilla/5.0 AppleWebKit/537.36 (KHTML, like Gecko; compatible; GPTBot/1.4; +https://openai.com/gptbot)"
74.7.227.0 - - [10/Jun/2026:06:57:43 +0000] "GET /terms-conditions/?rename=/var/www/vhosts/mayaver.com/httpdocs/wp-content/themes/aihub/templates/header/header-search-frame.php HTTP/1.1" 200 26356 "https://mayaver.com/terms-conditions/?file=/var/www/vhosts/mayaver.com/httpdocs/wp-content/themes/aihub/templates/header" "Mozilla/5.0 AppleWebKit/537.36 (KHTML, like Gecko; compatible; GPTBot/1.4; +https://openai.com/gptbot)"
74.7.227.0 - - [10/Jun/2026:06:57:43 +0000] "GET /terms-conditions/?edit=/var/www/vhosts/mayaver.com/httpdocs/wp-content/themes/aihub/templates/header/header-search.php HTTP/1.1" 200 27729 "https://mayaver.com/terms-conditions/?file=/var/www/vhosts/mayaver.com/httpdocs/wp-content/themes/aihub/templates/header" "Mozilla/5.0 AppleWebKit/537.36 (KHTML, like Gecko; compatible; GPTBot/1.4; +https://openai.com/gptbot)"
74.7.227.0 - - [10/Jun/2026:06:57:44 +0000] "GET /terms-conditions/?view=/var/www/vhosts/mayaver.com/httpdocs/wp-content/themes/aihub/templates/header/header-cart-offcanvas.php HTTP/1.1" 200 5473 "https://mayaver.com/terms-conditions/?file=/var/www/vhosts/mayaver.com/httpdocs/wp-content/themes/aihub/templates/header" "Mozilla/5.0 AppleWebKit/537.36 (KHTML, like Gecko; compatible; GPTBot/1.4; +https://openai.com/gptbot)"
74.7.227.0 - - [10/Jun/2026:06:57:45 +0000] "GET /terms-conditions/?rename=/var/www/vhosts/mayaver.com/httpdocs/wp-content/themes/aihub/templates/header/custom.php HTTP/1.1" 200 26350 "https://mayaver.com/terms-conditions/?file=/var/www/vhosts/mayaver.com/httpdocs/wp-content/themes/aihub/templates/header" "Mozilla/5.0 AppleWebKit/537.36 (KHTML, like Gecko; compatible; GPTBot/1.4; +https://openai.com/gptbot)"
74.7.227.0 - - [10/Jun/2026:06:57:46 +0000] "GET /terms-conditions/?rename=/var/www/vhosts/mayaver.com/httpdocs/wp-content/themes/aihub/templates/preloader/frame.php HTTP/1.1" 200 26356 "https://mayaver.com/terms-conditions/?file=/var/www/vhosts/mayaver.com/httpdocs/wp-content/themes/aihub/templates/preloader" "Mozilla/5.0 AppleWebKit/537.36 (KHTML, like Gecko; compatible; GPTBot/1.4; +https://openai.com/gptbot)"
74.7.227.0 - - [10/Jun/2026:06:57:47 +0000] "GET /terms-conditions/?edit=/var/www/vhosts/mayaver.com/httpdocs/wp-content/themes/aihub/templates/header/custom.php HTTP/1.1" 200 26776 "https://mayaver.com/terms-conditions/?file=/var/www/vhosts/mayaver.com/httpdocs/wp-content/themes/aihub/templates/header" "Mozilla/5.0 AppleWebKit/537.36 (KHTML, like Gecko; compatible; GPTBot/1.4; +https://openai.com/gptbot)"
74.7.227.0 - - [10/Jun/2026:06:57:47 +0000] "GET /terms-conditions/?edit=/var/www/vhosts/mayaver.com/httpdocs/wp-content/themes/aihub/templates/preloader/spinner.php HTTP/1.1" 200 26568 "https://mayaver.com/terms-conditions/?file=/var/www/vhosts/mayaver.com/httpdocs/wp-content/themes/aihub/templates/preloader" "Mozilla/5.0 AppleWebKit/537.36 (KHTML, like Gecko; compatible; GPTBot/1.4; +https://openai.com/gptbot)"
74.7.227.0 - - [10/Jun/2026:06:57:48 +0000] "GET /terms-conditions/?edit=/var/www/vhosts/mayaver.com/httpdocs/wp-content/themes/aihub/templates/footer/custom.php HTTP/1.1" 200 26720 "https://mayaver.com/terms-conditions/?file=/var/www/vhosts/mayaver.com/httpdocs/wp-content/themes/aihub/templates/footer" "Mozilla/5.0 AppleWebKit/537.36 (KHTML, like Gecko; compatible; GPTBot/1.4; +https://openai.com/gptbot)"
74.7.227.0 - - [10/Jun/2026:06:57:49 +0000] "GET /terms-conditions/?rename=/var/www/vhosts/mayaver.com/httpdocs/wp-content/themes/aihub/templates/preloader/dot.php HTTP/1.1" 200 26356 "https://mayaver.com/terms-conditions/?file=/var/www/vhosts/mayaver.com/httpdocs/wp-content/themes/aihub/templates/preloader" "Mozilla/5.0 AppleWebKit/537.36 (KHTML, like Gecko; compatible; GPTBot/1.4; +https://openai.com/gptbot)"
57.141.2.63 - - [10/Jun/2026:06:57:50 +0000] "GET /products/jean-paul-gaultier-femme-floral-jackets/70281945/ HTTP/1.1" 404 115176 "-" "meta-externalagent/1.1 (+https://developers.facebook.com/docs/sharing/webmasters/crawler)"
74.7.227.0 - - [10/Jun/2026:06:57:50 +0000] "GET /terms-conditions/?edit=/var/www/vhosts/mayaver.com/httpdocs/wp-content/themes/aihub/templates/preloader/dot.php HTTP/1.1" 200 26494 "https://mayaver.com/terms-conditions/?file=/var/www/vhosts/mayaver.com/httpdocs/wp-content/themes/aihub/templates/preloader" "Mozilla/5.0 AppleWebKit/537.36 (KHTML, like Gecko; compatible; GPTBot/1.4; +https://openai.com/gptbot)"
74.7.227.0 - - [10/Jun/2026:06:57:51 +0000] "GET /terms-conditions/?rename=/var/www/vhosts/mayaver.com/httpdocs/wp-content/themes/aihub/templates/preloader/dots.php HTTP/1.1" 200 26355 "https://mayaver.com/terms-conditions/?file=/var/www/vhosts/mayaver.com/httpdocs/wp-content/themes/aihub/templates/preloader" "Mozilla/5.0 AppleWebKit/537.36 (KHTML, like Gecko; compatible; GPTBot/1.4; +https://openai.com/gptbot)"
74.7.227.0 - - [10/Jun/2026:06:57:52 +0000] "GET /terms-conditions/?rename=/var/www/vhosts/mayaver.com/httpdocs/wp-content/themes/aihub/templates/footer/custom.php HTTP/1.1" 200 26352 "https://mayaver.com/terms-conditions/?file=/var/www/vhosts/mayaver.com/httpdocs/wp-content/themes/aihub/templates/footer" "Mozilla/5.0 AppleWebKit/537.36 (KHTML, like Gecko; compatible; GPTBot/1.4; +https://openai.com/gptbot)"
74.7.227.0 - - [10/Jun/2026:06:57:53 +0000] "GET /terms-conditions/?edit=/var/www/vhosts/mayaver.com/httpdocs/wp-content/themes/aihub/templates/preloader/dots.php HTTP/1.1" 200 26484 "https://mayaver.com/terms-conditions/?file=/var/www/vhosts/mayaver.com/httpdocs/wp-content/themes/aihub/templates/preloader" "Mozilla/5.0 AppleWebKit/537.36 (KHTML, like Gecko; compatible; GPTBot/1.4; +https://openai.com/gptbot)"
74.7.227.0 - - [10/Jun/2026:06:57:53 +0000] "GET /terms-conditions/?rename=/var/www/vhosts/mayaver.com/httpdocs/wp-content/themes/aihub/templates/header/header-search-zoom-out.php HTTP/1.1" 200 26360 "https://mayaver.com/terms-conditions/?file=/var/www/vhosts/mayaver.com/httpdocs/wp-content/themes/aihub/templates/header" "Mozilla/5.0 AppleWebKit/537.36 (KHTML, like Gecko; compatible; GPTBot/1.4; +https://openai.com/gptbot)"
74.7.227.0 - - [10/Jun/2026:06:57:54 +0000] "GET /terms-conditions/?rename=/var/www/vhosts/mayaver.com/httpdocs/wp-content/themes/aihub/templates/header/header-search-slide-top.php HTTP/1.1" 200 26359 "https://mayaver.com/terms-conditions/?file=/var/www/vhosts/mayaver.com/httpdocs/wp-content/themes/aihub/templates/header" "Mozilla/5.0 AppleWebKit/537.36 (KHTML, like Gecko; compatible; GPTBot/1.4; +https://openai.com/gptbot)"
74.7.227.0 - - [10/Jun/2026:06:57:55 +0000] "GET /terms-conditions/?edit=/var/www/vhosts/mayaver.com/httpdocs/wp-content/themes/aihub/templates/preloader/dissolve.php HTTP/1.1" 200 26582 "https://mayaver.com/terms-conditions/?file=/var/www/vhosts/mayaver.com/httpdocs/wp-content/themes/aihub/templates/preloader" "Mozilla/5.0 AppleWebKit/537.36 (KHTML, like Gecko; compatible; GPTBot/1.4; +https://openai.com/gptbot)"
74.7.227.0 - - [10/Jun/2026:06:57:56 +0000] "GET /terms-conditions/?rename=/var/www/vhosts/mayaver.com/httpdocs/wp-content/themes/aihub/templates/preloader/curtain.php HTTP/1.1" 200 26359 "https://mayaver.com/terms-conditions/?file=/var/www/vhosts/mayaver.com/httpdocs/wp-content/themes/aihub/templates/preloader" "Mozilla/5.0 AppleWebKit/537.36 (KHTML, like Gecko; compatible; GPTBot/1.4; +https://openai.com/gptbot)"
74.7.227.0 - - [10/Jun/2026:06:57:57 +0000] "GET /terms-conditions/?rename=/var/www/vhosts/mayaver.com/httpdocs/wp-content/themes/aihub/templates/preloader/dissolve.php HTTP/1.1" 200 26358 "https://mayaver.com/terms-conditions/?file=/var/www/vhosts/mayaver.com/httpdocs/wp-content/themes/aihub/templates/preloader" "Mozilla/5.0 AppleWebKit/537.36 (KHTML, like Gecko; compatible; GPTBot/1.4; +https://openai.com/gptbot)"
74.7.227.0 - - [10/Jun/2026:06:57:57 +0000] "GET /terms-conditions/?rename=/var/www/vhosts/mayaver.com/httpdocs/wp-content/themes/aihub/templates/preloader/spinner.php HTTP/1.1" 200 26357 "https://mayaver.com/terms-conditions/?file=/var/www/vhosts/mayaver.com/httpdocs/wp-content/themes/aihub/templates/preloader" "Mozilla/5.0 AppleWebKit/537.36 (KHTML, like Gecko; compatible; GPTBot/1.4; +https://openai.com/gptbot)"
57.141.2.39 - - [10/Jun/2026:06:57:58 +0000] "GET /products/supreme-quilted-plaid-shirt-fw24/30241425/ HTTP/1.1" 404 115176 "-" "meta-externalagent/1.1 (+https://developers.facebook.com/docs/sharing/webmasters/crawler)"
74.7.227.0 - - [10/Jun/2026:06:57:58 +0000] "GET /terms-conditions/?rename=/var/www/vhosts/mayaver.com/httpdocs/wp-content/themes/aihub/templates/preloader/spinner-classical.php HTTP/1.1" 200 26364 "https://mayaver.com/terms-conditions/?file=/var/www/vhosts/mayaver.com/httpdocs/wp-content/themes/aihub/templates/preloader" "Mozilla/5.0 AppleWebKit/537.36 (KHTML, like Gecko; compatible; GPTBot/1.4; +https://openai.com/gptbot)"
74.7.227.0 - - [10/Jun/2026:06:57:59 +0000] "GET /terms-conditions/?file=/var/www/vhosts/mayaver.com/httpdocs/wp-content/themes/aihub/templates/header/header-search-slide-top.php HTTP/1.1" 200 25456 "https://mayaver.com/terms-conditions/?file=/var/www/vhosts/mayaver.com/httpdocs/wp-content/themes/aihub/templates/header" "Mozilla/5.0 AppleWebKit/537.36 (KHTML, like Gecko; compatible; GPTBot/1.4; +https://openai.com/gptbot)"
74.7.227.0 - - [10/Jun/2026:06:58:00 +0000] "GET /terms-conditions/?edit=/var/www/vhosts/mayaver.com/httpdocs/wp-content/themes/aihub/templates/header/header-search-default.php HTTP/1.1" 200 27114 "https://mayaver.com/terms-conditions/?file=/var/www/vhosts/mayaver.com/httpdocs/wp-content/themes/aihub/templates/header" "Mozilla/5.0 AppleWebKit/537.36 (KHTML, like Gecko; compatible; GPTBot/1.4; +https://openai.com/gptbot)"
74.7.227.0 - - [10/Jun/2026:06:58:01 +0000] "GET /terms-conditions/?file=/var/www/vhosts/mayaver.com/httpdocs/wp-content/themes/aihub/templates/header/header-search.php HTTP/1.1" 200 25449 "https://mayaver.com/terms-conditions/?file=/var/www/vhosts/mayaver.com/httpdocs/wp-content/themes/aihub/templates/header" "Mozilla/5.0 AppleWebKit/537.36 (KHTML, like Gecko; compatible; GPTBot/1.4; +https://openai.com/gptbot)"
74.7.227.0 - - [10/Jun/2026:06:58:02 +0000] "GET /terms-conditions/?file=/var/www/vhosts/mayaver.com/httpdocs/wp-content/themes/aihub/templates/header/header-search-frame.php HTTP/1.1" 200 25454 "https://mayaver.com/terms-conditions/?file=/var/www/vhosts/mayaver.com/httpdocs/wp-content/themes/aihub/templates/header" "Mozilla/5.0 AppleWebKit/537.36 (KHTML, like Gecko; compatible; GPTBot/1.4; +https://openai.com/gptbot)"
57.141.2.18 - - [10/Jun/2026:06:58:02 +0000] "GET /products/vintage-nike-y2k-messenger-bag/67587849/ HTTP/1.1" 404 115176 "-" "meta-externalagent/1.1 (+https://developers.facebook.com/docs/sharing/webmasters/crawler)"
74.7.227.0 - - [10/Jun/2026:06:58:02 +0000] "GET /terms-conditions/?rename=/var/www/vhosts/mayaver.com/httpdocs/wp-content/themes/aihub/templates/header/header-search-default.php HTTP/1.1" 200 26357 "https://mayaver.com/terms-conditions/?file=/var/www/vhosts/mayaver.com/httpdocs/wp-content/themes/aihub/templates/header" "Mozilla/5.0 AppleWebKit/537.36 (KHTML, like Gecko; compatible; GPTBot/1.4; +https://openai.com/gptbot)"
74.7.227.0 - - [10/Jun/2026:06:58:03 +0000] "GET /terms-conditions/?view=/var/www/vhosts/mayaver.com/httpdocs/wp-content/themes/aihub/templates/header/header-search-frame.php HTTP/1.1" 200 4731 "https://mayaver.com/terms-conditions/?file=/var/www/vhosts/mayaver.com/httpdocs/wp-content/themes/aihub/templates/header" "Mozilla/5.0 AppleWebKit/537.36 (KHTML, like Gecko; compatible; GPTBot/1.4; +https://openai.com/gptbot)"
74.7.227.0 - - [10/Jun/2026:06:58:04 +0000] "GET /terms-conditions/?view=/var/www/vhosts/mayaver.com/httpdocs/wp-content/themes/aihub/templates/header/header-search.php HTTP/1.1" 200 4928 "https://mayaver.com/terms-conditions/?file=/var/www/vhosts/mayaver.com/httpdocs/wp-content/themes/aihub/templates/header" "Mozilla/5.0 AppleWebKit/537.36 (KHTML, like Gecko; compatible; GPTBot/1.4; +https://openai.com/gptbot)"
74.7.227.0 - - [10/Jun/2026:06:58:04 +0000] "GET /terms-conditions/?view=/var/www/vhosts/mayaver.com/httpdocs/wp-content/themes/aihub/templates/header/header-search-slide-top.php HTTP/1.1" 200 4514 "https://mayaver.com/terms-conditions/?file=/var/www/vhosts/mayaver.com/httpdocs/wp-content/themes/aihub/templates/header" "Mozilla/5.0 AppleWebKit/537.36 (KHTML, like Gecko; compatible; GPTBot/1.4; +https://openai.com/gptbot)"
74.7.227.0 - - [10/Jun/2026:06:58:05 +0000] "GET /terms-conditions/?rename=/var/www/vhosts/mayaver.com/httpdocs/wp-content/themes/aihub/templates/preloader/fade.php HTTP/1.1" 200 26356 "https://mayaver.com/terms-conditions/?file=/var/www/vhosts/mayaver.com/httpdocs/wp-content/themes/aihub/templates/preloader" "Mozilla/5.0 AppleWebKit/537.36 (KHTML, like Gecko; compatible; GPTBot/1.4; +https://openai.com/gptbot)"
74.7.227.0 - - [10/Jun/2026:06:58:06 +0000] "GET /terms-conditions/?rename=/var/www/vhosts/mayaver.com/httpdocs/wp-content/themes/aihub/templates/header/default.php HTTP/1.1" 200 26348 "https://mayaver.com/terms-conditions/?file=/var/www/vhosts/mayaver.com/httpdocs/wp-content/themes/aihub/templates/header" "Mozilla/5.0 AppleWebKit/537.36 (KHTML, like Gecko; compatible; GPTBot/1.4; +https://openai.com/gptbot)"
74.7.227.0 - - [10/Jun/2026:06:58:07 +0000] "GET /terms-conditions/?edit=/var/www/vhosts/mayaver.com/httpdocs/wp-content/themes/aihub/templates/preloader/fade.php HTTP/1.1" 200 26455 "https://mayaver.com/terms-conditions/?file=/var/www/vhosts/mayaver.com/httpdocs/wp-content/themes/aihub/templates/preloader" "Mozilla/5.0 AppleWebKit/537.36 (KHTML, like Gecko; compatible; GPTBot/1.4; +https://openai.com/gptbot)"
57.141.2.59 - - [10/Jun/2026:06:58:07 +0000] "GET /products/balenciaga-longsleeve-shirt/66143649/ HTTP/1.1" 404 115176 "-" "meta-externalagent/1.1 (+https://developers.facebook.com/docs/sharing/webmasters/crawler)"
74.7.227.0 - - [10/Jun/2026:06:58:07 +0000] "GET /terms-conditions/?edit=/var/www/vhosts/mayaver.com/httpdocs/wp-content/themes/aihub/templates/preloader/curtain.php HTTP/1.1" 200 26527 "https://mayaver.com/terms-conditions/?file=/var/www/vhosts/mayaver.com/httpdocs/wp-content/themes/aihub/templates/preloader" "Mozilla/5.0 AppleWebKit/537.36 (KHTML, like Gecko; compatible; GPTBot/1.4; +https://openai.com/gptbot)"
74.7.227.0 - - [10/Jun/2026:06:58:08 +0000] "GET /terms-conditions/?edit=/var/www/vhosts/mayaver.com/httpdocs/wp-content/themes/aihub/templates/preloader/frame.php HTTP/1.1" 200 26611 "https://mayaver.com/terms-conditions/?file=/var/www/vhosts/mayaver.com/httpdocs/wp-content/themes/aihub/templates/preloader" "Mozilla/5.0 AppleWebKit/537.36 (KHTML, like Gecko; compatible; GPTBot/1.4; +https://openai.com/gptbot)"
74.7.227.0 - - [10/Jun/2026:06:58:09 +0000] "GET /terms-conditions/?file=/var/www/vhosts/mayaver.com/httpdocs/wp-content/themes/aihub/templates/footer/custom.php HTTP/1.1" 200 25448 "https://mayaver.com/terms-conditions/?file=/var/www/vhosts/mayaver.com/httpdocs/wp-content/themes/aihub/templates/footer" "Mozilla/5.0 AppleWebKit/537.36 (KHTML, like Gecko; compatible; GPTBot/1.4; +https://openai.com/gptbot)"
74.7.227.0 - - [10/Jun/2026:06:58:10 +0000] "GET /terms-conditions/?file=/var/www/vhosts/mayaver.com/httpdocs/wp-content/themes/aihub/templates/preloader/dots.php HTTP/1.1" 200 25451 "https://mayaver.com/terms-conditions/?file=/var/www/vhosts/mayaver.com/httpdocs/wp-content/themes/aihub/templates/preloader" "Mozilla/5.0 AppleWebKit/537.36 (KHTML, like Gecko; compatible; GPTBot/1.4; +https://openai.com/gptbot)"
139.84.174.118 - - [10/Jun/2026:06:58:11 +0000] "POST /wp-cron.php?doing_wp_cron=1781074691.4334270954132080078125 HTTP/1.1" 403 4358 "-" "WordPress/6.5.8; https://mayaver.com"
74.7.227.0 - - [10/Jun/2026:06:58:11 +0000] "GET /terms-conditions/?rename=/var/www/vhosts/mayaver.com/httpdocs/wp-content/themes/aihub/templates/footer/default.php HTTP/1.1" 200 26351 "https://mayaver.com/terms-conditions/?file=/var/www/vhosts/mayaver.com/httpdocs/wp-content/themes/aihub/templates/footer" "Mozilla/5.0 AppleWebKit/537.36 (KHTML, like Gecko; compatible; GPTBot/1.4; +https://openai.com/gptbot)"
74.7.227.0 - - [10/Jun/2026:06:58:12 +0000] "GET /terms-conditions/?edit=/var/www/vhosts/mayaver.com/httpdocs/wp-content/themes/aihub/templates/header/default.php HTTP/1.1" 200 28114 "https://mayaver.com/terms-conditions/?file=/var/www/vhosts/mayaver.com/httpdocs/wp-content/themes/aihub/templates/header" "Mozilla/5.0 AppleWebKit/537.36 (KHTML, like Gecko; compatible; GPTBot/1.4; +https://openai.com/gptbot)"
74.7.227.0 - - [10/Jun/2026:06:58:12 +0000] "GET /terms-conditions/?rename=/var/www/vhosts/mayaver.com/httpdocs/wp-content/themes/aihub/templates/preloader/signal.php HTTP/1.1" 200 26357 "https://mayaver.com/terms-conditions/?file=/var/www/vhosts/mayaver.com/httpdocs/wp-content/themes/aihub/templates/preloader" "Mozilla/5.0 AppleWebKit/537.36 (KHTML, like Gecko; compatible; GPTBot/1.4; +https://openai.com/gptbot)"
74.7.227.0 - - [10/Jun/2026:06:58:13 +0000] "GET /terms-conditions/?edit=/var/www/vhosts/mayaver.com/httpdocs/wp-content/themes/aihub/templates/preloader/spinner-classical.php HTTP/1.1" 200 26480 "https://mayaver.com/terms-conditions/?file=/var/www/vhosts/mayaver.com/httpdocs/wp-content/themes/aihub/templates/preloader" "Mozilla/5.0 AppleWebKit/537.36 (KHTML, like Gecko; compatible; GPTBot/1.4; +https://openai.com/gptbot)"
74.7.227.0 - - [10/Jun/2026:06:58:14 +0000] "GET /terms-conditions/?edit=/var/www/vhosts/mayaver.com/httpdocs/wp-content/themes/aihub/templates/header/header-search-zoom-out.php HTTP/1.1" 200 27498 "https://mayaver.com/terms-conditions/?file=/var/www/vhosts/mayaver.com/httpdocs/wp-content/themes/aihub/templates/header" "Mozilla/5.0 AppleWebKit/537.36 (KHTML, like Gecko; compatible; GPTBot/1.4; +https://openai.com/gptbot)"
57.141.2.44 - - [10/Jun/2026:06:58:14 +0000] "GET /products/vintage-chore-button-up-denim-jacket-by-pract-studio/19369305/ HTTP/1.1" 404 115176 "-" "meta-externalagent/1.1 (+https://developers.facebook.com/docs/sharing/webmasters/crawler)"
74.7.227.0 - - [10/Jun/2026:06:58:15 +0000] "GET /terms-conditions/?file=/var/www/vhosts/mayaver.com/httpdocs/wp-content/themes/aihub/templates/blog/single HTTP/1.1" 200 25721 "https://mayaver.com/terms-conditions/?file=/var/www/vhosts/mayaver.com/httpdocs/wp-content/themes/aihub/templates/blog" "Mozilla/5.0 AppleWebKit/537.36 (KHTML, like Gecko; compatible; GPTBot/1.4; +https://openai.com/gptbot)"
74.7.227.0 - - [10/Jun/2026:06:58:16 +0000] "GET /terms-conditions/?view=/var/www/vhosts/mayaver.com/httpdocs/wp-content/themes/aihub/templates/footer/custom.php HTTP/1.1" 200 3955 "https://mayaver.com/terms-conditions/?file=/var/www/vhosts/mayaver.com/httpdocs/wp-content/themes/aihub/templates/footer" "Mozilla/5.0 AppleWebKit/537.36 (KHTML, like Gecko; compatible; GPTBot/1.4; +https://openai.com/gptbot)"
74.7.227.0 - - [10/Jun/2026:06:58:16 +0000] "GET /terms-conditions/?view=/var/www/vhosts/mayaver.com/httpdocs/wp-content/themes/aihub/templates/preloader/dot.php HTTP/1.1" 200 3701 "https://mayaver.com/terms-conditions/?file=/var/www/vhosts/mayaver.com/httpdocs/wp-content/themes/aihub/templates/preloader" "Mozilla/5.0 AppleWebKit/537.36 (KHTML, like Gecko; compatible; GPTBot/1.4; +https://openai.com/gptbot)"
74.7.227.0 - - [10/Jun/2026:06:58:17 +0000] "GET /terms-conditions/?view=/var/www/vhosts/mayaver.com/httpdocs/wp-content/themes/aihub/templates/preloader/dots.php HTTP/1.1" 200 3693 "https://mayaver.com/terms-conditions/?file=/var/www/vhosts/mayaver.com/httpdocs/wp-content/themes/aihub/templates/preloader" "Mozilla/5.0 AppleWebKit/537.36 (KHTML, like Gecko; compatible; GPTBot/1.4; +https://openai.com/gptbot)"
74.7.227.0 - - [10/Jun/2026:06:58:17 +0000] "GET /terms-conditions/?view=/var/www/vhosts/mayaver.com/httpdocs/wp-content/themes/aihub/templates/preloader/spinner.php HTTP/1.1" 200 3779 "https://mayaver.com/terms-conditions/?file=/var/www/vhosts/mayaver.com/httpdocs/wp-content/themes/aihub/templates/preloader" "Mozilla/5.0 AppleWebKit/537.36 (KHTML, like Gecko; compatible; GPTBot/1.4; +https://openai.com/gptbot)"
