216.73.217.123 - - [10/Jun/2026:07:36:45 +0000] "GET /products/fendi-fendi-ffmetal-baguette-continental-leather-long-wallet/27060393/ HTTP/1.1" 404 115176 "-" "Mozilla/5.0 AppleWebKit/537.36 (KHTML, like Gecko; compatible; ClaudeBot/1.0; +claudebot@anthropic.com)"
74.7.227.0 - - [10/Jun/2026:07:36:46 +0000] "GET /?items/m908453718920/ HTTP/1.1" 301 17594 "https://mayaver.com/?rename=/var/www/vhosts/mayaver.com/httpdocs/wp-content/themes/aihub/wpml-config.xml" "Mozilla/5.0 AppleWebKit/537.36 (KHTML, like Gecko; compatible; GPTBot/1.4; +https://openai.com/gptbot)"
74.7.227.0 - - [10/Jun/2026:07:36:46 +0000] "GET /?items%2Fm908453718920%2F HTTP/1.1" 200 38992 "https://mayaver.com/?items/m908453718920/" "Mozilla/5.0 AppleWebKit/537.36 (KHTML, like Gecko; compatible; GPTBot/1.4; +https://openai.com/gptbot)"
74.7.227.0 - - [10/Jun/2026:07:36:47 +0000] "GET /?items/f907957430361/ HTTP/1.1" 301 17594 "https://mayaver.com/?rename=/var/www/vhosts/mayaver.com/httpdocs/wp-content/themes/aihub/wpml-config.xml" "Mozilla/5.0 AppleWebKit/537.36 (KHTML, like Gecko; compatible; GPTBot/1.4; +https://openai.com/gptbot)"
74.7.227.0 - - [10/Jun/2026:07:36:48 +0000] "GET /?items%2Ff907957430361%2F HTTP/1.1" 200 38992 "https://mayaver.com/?items/f907957430361/" "Mozilla/5.0 AppleWebKit/537.36 (KHTML, like Gecko; compatible; GPTBot/1.4; +https://openai.com/gptbot)"
74.7.227.0 - - [10/Jun/2026:07:36:49 +0000] "GET /?items/f908152416131/ HTTP/1.1" 301 17594 "https://mayaver.com/?rename=/var/www/vhosts/mayaver.com/httpdocs/wp-content/themes/aihub/wpml-config.xml" "Mozilla/5.0 AppleWebKit/537.36 (KHTML, like Gecko; compatible; GPTBot/1.4; +https://openai.com/gptbot)"
57.141.2.5 - - [10/Jun/2026:07:36:49 +0000] "GET /products/yohji-yamamoto-batwing-sleeve-slogan-long-sleeve-t-shirt-k4/43625841/ HTTP/1.1" 404 115176 "-" "meta-externalagent/1.1 (+https://developers.facebook.com/docs/sharing/webmasters/crawler)"
74.7.227.0 - - [10/Jun/2026:07:36:50 +0000] "GET /?items%2Ff908152416131%2F HTTP/1.1" 200 38992 "https://mayaver.com/?items/f908152416131/" "Mozilla/5.0 AppleWebKit/537.36 (KHTML, like Gecko; compatible; GPTBot/1.4; +https://openai.com/gptbot)"
74.7.227.0 - - [10/Jun/2026:07:36:51 +0000] "GET /?items/d908356174585/ HTTP/1.1" 301 17594 "https://mayaver.com/?rename=/var/www/vhosts/mayaver.com/httpdocs/wp-content/themes/aihub/wpml-config.xml" "Mozilla/5.0 AppleWebKit/537.36 (KHTML, like Gecko; compatible; GPTBot/1.4; +https://openai.com/gptbot)"
74.7.227.0 - - [10/Jun/2026:07:36:52 +0000] "GET /?items%2Fd908356174585%2F HTTP/1.1" 200 38992 "https://mayaver.com/?items/d908356174585/" "Mozilla/5.0 AppleWebKit/537.36 (KHTML, like Gecko; compatible; GPTBot/1.4; +https://openai.com/gptbot)"
74.7.227.0 - - [10/Jun/2026:07:36:53 +0000] "GET /?items/f907954364805/ HTTP/1.1" 301 17594 "https://mayaver.com/?rename=/var/www/vhosts/mayaver.com/httpdocs/wp-content/themes/aihub/wpml-config.xml" "Mozilla/5.0 AppleWebKit/537.36 (KHTML, like Gecko; compatible; GPTBot/1.4; +https://openai.com/gptbot)"
74.7.227.0 - - [10/Jun/2026:07:36:53 +0000] "GET /?items%2Ff907954364805%2F HTTP/1.1" 200 38992 "https://mayaver.com/?items/f907954364805/" "Mozilla/5.0 AppleWebKit/537.36 (KHTML, like Gecko; compatible; GPTBot/1.4; +https://openai.com/gptbot)"
74.7.227.0 - - [10/Jun/2026:07:36:54 +0000] "GET /?items/v907951448661/ HTTP/1.1" 301 17594 "https://mayaver.com/?rename=/var/www/vhosts/mayaver.com/httpdocs/wp-content/themes/aihub/wpml-config.xml" "Mozilla/5.0 AppleWebKit/537.36 (KHTML, like Gecko; compatible; GPTBot/1.4; +https://openai.com/gptbot)"
74.7.227.0 - - [10/Jun/2026:07:36:55 +0000] "GET /?items%2Fv907951448661%2F HTTP/1.1" 200 38992 "https://mayaver.com/?items/v907951448661/" "Mozilla/5.0 AppleWebKit/537.36 (KHTML, like Gecko; compatible; GPTBot/1.4; +https://openai.com/gptbot)"
74.7.227.0 - - [10/Jun/2026:07:36:56 +0000] "GET /?items/e908051534626/ HTTP/1.1" 301 17594 "https://mayaver.com/?rename=/var/www/vhosts/mayaver.com/httpdocs/wp-content/themes/aihub/wpml-config.xml" "Mozilla/5.0 AppleWebKit/537.36 (KHTML, like Gecko; compatible; GPTBot/1.4; +https://openai.com/gptbot)"
74.7.227.0 - - [10/Jun/2026:07:36:57 +0000] "GET /?items%2Fe908051534626%2F HTTP/1.1" 200 38992 "https://mayaver.com/?items/e908051534626/" "Mozilla/5.0 AppleWebKit/537.36 (KHTML, like Gecko; compatible; GPTBot/1.4; +https://openai.com/gptbot)"
74.7.227.0 - - [10/Jun/2026:07:36:58 +0000] "GET /?items/v908152297145/ HTTP/1.1" 301 17594 "https://mayaver.com/?rename=/var/www/vhosts/mayaver.com/httpdocs/wp-content/themes/aihub/wpml-config.xml" "Mozilla/5.0 AppleWebKit/537.36 (KHTML, like Gecko; compatible; GPTBot/1.4; +https://openai.com/gptbot)"
216.73.217.123 - - [10/Jun/2026:07:36:58 +0000] "GET /products/rare-vintage-90s-david-beckham-england-football-tshirt-rap/50974137/ HTTP/1.1" 404 115176 "-" "Mozilla/5.0 AppleWebKit/537.36 (KHTML, like Gecko; compatible; ClaudeBot/1.0; +claudebot@anthropic.com)"
74.7.227.0 - - [10/Jun/2026:07:36:58 +0000] "GET /?items%2Fv908152297145%2F HTTP/1.1" 200 38992 "https://mayaver.com/?items/v908152297145/" "Mozilla/5.0 AppleWebKit/537.36 (KHTML, like Gecko; compatible; GPTBot/1.4; +https://openai.com/gptbot)"
74.7.227.0 - - [10/Jun/2026:07:37:00 +0000] "GET /?items/v908051664175/ HTTP/1.1" 301 17594 "https://mayaver.com/?rename=/var/www/vhosts/mayaver.com/httpdocs/wp-content/themes/aihub/wpml-config.xml" "Mozilla/5.0 AppleWebKit/537.36 (KHTML, like Gecko; compatible; GPTBot/1.4; +https://openai.com/gptbot)"
74.7.227.0 - - [10/Jun/2026:07:37:00 +0000] "GET /?items%2Fv908051664175%2F HTTP/1.1" 200 38992 "https://mayaver.com/?items/v908051664175/" "Mozilla/5.0 AppleWebKit/537.36 (KHTML, like Gecko; compatible; GPTBot/1.4; +https://openai.com/gptbot)"
57.141.2.31 - - [10/Jun/2026:07:37:01 +0000] "GET /products/celine-celine-cashmere-blend-jacket-textile-outerwear-duty-f/55120017/ HTTP/1.1" 404 115176 "-" "meta-externalagent/1.1 (+https://developers.facebook.com/docs/sharing/webmasters/crawler)"
74.7.227.0 - - [10/Jun/2026:07:37:01 +0000] "GET /?items/c908252893410/ HTTP/1.1" 301 17594 "https://mayaver.com/?rename=/var/www/vhosts/mayaver.com/httpdocs/wp-content/themes/aihub/wpml-config.xml" "Mozilla/5.0 AppleWebKit/537.36 (KHTML, like Gecko; compatible; GPTBot/1.4; +https://openai.com/gptbot)"
74.7.227.0 - - [10/Jun/2026:07:37:02 +0000] "GET /?items%2Fc908252893410%2F HTTP/1.1" 200 38992 "https://mayaver.com/?items/c908252893410/" "Mozilla/5.0 AppleWebKit/537.36 (KHTML, like Gecko; compatible; GPTBot/1.4; +https://openai.com/gptbot)"
74.7.227.0 - - [10/Jun/2026:07:37:03 +0000] "GET /?items/z908453891651/ HTTP/1.1" 301 17594 "https://mayaver.com/?rename=/var/www/vhosts/mayaver.com/httpdocs/wp-content/themes/aihub/wpml-config.xml" "Mozilla/5.0 AppleWebKit/537.36 (KHTML, like Gecko; compatible; GPTBot/1.4; +https://openai.com/gptbot)"
74.7.227.0 - - [10/Jun/2026:07:37:04 +0000] "GET /?items%2Fz908453891651%2F HTTP/1.1" 200 38992 "https://mayaver.com/?items/z908453891651/" "Mozilla/5.0 AppleWebKit/537.36 (KHTML, like Gecko; compatible; GPTBot/1.4; +https://openai.com/gptbot)"
74.7.227.0 - - [10/Jun/2026:07:37:05 +0000] "GET /?items/c908152196870/ HTTP/1.1" 301 17594 "https://mayaver.com/?rename=/var/www/vhosts/mayaver.com/httpdocs/wp-content/themes/aihub/wpml-config.xml" "Mozilla/5.0 AppleWebKit/537.36 (KHTML, like Gecko; compatible; GPTBot/1.4; +https://openai.com/gptbot)"
74.7.227.0 - - [10/Jun/2026:07:37:06 +0000] "GET /?items%2Fc908152196870%2F HTTP/1.1" 200 38992 "https://mayaver.com/?items/c908152196870/" "Mozilla/5.0 AppleWebKit/537.36 (KHTML, like Gecko; compatible; GPTBot/1.4; +https://openai.com/gptbot)"
74.7.227.0 - - [10/Jun/2026:07:37:07 +0000] "GET /?items/r908152385723/ HTTP/1.1" 301 17594 "https://mayaver.com/?rename=/var/www/vhosts/mayaver.com/httpdocs/wp-content/themes/aihub/wpml-config.xml" "Mozilla/5.0 AppleWebKit/537.36 (KHTML, like Gecko; compatible; GPTBot/1.4; +https://openai.com/gptbot)"
74.7.227.0 - - [10/Jun/2026:07:37:07 +0000] "GET /?items%2Fr908152385723%2F HTTP/1.1" 200 38992 "https://mayaver.com/?items/r908152385723/" "Mozilla/5.0 AppleWebKit/537.36 (KHTML, like Gecko; compatible; GPTBot/1.4; +https://openai.com/gptbot)"
74.7.227.0 - - [10/Jun/2026:07:37:08 +0000] "GET /?items/f908453946023/ HTTP/1.1" 301 17594 "https://mayaver.com/?rename=/var/www/vhosts/mayaver.com/httpdocs/wp-content/themes/aihub/wpml-config.xml" "Mozilla/5.0 AppleWebKit/537.36 (KHTML, like Gecko; compatible; GPTBot/1.4; +https://openai.com/gptbot)"
74.7.227.0 - - [10/Jun/2026:07:37:09 +0000] "GET /?items%2Ff908453946023%2F HTTP/1.1" 200 38992 "https://mayaver.com/?items/f908453946023/" "Mozilla/5.0 AppleWebKit/537.36 (KHTML, like Gecko; compatible; GPTBot/1.4; +https://openai.com/gptbot)"
74.7.227.0 - - [10/Jun/2026:07:37:10 +0000] "GET /?items/r908353477411/ HTTP/1.1" 301 17594 "https://mayaver.com/?rename=/var/www/vhosts/mayaver.com/httpdocs/wp-content/themes/aihub/wpml-config.xml" "Mozilla/5.0 AppleWebKit/537.36 (KHTML, like Gecko; compatible; GPTBot/1.4; +https://openai.com/gptbot)"
74.7.227.0 - - [10/Jun/2026:07:37:11 +0000] "GET /?items%2Fr908353477411%2F HTTP/1.1" 200 38992 "https://mayaver.com/?items/r908353477411/" "Mozilla/5.0 AppleWebKit/537.36 (KHTML, like Gecko; compatible; GPTBot/1.4; +https://openai.com/gptbot)"
57.141.2.25 - - [10/Jun/2026:07:37:11 +0000] "GET /products/45rpm-jeans-button-shirt-size-s/30422913/ HTTP/1.1" 404 115176 "-" "meta-externalagent/1.1 (+https://developers.facebook.com/docs/sharing/webmasters/crawler)"
74.7.227.0 - - [10/Jun/2026:07:37:12 +0000] "GET /?items/c908152146950/ HTTP/1.1" 301 17594 "https://mayaver.com/?rename=/var/www/vhosts/mayaver.com/httpdocs/wp-content/themes/aihub/wpml-config.xml" "Mozilla/5.0 AppleWebKit/537.36 (KHTML, like Gecko; compatible; GPTBot/1.4; +https://openai.com/gptbot)"
74.7.227.0 - - [10/Jun/2026:07:37:12 +0000] "GET /?items%2Fc908152146950%2F HTTP/1.1" 200 38992 "https://mayaver.com/?items/c908152146950/" "Mozilla/5.0 AppleWebKit/537.36 (KHTML, like Gecko; compatible; GPTBot/1.4; +https://openai.com/gptbot)"
74.7.227.0 - - [10/Jun/2026:07:37:14 +0000] "GET /?items/k908152044596/ HTTP/1.1" 301 17594 "https://mayaver.com/?rename=/var/www/vhosts/mayaver.com/httpdocs/wp-content/themes/aihub/wpml-config.xml" "Mozilla/5.0 AppleWebKit/537.36 (KHTML, like Gecko; compatible; GPTBot/1.4; +https://openai.com/gptbot)"
74.7.227.0 - - [10/Jun/2026:07:37:14 +0000] "GET /?items%2Fk908152044596%2F HTTP/1.1" 200 38992 "https://mayaver.com/?items/k908152044596/" "Mozilla/5.0 AppleWebKit/537.36 (KHTML, like Gecko; compatible; GPTBot/1.4; +https://openai.com/gptbot)"
74.7.227.0 - - [10/Jun/2026:07:37:15 +0000] "GET /?items/d908453622035/ HTTP/1.1" 301 17594 "https://mayaver.com/?rename=/var/www/vhosts/mayaver.com/httpdocs/wp-content/themes/aihub/wpml-config.xml" "Mozilla/5.0 AppleWebKit/537.36 (KHTML, like Gecko; compatible; GPTBot/1.4; +https://openai.com/gptbot)"
57.141.2.36 - - [10/Jun/2026:07:37:15 +0000] "GET /products/vintage-hush-puppies-leather-slides-womens-85-black-wedge-co/36063561/ HTTP/1.1" 404 115176 "-" "meta-externalagent/1.1 (+https://developers.facebook.com/docs/sharing/webmasters/crawler)"
74.7.227.0 - - [10/Jun/2026:07:37:16 +0000] "GET /?items%2Fd908453622035%2F HTTP/1.1" 200 38992 "https://mayaver.com/?items/d908453622035/" "Mozilla/5.0 AppleWebKit/537.36 (KHTML, like Gecko; compatible; GPTBot/1.4; +https://openai.com/gptbot)"
74.7.227.0 - - [10/Jun/2026:07:37:17 +0000] "GET /?items/p908152451423/ HTTP/1.1" 301 17594 "https://mayaver.com/?rename=/var/www/vhosts/mayaver.com/httpdocs/wp-content/themes/aihub/wpml-config.xml" "Mozilla/5.0 AppleWebKit/537.36 (KHTML, like Gecko; compatible; GPTBot/1.4; +https://openai.com/gptbot)"
74.7.227.0 - - [10/Jun/2026:07:37:18 +0000] "GET /?items%2Fp908152451423%2F HTTP/1.1" 200 38992 "https://mayaver.com/?items/p908152451423/" "Mozilla/5.0 AppleWebKit/537.36 (KHTML, like Gecko; compatible; GPTBot/1.4; +https://openai.com/gptbot)"
74.7.227.0 - - [10/Jun/2026:07:37:19 +0000] "GET /?items/f908353284115/ HTTP/1.1" 301 17594 "https://mayaver.com/?rename=/var/www/vhosts/mayaver.com/httpdocs/wp-content/themes/aihub/wpml-config.xml" "Mozilla/5.0 AppleWebKit/537.36 (KHTML, like Gecko; compatible; GPTBot/1.4; +https://openai.com/gptbot)"
74.7.227.0 - - [10/Jun/2026:07:37:19 +0000] "GET /?items%2Ff908353284115%2F HTTP/1.1" 200 38992 "https://mayaver.com/?items/f908353284115/" "Mozilla/5.0 AppleWebKit/537.36 (KHTML, like Gecko; compatible; GPTBot/1.4; +https://openai.com/gptbot)"
74.7.227.0 - - [10/Jun/2026:07:37:20 +0000] "GET /?items/r908054612701/ HTTP/1.1" 301 17594 "https://mayaver.com/?rename=/var/www/vhosts/mayaver.com/httpdocs/wp-content/themes/aihub/wpml-config.xml" "Mozilla/5.0 AppleWebKit/537.36 (KHTML, like Gecko; compatible; GPTBot/1.4; +https://openai.com/gptbot)"
74.7.227.0 - - [10/Jun/2026:07:37:21 +0000] "GET /?items%2Fr908054612701%2F HTTP/1.1" 200 38992 "https://mayaver.com/?items/r908054612701/" "Mozilla/5.0 AppleWebKit/537.36 (KHTML, like Gecko; compatible; GPTBot/1.4; +https://openai.com/gptbot)"
74.7.227.0 - - [10/Jun/2026:07:37:22 +0000] "GET /?items/k908155096736/ HTTP/1.1" 301 17594 "https://mayaver.com/?rename=/var/www/vhosts/mayaver.com/httpdocs/wp-content/themes/aihub/wpml-config.xml" "Mozilla/5.0 AppleWebKit/537.36 (KHTML, like Gecko; compatible; GPTBot/1.4; +https://openai.com/gptbot)"
57.141.2.46 - - [10/Jun/2026:07:37:22 +0000] "GET /products/versace-cotton-crewneck-logo-sweater-s/36811593/ HTTP/1.1" 404 115176 "-" "meta-externalagent/1.1 (+https://developers.facebook.com/docs/sharing/webmasters/crawler)"
74.7.227.0 - - [10/Jun/2026:07:37:23 +0000] "GET /?items%2Fk908155096736%2F HTTP/1.1" 200 38992 "https://mayaver.com/?items/k908155096736/" "Mozilla/5.0 AppleWebKit/537.36 (KHTML, like Gecko; compatible; GPTBot/1.4; +https://openai.com/gptbot)"
74.7.227.0 - - [10/Jun/2026:07:37:24 +0000] "GET /?items/z907954140861/ HTTP/1.1" 301 17594 "https://mayaver.com/?rename=/var/www/vhosts/mayaver.com/httpdocs/wp-content/themes/aihub/wpml-config.xml" "Mozilla/5.0 AppleWebKit/537.36 (KHTML, like Gecko; compatible; GPTBot/1.4; +https://openai.com/gptbot)"
74.7.227.0 - - [10/Jun/2026:07:37:24 +0000] "GET /?items%2Fz907954140861%2F HTTP/1.1" 200 38992 "https://mayaver.com/?items/z907954140861/" "Mozilla/5.0 AppleWebKit/537.36 (KHTML, like Gecko; compatible; GPTBot/1.4; +https://openai.com/gptbot)"
74.7.227.0 - - [10/Jun/2026:07:37:26 +0000] "GET /?items/c907957243548/ HTTP/1.1" 301 17594 "https://mayaver.com/?rename=/var/www/vhosts/mayaver.com/httpdocs/wp-content/themes/aihub/wpml-config.xml" "Mozilla/5.0 AppleWebKit/537.36 (KHTML, like Gecko; compatible; GPTBot/1.4; +https://openai.com/gptbot)"
74.7.227.0 - - [10/Jun/2026:07:37:26 +0000] "GET /?items%2Fc907957243548%2F HTTP/1.1" 200 38992 "https://mayaver.com/?items/c907957243548/" "Mozilla/5.0 AppleWebKit/537.36 (KHTML, like Gecko; compatible; GPTBot/1.4; +https://openai.com/gptbot)"
74.7.227.0 - - [10/Jun/2026:07:37:27 +0000] "GET /?items/r907951470861/ HTTP/1.1" 301 17594 "https://mayaver.com/?rename=/var/www/vhosts/mayaver.com/httpdocs/wp-content/themes/aihub/wpml-config.xml" "Mozilla/5.0 AppleWebKit/537.36 (KHTML, like Gecko; compatible; GPTBot/1.4; +https://openai.com/gptbot)"
74.7.227.0 - - [10/Jun/2026:07:37:28 +0000] "GET /?items%2Fr907951470861%2F HTTP/1.1" 200 38992 "https://mayaver.com/?items/r907951470861/" "Mozilla/5.0 AppleWebKit/537.36 (KHTML, like Gecko; compatible; GPTBot/1.4; +https://openai.com/gptbot)"
74.7.227.0 - - [10/Jun/2026:07:37:29 +0000] "GET /?items/q907951475280/ HTTP/1.1" 301 17594 "https://mayaver.com/?rename=/var/www/vhosts/mayaver.com/httpdocs/wp-content/themes/aihub/wpml-config.xml" "Mozilla/5.0 AppleWebKit/537.36 (KHTML, like Gecko; compatible; GPTBot/1.4; +https://openai.com/gptbot)"
74.7.227.0 - - [10/Jun/2026:07:37:30 +0000] "GET /?items%2Fq907951475280%2F HTTP/1.1" 200 38992 "https://mayaver.com/?items/q907951475280/" "Mozilla/5.0 AppleWebKit/537.36 (KHTML, like Gecko; compatible; GPTBot/1.4; +https://openai.com/gptbot)"
74.7.227.0 - - [10/Jun/2026:07:37:31 +0000] "GET /?items/q908356419856/ HTTP/1.1" 301 17594 "https://mayaver.com/?rename=/var/www/vhosts/mayaver.com/httpdocs/wp-content/themes/aihub/wpml-config.xml" "Mozilla/5.0 AppleWebKit/537.36 (KHTML, like Gecko; compatible; GPTBot/1.4; +https://openai.com/gptbot)"
74.7.227.0 - - [10/Jun/2026:07:37:31 +0000] "GET /?items%2Fq908356419856%2F HTTP/1.1" 200 38992 "https://mayaver.com/?items/q908356419856/" "Mozilla/5.0 AppleWebKit/537.36 (KHTML, like Gecko; compatible; GPTBot/1.4; +https://openai.com/gptbot)"
74.7.227.0 - - [10/Jun/2026:07:37:33 +0000] "GET /?items/p908152301273/ HTTP/1.1" 301 17594 "https://mayaver.com/?rename=/var/www/vhosts/mayaver.com/httpdocs/wp-content/themes/aihub/wpml-config.xml" "Mozilla/5.0 AppleWebKit/537.36 (KHTML, like Gecko; compatible; GPTBot/1.4; +https://openai.com/gptbot)"
74.7.227.0 - - [10/Jun/2026:07:37:33 +0000] "GET /?items%2Fp908152301273%2F HTTP/1.1" 200 38992 "https://mayaver.com/?items/p908152301273/" "Mozilla/5.0 AppleWebKit/537.36 (KHTML, like Gecko; compatible; GPTBot/1.4; +https://openai.com/gptbot)"
139.84.174.118 - - [10/Jun/2026:07:37:35 +0000] "POST /wp-cron.php?doing_wp_cron=1781077055.0313138961791992187500 HTTP/1.1" 403 4358 "-" "WordPress/6.5.8; https://mayaver.com"
74.7.227.0 - - [10/Jun/2026:07:37:34 +0000] "GET /?items/s908453771420/ HTTP/1.1" 301 17594 "https://mayaver.com/?rename=/var/www/vhosts/mayaver.com/httpdocs/wp-content/themes/aihub/wpml-config.xml" "Mozilla/5.0 AppleWebKit/537.36 (KHTML, like Gecko; compatible; GPTBot/1.4; +https://openai.com/gptbot)"
74.7.227.0 - - [10/Jun/2026:07:37:35 +0000] "GET /?items%2Fs908453771420%2F HTTP/1.1" 200 38992 "https://mayaver.com/?items/s908453771420/" "Mozilla/5.0 AppleWebKit/537.36 (KHTML, like Gecko; compatible; GPTBot/1.4; +https://openai.com/gptbot)"
216.73.217.123 - - [10/Jun/2026:07:37:36 +0000] "GET /products/streetwear-starving-young-thug-slatt-tapestry-crewneck/36857961/ HTTP/1.1" 404 115176 "-" "Mozilla/5.0 AppleWebKit/537.36 (KHTML, like Gecko; compatible; ClaudeBot/1.0; +claudebot@anthropic.com)"
74.7.227.0 - - [10/Jun/2026:07:37:36 +0000] "GET /?items/s908152150736/ HTTP/1.1" 301 17594 "https://mayaver.com/?rename=/var/www/vhosts/mayaver.com/httpdocs/wp-content/themes/aihub/wpml-config.xml" "Mozilla/5.0 AppleWebKit/537.36 (KHTML, like Gecko; compatible; GPTBot/1.4; +https://openai.com/gptbot)"
74.7.227.0 - - [10/Jun/2026:07:37:37 +0000] "GET /?items%2Fs908152150736%2F HTTP/1.1" 200 38992 "https://mayaver.com/?items/s908152150736/" "Mozilla/5.0 AppleWebKit/537.36 (KHTML, like Gecko; compatible; GPTBot/1.4; +https://openai.com/gptbot)"
74.7.227.0 - - [10/Jun/2026:07:37:38 +0000] "GET /?items/v908356249405/ HTTP/1.1" 301 17594 "https://mayaver.com/?rename=/var/www/vhosts/mayaver.com/httpdocs/wp-content/themes/aihub/wpml-config.xml" "Mozilla/5.0 AppleWebKit/537.36 (KHTML, like Gecko; compatible; GPTBot/1.4; +https://openai.com/gptbot)"
74.7.227.0 - - [10/Jun/2026:07:37:38 +0000] "GET /?items%2Fv908356249405%2F HTTP/1.1" 200 38992 "https://mayaver.com/?items/v908356249405/" "Mozilla/5.0 AppleWebKit/537.36 (KHTML, like Gecko; compatible; GPTBot/1.4; +https://openai.com/gptbot)"
74.7.227.0 - - [10/Jun/2026:07:37:40 +0000] "GET /?items/f908453647673/ HTTP/1.1" 301 17594 "https://mayaver.com/?rename=/var/www/vhosts/mayaver.com/httpdocs/wp-content/themes/aihub/wpml-config.xml" "Mozilla/5.0 AppleWebKit/537.36 (KHTML, like Gecko; compatible; GPTBot/1.4; +https://openai.com/gptbot)"
74.7.227.0 - - [10/Jun/2026:07:37:40 +0000] "GET /?items%2Ff908453647673%2F HTTP/1.1" 200 38992 "https://mayaver.com/?items/f908453647673/" "Mozilla/5.0 AppleWebKit/537.36 (KHTML, like Gecko; compatible; GPTBot/1.4; +https://openai.com/gptbot)"
74.7.227.0 - - [10/Jun/2026:07:37:41 +0000] "GET /?items/z908353162273/ HTTP/1.1" 301 17594 "https://mayaver.com/?rename=/var/www/vhosts/mayaver.com/httpdocs/wp-content/themes/aihub/wpml-config.xml" "Mozilla/5.0 AppleWebKit/537.36 (KHTML, like Gecko; compatible; GPTBot/1.4; +https://openai.com/gptbot)"
57.141.2.41 - - [10/Jun/2026:07:37:42 +0000] "GET /products/7-for-all-mankind-crop-dojo-jeans-womens-sz-29-white-embroid/65531649/ HTTP/1.1" 404 115161 "-" "meta-externalagent/1.1 (+https://developers.facebook.com/docs/sharing/webmasters/crawler)"
74.7.227.0 - - [10/Jun/2026:07:37:42 +0000] "GET /?items%2Fz908353162273%2F HTTP/1.1" 200 38992 "https://mayaver.com/?items/z908353162273/" "Mozilla/5.0 AppleWebKit/537.36 (KHTML, like Gecko; compatible; GPTBot/1.4; +https://openai.com/gptbot)"
74.7.227.0 - - [10/Jun/2026:07:37:43 +0000] "GET /?items/f908051522173/ HTTP/1.1" 301 17594 "https://mayaver.com/?rename=/var/www/vhosts/mayaver.com/httpdocs/wp-content/themes/aihub/wpml-config.xml" "Mozilla/5.0 AppleWebKit/537.36 (KHTML, like Gecko; compatible; GPTBot/1.4; +https://openai.com/gptbot)"
74.7.227.0 - - [10/Jun/2026:07:37:44 +0000] "GET /?items%2Ff908051522173%2F HTTP/1.1" 200 38992 "https://mayaver.com/?items/f908051522173/" "Mozilla/5.0 AppleWebKit/537.36 (KHTML, like Gecko; compatible; GPTBot/1.4; +https://openai.com/gptbot)"
74.7.227.0 - - [10/Jun/2026:07:37:45 +0000] "GET /?items/q908057748196/ HTTP/1.1" 301 17594 "https://mayaver.com/?rename=/var/www/vhosts/mayaver.com/httpdocs/wp-content/themes/aihub/wpml-config.xml" "Mozilla/5.0 AppleWebKit/537.36 (KHTML, like Gecko; compatible; GPTBot/1.4; +https://openai.com/gptbot)"
74.7.227.0 - - [10/Jun/2026:07:37:45 +0000] "GET /?items%2Fq908057748196%2F HTTP/1.1" 200 38992 "https://mayaver.com/?items/q908057748196/" "Mozilla/5.0 AppleWebKit/537.36 (KHTML, like Gecko; compatible; GPTBot/1.4; +https://openai.com/gptbot)"
74.7.227.0 - - [10/Jun/2026:07:37:47 +0000] "GET /?items/p908255631795/ HTTP/1.1" 301 17594 "https://mayaver.com/?rename=/var/www/vhosts/mayaver.com/httpdocs/wp-content/themes/aihub/wpml-config.xml" "Mozilla/5.0 AppleWebKit/537.36 (KHTML, like Gecko; compatible; GPTBot/1.4; +https://openai.com/gptbot)"
74.7.227.0 - - [10/Jun/2026:07:37:47 +0000] "GET /?items%2Fp908255631795%2F HTTP/1.1" 200 38992 "https://mayaver.com/?items/p908255631795/" "Mozilla/5.0 AppleWebKit/537.36 (KHTML, like Gecko; compatible; GPTBot/1.4; +https://openai.com/gptbot)"
74.7.227.0 - - [10/Jun/2026:07:37:48 +0000] "GET /?items/r908353446601/ HTTP/1.1" 301 17594 "https://mayaver.com/?rename=/var/www/vhosts/mayaver.com/httpdocs/wp-content/themes/aihub/wpml-config.xml" "Mozilla/5.0 AppleWebKit/537.36 (KHTML, like Gecko; compatible; GPTBot/1.4; +https://openai.com/gptbot)"
74.7.227.0 - - [10/Jun/2026:07:37:49 +0000] "GET /?items%2Fr908353446601%2F HTTP/1.1" 200 38992 "https://mayaver.com/?items/r908353446601/" "Mozilla/5.0 AppleWebKit/537.36 (KHTML, like Gecko; compatible; GPTBot/1.4; +https://openai.com/gptbot)"
57.141.2.49 - - [10/Jun/2026:07:37:49 +0000] "GET /products/tete-homme-stretchable-button-tee/65813985/ HTTP/1.1" 404 115176 "-" "meta-externalagent/1.1 (+https://developers.facebook.com/docs/sharing/webmasters/crawler)"
74.7.227.0 - - [10/Jun/2026:07:37:50 +0000] "GET /?items/i908155304786/ HTTP/1.1" 301 17594 "https://mayaver.com/?rename=/var/www/vhosts/mayaver.com/httpdocs/wp-content/themes/aihub/wpml-config.xml" "Mozilla/5.0 AppleWebKit/537.36 (KHTML, like Gecko; compatible; GPTBot/1.4; +https://openai.com/gptbot)"
74.7.227.0 - - [10/Jun/2026:07:37:51 +0000] "GET /?items%2Fi908155304786%2F HTTP/1.1" 200 38992 "https://mayaver.com/?items/i908155304786/" "Mozilla/5.0 AppleWebKit/537.36 (KHTML, like Gecko; compatible; GPTBot/1.4; +https://openai.com/gptbot)"
216.73.217.123 - - [10/Jun/2026:07:37:51 +0000] "GET /items/d90803993989/ HTTP/1.1" 404 115176 "-" "Mozilla/5.0 AppleWebKit/537.36 (KHTML, like Gecko; compatible; ClaudeBot/1.0; +claudebot@anthropic.com)"
216.73.217.123 - - [10/Jun/2026:07:37:51 +0000] "GET /items/b90803569745/ HTTP/1.1" 404 115167 "-" "Mozilla/5.0 AppleWebKit/537.36 (KHTML, like Gecko; compatible; ClaudeBot/1.0; +claudebot@anthropic.com)"
216.73.217.123 - - [10/Jun/2026:07:37:51 +0000] "GET /items/t90845992001/ HTTP/1.1" 404 115161 "-" "Mozilla/5.0 AppleWebKit/537.36 (KHTML, like Gecko; compatible; ClaudeBot/1.0; +claudebot@anthropic.com)"
74.7.227.0 - - [10/Jun/2026:07:37:52 +0000] "GET /?items/c908353105648/ HTTP/1.1" 301 17594 "https://mayaver.com/?rename=/var/www/vhosts/mayaver.com/httpdocs/wp-content/themes/aihub/wpml-config.xml" "Mozilla/5.0 AppleWebKit/537.36 (KHTML, like Gecko; compatible; GPTBot/1.4; +https://openai.com/gptbot)"
216.73.217.123 - - [10/Jun/2026:07:37:53 +0000] "GET /items/f90845784663/ HTTP/1.1" 404 115123 "-" "Mozilla/5.0 AppleWebKit/537.36 (KHTML, like Gecko; compatible; ClaudeBot/1.0; +claudebot@anthropic.com)"
74.7.227.0 - - [10/Jun/2026:07:37:53 +0000] "GET /?items%2Fc908353105648%2F HTTP/1.1" 200 38992 "https://mayaver.com/?items/c908353105648/" "Mozilla/5.0 AppleWebKit/537.36 (KHTML, like Gecko; compatible; GPTBot/1.4; +https://openai.com/gptbot)"
216.73.217.123 - - [10/Jun/2026:07:37:53 +0000] "GET /items/d90793087759/ HTTP/1.1" 404 115114 "-" "Mozilla/5.0 AppleWebKit/537.36 (KHTML, like Gecko; compatible; ClaudeBot/1.0; +claudebot@anthropic.com)"
216.73.217.123 - - [10/Jun/2026:07:37:53 +0000] "GET /items/e90809864322/ HTTP/1.1" 404 115123 "-" "Mozilla/5.0 AppleWebKit/537.36 (KHTML, like Gecko; compatible; ClaudeBot/1.0; +claudebot@anthropic.com)"
74.7.227.0 - - [10/Jun/2026:07:37:54 +0000] "GET /?items/x908051796673/ HTTP/1.1" 301 17594 "https://mayaver.com/?rename=/var/www/vhosts/mayaver.com/httpdocs/wp-content/themes/aihub/wpml-config.xml" "Mozilla/5.0 AppleWebKit/537.36 (KHTML, like Gecko; compatible; GPTBot/1.4; +https://openai.com/gptbot)"
216.73.217.123 - - [10/Jun/2026:07:37:54 +0000] "GET /items/a908441978348/ HTTP/1.1" 404 115123 "-" "Mozilla/5.0 AppleWebKit/537.36 (KHTML, like Gecko; compatible; ClaudeBot/1.0; +claudebot@anthropic.com)"
216.73.217.123 - - [10/Jun/2026:07:37:54 +0000] "GET /items/t908438605621/ HTTP/1.1" 404 115123 "-" "Mozilla/5.0 AppleWebKit/537.36 (KHTML, like Gecko; compatible; ClaudeBot/1.0; +claudebot@anthropic.com)"
216.73.217.123 - - [10/Jun/2026:07:37:54 +0000] "GET /items/j90806587729/ HTTP/1.1" 404 115114 "-" "Mozilla/5.0 AppleWebKit/537.36 (KHTML, like Gecko; compatible; ClaudeBot/1.0; +claudebot@anthropic.com)"
74.7.227.0 - - [10/Jun/2026:07:37:54 +0000] "GET /?items%2Fx908051796673%2F HTTP/1.1" 200 38992 "https://mayaver.com/?items/x908051796673/" "Mozilla/5.0 AppleWebKit/537.36 (KHTML, like Gecko; compatible; GPTBot/1.4; +https://openai.com/gptbot)"
216.73.217.123 - - [10/Jun/2026:07:37:55 +0000] "GET /items/o908213923322/ HTTP/1.1" 404 115123 "-" "Mozilla/5.0 AppleWebKit/537.36 (KHTML, like Gecko; compatible; ClaudeBot/1.0; +claudebot@anthropic.com)"
216.73.217.123 - - [10/Jun/2026:07:37:55 +0000] "GET /items/a90803580976/ HTTP/1.1" 404 115123 "-" "Mozilla/5.0 AppleWebKit/537.36 (KHTML, like Gecko; compatible; ClaudeBot/1.0; +claudebot@anthropic.com)"
216.73.217.123 - - [10/Jun/2026:07:37:55 +0000] "GET /items/h90796402321/ HTTP/1.1" 404 115123 "-" "Mozilla/5.0 AppleWebKit/537.36 (KHTML, like Gecko; compatible; ClaudeBot/1.0; +claudebot@anthropic.com)"
74.7.227.0 - - [10/Jun/2026:07:37:56 +0000] "GET /?items/q908051562796/ HTTP/1.1" 301 17594 "https://mayaver.com/?rename=/var/www/vhosts/mayaver.com/httpdocs/wp-content/themes/aihub/wpml-config.xml" "Mozilla/5.0 AppleWebKit/537.36 (KHTML, like Gecko; compatible; GPTBot/1.4; +https://openai.com/gptbot)"
216.73.217.123 - - [10/Jun/2026:07:37:56 +0000] "GET /items/e90809509890/ HTTP/1.1" 404 115123 "-" "Mozilla/5.0 AppleWebKit/537.36 (KHTML, like Gecko; compatible; ClaudeBot/1.0; +claudebot@anthropic.com)"
216.73.217.123 - - [10/Jun/2026:07:37:56 +0000] "GET /items/e90848645182/ HTTP/1.1" 404 115123 "-" "Mozilla/5.0 AppleWebKit/537.36 (KHTML, like Gecko; compatible; ClaudeBot/1.0; +claudebot@anthropic.com)"
216.73.217.123 - - [10/Jun/2026:07:37:56 +0000] "GET /items/m908036619786/ HTTP/1.1" 404 115114 "-" "Mozilla/5.0 AppleWebKit/537.36 (KHTML, like Gecko; compatible; ClaudeBot/1.0; +claudebot@anthropic.com)"
216.73.217.123 - - [10/Jun/2026:07:37:57 +0000] "GET /items/e90821528124/ HTTP/1.1" 404 115114 "-" "Mozilla/5.0 AppleWebKit/537.36 (KHTML, like Gecko; compatible; ClaudeBot/1.0; +claudebot@anthropic.com)"
74.7.227.0 - - [10/Jun/2026:07:37:56 +0000] "GET /?items%2Fq908051562796%2F HTTP/1.1" 200 38992 "https://mayaver.com/?items/q908051562796/" "Mozilla/5.0 AppleWebKit/537.36 (KHTML, like Gecko; compatible; GPTBot/1.4; +https://openai.com/gptbot)"
216.73.217.123 - - [10/Jun/2026:07:37:57 +0000] "GET /items/f90793133313/ HTTP/1.1" 404 115114 "-" "Mozilla/5.0 AppleWebKit/537.36 (KHTML, like Gecko; compatible; ClaudeBot/1.0; +claudebot@anthropic.com)"
216.73.217.123 - - [10/Jun/2026:07:37:57 +0000] "GET /items/d90793320849/ HTTP/1.1" 404 115123 "-" "Mozilla/5.0 AppleWebKit/537.36 (KHTML, like Gecko; compatible; ClaudeBot/1.0; +claudebot@anthropic.com)"
216.73.217.123 - - [10/Jun/2026:07:37:58 +0000] "GET /items/d90799050365/ HTTP/1.1" 404 115123 "-" "Mozilla/5.0 AppleWebKit/537.36 (KHTML, like Gecko; compatible; ClaudeBot/1.0; +claudebot@anthropic.com)"
74.7.227.0 - - [10/Jun/2026:07:37:58 +0000] "GET /?items/v908152143173/ HTTP/1.1" 301 17594 "https://mayaver.com/?rename=/var/www/vhosts/mayaver.com/httpdocs/wp-content/themes/aihub/wpml-config.xml" "Mozilla/5.0 AppleWebKit/537.36 (KHTML, like Gecko; compatible; GPTBot/1.4; +https://openai.com/gptbot)"
216.73.217.123 - - [10/Jun/2026:07:37:58 +0000] "GET /items/v90803652575/ HTTP/1.1" 404 115123 "-" "Mozilla/5.0 AppleWebKit/537.36 (KHTML, like Gecko; compatible; ClaudeBot/1.0; +claudebot@anthropic.com)"
216.73.217.123 - - [10/Jun/2026:07:37:58 +0000] "GET /items/j90814051221/ HTTP/1.1" 404 115114 "-" "Mozilla/5.0 AppleWebKit/537.36 (KHTML, like Gecko; compatible; ClaudeBot/1.0; +claudebot@anthropic.com)"
216.73.217.123 - - [10/Jun/2026:07:37:59 +0000] "GET /items/l908441746621/ HTTP/1.1" 404 115123 "-" "Mozilla/5.0 AppleWebKit/537.36 (KHTML, like Gecko; compatible; ClaudeBot/1.0; +claudebot@anthropic.com)"
216.73.217.123 - - [10/Jun/2026:07:37:59 +0000] "GET /items/f90835249115/ HTTP/1.1" 404 115123 "-" "Mozilla/5.0 AppleWebKit/537.36 (KHTML, like Gecko; compatible; ClaudeBot/1.0; +claudebot@anthropic.com)"
74.7.227.0 - - [10/Jun/2026:07:37:59 +0000] "GET /?items%2Fv908152143173%2F HTTP/1.1" 200 38992 "https://mayaver.com/?items/v908152143173/" "Mozilla/5.0 AppleWebKit/537.36 (KHTML, like Gecko; compatible; GPTBot/1.4; +https://openai.com/gptbot)"
216.73.217.123 - - [10/Jun/2026:07:37:59 +0000] "GET /items/f90835115813/ HTTP/1.1" 404 115123 "-" "Mozilla/5.0 AppleWebKit/537.36 (KHTML, like Gecko; compatible; ClaudeBot/1.0; +claudebot@anthropic.com)"
216.73.217.123 - - [10/Jun/2026:07:37:59 +0000] "GET /items/f90824919643/ HTTP/1.1" 404 115123 "-" "Mozilla/5.0 AppleWebKit/537.36 (KHTML, like Gecko; compatible; ClaudeBot/1.0; +claudebot@anthropic.com)"
216.73.217.123 - - [10/Jun/2026:07:37:59 +0000] "GET /items/d90803537585/ HTTP/1.1" 404 115123 "-" "Mozilla/5.0 AppleWebKit/537.36 (KHTML, like Gecko; compatible; ClaudeBot/1.0; +claudebot@anthropic.com)"
216.73.217.123 - - [10/Jun/2026:07:38:00 +0000] "GET /items/f90793059759/ HTTP/1.1" 404 115123 "-" "Mozilla/5.0 AppleWebKit/537.36 (KHTML, like Gecko; compatible; ClaudeBot/1.0; +claudebot@anthropic.com)"
216.73.217.123 - - [10/Jun/2026:07:38:00 +0000] "GET /items/j90803875409/ HTTP/1.1" 404 115123 "-" "Mozilla/5.0 AppleWebKit/537.36 (KHTML, like Gecko; compatible; ClaudeBot/1.0; +claudebot@anthropic.com)"
74.7.227.0 - - [10/Jun/2026:07:38:01 +0000] "GET /?items/c907954212156/ HTTP/1.1" 301 17594 "https://mayaver.com/?rename=/var/www/vhosts/mayaver.com/httpdocs/wp-content/themes/aihub/wpml-config.xml" "Mozilla/5.0 AppleWebKit/537.36 (KHTML, like Gecko; compatible; GPTBot/1.4; +https://openai.com/gptbot)"
216.73.217.123 - - [10/Jun/2026:07:38:01 +0000] "GET /items/x90796242541/ HTTP/1.1" 404 115108 "-" "Mozilla/5.0 AppleWebKit/537.36 (KHTML, like Gecko; compatible; ClaudeBot/1.0; +claudebot@anthropic.com)"
216.73.217.123 - - [10/Jun/2026:07:38:01 +0000] "GET /items/d90803781803/ HTTP/1.1" 404 115123 "-" "Mozilla/5.0 AppleWebKit/537.36 (KHTML, like Gecko; compatible; ClaudeBot/1.0; +claudebot@anthropic.com)"
216.73.217.123 - - [10/Jun/2026:07:38:01 +0000] "GET /items/c90842579328/ HTTP/1.1" 404 115123 "-" "Mozilla/5.0 AppleWebKit/537.36 (KHTML, like Gecko; compatible; ClaudeBot/1.0; +claudebot@anthropic.com)"
216.73.217.123 - - [10/Jun/2026:07:38:01 +0000] "GET /items/l90838045421/ HTTP/1.1" 404 115108 "-" "Mozilla/5.0 AppleWebKit/537.36 (KHTML, like Gecko; compatible; ClaudeBot/1.0; +claudebot@anthropic.com)"
216.73.217.123 - - [10/Jun/2026:07:38:01 +0000] "GET /items/d90803911751/ HTTP/1.1" 404 115123 "-" "Mozilla/5.0 AppleWebKit/537.36 (KHTML, like Gecko; compatible; ClaudeBot/1.0; +claudebot@anthropic.com)"
216.73.217.123 - - [10/Jun/2026:07:38:02 +0000] "GET /items/x90832163921/ HTTP/1.1" 404 115123 "-" "Mozilla/5.0 AppleWebKit/537.36 (KHTML, like Gecko; compatible; ClaudeBot/1.0; +claudebot@anthropic.com)"
216.73.217.123 - - [10/Jun/2026:07:38:02 +0000] "GET /items/f908143469713/ HTTP/1.1" 404 115108 "-" "Mozilla/5.0 AppleWebKit/537.36 (KHTML, like Gecko; compatible; ClaudeBot/1.0; +claudebot@anthropic.com)"
74.7.227.0 - - [10/Jun/2026:07:38:01 +0000] "GET /?items%2Fc907954212156%2F HTTP/1.1" 200 38992 "https://mayaver.com/?items/c907954212156/" "Mozilla/5.0 AppleWebKit/537.36 (KHTML, like Gecko; compatible; GPTBot/1.4; +https://openai.com/gptbot)"
216.73.217.123 - - [10/Jun/2026:07:38:02 +0000] "GET /items/e908048680320/ HTTP/1.1" 404 115114 "-" "Mozilla/5.0 AppleWebKit/537.36 (KHTML, like Gecko; compatible; ClaudeBot/1.0; +claudebot@anthropic.com)"
216.73.217.123 - - [10/Jun/2026:07:38:03 +0000] "GET /items/l90821762001/ HTTP/1.1" 404 115114 "-" "Mozilla/5.0 AppleWebKit/537.36 (KHTML, like Gecko; compatible; ClaudeBot/1.0; +claudebot@anthropic.com)"
216.73.217.123 - - [10/Jun/2026:07:38:03 +0000] "GET /items/e90832396940/ HTTP/1.1" 404 115123 "-" "Mozilla/5.0 AppleWebKit/537.36 (KHTML, like Gecko; compatible; ClaudeBot/1.0; +claudebot@anthropic.com)"
216.73.217.123 - - [10/Jun/2026:07:38:03 +0000] "GET /items/j90842549513/ HTTP/1.1" 404 115108 "-" "Mozilla/5.0 AppleWebKit/537.36 (KHTML, like Gecko; compatible; ClaudeBot/1.0; +claudebot@anthropic.com)"
216.73.217.123 - - [10/Jun/2026:07:38:03 +0000] "GET /items/e90848848762/ HTTP/1.1" 404 115123 "-" "Mozilla/5.0 AppleWebKit/537.36 (KHTML, like Gecko; compatible; ClaudeBot/1.0; +claudebot@anthropic.com)"
74.7.227.0 - - [10/Jun/2026:07:38:04 +0000] "GET /?items/z908453784635/ HTTP/1.1" 301 17594 "https://mayaver.com/?rename=/var/www/vhosts/mayaver.com/httpdocs/wp-content/themes/aihub/wpml-config.xml" "Mozilla/5.0 AppleWebKit/537.36 (KHTML, like Gecko; compatible; GPTBot/1.4; +https://openai.com/gptbot)"
216.73.217.123 - - [10/Jun/2026:07:38:04 +0000] "GET /items/e90809765028/ HTTP/1.1" 404 115123 "-" "Mozilla/5.0 AppleWebKit/537.36 (KHTML, like Gecko; compatible; ClaudeBot/1.0; +claudebot@anthropic.com)"
216.73.217.123 - - [10/Jun/2026:07:38:04 +0000] "GET /items/d90806897201/ HTTP/1.1" 404 115123 "-" "Mozilla/5.0 AppleWebKit/537.36 (KHTML, like Gecko; compatible; ClaudeBot/1.0; +claudebot@anthropic.com)"
216.73.217.123 - - [10/Jun/2026:07:38:04 +0000] "GET /items/r90835119751/ HTTP/1.1" 404 115114 "-" "Mozilla/5.0 AppleWebKit/537.36 (KHTML, like Gecko; compatible; ClaudeBot/1.0; +claudebot@anthropic.com)"
216.73.217.123 - - [10/Jun/2026:07:38:04 +0000] "GET /items/t90814377921/ HTTP/1.1" 404 115123 "-" "Mozilla/5.0 AppleWebKit/537.36 (KHTML, like Gecko; compatible; ClaudeBot/1.0; +claudebot@anthropic.com)"
216.73.217.123 - - [10/Jun/2026:07:38:05 +0000] "GET /items/d90845518499/ HTTP/1.1" 404 115114 "-" "Mozilla/5.0 AppleWebKit/537.36 (KHTML, like Gecko; compatible; ClaudeBot/1.0; +claudebot@anthropic.com)"
74.7.227.0 - - [10/Jun/2026:07:38:04 +0000] "GET /?items%2Fz908453784635%2F HTTP/1.1" 200 38992 "https://mayaver.com/?items/z908453784635/" "Mozilla/5.0 AppleWebKit/537.36 (KHTML, like Gecko; compatible; GPTBot/1.4; +https://openai.com/gptbot)"
216.73.217.123 - - [10/Jun/2026:07:38:05 +0000] "GET /items/e90811440608/ HTTP/1.1" 404 115123 "-" "Mozilla/5.0 AppleWebKit/537.36 (KHTML, like Gecko; compatible; ClaudeBot/1.0; +claudebot@anthropic.com)"
216.73.217.123 - - [10/Jun/2026:07:38:05 +0000] "GET /items/d90803944667/ HTTP/1.1" 404 115114 "-" "Mozilla/5.0 AppleWebKit/537.36 (KHTML, like Gecko; compatible; ClaudeBot/1.0; +claudebot@anthropic.com)"
216.73.217.123 - - [10/Jun/2026:07:38:05 +0000] "GET /items/f907942425137/ HTTP/1.1" 404 115123 "-" "Mozilla/5.0 AppleWebKit/537.36 (KHTML, like Gecko; compatible; ClaudeBot/1.0; +claudebot@anthropic.com)"
74.7.227.0 - - [10/Jun/2026:07:38:06 +0000] "GET /?items/v908353122541/ HTTP/1.1" 301 17594 "https://mayaver.com/?rename=/var/www/vhosts/mayaver.com/httpdocs/wp-content/themes/aihub/wpml-config.xml" "Mozilla/5.0 AppleWebKit/537.36 (KHTML, like Gecko; compatible; GPTBot/1.4; +https://openai.com/gptbot)"
216.73.217.123 - - [10/Jun/2026:07:38:06 +0000] "GET /items/q90803965532/ HTTP/1.1" 404 115108 "-" "Mozilla/5.0 AppleWebKit/537.36 (KHTML, like Gecko; compatible; ClaudeBot/1.0; +claudebot@anthropic.com)"
216.73.217.123 - - [10/Jun/2026:07:38:06 +0000] "GET /items/c908311192608/ HTTP/1.1" 404 115123 "-" "Mozilla/5.0 AppleWebKit/537.36 (KHTML, like Gecko; compatible; ClaudeBot/1.0; +claudebot@anthropic.com)"
216.73.217.123 - - [10/Jun/2026:07:38:06 +0000] "GET /items/f90806605613/ HTTP/1.1" 404 115123 "-" "Mozilla/5.0 AppleWebKit/537.36 (KHTML, like Gecko; compatible; ClaudeBot/1.0; +claudebot@anthropic.com)"
216.73.217.123 - - [10/Jun/2026:07:38:07 +0000] "GET /items/l90835026821/ HTTP/1.1" 404 115123 "-" "Mozilla/5.0 AppleWebKit/537.36 (KHTML, like Gecko; compatible; ClaudeBot/1.0; +claudebot@anthropic.com)"
216.73.217.123 - - [10/Jun/2026:07:38:07 +0000] "GET /items/d90809697635/ HTTP/1.1" 404 115123 "-" "Mozilla/5.0 AppleWebKit/537.36 (KHTML, like Gecko; compatible; ClaudeBot/1.0; +claudebot@anthropic.com)"
216.73.217.123 - - [10/Jun/2026:07:38:07 +0000] "GET /items/d907945212413/ HTTP/1.1" 404 115123 "-" "Mozilla/5.0 AppleWebKit/537.36 (KHTML, like Gecko; compatible; ClaudeBot/1.0; +claudebot@anthropic.com)"
57.141.2.16 - - [10/Jun/2026:07:38:07 +0000] "GET /products/supreme-hr-giger-girl-sticker/27204681/ HTTP/1.1" 404 115167 "-" "meta-externalagent/1.1 (+https://developers.facebook.com/docs/sharing/webmasters/crawler)"
216.73.217.123 - - [10/Jun/2026:07:38:07 +0000] "GET /items/d90817136271/ HTTP/1.1" 404 115123 "-" "Mozilla/5.0 AppleWebKit/537.36 (KHTML, like Gecko; compatible; ClaudeBot/1.0; +claudebot@anthropic.com)"
216.73.217.123 - - [10/Jun/2026:07:38:07 +0000] "GET /items/c90809744538/ HTTP/1.1" 404 115123 "-" "Mozilla/5.0 AppleWebKit/537.36 (KHTML, like Gecko; compatible; ClaudeBot/1.0; +claudebot@anthropic.com)"
216.73.217.123 - - [10/Jun/2026:07:38:08 +0000] "GET /items/f90845819451/ HTTP/1.1" 404 115123 "-" "Mozilla/5.0 AppleWebKit/537.36 (KHTML, like Gecko; compatible; ClaudeBot/1.0; +claudebot@anthropic.com)"
74.7.227.0 - - [10/Jun/2026:07:38:07 +0000] "GET /?items%2Fv908353122541%2F HTTP/1.1" 200 38992 "https://mayaver.com/?items/v908353122541/" "Mozilla/5.0 AppleWebKit/537.36 (KHTML, like Gecko; compatible; GPTBot/1.4; +https://openai.com/gptbot)"
216.73.217.123 - - [10/Jun/2026:07:38:09 +0000] "GET /items/e90803969732/ HTTP/1.1" 404 115123 "-" "Mozilla/5.0 AppleWebKit/537.36 (KHTML, like Gecko; compatible; ClaudeBot/1.0; +claudebot@anthropic.com)"
216.73.217.123 - - [10/Jun/2026:07:38:08 +0000] "GET /items/p90838403003/ HTTP/1.1" 404 115123 "-" "Mozilla/5.0 AppleWebKit/537.36 (KHTML, like Gecko; compatible; ClaudeBot/1.0; +claudebot@anthropic.com)"
216.73.217.123 - - [10/Jun/2026:07:38:09 +0000] "GET /items/h90817018521/ HTTP/1.1" 404 115114 "-" "Mozilla/5.0 AppleWebKit/537.36 (KHTML, like Gecko; compatible; ClaudeBot/1.0; +claudebot@anthropic.com)"
74.7.227.0 - - [10/Jun/2026:07:38:09 +0000] "GET /?items/e908453641250/ HTTP/1.1" 301 17594 "https://mayaver.com/?rename=/var/www/vhosts/mayaver.com/httpdocs/wp-content/themes/aihub/wpml-config.xml" "Mozilla/5.0 AppleWebKit/537.36 (KHTML, like Gecko; compatible; GPTBot/1.4; +https://openai.com/gptbot)"
216.73.217.123 - - [10/Jun/2026:07:38:09 +0000] "GET /items/c90793059262/ HTTP/1.1" 404 115123 "-" "Mozilla/5.0 AppleWebKit/537.36 (KHTML, like Gecko; compatible; ClaudeBot/1.0; +claudebot@anthropic.com)"
216.73.217.123 - - [10/Jun/2026:07:38:09 +0000] "GET /items/l907936212521/ HTTP/1.1" 404 115123 "-" "Mozilla/5.0 AppleWebKit/537.36 (KHTML, like Gecko; compatible; ClaudeBot/1.0; +claudebot@anthropic.com)"
216.73.217.123 - - [10/Jun/2026:07:38:10 +0000] "GET /items/e90835440604/ HTTP/1.1" 404 115114 "-" "Mozilla/5.0 AppleWebKit/537.36 (KHTML, like Gecko; compatible; ClaudeBot/1.0; +claudebot@anthropic.com)"
216.73.217.123 - - [10/Jun/2026:07:38:10 +0000] "GET /items/f90845709705/ HTTP/1.1" 404 115123 "-" "Mozilla/5.0 AppleWebKit/537.36 (KHTML, like Gecko; compatible; ClaudeBot/1.0; +claudebot@anthropic.com)"
216.73.217.123 - - [10/Jun/2026:07:38:10 +0000] "GET /items/d90832416751/ HTTP/1.1" 404 115123 "-" "Mozilla/5.0 AppleWebKit/537.36 (KHTML, like Gecko; compatible; ClaudeBot/1.0; +claudebot@anthropic.com)"
216.73.217.123 - - [10/Jun/2026:07:38:10 +0000] "GET /items/d90842998709/ HTTP/1.1" 404 115114 "-" "Mozilla/5.0 AppleWebKit/537.36 (KHTML, like Gecko; compatible; ClaudeBot/1.0; +claudebot@anthropic.com)"
216.73.217.123 - - [10/Jun/2026:07:38:10 +0000] "GET /items/x90803955893/ HTTP/1.1" 404 115123 "-" "Mozilla/5.0 AppleWebKit/537.36 (KHTML, like Gecko; compatible; ClaudeBot/1.0; +claudebot@anthropic.com)"
74.7.227.0 - - [10/Jun/2026:07:38:10 +0000] "GET /?items%2Fe908453641250%2F HTTP/1.1" 200 38992 "https://mayaver.com/?items/e908453641250/" "Mozilla/5.0 AppleWebKit/537.36 (KHTML, like Gecko; compatible; GPTBot/1.4; +https://openai.com/gptbot)"
216.73.217.123 - - [10/Jun/2026:07:38:11 +0000] "GET /items/h90793049335/ HTTP/1.1" 404 115108 "-" "Mozilla/5.0 AppleWebKit/537.36 (KHTML, like Gecko; compatible; ClaudeBot/1.0; +claudebot@anthropic.com)"
216.73.217.123 - - [10/Jun/2026:07:38:11 +0000] "GET /items/o908039574792/ HTTP/1.1" 404 115123 "-" "Mozilla/5.0 AppleWebKit/537.36 (KHTML, like Gecko; compatible; ClaudeBot/1.0; +claudebot@anthropic.com)"
216.73.217.123 - - [10/Jun/2026:07:38:11 +0000] "GET /items/d90793077307/ HTTP/1.1" 404 115123 "-" "Mozilla/5.0 AppleWebKit/537.36 (KHTML, like Gecko; compatible; ClaudeBot/1.0; +claudebot@anthropic.com)"
216.73.217.123 - - [10/Jun/2026:07:38:12 +0000] "GET /items/h907912376783/ HTTP/1.1" 404 115123 "-" "Mozilla/5.0 AppleWebKit/537.36 (KHTML, like Gecko; compatible; ClaudeBot/1.0; +claudebot@anthropic.com)"
74.7.227.0 - - [10/Jun/2026:07:38:12 +0000] "GET /?items/p908456593223/ HTTP/1.1" 301 17594 "https://mayaver.com/?rename=/var/www/vhosts/mayaver.com/httpdocs/wp-content/themes/aihub/wpml-config.xml" "Mozilla/5.0 AppleWebKit/537.36 (KHTML, like Gecko; compatible; GPTBot/1.4; +https://openai.com/gptbot)"
216.73.217.123 - - [10/Jun/2026:07:38:12 +0000] "GET /items/b90845754759/ HTTP/1.1" 404 115114 "-" "Mozilla/5.0 AppleWebKit/537.36 (KHTML, like Gecko; compatible; ClaudeBot/1.0; +claudebot@anthropic.com)"
216.73.217.123 - - [10/Jun/2026:07:38:12 +0000] "GET /items/l90821516613/ HTTP/1.1" 404 115114 "-" "Mozilla/5.0 AppleWebKit/537.36 (KHTML, like Gecko; compatible; ClaudeBot/1.0; +claudebot@anthropic.com)"
216.73.217.123 - - [10/Jun/2026:07:38:12 +0000] "GET /items/v90814144521/ HTTP/1.1" 404 115114 "-" "Mozilla/5.0 AppleWebKit/537.36 (KHTML, like Gecko; compatible; ClaudeBot/1.0; +claudebot@anthropic.com)"
216.73.217.123 - - [10/Jun/2026:07:38:13 +0000] "GET /items/v908438929921/ HTTP/1.1" 404 115123 "-" "Mozilla/5.0 AppleWebKit/537.36 (KHTML, like Gecko; compatible; ClaudeBot/1.0; +claudebot@anthropic.com)"
216.73.217.123 - - [10/Jun/2026:07:38:13 +0000] "GET /items/d90796065669/ HTTP/1.1" 404 115123 "-" "Mozilla/5.0 AppleWebKit/537.36 (KHTML, like Gecko; compatible; ClaudeBot/1.0; +claudebot@anthropic.com)"
216.73.217.123 - - [10/Jun/2026:07:38:13 +0000] "GET /items/e90842944656/ HTTP/1.1" 404 115108 "-" "Mozilla/5.0 AppleWebKit/537.36 (KHTML, like Gecko; compatible; ClaudeBot/1.0; +claudebot@anthropic.com)"
216.73.217.123 - - [10/Jun/2026:07:38:13 +0000] "GET /items/d90832049293/ HTTP/1.1" 404 115123 "-" "Mozilla/5.0 AppleWebKit/537.36 (KHTML, like Gecko; compatible; ClaudeBot/1.0; +claudebot@anthropic.com)"
74.7.227.0 - - [10/Jun/2026:07:38:13 +0000] "GET /?items%2Fp908456593223%2F HTTP/1.1" 200 38992 "https://mayaver.com/?items/p908456593223/" "Mozilla/5.0 AppleWebKit/537.36 (KHTML, like Gecko; compatible; GPTBot/1.4; +https://openai.com/gptbot)"
216.73.217.123 - - [10/Jun/2026:07:38:14 +0000] "GET /items/c90842826432/ HTTP/1.1" 404 115114 "-" "Mozilla/5.0 AppleWebKit/537.36 (KHTML, like Gecko; compatible; ClaudeBot/1.0; +claudebot@anthropic.com)"
216.73.217.123 - - [10/Jun/2026:07:38:14 +0000] "GET /items/p908344019727/ HTTP/1.1" 404 115123 "-" "Mozilla/5.0 AppleWebKit/537.36 (KHTML, like Gecko; compatible; ClaudeBot/1.0; +claudebot@anthropic.com)"
74.7.227.0 - - [10/Jun/2026:07:38:15 +0000] "GET /?items/x908456739923/ HTTP/1.1" 301 17594 "https://mayaver.com/?rename=/var/www/vhosts/mayaver.com/httpdocs/wp-content/themes/aihub/wpml-config.xml" "Mozilla/5.0 AppleWebKit/537.36 (KHTML, like Gecko; compatible; GPTBot/1.4; +https://openai.com/gptbot)"
74.7.227.0 - - [10/Jun/2026:07:38:15 +0000] "GET /?items%2Fx908456739923%2F HTTP/1.1" 200 38992 "https://mayaver.com/?items/x908456739923/" "Mozilla/5.0 AppleWebKit/537.36 (KHTML, like Gecko; compatible; GPTBot/1.4; +https://openai.com/gptbot)"
216.73.217.123 - - [10/Jun/2026:07:38:16 +0000] "GET /items/b90845601255/ HTTP/1.1" 404 115176 "-" "Mozilla/5.0 AppleWebKit/537.36 (KHTML, like Gecko; compatible; ClaudeBot/1.0; +claudebot@anthropic.com)"
216.73.217.123 - - [10/Jun/2026:07:38:16 +0000] "GET /items/c90814435182/ HTTP/1.1" 404 115167 "-" "Mozilla/5.0 AppleWebKit/537.36 (KHTML, like Gecko; compatible; ClaudeBot/1.0; +claudebot@anthropic.com)"
216.73.217.123 - - [10/Jun/2026:07:38:16 +0000] "GET /items/b90796080565/ HTTP/1.1" 404 115167 "-" "Mozilla/5.0 AppleWebKit/537.36 (KHTML, like Gecko; compatible; ClaudeBot/1.0; +claudebot@anthropic.com)"
216.73.217.123 - - [10/Jun/2026:07:38:16 +0000] "GET /items/d90803561687/ HTTP/1.1" 404 115176 "-" "Mozilla/5.0 AppleWebKit/537.36 (KHTML, like Gecko; compatible; ClaudeBot/1.0; +claudebot@anthropic.com)"
216.73.217.123 - - [10/Jun/2026:07:38:16 +0000] "GET /items/e908237677016/ HTTP/1.1" 404 115176 "-" "Mozilla/5.0 AppleWebKit/537.36 (KHTML, like Gecko; compatible; ClaudeBot/1.0; +claudebot@anthropic.com)"
74.7.227.0 - - [10/Jun/2026:07:38:17 +0000] "GET /?items/c907951487460/ HTTP/1.1" 301 17594 "https://mayaver.com/?rename=/var/www/vhosts/mayaver.com/httpdocs/wp-content/themes/aihub/wpml-config.xml" "Mozilla/5.0 AppleWebKit/537.36 (KHTML, like Gecko; compatible; GPTBot/1.4; +https://openai.com/gptbot)"
216.73.217.123 - - [10/Jun/2026:07:38:17 +0000] "GET /items/d908042856033/ HTTP/1.1" 404 115123 "-" "Mozilla/5.0 AppleWebKit/537.36 (KHTML, like Gecko; compatible; ClaudeBot/1.0; +claudebot@anthropic.com)"
216.73.217.123 - - [10/Jun/2026:07:38:17 +0000] "GET /items/a90842895824/ HTTP/1.1" 404 115123 "-" "Mozilla/5.0 AppleWebKit/537.36 (KHTML, like Gecko; compatible; ClaudeBot/1.0; +claudebot@anthropic.com)"
216.73.217.123 - - [10/Jun/2026:07:38:18 +0000] "GET /items/d90796286227/ HTTP/1.1" 404 115123 "-" "Mozilla/5.0 AppleWebKit/537.36 (KHTML, like Gecko; compatible; ClaudeBot/1.0; +claudebot@anthropic.com)"
216.73.217.123 - - [10/Jun/2026:07:38:18 +0000] "GET /items/s90817458608/ HTTP/1.1" 404 115123 "-" "Mozilla/5.0 AppleWebKit/537.36 (KHTML, like Gecko; compatible; ClaudeBot/1.0; +claudebot@anthropic.com)"
216.73.217.123 - - [10/Jun/2026:07:38:18 +0000] "GET /items/d908042897295/ HTTP/1.1" 404 115114 "-" "Mozilla/5.0 AppleWebKit/537.36 (KHTML, like Gecko; compatible; ClaudeBot/1.0; +claudebot@anthropic.com)"
216.73.217.123 - - [10/Jun/2026:07:38:18 +0000] "GET /items/a90842813352/ HTTP/1.1" 404 115123 "-" "Mozilla/5.0 AppleWebKit/537.36 (KHTML, like Gecko; compatible; ClaudeBot/1.0; +claudebot@anthropic.com)"
74.7.227.0 - - [10/Jun/2026:07:38:18 +0000] "GET /?items%2Fc907951487460%2F HTTP/1.1" 200 38992 "https://mayaver.com/?items/c907951487460/" "Mozilla/5.0 AppleWebKit/537.36 (KHTML, like Gecko; compatible; GPTBot/1.4; +https://openai.com/gptbot)"
216.73.217.123 - - [10/Jun/2026:07:38:18 +0000] "GET /items/j90806575925/ HTTP/1.1" 404 115123 "-" "Mozilla/5.0 AppleWebKit/537.36 (KHTML, like Gecko; compatible; ClaudeBot/1.0; +claudebot@anthropic.com)"
216.73.217.123 - - [10/Jun/2026:07:38:19 +0000] "GET /items/b90848611015/ HTTP/1.1" 404 115114 "-" "Mozilla/5.0 AppleWebKit/537.36 (KHTML, like Gecko; compatible; ClaudeBot/1.0; +claudebot@anthropic.com)"
216.73.217.123 - - [10/Jun/2026:07:38:19 +0000] "GET /items/e90832159586/ HTTP/1.1" 404 115123 "-" "Mozilla/5.0 AppleWebKit/537.36 (KHTML, like Gecko; compatible; ClaudeBot/1.0; +claudebot@anthropic.com)"
216.73.217.123 - - [10/Jun/2026:07:38:19 +0000] "GET /items/s90842921790/ HTTP/1.1" 404 115123 "-" "Mozilla/5.0 AppleWebKit/537.36 (KHTML, like Gecko; compatible; ClaudeBot/1.0; +claudebot@anthropic.com)"
74.7.227.0 - - [10/Jun/2026:07:38:20 +0000] "GET /?items/f907951460865/ HTTP/1.1" 301 17594 "https://mayaver.com/?rename=/var/www/vhosts/mayaver.com/httpdocs/wp-content/themes/aihub/wpml-config.xml" "Mozilla/5.0 AppleWebKit/537.36 (KHTML, like Gecko; compatible; GPTBot/1.4; +https://openai.com/gptbot)"
216.73.217.123 - - [10/Jun/2026:07:38:20 +0000] "GET /items/v908036625801/ HTTP/1.1" 404 115123 "-" "Mozilla/5.0 AppleWebKit/537.36 (KHTML, like Gecko; compatible; ClaudeBot/1.0; +claudebot@anthropic.com)"
216.73.217.123 - - [10/Jun/2026:07:38:20 +0000] "GET /items/l90803786933/ HTTP/1.1" 404 115114 "-" "Mozilla/5.0 AppleWebKit/537.36 (KHTML, like Gecko; compatible; ClaudeBot/1.0; +claudebot@anthropic.com)"
