74.7.227.0 - - [10/Jun/2026:06:44:10 +0000] "GET /tree-house-space/?edit=/var/www/vhosts/mayaver.com/httpdocs/wp-content/themes/aihub/woocommerce/loop/orderby.php HTTP/1.1" 200 31325 "https://mayaver.com/tree-house-space/?file=/var/www/vhosts/mayaver.com/httpdocs/wp-content/themes/aihub/woocommerce/loop" "Mozilla/5.0 AppleWebKit/537.36 (KHTML, like Gecko; compatible; GPTBot/1.4; +https://openai.com/gptbot)"
74.7.227.0 - - [10/Jun/2026:06:44:11 +0000] "GET /tree-house-space/?rename=/var/www/vhosts/mayaver.com/httpdocs/wp-content/themes/aihub/woocommerce/loop/sale-flash.php HTTP/1.1" 200 30696 "https://mayaver.com/tree-house-space/?file=/var/www/vhosts/mayaver.com/httpdocs/wp-content/themes/aihub/woocommerce/loop" "Mozilla/5.0 AppleWebKit/537.36 (KHTML, like Gecko; compatible; GPTBot/1.4; +https://openai.com/gptbot)"
74.7.227.0 - - [10/Jun/2026:06:44:12 +0000] "GET /tree-house-space/?edit=/var/www/vhosts/mayaver.com/httpdocs/wp-content/themes/aihub/woocommerce/loop/result-count.php HTTP/1.1" 200 31340 "https://mayaver.com/tree-house-space/?file=/var/www/vhosts/mayaver.com/httpdocs/wp-content/themes/aihub/woocommerce/loop" "Mozilla/5.0 AppleWebKit/537.36 (KHTML, like Gecko; compatible; GPTBot/1.4; +https://openai.com/gptbot)"
74.7.227.0 - - [10/Jun/2026:06:44:13 +0000] "GET /tree-house-space/?edit=/var/www/vhosts/mayaver.com/httpdocs/wp-content/themes/aihub/woocommerce/loop/price.php HTTP/1.1" 200 31174 "https://mayaver.com/tree-house-space/?file=/var/www/vhosts/mayaver.com/httpdocs/wp-content/themes/aihub/woocommerce/loop" "Mozilla/5.0 AppleWebKit/537.36 (KHTML, like Gecko; compatible; GPTBot/1.4; +https://openai.com/gptbot)"
74.7.227.0 - - [10/Jun/2026:06:44:13 +0000] "GET /tree-house-space/?rename=/var/www/vhosts/mayaver.com/httpdocs/wp-content/themes/aihub/woocommerce/loop/loop-start.php HTTP/1.1" 200 30695 "https://mayaver.com/tree-house-space/?file=/var/www/vhosts/mayaver.com/httpdocs/wp-content/themes/aihub/woocommerce/loop" "Mozilla/5.0 AppleWebKit/537.36 (KHTML, like Gecko; compatible; GPTBot/1.4; +https://openai.com/gptbot)"
74.7.227.0 - - [10/Jun/2026:06:44:14 +0000] "GET /tree-house-space/?rename=/var/www/vhosts/mayaver.com/httpdocs/wp-content/themes/aihub/woocommerce/global/wrapper-end.php HTTP/1.1" 200 30697 "https://mayaver.com/tree-house-space/?file=/var/www/vhosts/mayaver.com/httpdocs/wp-content/themes/aihub/woocommerce/global" "Mozilla/5.0 AppleWebKit/537.36 (KHTML, like Gecko; compatible; GPTBot/1.4; +https://openai.com/gptbot)"
74.7.227.0 - - [10/Jun/2026:06:44:15 +0000] "GET /tree-house-space/?edit=/var/www/vhosts/mayaver.com/httpdocs/wp-content/themes/aihub/woocommerce/loop/pagination.php HTTP/1.1" 200 31450 "https://mayaver.com/tree-house-space/?file=/var/www/vhosts/mayaver.com/httpdocs/wp-content/themes/aihub/woocommerce/loop" "Mozilla/5.0 AppleWebKit/537.36 (KHTML, like Gecko; compatible; GPTBot/1.4; +https://openai.com/gptbot)"
74.7.227.0 - - [10/Jun/2026:06:44:16 +0000] "GET /tree-house-space/?file=/var/www/vhosts/mayaver.com/httpdocs/wp-content/themes/aihub/woocommerce/loop/loop-start.php HTTP/1.1" 200 29788 "https://mayaver.com/tree-house-space/?file=/var/www/vhosts/mayaver.com/httpdocs/wp-content/themes/aihub/woocommerce/loop" "Mozilla/5.0 AppleWebKit/537.36 (KHTML, like Gecko; compatible; GPTBot/1.4; +https://openai.com/gptbot)"
74.7.227.0 - - [10/Jun/2026:06:44:17 +0000] "GET /tree-house-space/?edit=/var/www/vhosts/mayaver.com/httpdocs/wp-content/themes/aihub/woocommerce/loop/loop-start.php HTTP/1.1" 200 31132 "https://mayaver.com/tree-house-space/?file=/var/www/vhosts/mayaver.com/httpdocs/wp-content/themes/aihub/woocommerce/loop" "Mozilla/5.0 AppleWebKit/537.36 (KHTML, like Gecko; compatible; GPTBot/1.4; +https://openai.com/gptbot)"
74.7.227.0 - - [10/Jun/2026:06:44:18 +0000] "GET /tree-house-space/?file=/var/www/vhosts/mayaver.com/httpdocs/wp-content/themes/aihub/woocommerce/loop/add-to-cart.php HTTP/1.1" 200 29790 "https://mayaver.com/tree-house-space/?file=/var/www/vhosts/mayaver.com/httpdocs/wp-content/themes/aihub/woocommerce/loop" "Mozilla/5.0 AppleWebKit/537.36 (KHTML, like Gecko; compatible; GPTBot/1.4; +https://openai.com/gptbot)"
74.7.227.0 - - [10/Jun/2026:06:44:18 +0000] "GET /tree-house-space/?file=/var/www/vhosts/mayaver.com/httpdocs/wp-content/themes/aihub/woocommerce/loop/sale-flash.php HTTP/1.1" 200 29791 "https://mayaver.com/tree-house-space/?file=/var/www/vhosts/mayaver.com/httpdocs/wp-content/themes/aihub/woocommerce/loop" "Mozilla/5.0 AppleWebKit/537.36 (KHTML, like Gecko; compatible; GPTBot/1.4; +https://openai.com/gptbot)"
74.7.227.0 - - [10/Jun/2026:06:44:19 +0000] "GET /tree-house-space/?edit=/var/www/vhosts/mayaver.com/httpdocs/wp-content/themes/aihub/woocommerce/loop/sale-flash.php HTTP/1.1" 200 31378 "https://mayaver.com/tree-house-space/?file=/var/www/vhosts/mayaver.com/httpdocs/wp-content/themes/aihub/woocommerce/loop" "Mozilla/5.0 AppleWebKit/537.36 (KHTML, like Gecko; compatible; GPTBot/1.4; +https://openai.com/gptbot)"
74.7.227.0 - - [10/Jun/2026:06:44:20 +0000] "GET /tree-house-space/?file=/var/www/vhosts/mayaver.com/httpdocs/wp-content/themes/aihub/woocommerce/loop/orderby.php HTTP/1.1" 200 29787 "https://mayaver.com/tree-house-space/?file=/var/www/vhosts/mayaver.com/httpdocs/wp-content/themes/aihub/woocommerce/loop" "Mozilla/5.0 AppleWebKit/537.36 (KHTML, like Gecko; compatible; GPTBot/1.4; +https://openai.com/gptbot)"
74.7.227.0 - - [10/Jun/2026:06:44:21 +0000] "GET /tree-house-space/?file=/var/www/vhosts/mayaver.com/httpdocs/wp-content/themes/aihub/woocommerce/loop/result-count.php HTTP/1.1" 200 29790 "https://mayaver.com/tree-house-space/?file=/var/www/vhosts/mayaver.com/httpdocs/wp-content/themes/aihub/woocommerce/loop" "Mozilla/5.0 AppleWebKit/537.36 (KHTML, like Gecko; compatible; GPTBot/1.4; +https://openai.com/gptbot)"
74.7.227.0 - - [10/Jun/2026:06:44:22 +0000] "GET /tree-house-space/?rename=/var/www/vhosts/mayaver.com/httpdocs/wp-content/themes/aihub/woocommerce/global/wrapper-start.php HTTP/1.1" 200 30750 "https://mayaver.com/tree-house-space/?file=/var/www/vhosts/mayaver.com/httpdocs/wp-content/themes/aihub/woocommerce/global" "Mozilla/5.0 AppleWebKit/537.36 (KHTML, like Gecko; compatible; GPTBot/1.4; +https://openai.com/gptbot)"
57.141.2.19 - - [10/Jun/2026:06:44:22 +0000] "GET /products/vans-sk8-hi-flame-black-true-white-neon-green-shoes/64695729/ HTTP/1.1" 404 115176 "-" "meta-externalagent/1.1 (+https://developers.facebook.com/docs/sharing/webmasters/crawler)"
74.7.227.0 - - [10/Jun/2026:06:44:23 +0000] "GET /tree-house-space/?view=/var/www/vhosts/mayaver.com/httpdocs/wp-content/themes/aihub/woocommerce/loop/pagination.php HTTP/1.1" 200 4339 "https://mayaver.com/tree-house-space/?file=/var/www/vhosts/mayaver.com/httpdocs/wp-content/themes/aihub/woocommerce/loop" "Mozilla/5.0 AppleWebKit/537.36 (KHTML, like Gecko; compatible; GPTBot/1.4; +https://openai.com/gptbot)"
74.7.227.0 - - [10/Jun/2026:06:44:23 +0000] "GET /jewellery-showcase/?rename=/var/www/vhosts/mayaver.com/httpdocs/wp-content/themes/aihub/woocommerce/global/wrapper-end.php HTTP/1.1" 200 31396 "https://mayaver.com/jewellery-showcase/?file=/var/www/vhosts/mayaver.com/httpdocs/wp-content/themes/aihub/woocommerce/global" "Mozilla/5.0 AppleWebKit/537.36 (KHTML, like Gecko; compatible; GPTBot/1.4; +https://openai.com/gptbot)"
74.7.227.0 - - [10/Jun/2026:06:44:24 +0000] "GET /jewellery-showcase/?rename=/var/www/vhosts/mayaver.com/httpdocs/wp-content/themes/aihub/woocommerce/global/wrapper-start.php HTTP/1.1" 200 31397 "https://mayaver.com/jewellery-showcase/?file=/var/www/vhosts/mayaver.com/httpdocs/wp-content/themes/aihub/woocommerce/global" "Mozilla/5.0 AppleWebKit/537.36 (KHTML, like Gecko; compatible; GPTBot/1.4; +https://openai.com/gptbot)"
74.7.227.0 - - [10/Jun/2026:06:44:25 +0000] "GET /jewellery-showcase/?edit=/var/www/vhosts/mayaver.com/httpdocs/wp-content/themes/aihub/woocommerce/global/wrapper-end.php HTTP/1.1" 200 31785 "https://mayaver.com/jewellery-showcase/?file=/var/www/vhosts/mayaver.com/httpdocs/wp-content/themes/aihub/woocommerce/global" "Mozilla/5.0 AppleWebKit/537.36 (KHTML, like Gecko; compatible; GPTBot/1.4; +https://openai.com/gptbot)"
74.7.227.0 - - [10/Jun/2026:06:44:26 +0000] "GET /tree-house-space/?view=/var/www/vhosts/mayaver.com/httpdocs/wp-content/themes/aihub/woocommerce/loop/add-to-cart.php HTTP/1.1" 200 4829 "https://mayaver.com/tree-house-space/?file=/var/www/vhosts/mayaver.com/httpdocs/wp-content/themes/aihub/woocommerce/loop" "Mozilla/5.0 AppleWebKit/537.36 (KHTML, like Gecko; compatible; GPTBot/1.4; +https://openai.com/gptbot)"
74.7.227.0 - - [10/Jun/2026:06:44:26 +0000] "GET /tree-house-space/?rename=/var/www/vhosts/mayaver.com/httpdocs/wp-content/themes/aihub/woocommerce/global/quantity-input.php HTTP/1.1" 200 30698 "https://mayaver.com/tree-house-space/?file=/var/www/vhosts/mayaver.com/httpdocs/wp-content/themes/aihub/woocommerce/global" "Mozilla/5.0 AppleWebKit/537.36 (KHTML, like Gecko; compatible; GPTBot/1.4; +https://openai.com/gptbot)"
74.7.227.0 - - [10/Jun/2026:06:44:27 +0000] "GET /jewellery-showcase/?file=/var/www/vhosts/mayaver.com/httpdocs/wp-content/themes/aihub/woocommerce/global/wrapper-end.php HTTP/1.1" 200 30492 "https://mayaver.com/jewellery-showcase/?file=/var/www/vhosts/mayaver.com/httpdocs/wp-content/themes/aihub/woocommerce/global" "Mozilla/5.0 AppleWebKit/537.36 (KHTML, like Gecko; compatible; GPTBot/1.4; +https://openai.com/gptbot)"
74.7.227.0 - - [10/Jun/2026:06:44:28 +0000] "GET /tree-house-space/?view=/var/www/vhosts/mayaver.com/httpdocs/wp-content/themes/aihub/woocommerce/loop/result-count.php HTTP/1.1" 200 4247 "https://mayaver.com/tree-house-space/?file=/var/www/vhosts/mayaver.com/httpdocs/wp-content/themes/aihub/woocommerce/loop" "Mozilla/5.0 AppleWebKit/537.36 (KHTML, like Gecko; compatible; GPTBot/1.4; +https://openai.com/gptbot)"
74.7.227.0 - - [10/Jun/2026:06:44:28 +0000] "GET /tree-house-space/?view=/var/www/vhosts/mayaver.com/httpdocs/wp-content/themes/aihub/woocommerce/loop/price.php HTTP/1.1" 200 4086 "https://mayaver.com/tree-house-space/?file=/var/www/vhosts/mayaver.com/httpdocs/wp-content/themes/aihub/woocommerce/loop" "Mozilla/5.0 AppleWebKit/537.36 (KHTML, like Gecko; compatible; GPTBot/1.4; +https://openai.com/gptbot)"
74.7.227.0 - - [10/Jun/2026:06:44:29 +0000] "GET /tree-house-space/?view=/var/www/vhosts/mayaver.com/httpdocs/wp-content/themes/aihub/woocommerce/loop/sale-flash.php HTTP/1.1" 200 4280 "https://mayaver.com/tree-house-space/?file=/var/www/vhosts/mayaver.com/httpdocs/wp-content/themes/aihub/woocommerce/loop" "Mozilla/5.0 AppleWebKit/537.36 (KHTML, like Gecko; compatible; GPTBot/1.4; +https://openai.com/gptbot)"
74.7.227.0 - - [10/Jun/2026:06:44:29 +0000] "GET /tree-house-space/?view=/var/www/vhosts/mayaver.com/httpdocs/wp-content/themes/aihub/woocommerce/loop/orderby.php HTTP/1.1" 200 4239 "https://mayaver.com/tree-house-space/?file=/var/www/vhosts/mayaver.com/httpdocs/wp-content/themes/aihub/woocommerce/loop" "Mozilla/5.0 AppleWebKit/537.36 (KHTML, like Gecko; compatible; GPTBot/1.4; +https://openai.com/gptbot)"
74.7.227.0 - - [10/Jun/2026:06:44:30 +0000] "GET /tree-house-space/?file=/var/www/vhosts/mayaver.com/httpdocs/wp-content/themes/aihub/woocommerce/loop/pagination.php HTTP/1.1" 200 29790 "https://mayaver.com/tree-house-space/?file=/var/www/vhosts/mayaver.com/httpdocs/wp-content/themes/aihub/woocommerce/loop" "Mozilla/5.0 AppleWebKit/537.36 (KHTML, like Gecko; compatible; GPTBot/1.4; +https://openai.com/gptbot)"
74.7.227.0 - - [10/Jun/2026:06:44:31 +0000] "GET /tree-house-space/?edit=/var/www/vhosts/mayaver.com/httpdocs/wp-content/themes/aihub/woocommerce/global/wrapper-start.php HTTP/1.1" 200 31085 "https://mayaver.com/tree-house-space/?file=/var/www/vhosts/mayaver.com/httpdocs/wp-content/themes/aihub/woocommerce/global" "Mozilla/5.0 AppleWebKit/537.36 (KHTML, like Gecko; compatible; GPTBot/1.4; +https://openai.com/gptbot)"
52.167.144.193 - - [10/Jun/2026:06:44:30 +0000] "GET /products/godspeed-stitched-og-logo-red-sweats/21668169/ HTTP/1.1" 200 28670 "-" "Mozilla/5.0 AppleWebKit/537.36 (KHTML, like Gecko; compatible; bingbot/2.0; +http://www.bing.com/bingbot.htm) Chrome/116.0.1938.76 Safari/537.36"
74.7.227.0 - - [10/Jun/2026:06:44:32 +0000] "GET /tree-house-space/?edit=/var/www/vhosts/mayaver.com/httpdocs/wp-content/themes/aihub/woocommerce/global/wrapper-end.php HTTP/1.1" 200 31086 "https://mayaver.com/tree-house-space/?file=/var/www/vhosts/mayaver.com/httpdocs/wp-content/themes/aihub/woocommerce/global" "Mozilla/5.0 AppleWebKit/537.36 (KHTML, like Gecko; compatible; GPTBot/1.4; +https://openai.com/gptbot)"
74.7.227.0 - - [10/Jun/2026:06:44:33 +0000] "GET /tree-house-space/?file=/var/www/vhosts/mayaver.com/httpdocs/wp-content/themes/aihub/woocommerce/global/wrapper-end.php HTTP/1.1" 200 29792 "https://mayaver.com/tree-house-space/?file=/var/www/vhosts/mayaver.com/httpdocs/wp-content/themes/aihub/woocommerce/global" "Mozilla/5.0 AppleWebKit/537.36 (KHTML, like Gecko; compatible; GPTBot/1.4; +https://openai.com/gptbot)"
52.167.144.193 - - [10/Jun/2026:06:44:32 +0000] "GET /products/nwt-naked-famous-denim-weird-guy-streamline-selvedge/49808601/ HTTP/1.1" 200 28942 "-" "Mozilla/5.0 AppleWebKit/537.36 (KHTML, like Gecko; compatible; bingbot/2.0; +http://www.bing.com/bingbot.htm) Chrome/116.0.1938.76 Safari/537.36"
74.7.227.0 - - [10/Jun/2026:06:44:34 +0000] "GET /jewellery-showcase/?rename=/var/www/vhosts/mayaver.com/httpdocs/wp-content/themes/aihub/woocommerce/global/quantity-input.php HTTP/1.1" 200 31398 "https://mayaver.com/jewellery-showcase/?file=/var/www/vhosts/mayaver.com/httpdocs/wp-content/themes/aihub/woocommerce/global" "Mozilla/5.0 AppleWebKit/537.36 (KHTML, like Gecko; compatible; GPTBot/1.4; +https://openai.com/gptbot)"
74.7.227.0 - - [10/Jun/2026:06:44:35 +0000] "GET /jewellery-showcase/?edit=/var/www/vhosts/mayaver.com/httpdocs/wp-content/themes/aihub/woocommerce/global/quantity-input.php HTTP/1.1" 200 32377 "https://mayaver.com/jewellery-showcase/?file=/var/www/vhosts/mayaver.com/httpdocs/wp-content/themes/aihub/woocommerce/global" "Mozilla/5.0 AppleWebKit/537.36 (KHTML, like Gecko; compatible; GPTBot/1.4; +https://openai.com/gptbot)"
74.7.227.0 - - [10/Jun/2026:06:44:36 +0000] "GET /tree-house-space/?view=/var/www/vhosts/mayaver.com/httpdocs/wp-content/themes/aihub/woocommerce/loop/loop-start.php HTTP/1.1" 200 4052 "https://mayaver.com/tree-house-space/?file=/var/www/vhosts/mayaver.com/httpdocs/wp-content/themes/aihub/woocommerce/loop" "Mozilla/5.0 AppleWebKit/537.36 (KHTML, like Gecko; compatible; GPTBot/1.4; +https://openai.com/gptbot)"
40.77.167.241 - - [10/Jun/2026:06:44:34 +0000] "GET /products/kiko-kostadinov-062019-franz-key/18329913/ HTTP/1.1" 200 29339 "-" "Mozilla/5.0 AppleWebKit/537.36 (KHTML, like Gecko; compatible; bingbot/2.0; +http://www.bing.com/bingbot.htm) Chrome/116.0.1938.76 Safari/537.36"
74.7.227.0 - - [10/Jun/2026:06:44:36 +0000] "GET /jewellery-showcase/?edit=/var/www/vhosts/mayaver.com/httpdocs/wp-content/themes/aihub/woocommerce/global/wrapper-start.php HTTP/1.1" 200 31785 "https://mayaver.com/jewellery-showcase/?file=/var/www/vhosts/mayaver.com/httpdocs/wp-content/themes/aihub/woocommerce/global" "Mozilla/5.0 AppleWebKit/537.36 (KHTML, like Gecko; compatible; GPTBot/1.4; +https://openai.com/gptbot)"
74.7.227.0 - - [10/Jun/2026:06:44:37 +0000] "GET /jewellery-showcase/?view=/var/www/vhosts/mayaver.com/httpdocs/wp-content/themes/aihub/woocommerce/global/wrapper-end.php HTTP/1.1" 200 4006 "https://mayaver.com/jewellery-showcase/?file=/var/www/vhosts/mayaver.com/httpdocs/wp-content/themes/aihub/woocommerce/global" "Mozilla/5.0 AppleWebKit/537.36 (KHTML, like Gecko; compatible; GPTBot/1.4; +https://openai.com/gptbot)"
74.7.227.0 - - [10/Jun/2026:06:44:37 +0000] "GET /tree-house-space/?edit=/var/www/vhosts/mayaver.com/httpdocs/wp-content/themes/aihub/woocommerce/global/quantity-input.php HTTP/1.1" 200 31676 "https://mayaver.com/tree-house-space/?file=/var/www/vhosts/mayaver.com/httpdocs/wp-content/themes/aihub/woocommerce/global" "Mozilla/5.0 AppleWebKit/537.36 (KHTML, like Gecko; compatible; GPTBot/1.4; +https://openai.com/gptbot)"
74.7.227.0 - - [10/Jun/2026:06:44:38 +0000] "GET /tree-house-space/?file=/var/www/vhosts/mayaver.com/httpdocs/wp-content/themes/aihub/woocommerce/global/quantity-input.php HTTP/1.1" 200 29791 "https://mayaver.com/tree-house-space/?file=/var/www/vhosts/mayaver.com/httpdocs/wp-content/themes/aihub/woocommerce/global" "Mozilla/5.0 AppleWebKit/537.36 (KHTML, like Gecko; compatible; GPTBot/1.4; +https://openai.com/gptbot)"
74.7.227.0 - - [10/Jun/2026:06:44:39 +0000] "GET /jewellery-showcase/?file=/var/www/vhosts/mayaver.com/httpdocs/wp-content/themes/aihub/woocommerce/global/wrapper-start.php HTTP/1.1" 200 30493 "https://mayaver.com/jewellery-showcase/?file=/var/www/vhosts/mayaver.com/httpdocs/wp-content/themes/aihub/woocommerce/global" "Mozilla/5.0 AppleWebKit/537.36 (KHTML, like Gecko; compatible; GPTBot/1.4; +https://openai.com/gptbot)"
74.7.227.0 - - [10/Jun/2026:06:44:40 +0000] "GET /tree-house-space/?file=/var/www/vhosts/mayaver.com/httpdocs/wp-content/themes/aihub/woocommerce/global/wrapper-start.php HTTP/1.1" 200 29792 "https://mayaver.com/tree-house-space/?file=/var/www/vhosts/mayaver.com/httpdocs/wp-content/themes/aihub/woocommerce/global" "Mozilla/5.0 AppleWebKit/537.36 (KHTML, like Gecko; compatible; GPTBot/1.4; +https://openai.com/gptbot)"
74.7.227.0 - - [10/Jun/2026:06:44:41 +0000] "GET /tree-house-space/?view=/var/www/vhosts/mayaver.com/httpdocs/wp-content/themes/aihub/woocommerce/global/wrapper-start.php HTTP/1.1" 200 4008 "https://mayaver.com/tree-house-space/?file=/var/www/vhosts/mayaver.com/httpdocs/wp-content/themes/aihub/woocommerce/global" "Mozilla/5.0 AppleWebKit/537.36 (KHTML, like Gecko; compatible; GPTBot/1.4; +https://openai.com/gptbot)"
74.7.227.0 - - [10/Jun/2026:06:44:41 +0000] "GET /tree-house-space/?view=/var/www/vhosts/mayaver.com/httpdocs/wp-content/themes/aihub/woocommerce/global/wrapper-end.php HTTP/1.1" 200 4006 "https://mayaver.com/tree-house-space/?file=/var/www/vhosts/mayaver.com/httpdocs/wp-content/themes/aihub/woocommerce/global" "Mozilla/5.0 AppleWebKit/537.36 (KHTML, like Gecko; compatible; GPTBot/1.4; +https://openai.com/gptbot)"
74.7.227.0 - - [10/Jun/2026:06:44:42 +0000] "GET /jewellery-showcase/?view=/var/www/vhosts/mayaver.com/httpdocs/wp-content/themes/aihub/woocommerce/global/quantity-input.php HTTP/1.1" 200 4577 "https://mayaver.com/jewellery-showcase/?file=/var/www/vhosts/mayaver.com/httpdocs/wp-content/themes/aihub/woocommerce/global" "Mozilla/5.0 AppleWebKit/537.36 (KHTML, like Gecko; compatible; GPTBot/1.4; +https://openai.com/gptbot)"
74.7.227.0 - - [10/Jun/2026:06:44:42 +0000] "GET /tree-house-space/?view=/var/www/vhosts/mayaver.com/httpdocs/wp-content/themes/aihub/woocommerce/global/quantity-input.php HTTP/1.1" 200 4577 "https://mayaver.com/tree-house-space/?file=/var/www/vhosts/mayaver.com/httpdocs/wp-content/themes/aihub/woocommerce/global" "Mozilla/5.0 AppleWebKit/537.36 (KHTML, like Gecko; compatible; GPTBot/1.4; +https://openai.com/gptbot)"
74.7.227.0 - - [10/Jun/2026:06:44:43 +0000] "GET /jewellery-showcase/?view=/var/www/vhosts/mayaver.com/httpdocs/wp-content/themes/aihub/woocommerce/global/wrapper-start.php HTTP/1.1" 200 4008 "https://mayaver.com/jewellery-showcase/?file=/var/www/vhosts/mayaver.com/httpdocs/wp-content/themes/aihub/woocommerce/global" "Mozilla/5.0 AppleWebKit/537.36 (KHTML, like Gecko; compatible; GPTBot/1.4; +https://openai.com/gptbot)"
74.7.227.0 - - [10/Jun/2026:06:44:44 +0000] "GET /plots/?file=/var/www/vhosts/mayaver.com/httpdocs/wp-content/themes/aihub/theme/liquid-portfolio.php HTTP/1.1" 200 31081 "https://mayaver.com/plots/?file=%2Fvar%2Fwww%2Fvhosts%2Fmayaver.com%2Fhttpdocs%2Fwp-content%2Fthemes%2Faihub%2Ftheme" "Mozilla/5.0 AppleWebKit/537.36 (KHTML, like Gecko; compatible; GPTBot/1.4; +https://openai.com/gptbot)"
74.7.227.0 - - [10/Jun/2026:06:44:45 +0000] "GET /stage/?edit=/var/www/vhosts/mayaver.com/httpdocs/wp-content/themes/aihub/single-liquid-header.php HTTP/1.1" 200 31299 "https://mayaver.com/stage/" "Mozilla/5.0 AppleWebKit/537.36 (KHTML, like Gecko; compatible; GPTBot/1.4; +https://openai.com/gptbot)"
74.7.227.0 - - [10/Jun/2026:06:44:45 +0000] "GET /plots/?file=/var/www/vhosts/mayaver.com/httpdocs/wp-content/themes/aihub/theme/liquid-scripts.php HTTP/1.1" 200 31075 "https://mayaver.com/plots/?file=%2Fvar%2Fwww%2Fvhosts%2Fmayaver.com%2Fhttpdocs%2Fwp-content%2Fthemes%2Faihub%2Ftheme" "Mozilla/5.0 AppleWebKit/537.36 (KHTML, like Gecko; compatible; GPTBot/1.4; +https://openai.com/gptbot)"
74.7.227.0 - - [10/Jun/2026:06:44:46 +0000] "GET /plots/page/4/?file=/var/www/vhosts/mayaver.com/httpdocs/wp-content/themes/aihub/theme HTTP/1.1" 301 9777 "https://mayaver.com/plots/page/4/?rename=%2Fvar%2Fwww%2Fvhosts%2Fmayaver.com%2Fhttpdocs%2Fwp-content%2Fthemes%2Faihub%2Fpage.php" "Mozilla/5.0 AppleWebKit/537.36 (KHTML, like Gecko; compatible; GPTBot/1.4; +https://openai.com/gptbot)"
74.7.227.0 - - [10/Jun/2026:06:44:47 +0000] "GET /plots/page/3/?file=/var/www/vhosts/mayaver.com/httpdocs/wp-content/themes/aihub/theme HTTP/1.1" 301 9777 "https://mayaver.com/plots/page/3/?rename=%2Fvar%2Fwww%2Fvhosts%2Fmayaver.com%2Fhttpdocs%2Fwp-content%2Fthemes%2Faihub%2Fpage.php" "Mozilla/5.0 AppleWebKit/537.36 (KHTML, like Gecko; compatible; GPTBot/1.4; +https://openai.com/gptbot)"
57.141.2.10 - - [10/Jun/2026:06:44:47 +0000] "GET /products/polo-ralph-lauren-aztec-navajo-hoodie/56640633/ HTTP/1.1" 404 115161 "-" "meta-externalagent/1.1 (+https://developers.facebook.com/docs/sharing/webmasters/crawler)"
74.7.227.0 - - [10/Jun/2026:06:44:47 +0000] "GET /classroom/?rename=/var/www/vhosts/mayaver.com/httpdocs/wp-content/themes/aihub/functions.php HTTP/1.1" 200 31188 "https://mayaver.com/classroom/" "Mozilla/5.0 AppleWebKit/537.36 (KHTML, like Gecko; compatible; GPTBot/1.4; +https://openai.com/gptbot)"
74.7.227.0 - - [10/Jun/2026:06:44:48 +0000] "GET /movie-theater/?view=/var/www/vhosts/mayaver.com/httpdocs/wp-content/themes/aihub/header.php HTTP/1.1" 200 4514 "https://mayaver.com/movie-theater/" "Mozilla/5.0 AppleWebKit/537.36 (KHTML, like Gecko; compatible; GPTBot/1.4; +https://openai.com/gptbot)"
74.7.227.0 - - [10/Jun/2026:06:44:49 +0000] "GET /yacht-space/?view=/var/www/vhosts/mayaver.com/httpdocs/wp-content/themes/aihub/footer.php HTTP/1.1" 200 4045 "https://mayaver.com/yacht-space/" "Mozilla/5.0 AppleWebKit/537.36 (KHTML, like Gecko; compatible; GPTBot/1.4; +https://openai.com/gptbot)"
74.7.227.0 - - [10/Jun/2026:06:44:49 +0000] "GET /movie-theater/?view=/var/www/vhosts/mayaver.com/httpdocs/wp-content/themes/aihub/footer.php HTTP/1.1" 200 4045 "https://mayaver.com/movie-theater/" "Mozilla/5.0 AppleWebKit/537.36 (KHTML, like Gecko; compatible; GPTBot/1.4; +https://openai.com/gptbot)"
74.7.227.0 - - [10/Jun/2026:06:44:50 +0000] "GET /christmas/?view=/var/www/vhosts/mayaver.com/httpdocs/wp-content/themes/aihub/header.php HTTP/1.1" 200 4514 "https://mayaver.com/christmas/" "Mozilla/5.0 AppleWebKit/537.36 (KHTML, like Gecko; compatible; GPTBot/1.4; +https://openai.com/gptbot)"
74.7.227.0 - - [10/Jun/2026:06:44:50 +0000] "GET /temple-space/?view=/var/www/vhosts/mayaver.com/httpdocs/wp-content/themes/aihub/header.php HTTP/1.1" 200 4514 "https://mayaver.com/temple-space/" "Mozilla/5.0 AppleWebKit/537.36 (KHTML, like Gecko; compatible; GPTBot/1.4; +https://openai.com/gptbot)"
74.7.227.0 - - [10/Jun/2026:06:44:51 +0000] "GET /conference-room/?view=/var/www/vhosts/mayaver.com/httpdocs/wp-content/themes/aihub/footer.php HTTP/1.1" 200 4045 "https://mayaver.com/conference-room/" "Mozilla/5.0 AppleWebKit/537.36 (KHTML, like Gecko; compatible; GPTBot/1.4; +https://openai.com/gptbot)"
74.7.227.0 - - [10/Jun/2026:06:44:51 +0000] "GET /city-apartment/?view=/var/www/vhosts/mayaver.com/httpdocs/wp-content/themes/aihub/header.php HTTP/1.1" 200 4514 "https://mayaver.com/city-apartment/" "Mozilla/5.0 AppleWebKit/537.36 (KHTML, like Gecko; compatible; GPTBot/1.4; +https://openai.com/gptbot)"
74.7.227.0 - - [10/Jun/2026:06:44:52 +0000] "GET /stage/?view=/var/www/vhosts/mayaver.com/httpdocs/wp-content/themes/aihub/header.php HTTP/1.1" 200 4514 "https://mayaver.com/stage/" "Mozilla/5.0 AppleWebKit/537.36 (KHTML, like Gecko; compatible; GPTBot/1.4; +https://openai.com/gptbot)"
74.7.227.0 - - [10/Jun/2026:06:44:53 +0000] "GET /studio-room/?view=/var/www/vhosts/mayaver.com/httpdocs/wp-content/themes/aihub/header.php HTTP/1.1" 200 4514 "https://mayaver.com/studio-room/" "Mozilla/5.0 AppleWebKit/537.36 (KHTML, like Gecko; compatible; GPTBot/1.4; +https://openai.com/gptbot)"
74.7.227.0 - - [10/Jun/2026:06:44:53 +0000] "GET /stage/?view=/var/www/vhosts/mayaver.com/httpdocs/wp-content/themes/aihub/footer.php HTTP/1.1" 200 4045 "https://mayaver.com/stage/" "Mozilla/5.0 AppleWebKit/537.36 (KHTML, like Gecko; compatible; GPTBot/1.4; +https://openai.com/gptbot)"
74.7.227.0 - - [10/Jun/2026:06:44:54 +0000] "GET /penthouse/?view=/var/www/vhosts/mayaver.com/httpdocs/wp-content/themes/aihub/header.php HTTP/1.1" 200 4514 "https://mayaver.com/penthouse/" "Mozilla/5.0 AppleWebKit/537.36 (KHTML, like Gecko; compatible; GPTBot/1.4; +https://openai.com/gptbot)"
74.7.227.0 - - [10/Jun/2026:06:44:54 +0000] "GET /city-apartment/?view=/var/www/vhosts/mayaver.com/httpdocs/wp-content/themes/aihub/footer.php HTTP/1.1" 200 4045 "https://mayaver.com/city-apartment/" "Mozilla/5.0 AppleWebKit/537.36 (KHTML, like Gecko; compatible; GPTBot/1.4; +https://openai.com/gptbot)"
74.7.227.0 - - [10/Jun/2026:06:44:55 +0000] "GET /penthouse/?view=/var/www/vhosts/mayaver.com/httpdocs/wp-content/themes/aihub/sidebar.php HTTP/1.1" 200 3635 "https://mayaver.com/penthouse/" "Mozilla/5.0 AppleWebKit/537.36 (KHTML, like Gecko; compatible; GPTBot/1.4; +https://openai.com/gptbot)"
74.7.227.0 - - [10/Jun/2026:06:44:55 +0000] "GET /christmas/?view=/var/www/vhosts/mayaver.com/httpdocs/wp-content/themes/aihub/footer.php HTTP/1.1" 200 4045 "https://mayaver.com/christmas/" "Mozilla/5.0 AppleWebKit/537.36 (KHTML, like Gecko; compatible; GPTBot/1.4; +https://openai.com/gptbot)"
74.7.227.0 - - [10/Jun/2026:06:44:56 +0000] "GET /plots/?view=/var/www/vhosts/mayaver.com/httpdocs/wp-content/themes/aihub/footer.php HTTP/1.1" 200 4045 "https://mayaver.com/plots/" "Mozilla/5.0 AppleWebKit/537.36 (KHTML, like Gecko; compatible; GPTBot/1.4; +https://openai.com/gptbot)"
74.7.227.0 - - [10/Jun/2026:06:44:56 +0000] "GET /dome/?view=/var/www/vhosts/mayaver.com/httpdocs/wp-content/themes/aihub/footer.php HTTP/1.1" 200 4045 "https://mayaver.com/dome/" "Mozilla/5.0 AppleWebKit/537.36 (KHTML, like Gecko; compatible; GPTBot/1.4; +https://openai.com/gptbot)"
74.7.227.0 - - [10/Jun/2026:06:44:57 +0000] "GET /yacht-space/?view=/var/www/vhosts/mayaver.com/httpdocs/wp-content/themes/aihub/header.php HTTP/1.1" 200 4514 "https://mayaver.com/yacht-space/" "Mozilla/5.0 AppleWebKit/537.36 (KHTML, like Gecko; compatible; GPTBot/1.4; +https://openai.com/gptbot)"
74.7.227.0 - - [10/Jun/2026:06:44:57 +0000] "GET /classroom/?view=/var/www/vhosts/mayaver.com/httpdocs/wp-content/themes/aihub/header.php HTTP/1.1" 200 4514 "https://mayaver.com/classroom/" "Mozilla/5.0 AppleWebKit/537.36 (KHTML, like Gecko; compatible; GPTBot/1.4; +https://openai.com/gptbot)"
74.7.227.0 - - [10/Jun/2026:06:44:58 +0000] "GET /movie-theater/?view=/var/www/vhosts/mayaver.com/httpdocs/wp-content/themes/aihub/sidebar.php HTTP/1.1" 200 3635 "https://mayaver.com/movie-theater/" "Mozilla/5.0 AppleWebKit/537.36 (KHTML, like Gecko; compatible; GPTBot/1.4; +https://openai.com/gptbot)"
74.7.227.0 - - [10/Jun/2026:06:44:58 +0000] "GET /penthouse/?view=/var/www/vhosts/mayaver.com/httpdocs/wp-content/themes/aihub/functions.php HTTP/1.1" 200 4960 "https://mayaver.com/penthouse/" "Mozilla/5.0 AppleWebKit/537.36 (KHTML, like Gecko; compatible; GPTBot/1.4; +https://openai.com/gptbot)"
74.7.227.0 - - [10/Jun/2026:06:44:59 +0000] "GET /penthouse/?view=/var/www/vhosts/mayaver.com/httpdocs/wp-content/themes/aihub/footer.php HTTP/1.1" 200 4045 "https://mayaver.com/penthouse/" "Mozilla/5.0 AppleWebKit/537.36 (KHTML, like Gecko; compatible; GPTBot/1.4; +https://openai.com/gptbot)"
74.7.227.0 - - [10/Jun/2026:06:44:59 +0000] "GET /conference-room/?view=/var/www/vhosts/mayaver.com/httpdocs/wp-content/themes/aihub/header.php HTTP/1.1" 200 4514 "https://mayaver.com/conference-room/" "Mozilla/5.0 AppleWebKit/537.36 (KHTML, like Gecko; compatible; GPTBot/1.4; +https://openai.com/gptbot)"
74.7.227.0 - - [10/Jun/2026:06:45:00 +0000] "GET /dome/?view=/var/www/vhosts/mayaver.com/httpdocs/wp-content/themes/aihub/header.php HTTP/1.1" 200 4514 "https://mayaver.com/dome/" "Mozilla/5.0 AppleWebKit/537.36 (KHTML, like Gecko; compatible; GPTBot/1.4; +https://openai.com/gptbot)"
74.7.227.0 - - [10/Jun/2026:06:45:00 +0000] "GET /art-museum/?view=/var/www/vhosts/mayaver.com/httpdocs/wp-content/themes/aihub/header.php HTTP/1.1" 200 4514 "https://mayaver.com/art-museum/" "Mozilla/5.0 AppleWebKit/537.36 (KHTML, like Gecko; compatible; GPTBot/1.4; +https://openai.com/gptbot)"
74.7.227.0 - - [10/Jun/2026:06:45:01 +0000] "GET /plots/?view=/var/www/vhosts/mayaver.com/httpdocs/wp-content/themes/aihub/header.php HTTP/1.1" 200 4514 "https://mayaver.com/plots/" "Mozilla/5.0 AppleWebKit/537.36 (KHTML, like Gecko; compatible; GPTBot/1.4; +https://openai.com/gptbot)"
74.7.227.0 - - [10/Jun/2026:06:45:01 +0000] "GET /kali-puja/?edit=/var/www/vhosts/mayaver.com/httpdocs/wp-content/themes/aihub/single-liquid-footer.php HTTP/1.1" 200 31440 "https://mayaver.com/kali-puja/" "Mozilla/5.0 AppleWebKit/537.36 (KHTML, like Gecko; compatible; GPTBot/1.4; +https://openai.com/gptbot)"
74.7.227.0 - - [10/Jun/2026:06:45:02 +0000] "GET /dome/?view=/var/www/vhosts/mayaver.com/httpdocs/wp-content/themes/aihub/sidebar.php HTTP/1.1" 200 3635 "https://mayaver.com/dome/" "Mozilla/5.0 AppleWebKit/537.36 (KHTML, like Gecko; compatible; GPTBot/1.4; +https://openai.com/gptbot)"
74.7.227.0 - - [10/Jun/2026:06:45:03 +0000] "GET /christmas/?view=/var/www/vhosts/mayaver.com/httpdocs/wp-content/themes/aihub/sidebar.php HTTP/1.1" 200 3635 "https://mayaver.com/christmas/" "Mozilla/5.0 AppleWebKit/537.36 (KHTML, like Gecko; compatible; GPTBot/1.4; +https://openai.com/gptbot)"
139.84.174.118 - - [10/Jun/2026:06:45:04 +0000] "POST /wp-cron.php?doing_wp_cron=1781073904.3282120227813720703125 HTTP/1.1" 403 4358 "-" "WordPress/6.5.8; https://mayaver.com"
74.7.227.0 - - [10/Jun/2026:06:45:04 +0000] "GET /dome/?rename=/var/www/vhosts/mayaver.com/httpdocs/wp-content/themes/aihub/archive-liquid-portfolio.php HTTP/1.1" 200 31331 "https://mayaver.com/dome/" "Mozilla/5.0 AppleWebKit/537.36 (KHTML, like Gecko; compatible; GPTBot/1.4; +https://openai.com/gptbot)"
74.7.227.0 - - [10/Jun/2026:06:45:05 +0000] "GET /stage/?rename=/var/www/vhosts/mayaver.com/httpdocs/wp-content/themes/aihub/archive-liquid-portfolio.php HTTP/1.1" 200 31102 "https://mayaver.com/stage/" "Mozilla/5.0 AppleWebKit/537.36 (KHTML, like Gecko; compatible; GPTBot/1.4; +https://openai.com/gptbot)"
57.141.2.48 - - [10/Jun/2026:06:45:05 +0000] "GET /products/gucci-bamboo-shoulder-bag-nylon-green-silver-001-1998-001/47561385/ HTTP/1.1" 404 115176 "-" "meta-externalagent/1.1 (+https://developers.facebook.com/docs/sharing/webmasters/crawler)"
74.7.227.0 - - [10/Jun/2026:06:45:06 +0000] "GET /penthouse/?view=%27.$file.%27 HTTP/1.1" 200 31221 "https://mayaver.com/penthouse/?view=/var/www/vhosts/mayaver.com/httpdocs/wp-content/themes/aihub/functions.php" "Mozilla/5.0 AppleWebKit/537.36 (KHTML, like Gecko; compatible; GPTBot/1.4; +https://openai.com/gptbot)"
74.7.227.0 - - [10/Jun/2026:06:45:06 +0000] "GET /penthouse/?edit=%27.$file.%27 HTTP/1.1" 200 31221 "https://mayaver.com/penthouse/?view=/var/www/vhosts/mayaver.com/httpdocs/wp-content/themes/aihub/functions.php" "Mozilla/5.0 AppleWebKit/537.36 (KHTML, like Gecko; compatible; GPTBot/1.4; +https://openai.com/gptbot)"
74.7.227.0 - - [10/Jun/2026:06:45:07 +0000] "GET /penthouse/?rename=%27.$file.%27 HTTP/1.1" 200 31221 "https://mayaver.com/penthouse/?view=/var/www/vhosts/mayaver.com/httpdocs/wp-content/themes/aihub/functions.php" "Mozilla/5.0 AppleWebKit/537.36 (KHTML, like Gecko; compatible; GPTBot/1.4; +https://openai.com/gptbot)"
74.7.227.0 - - [10/Jun/2026:06:45:08 +0000] "GET /penthouse/?file=%27.$file.%27 HTTP/1.1" 200 30393 "https://mayaver.com/penthouse/?view=/var/www/vhosts/mayaver.com/httpdocs/wp-content/themes/aihub/functions.php" "Mozilla/5.0 AppleWebKit/537.36 (KHTML, like Gecko; compatible; GPTBot/1.4; +https://openai.com/gptbot)"
74.7.227.0 - - [10/Jun/2026:06:45:09 +0000] "GET /penthouse/?file=%27.updir($path).%27 HTTP/1.1" 200 30399 "https://mayaver.com/penthouse/?view=/var/www/vhosts/mayaver.com/httpdocs/wp-content/themes/aihub/functions.php" "Mozilla/5.0 AppleWebKit/537.36 (KHTML, like Gecko; compatible; GPTBot/1.4; +https://openai.com/gptbot)"
74.7.227.0 - - [10/Jun/2026:06:45:10 +0000] "GET /faqs/?rename=/var/www/vhosts/mayaver.com/httpdocs/wp-content/themes/aihub/archive-liquid-portfolio.php HTTP/1.1" 200 28789 "https://mayaver.com/faqs/" "Mozilla/5.0 AppleWebKit/537.36 (KHTML, like Gecko; compatible; GPTBot/1.4; +https://openai.com/gptbot)"
74.7.227.0 - - [10/Jun/2026:06:45:11 +0000] "GET /?file=/var/www/vhosts/mayaver.com/httpdocs/wp-content/themes/aihub/assets/img/logo HTTP/1.1" 301 7546 "https://mayaver.com/?file=/var/www/vhosts/mayaver.com/httpdocs/wp-content/themes/aihub/assets/img" "Mozilla/5.0 AppleWebKit/537.36 (KHTML, like Gecko; compatible; GPTBot/1.4; +https://openai.com/gptbot)"
40.77.167.131 - - [10/Jun/2026:06:45:09 +0000] "GET /products/bottega-veneta-high-puddle-boots/43385673/ HTTP/1.1" 200 29213 "-" "Mozilla/5.0 AppleWebKit/537.36 (KHTML, like Gecko; compatible; bingbot/2.0; +http://www.bing.com/bingbot.htm) Chrome/116.0.1938.76 Safari/537.36"
74.7.227.0 - - [10/Jun/2026:06:45:11 +0000] "GET /?file=%2Fvar%2Fwww%2Fvhosts%2Fmayaver.com%2Fhttpdocs%2Fwp-content%2Fthemes%2Faihub%2Fassets%2Fimg%2Flogo HTTP/1.1" 200 38407 "https://mayaver.com/?file=/var/www/vhosts/mayaver.com/httpdocs/wp-content/themes/aihub/assets/img/logo" "Mozilla/5.0 AppleWebKit/537.36 (KHTML, like Gecko; compatible; GPTBot/1.4; +https://openai.com/gptbot)"
74.7.227.0 - - [10/Jun/2026:06:45:12 +0000] "GET /durga-puja/?file=/var/www/vhosts/mayaver.com/httpdocs/wp-content/themes/aihub/archive-liquid-portfolio.php HTTP/1.1" 200 30589 "https://mayaver.com/durga-puja/" "Mozilla/5.0 AppleWebKit/537.36 (KHTML, like Gecko; compatible; GPTBot/1.4; +https://openai.com/gptbot)"
74.7.227.0 - - [10/Jun/2026:06:45:13 +0000] "GET /durga-puja/?view=/var/www/vhosts/mayaver.com/httpdocs/wp-content/themes/aihub/page.php HTTP/1.1" 200 3795 "https://mayaver.com/durga-puja/" "Mozilla/5.0 AppleWebKit/537.36 (KHTML, like Gecko; compatible; GPTBot/1.4; +https://openai.com/gptbot)"
40.77.167.131 - - [10/Jun/2026:06:45:12 +0000] "GET /products/90s-carabiner-avant-garde-leather-boots-vintage/63621801/ HTTP/1.1" 200 28781 "-" "Mozilla/5.0 AppleWebKit/537.36 (KHTML, like Gecko; compatible; bingbot/2.0; +http://www.bing.com/bingbot.htm) Chrome/116.0.1938.76 Safari/537.36"
74.7.227.0 - - [10/Jun/2026:06:45:14 +0000] "GET /fashion-show/?edit=/var/www/vhosts/mayaver.com/httpdocs/wp-content/themes/aihub/archive.php HTTP/1.1" 200 31505 "https://mayaver.com/fashion-show/" "Mozilla/5.0 AppleWebKit/537.36 (KHTML, like Gecko; compatible; GPTBot/1.4; +https://openai.com/gptbot)"
74.7.227.0 - - [10/Jun/2026:06:45:15 +0000] "GET /plots/?rename=/var/www/vhosts/mayaver.com/httpdocs/wp-content/themes/aihub/theme/liquid-walkers.php HTTP/1.1" 200 31981 "https://mayaver.com/plots/?file=%2Fvar%2Fwww%2Fvhosts%2Fmayaver.com%2Fhttpdocs%2Fwp-content%2Fthemes%2Faihub%2Ftheme" "Mozilla/5.0 AppleWebKit/537.36 (KHTML, like Gecko; compatible; GPTBot/1.4; +https://openai.com/gptbot)"
74.7.227.0 - - [10/Jun/2026:06:45:15 +0000] "GET /dome/?rename=/var/www/vhosts/mayaver.com/httpdocs/wp-content/themes/aihub/single-liquid-header.php HTTP/1.1" 200 31329 "https://mayaver.com/dome/" "Mozilla/5.0 AppleWebKit/537.36 (KHTML, like Gecko; compatible; GPTBot/1.4; +https://openai.com/gptbot)"
57.141.2.41 - - [10/Jun/2026:06:45:16 +0000] "GET /products/acne-studios-casual-high-waisted-wide-leg-denim-trousers/65446473/ HTTP/1.1" 404 115176 "-" "meta-externalagent/1.1 (+https://developers.facebook.com/docs/sharing/webmasters/crawler)"
74.7.227.0 - - [10/Jun/2026:06:45:16 +0000] "GET /plots/?edit=/var/www/vhosts/mayaver.com/httpdocs/wp-content/themes/aihub/theme/liquid-walkers.php HTTP/1.1" 200 32380 "https://mayaver.com/plots/?file=%2Fvar%2Fwww%2Fvhosts%2Fmayaver.com%2Fhttpdocs%2Fwp-content%2Fthemes%2Faihub%2Ftheme" "Mozilla/5.0 AppleWebKit/537.36 (KHTML, like Gecko; compatible; GPTBot/1.4; +https://openai.com/gptbot)"
74.7.227.0 - - [10/Jun/2026:06:45:17 +0000] "GET /plot-map/?file=/var/www/vhosts/mayaver.com/httpdocs/wp-content/themes/aihub/header.php HTTP/1.1" 200 30955 "https://mayaver.com/plot-map/" "Mozilla/5.0 AppleWebKit/537.36 (KHTML, like Gecko; compatible; GPTBot/1.4; +https://openai.com/gptbot)"
74.7.227.0 - - [10/Jun/2026:06:45:18 +0000] "GET /penthouse/?file HTTP/1.1" 200 30418 "https://mayaver.com/penthouse/?file=%27.$file.%27" "Mozilla/5.0 AppleWebKit/537.36 (KHTML, like Gecko; compatible; GPTBot/1.4; +https://openai.com/gptbot)"
74.7.227.0 - - [10/Jun/2026:06:45:19 +0000] "GET /plot-map/?file=/var/www/vhosts/mayaver.com/httpdocs/wp-content/themes/aihub/footer.php HTTP/1.1" 200 30955 "https://mayaver.com/plot-map/" "Mozilla/5.0 AppleWebKit/537.36 (KHTML, like Gecko; compatible; GPTBot/1.4; +https://openai.com/gptbot)"
74.7.227.0 - - [10/Jun/2026:06:45:20 +0000] "GET /fashion-show/?view=/var/www/vhosts/mayaver.com/httpdocs/wp-content/themes/aihub/archive-liquid-portfolio.php HTTP/1.1" 200 3889 "https://mayaver.com/fashion-show/" "Mozilla/5.0 AppleWebKit/537.36 (KHTML, like Gecko; compatible; GPTBot/1.4; +https://openai.com/gptbot)"
74.7.227.0 - - [10/Jun/2026:06:45:20 +0000] "GET /?file=%2Fvar%2Fwww%2Fvhosts%2Fmayaver.com%2Fhttpdocs%2Fwp-content%2Fthemes%2Faihub%2Fassets%2Fimg%2Flogo HTTP/1.1" 200 38407 "https://mayaver.com/?file=/var/www/vhosts/mayaver.com/httpdocs/wp-content/themes/aihub/assets/img/logo" "Mozilla/5.0 AppleWebKit/537.36 (KHTML, like Gecko; compatible; GPTBot/1.4; +https://openai.com/gptbot)"
40.77.167.131 - - [10/Jun/2026:06:45:19 +0000] "GET /products/dior-trotter-canvas-shoulder-bag-brown-gold/47773641/ HTTP/1.1" 200 30161 "-" "Mozilla/5.0 AppleWebKit/537.36 (KHTML, like Gecko; compatible; bingbot/2.0; +http://www.bing.com/bingbot.htm) Chrome/116.0.1938.76 Safari/537.36"
74.7.227.0 - - [10/Jun/2026:06:45:21 +0000] "GET /?rename=/var/www/vhosts/mayaver.com/httpdocs/wp-content/themes/aihub/assets/img/logo/logo-light-mono.svg HTTP/1.1" 301 18127 "https://mayaver.com/?file=/var/www/vhosts/mayaver.com/httpdocs/wp-content/themes/aihub/assets/img/logo" "Mozilla/5.0 AppleWebKit/537.36 (KHTML, like Gecko; compatible; GPTBot/1.4; +https://openai.com/gptbot)"
74.7.227.0 - - [10/Jun/2026:06:45:22 +0000] "GET /?rename=%2Fvar%2Fwww%2Fvhosts%2Fmayaver.com%2Fhttpdocs%2Fwp-content%2Fthemes%2Faihub%2Fassets%2Fimg%2Flogo%2Flogo-light-mono.svg HTTP/1.1" 200 39097 "https://mayaver.com/?rename=/var/www/vhosts/mayaver.com/httpdocs/wp-content/themes/aihub/assets/img/logo/logo-light-mono.svg" "Mozilla/5.0 AppleWebKit/537.36 (KHTML, like Gecko; compatible; GPTBot/1.4; +https://openai.com/gptbot)"
74.7.227.0 - - [10/Jun/2026:06:45:23 +0000] "GET /?rename=/var/www/vhosts/mayaver.com/httpdocs/wp-content/themes/aihub/assets/img/logo/logo-light.svg HTTP/1.1" 301 18107 "https://mayaver.com/?file=/var/www/vhosts/mayaver.com/httpdocs/wp-content/themes/aihub/assets/img/logo" "Mozilla/5.0 AppleWebKit/537.36 (KHTML, like Gecko; compatible; GPTBot/1.4; +https://openai.com/gptbot)"
74.7.227.0 - - [10/Jun/2026:06:45:24 +0000] "GET /?rename=%2Fvar%2Fwww%2Fvhosts%2Fmayaver.com%2Fhttpdocs%2Fwp-content%2Fthemes%2Faihub%2Fassets%2Fimg%2Flogo%2Flogo-light.svg HTTP/1.1" 200 39093 "https://mayaver.com/?rename=/var/www/vhosts/mayaver.com/httpdocs/wp-content/themes/aihub/assets/img/logo/logo-light.svg" "Mozilla/5.0 AppleWebKit/537.36 (KHTML, like Gecko; compatible; GPTBot/1.4; +https://openai.com/gptbot)"
74.7.227.0 - - [10/Jun/2026:06:45:25 +0000] "GET /?rename=/var/www/vhosts/mayaver.com/httpdocs/wp-content/themes/aihub/assets/img/logo/editor-controls-logo.svg HTTP/1.1" 301 18147 "https://mayaver.com/?file=/var/www/vhosts/mayaver.com/httpdocs/wp-content/themes/aihub/assets/img/logo" "Mozilla/5.0 AppleWebKit/537.36 (KHTML, like Gecko; compatible; GPTBot/1.4; +https://openai.com/gptbot)"
52.167.144.211 - - [10/Jun/2026:06:45:24 +0000] "GET /products/o1g2r1mq1025-jainab-wrap-top-in-bluecream/53383617/ HTTP/1.1" 200 28862 "-" "Mozilla/5.0 AppleWebKit/537.36 (KHTML, like Gecko; compatible; bingbot/2.0; +http://www.bing.com/bingbot.htm) Chrome/116.0.1938.76 Safari/537.36"
74.7.227.0 - - [10/Jun/2026:06:45:25 +0000] "GET /?rename=%2Fvar%2Fwww%2Fvhosts%2Fmayaver.com%2Fhttpdocs%2Fwp-content%2Fthemes%2Faihub%2Fassets%2Fimg%2Flogo%2Feditor-controls-logo.svg HTTP/1.1" 200 39100 "https://mayaver.com/?rename=/var/www/vhosts/mayaver.com/httpdocs/wp-content/themes/aihub/assets/img/logo/editor-controls-logo.svg" "Mozilla/5.0 AppleWebKit/537.36 (KHTML, like Gecko; compatible; GPTBot/1.4; +https://openai.com/gptbot)"
74.7.227.0 - - [10/Jun/2026:06:45:26 +0000] "GET /?file=/var/www/vhosts/mayaver.com/httpdocs/wp-content/themes/aihub/assets/img/logo/editor-controls-logo.svg HTTP/1.1" 301 4211 "https://mayaver.com/?file=/var/www/vhosts/mayaver.com/httpdocs/wp-content/themes/aihub/assets/img/logo" "Mozilla/5.0 AppleWebKit/537.36 (KHTML, like Gecko; compatible; GPTBot/1.4; +https://openai.com/gptbot)"
74.7.227.0 - - [10/Jun/2026:06:45:27 +0000] "GET /?file=%2Fvar%2Fwww%2Fvhosts%2Fmayaver.com%2Fhttpdocs%2Fwp-content%2Fthemes%2Faihub%2Fassets%2Fimg%2Flogo%2Feditor-controls-logo.svg HTTP/1.1" 200 38198 "https://mayaver.com/?file=/var/www/vhosts/mayaver.com/httpdocs/wp-content/themes/aihub/assets/img/logo/editor-controls-logo.svg" "Mozilla/5.0 AppleWebKit/537.36 (KHTML, like Gecko; compatible; GPTBot/1.4; +https://openai.com/gptbot)"
74.7.227.0 - - [10/Jun/2026:06:45:28 +0000] "GET /?edit=/var/www/vhosts/mayaver.com/httpdocs/wp-content/themes/aihub/assets/img/logo/editor-controls-logo.svg HTTP/1.1" 301 18651 "https://mayaver.com/?file=/var/www/vhosts/mayaver.com/httpdocs/wp-content/themes/aihub/assets/img/logo" "Mozilla/5.0 AppleWebKit/537.36 (KHTML, like Gecko; compatible; GPTBot/1.4; +https://openai.com/gptbot)"
74.7.227.0 - - [10/Jun/2026:06:45:29 +0000] "GET /?edit=%2Fvar%2Fwww%2Fvhosts%2Fmayaver.com%2Fhttpdocs%2Fwp-content%2Fthemes%2Faihub%2Fassets%2Fimg%2Flogo%2Feditor-controls-logo.svg HTTP/1.1" 200 39322 "https://mayaver.com/?edit=/var/www/vhosts/mayaver.com/httpdocs/wp-content/themes/aihub/assets/img/logo/editor-controls-logo.svg" "Mozilla/5.0 AppleWebKit/537.36 (KHTML, like Gecko; compatible; GPTBot/1.4; +https://openai.com/gptbot)"
74.7.227.0 - - [10/Jun/2026:06:45:30 +0000] "GET /?edit=/var/www/vhosts/mayaver.com/httpdocs/wp-content/themes/aihub/assets/img/logo/liquid-logo-white.svg HTTP/1.1" 301 18441 "https://mayaver.com/?file=/var/www/vhosts/mayaver.com/httpdocs/wp-content/themes/aihub/assets/img/logo" "Mozilla/5.0 AppleWebKit/537.36 (KHTML, like Gecko; compatible; GPTBot/1.4; +https://openai.com/gptbot)"
74.7.227.0 - - [10/Jun/2026:06:45:30 +0000] "GET /?edit=%2Fvar%2Fwww%2Fvhosts%2Fmayaver.com%2Fhttpdocs%2Fwp-content%2Fthemes%2Faihub%2Fassets%2Fimg%2Flogo%2Fliquid-logo-white.svg HTTP/1.1" 200 39250 "https://mayaver.com/?edit=/var/www/vhosts/mayaver.com/httpdocs/wp-content/themes/aihub/assets/img/logo/liquid-logo-white.svg" "Mozilla/5.0 AppleWebKit/537.36 (KHTML, like Gecko; compatible; GPTBot/1.4; +https://openai.com/gptbot)"
57.141.2.47 - - [10/Jun/2026:06:45:31 +0000] "GET /products/unisex-outdoor-utility-workwear-big-head-yuppie-shoes/30624537/ HTTP/1.1" 404 115176 "-" "meta-externalagent/1.1 (+https://developers.facebook.com/docs/sharing/webmasters/crawler)"
74.7.227.0 - - [10/Jun/2026:06:45:31 +0000] "GET /?file=/var/www/vhosts/mayaver.com/httpdocs/wp-content/themes/aihub/assets/img/logo/liquid-logo-white.svg HTTP/1.1" 301 4205 "https://mayaver.com/?file=/var/www/vhosts/mayaver.com/httpdocs/wp-content/themes/aihub/assets/img/logo" "Mozilla/5.0 AppleWebKit/537.36 (KHTML, like Gecko; compatible; GPTBot/1.4; +https://openai.com/gptbot)"
74.7.227.0 - - [10/Jun/2026:06:45:32 +0000] "GET /?file=%2Fvar%2Fwww%2Fvhosts%2Fmayaver.com%2Fhttpdocs%2Fwp-content%2Fthemes%2Faihub%2Fassets%2Fimg%2Flogo%2Fliquid-logo-white.svg HTTP/1.1" 200 38194 "https://mayaver.com/?file=/var/www/vhosts/mayaver.com/httpdocs/wp-content/themes/aihub/assets/img/logo/liquid-logo-white.svg" "Mozilla/5.0 AppleWebKit/537.36 (KHTML, like Gecko; compatible; GPTBot/1.4; +https://openai.com/gptbot)"
74.7.227.0 - - [10/Jun/2026:06:45:33 +0000] "GET /penthouse/?file=/tmp HTTP/1.1" 200 30386 "https://mayaver.com/penthouse/?file" "Mozilla/5.0 AppleWebKit/537.36 (KHTML, like Gecko; compatible; GPTBot/1.4; +https://openai.com/gptbot)"
74.7.227.0 - - [10/Jun/2026:06:45:34 +0000] "GET /?rename=/var/www/vhosts/mayaver.com/httpdocs/wp-content/themes/aihub/assets/img/logo/logo.svg HTTP/1.1" 301 18083 "https://mayaver.com/?file=/var/www/vhosts/mayaver.com/httpdocs/wp-content/themes/aihub/assets/img/logo" "Mozilla/5.0 AppleWebKit/537.36 (KHTML, like Gecko; compatible; GPTBot/1.4; +https://openai.com/gptbot)"
74.7.227.0 - - [10/Jun/2026:06:45:34 +0000] "GET /?rename=%2Fvar%2Fwww%2Fvhosts%2Fmayaver.com%2Fhttpdocs%2Fwp-content%2Fthemes%2Faihub%2Fassets%2Fimg%2Flogo%2Flogo.svg HTTP/1.1" 200 39090 "https://mayaver.com/?rename=/var/www/vhosts/mayaver.com/httpdocs/wp-content/themes/aihub/assets/img/logo/logo.svg" "Mozilla/5.0 AppleWebKit/537.36 (KHTML, like Gecko; compatible; GPTBot/1.4; +https://openai.com/gptbot)"
57.141.2.18 - - [10/Jun/2026:06:45:35 +0000] "GET /products/vintage-tenacious-d-watching-you-jack-zip-up-black-hoodie/25783137/ HTTP/1.1" 404 115176 "-" "meta-externalagent/1.1 (+https://developers.facebook.com/docs/sharing/webmasters/crawler)"
74.7.227.0 - - [10/Jun/2026:06:45:35 +0000] "GET /?rename=/var/www/vhosts/mayaver.com/httpdocs/wp-content/themes/aihub/assets/img/logo/liquid-logo-white.svg HTTP/1.1" 301 18135 "https://mayaver.com/?file=/var/www/vhosts/mayaver.com/httpdocs/wp-content/themes/aihub/assets/img/logo" "Mozilla/5.0 AppleWebKit/537.36 (KHTML, like Gecko; compatible; GPTBot/1.4; +https://openai.com/gptbot)"
74.7.227.0 - - [10/Jun/2026:06:45:36 +0000] "GET /?rename=%2Fvar%2Fwww%2Fvhosts%2Fmayaver.com%2Fhttpdocs%2Fwp-content%2Fthemes%2Faihub%2Fassets%2Fimg%2Flogo%2Fliquid-logo-white.svg HTTP/1.1" 200 39097 "https://mayaver.com/?rename=/var/www/vhosts/mayaver.com/httpdocs/wp-content/themes/aihub/assets/img/logo/liquid-logo-white.svg" "Mozilla/5.0 AppleWebKit/537.36 (KHTML, like Gecko; compatible; GPTBot/1.4; +https://openai.com/gptbot)"
74.7.227.0 - - [10/Jun/2026:06:45:37 +0000] "GET /?file=/var/www/vhosts/mayaver.com/httpdocs/wp-content/themes/aihub/assets/img/logo/logo-light-mono.svg HTTP/1.1" 301 4201 "https://mayaver.com/?file=/var/www/vhosts/mayaver.com/httpdocs/wp-content/themes/aihub/assets/img/logo" "Mozilla/5.0 AppleWebKit/537.36 (KHTML, like Gecko; compatible; GPTBot/1.4; +https://openai.com/gptbot)"
74.7.227.0 - - [10/Jun/2026:06:45:37 +0000] "GET /?file=%2Fvar%2Fwww%2Fvhosts%2Fmayaver.com%2Fhttpdocs%2Fwp-content%2Fthemes%2Faihub%2Fassets%2Fimg%2Flogo%2Flogo-light-mono.svg HTTP/1.1" 200 38194 "https://mayaver.com/?file=/var/www/vhosts/mayaver.com/httpdocs/wp-content/themes/aihub/assets/img/logo/logo-light-mono.svg" "Mozilla/5.0 AppleWebKit/537.36 (KHTML, like Gecko; compatible; GPTBot/1.4; +https://openai.com/gptbot)"
74.7.227.0 - - [10/Jun/2026:06:45:38 +0000] "GET /?rename=%2Fvar%2Fwww%2Fvhosts%2Fmayaver.com%2Fhttpdocs%2Fwp-content%2Fthemes%2Faihub%2Fassets%2Fimg%2Flogo%2Flogo-light-mono.svg HTTP/1.1" 200 39097 "https://mayaver.com/?rename=/var/www/vhosts/mayaver.com/httpdocs/wp-content/themes/aihub/assets/img/logo/logo-light-mono.svg" "Mozilla/5.0 AppleWebKit/537.36 (KHTML, like Gecko; compatible; GPTBot/1.4; +https://openai.com/gptbot)"
57.141.2.35 - - [10/Jun/2026:06:45:39 +0000] "GET /products/vintage-polo-ralph-lauren-pine-lake-moose-p-wing-letterman-j/73906617/ HTTP/1.1" 404 115176 "-" "meta-externalagent/1.1 (+https://developers.facebook.com/docs/sharing/webmasters/crawler)"
74.7.227.0 - - [10/Jun/2026:06:45:40 +0000] "GET /?rename=%2Fvar%2Fwww%2Fvhosts%2Fmayaver.com%2Fhttpdocs%2Fwp-content%2Fthemes%2Faihub%2Fassets%2Fimg%2Flogo%2Flogo-light.svg HTTP/1.1" 200 39093 "https://mayaver.com/?rename=/var/www/vhosts/mayaver.com/httpdocs/wp-content/themes/aihub/assets/img/logo/logo-light.svg" "Mozilla/5.0 AppleWebKit/537.36 (KHTML, like Gecko; compatible; GPTBot/1.4; +https://openai.com/gptbot)"
74.7.227.0 - - [10/Jun/2026:06:45:41 +0000] "GET /?edit=/var/www/vhosts/mayaver.com/httpdocs/wp-content/themes/aihub/assets/img/logo/logo-light-mono.svg HTTP/1.1" 301 21458 "https://mayaver.com/?file=/var/www/vhosts/mayaver.com/httpdocs/wp-content/themes/aihub/assets/img/logo" "Mozilla/5.0 AppleWebKit/537.36 (KHTML, like Gecko; compatible; GPTBot/1.4; +https://openai.com/gptbot)"
74.7.227.0 - - [10/Jun/2026:06:45:41 +0000] "GET /?edit=%2Fvar%2Fwww%2Fvhosts%2Fmayaver.com%2Fhttpdocs%2Fwp-content%2Fthemes%2Faihub%2Fassets%2Fimg%2Flogo%2Flogo-light-mono.svg HTTP/1.1" 200 40740 "https://mayaver.com/?edit=/var/www/vhosts/mayaver.com/httpdocs/wp-content/themes/aihub/assets/img/logo/logo-light-mono.svg" "Mozilla/5.0 AppleWebKit/537.36 (KHTML, like Gecko; compatible; GPTBot/1.4; +https://openai.com/gptbot)"
