74.7.227.0 - - [10/Jun/2026:07:30:04 +0000] "GET /?file=%2Fvar%2Fwww%2Fvhosts%2Fmayaver.com%2Fhttpdocs%2Fwp-content%2Fthemes%2Faihub%2Fbbpress%2Floop-search-reply.php HTTP/1.1" 200 38197 "https://mayaver.com/?file=/var/www/vhosts/mayaver.com/httpdocs/wp-content/themes/aihub/bbpress/loop-search-reply.php" "Mozilla/5.0 AppleWebKit/537.36 (KHTML, like Gecko; compatible; GPTBot/1.4; +https://openai.com/gptbot)"
74.7.227.0 - - [10/Jun/2026:07:30:06 +0000] "GET /?edit=/var/www/vhosts/mayaver.com/httpdocs/wp-content/themes/aihub/bbpress/form-user-register.php HTTP/1.1" 301 20239 "https://mayaver.com/?file=/var/www/vhosts/mayaver.com/httpdocs/wp-content/themes/aihub/bbpress" "Mozilla/5.0 AppleWebKit/537.36 (KHTML, like Gecko; compatible; GPTBot/1.4; +https://openai.com/gptbot)"
74.7.227.0 - - [10/Jun/2026:07:30:07 +0000] "GET /?edit=%2Fvar%2Fwww%2Fvhosts%2Fmayaver.com%2Fhttpdocs%2Fwp-content%2Fthemes%2Faihub%2Fbbpress%2Fform-user-register.php HTTP/1.1" 200 39638 "https://mayaver.com/?edit=/var/www/vhosts/mayaver.com/httpdocs/wp-content/themes/aihub/bbpress/form-user-register.php" "Mozilla/5.0 AppleWebKit/537.36 (KHTML, like Gecko; compatible; GPTBot/1.4; +https://openai.com/gptbot)"
74.7.227.0 - - [10/Jun/2026:07:30:08 +0000] "GET /?file=%2Fvar%2Fwww%2Fvhosts%2Fmayaver.com%2Fhttpdocs%2Fwp-content%2Fthemes%2Faihub%2Fbbpress%2Fpagination-search.php HTTP/1.1" 200 38195 "https://mayaver.com/?file=/var/www/vhosts/mayaver.com/httpdocs/wp-content/themes/aihub/bbpress/pagination-search.php" "Mozilla/5.0 AppleWebKit/537.36 (KHTML, like Gecko; compatible; GPTBot/1.4; +https://openai.com/gptbot)"
74.7.227.0 - - [10/Jun/2026:07:30:10 +0000] "GET /?rename=/var/www/vhosts/mayaver.com/httpdocs/wp-content/themes/aihub/bbpress/loop-single-reply.php HTTP/1.1" 301 18115 "https://mayaver.com/?file=/var/www/vhosts/mayaver.com/httpdocs/wp-content/themes/aihub/bbpress" "Mozilla/5.0 AppleWebKit/537.36 (KHTML, like Gecko; compatible; GPTBot/1.4; +https://openai.com/gptbot)"
74.7.227.0 - - [10/Jun/2026:07:30:11 +0000] "GET /?rename=%2Fvar%2Fwww%2Fvhosts%2Fmayaver.com%2Fhttpdocs%2Fwp-content%2Fthemes%2Faihub%2Fbbpress%2Floop-single-reply.php HTTP/1.1" 200 39088 "https://mayaver.com/?rename=/var/www/vhosts/mayaver.com/httpdocs/wp-content/themes/aihub/bbpress/loop-single-reply.php" "Mozilla/5.0 AppleWebKit/537.36 (KHTML, like Gecko; compatible; GPTBot/1.4; +https://openai.com/gptbot)"
74.7.227.0 - - [10/Jun/2026:07:30:13 +0000] "GET /?file=%2Fvar%2Fwww%2Fvhosts%2Fmayaver.com%2Fhttpdocs%2Fwp-content%2Fthemes%2Faihub%2Fbbpress%2Fpagination-topics.php HTTP/1.1" 200 38197 "https://mayaver.com/?file=/var/www/vhosts/mayaver.com/httpdocs/wp-content/themes/aihub/bbpress/pagination-topics.php" "Mozilla/5.0 AppleWebKit/537.36 (KHTML, like Gecko; compatible; GPTBot/1.4; +https://openai.com/gptbot)"
74.7.227.0 - - [10/Jun/2026:07:30:14 +0000] "GET /?edit=%2Fvar%2Fwww%2Fvhosts%2Fmayaver.com%2Fhttpdocs%2Fwp-content%2Fthemes%2Faihub%2Fbbpress%2Floop-single-topic.php HTTP/1.1" 200 39854 "https://mayaver.com/?edit=/var/www/vhosts/mayaver.com/httpdocs/wp-content/themes/aihub/bbpress/loop-single-topic.php" "Mozilla/5.0 AppleWebKit/537.36 (KHTML, like Gecko; compatible; GPTBot/1.4; +https://openai.com/gptbot)"
74.7.227.0 - - [10/Jun/2026:07:30:16 +0000] "GET /?file=/var/www/vhosts/mayaver.com/httpdocs/wp-content/themes/aihub/bbpress/form-topic-split.php HTTP/1.1" 301 4175 "https://mayaver.com/?file=/var/www/vhosts/mayaver.com/httpdocs/wp-content/themes/aihub/bbpress" "Mozilla/5.0 AppleWebKit/537.36 (KHTML, like Gecko; compatible; GPTBot/1.4; +https://openai.com/gptbot)"
74.7.227.0 - - [10/Jun/2026:07:30:16 +0000] "GET /?file=%2Fvar%2Fwww%2Fvhosts%2Fmayaver.com%2Fhttpdocs%2Fwp-content%2Fthemes%2Faihub%2Fbbpress%2Fform-topic-split.php HTTP/1.1" 200 38196 "https://mayaver.com/?file=/var/www/vhosts/mayaver.com/httpdocs/wp-content/themes/aihub/bbpress/form-topic-split.php" "Mozilla/5.0 AppleWebKit/537.36 (KHTML, like Gecko; compatible; GPTBot/1.4; +https://openai.com/gptbot)"
74.7.227.0 - - [10/Jun/2026:07:30:17 +0000] "GET /?edit=/var/www/vhosts/mayaver.com/httpdocs/wp-content/themes/aihub/bbpress/loop-single-reply.php HTTP/1.1" 301 20480 "https://mayaver.com/?file=/var/www/vhosts/mayaver.com/httpdocs/wp-content/themes/aihub/bbpress" "Mozilla/5.0 AppleWebKit/537.36 (KHTML, like Gecko; compatible; GPTBot/1.4; +https://openai.com/gptbot)"
74.7.227.0 - - [10/Jun/2026:07:30:18 +0000] "GET /?edit=%2Fvar%2Fwww%2Fvhosts%2Fmayaver.com%2Fhttpdocs%2Fwp-content%2Fthemes%2Faihub%2Fbbpress%2Floop-single-reply.php HTTP/1.1" 200 39644 "https://mayaver.com/?edit=/var/www/vhosts/mayaver.com/httpdocs/wp-content/themes/aihub/bbpress/loop-single-reply.php" "Mozilla/5.0 AppleWebKit/537.36 (KHTML, like Gecko; compatible; GPTBot/1.4; +https://openai.com/gptbot)"
74.7.227.0 - - [10/Jun/2026:07:30:20 +0000] "GET /?file=/var/www/vhosts/mayaver.com/httpdocs/wp-content/themes/aihub/bbpress/form-topic-merge.php HTTP/1.1" 301 4175 "https://mayaver.com/?file=/var/www/vhosts/mayaver.com/httpdocs/wp-content/themes/aihub/bbpress" "Mozilla/5.0 AppleWebKit/537.36 (KHTML, like Gecko; compatible; GPTBot/1.4; +https://openai.com/gptbot)"
216.73.217.123 - - [10/Jun/2026:07:30:20 +0000] "GET /products/copenhagen-studios-cph40-sneakers/15609177/ HTTP/1.1" 404 115176 "-" "Mozilla/5.0 AppleWebKit/537.36 (KHTML, like Gecko; compatible; ClaudeBot/1.0; +claudebot@anthropic.com)"
216.73.217.123 - - [10/Jun/2026:07:30:20 +0000] "GET /products/dsquared2-genuine-leather-backpack-with-nylon/42105345/ HTTP/1.1" 404 115176 "-" "Mozilla/5.0 AppleWebKit/537.36 (KHTML, like Gecko; compatible; ClaudeBot/1.0; +claudebot@anthropic.com)"
74.7.227.0 - - [10/Jun/2026:07:30:21 +0000] "GET /?file=%2Fvar%2Fwww%2Fvhosts%2Fmayaver.com%2Fhttpdocs%2Fwp-content%2Fthemes%2Faihub%2Fbbpress%2Fform-topic-merge.php HTTP/1.1" 200 38196 "https://mayaver.com/?file=/var/www/vhosts/mayaver.com/httpdocs/wp-content/themes/aihub/bbpress/form-topic-merge.php" "Mozilla/5.0 AppleWebKit/537.36 (KHTML, like Gecko; compatible; GPTBot/1.4; +https://openai.com/gptbot)"
74.7.227.0 - - [10/Jun/2026:07:30:22 +0000] "GET /?file=%2Fvar%2Fwww%2Fvhosts%2Fmayaver.com%2Fhttpdocs%2Fwp-content%2Fthemes%2Faihub%2Fbbpress%2Floop-search.php HTTP/1.1" 200 38192 "https://mayaver.com/?file=/var/www/vhosts/mayaver.com/httpdocs/wp-content/themes/aihub/bbpress/loop-search.php" "Mozilla/5.0 AppleWebKit/537.36 (KHTML, like Gecko; compatible; GPTBot/1.4; +https://openai.com/gptbot)"
74.7.227.0 - - [10/Jun/2026:07:30:24 +0000] "GET /?file=/var/www/vhosts/mayaver.com/httpdocs/wp-content/themes/aihub/bbpress/loop-single-topic.php HTTP/1.1" 301 4177 "https://mayaver.com/?file=/var/www/vhosts/mayaver.com/httpdocs/wp-content/themes/aihub/bbpress" "Mozilla/5.0 AppleWebKit/537.36 (KHTML, like Gecko; compatible; GPTBot/1.4; +https://openai.com/gptbot)"
74.7.227.0 - - [10/Jun/2026:07:30:24 +0000] "GET /?file=%2Fvar%2Fwww%2Fvhosts%2Fmayaver.com%2Fhttpdocs%2Fwp-content%2Fthemes%2Faihub%2Fbbpress%2Floop-single-topic.php HTTP/1.1" 200 38197 "https://mayaver.com/?file=/var/www/vhosts/mayaver.com/httpdocs/wp-content/themes/aihub/bbpress/loop-single-topic.php" "Mozilla/5.0 AppleWebKit/537.36 (KHTML, like Gecko; compatible; GPTBot/1.4; +https://openai.com/gptbot)"
74.7.227.0 - - [10/Jun/2026:07:30:26 +0000] "GET /?file=/var/www/vhosts/mayaver.com/httpdocs/wp-content/themes/aihub/bbpress/form-reply-move.php HTTP/1.1" 301 4173 "https://mayaver.com/?file=/var/www/vhosts/mayaver.com/httpdocs/wp-content/themes/aihub/bbpress" "Mozilla/5.0 AppleWebKit/537.36 (KHTML, like Gecko; compatible; GPTBot/1.4; +https://openai.com/gptbot)"
74.7.227.0 - - [10/Jun/2026:07:30:27 +0000] "GET /?file=%2Fvar%2Fwww%2Fvhosts%2Fmayaver.com%2Fhttpdocs%2Fwp-content%2Fthemes%2Faihub%2Fbbpress%2Fform-reply-move.php HTTP/1.1" 200 38195 "https://mayaver.com/?file=/var/www/vhosts/mayaver.com/httpdocs/wp-content/themes/aihub/bbpress/form-reply-move.php" "Mozilla/5.0 AppleWebKit/537.36 (KHTML, like Gecko; compatible; GPTBot/1.4; +https://openai.com/gptbot)"
216.73.217.123 - - [10/Jun/2026:07:30:28 +0000] "GET /products/wxyz-workshop-long-sleeve-tshirt/27852825/ HTTP/1.1" 404 115176 "-" "Mozilla/5.0 AppleWebKit/537.36 (KHTML, like Gecko; compatible; ClaudeBot/1.0; +claudebot@anthropic.com)"
216.73.217.123 - - [10/Jun/2026:07:30:28 +0000] "GET /products/grey-japanese-style-puffer-jacket/19191273/ HTTP/1.1" 404 115176 "-" "Mozilla/5.0 AppleWebKit/537.36 (KHTML, like Gecko; compatible; ClaudeBot/1.0; +claudebot@anthropic.com)"
74.7.227.0 - - [10/Jun/2026:07:30:28 +0000] "GET /?edit=%2Fvar%2Fwww%2Fvhosts%2Fmayaver.com%2Fhttpdocs%2Fwp-content%2Fthemes%2Faihub%2Fbbpress%2Fform-user-register.php HTTP/1.1" 200 39638 "https://mayaver.com/?edit=/var/www/vhosts/mayaver.com/httpdocs/wp-content/themes/aihub/bbpress/form-user-register.php" "Mozilla/5.0 AppleWebKit/537.36 (KHTML, like Gecko; compatible; GPTBot/1.4; +https://openai.com/gptbot)"
74.7.227.0 - - [10/Jun/2026:07:30:30 +0000] "GET /?file=/var/www/vhosts/mayaver.com/httpdocs/wp-content/themes/aihub/bbpress/loop-single-reply.php HTTP/1.1" 301 4177 "https://mayaver.com/?file=/var/www/vhosts/mayaver.com/httpdocs/wp-content/themes/aihub/bbpress" "Mozilla/5.0 AppleWebKit/537.36 (KHTML, like Gecko; compatible; GPTBot/1.4; +https://openai.com/gptbot)"
139.84.174.118 - - [10/Jun/2026:07:30:31 +0000] "POST /wp-cron.php?doing_wp_cron=1781076631.5887289047241210937500 HTTP/1.1" 403 4358 "-" "WordPress/6.5.8; https://mayaver.com"
74.7.227.0 - - [10/Jun/2026:07:30:31 +0000] "GET /?file=%2Fvar%2Fwww%2Fvhosts%2Fmayaver.com%2Fhttpdocs%2Fwp-content%2Fthemes%2Faihub%2Fbbpress%2Floop-single-reply.php HTTP/1.1" 200 38198 "https://mayaver.com/?file=/var/www/vhosts/mayaver.com/httpdocs/wp-content/themes/aihub/bbpress/loop-single-reply.php" "Mozilla/5.0 AppleWebKit/537.36 (KHTML, like Gecko; compatible; GPTBot/1.4; +https://openai.com/gptbot)"
74.7.227.0 - - [10/Jun/2026:07:30:32 +0000] "GET /?rename=%2Fvar%2Fwww%2Fvhosts%2Fmayaver.com%2Fhttpdocs%2Fwp-content%2Fthemes%2Faihub%2Fbbpress%2Floop-single-reply.php HTTP/1.1" 200 39088 "https://mayaver.com/?rename=/var/www/vhosts/mayaver.com/httpdocs/wp-content/themes/aihub/bbpress/loop-single-reply.php" "Mozilla/5.0 AppleWebKit/537.36 (KHTML, like Gecko; compatible; GPTBot/1.4; +https://openai.com/gptbot)"
74.7.227.0 - - [10/Jun/2026:07:30:34 +0000] "GET /?view=/var/www/vhosts/mayaver.com/httpdocs/wp-content/themes/aihub/bbpress/pagination-replies.php HTTP/1.1" 200 3778 "https://mayaver.com/?file=/var/www/vhosts/mayaver.com/httpdocs/wp-content/themes/aihub/bbpress" "Mozilla/5.0 AppleWebKit/537.36 (KHTML, like Gecko; compatible; GPTBot/1.4; +https://openai.com/gptbot)"
74.7.227.0 - - [10/Jun/2026:07:30:34 +0000] "GET /?file=/var/www/vhosts/mayaver.com/httpdocs/wp-content/themes/aihub/bbpress/loop-topics.php HTTP/1.1" 301 4165 "https://mayaver.com/?file=/var/www/vhosts/mayaver.com/httpdocs/wp-content/themes/aihub/bbpress" "Mozilla/5.0 AppleWebKit/537.36 (KHTML, like Gecko; compatible; GPTBot/1.4; +https://openai.com/gptbot)"
74.7.227.0 - - [10/Jun/2026:07:30:35 +0000] "GET /?file=%2Fvar%2Fwww%2Fvhosts%2Fmayaver.com%2Fhttpdocs%2Fwp-content%2Fthemes%2Faihub%2Fbbpress%2Floop-topics.php HTTP/1.1" 200 38194 "https://mayaver.com/?file=/var/www/vhosts/mayaver.com/httpdocs/wp-content/themes/aihub/bbpress/loop-topics.php" "Mozilla/5.0 AppleWebKit/537.36 (KHTML, like Gecko; compatible; GPTBot/1.4; +https://openai.com/gptbot)"
216.73.217.123 - - [10/Jun/2026:07:30:35 +0000] "GET /products/vintage-street-loose-work-jacket-coat/79786689/ HTTP/1.1" 404 115176 "-" "Mozilla/5.0 AppleWebKit/537.36 (KHTML, like Gecko; compatible; ClaudeBot/1.0; +claudebot@anthropic.com)"
216.73.217.123 - - [10/Jun/2026:07:30:35 +0000] "GET /products/raf-simons-wide-leg-big-denim-pants/13603689/ HTTP/1.1" 404 115176 "-" "Mozilla/5.0 AppleWebKit/537.36 (KHTML, like Gecko; compatible; ClaudeBot/1.0; +claudebot@anthropic.com)"
57.141.2.35 - - [10/Jun/2026:07:30:36 +0000] "GET /products/louis-vuitton-mens-blue-loafers-size-41-yf/36562785/ HTTP/1.1" 404 115176 "-" "meta-externalagent/1.1 (+https://developers.facebook.com/docs/sharing/webmasters/crawler)"
74.7.227.0 - - [10/Jun/2026:07:30:37 +0000] "GET /?file=%2Fvar%2Fwww%2Fvhosts%2Fmayaver.com%2Fhttpdocs%2Fwp-content%2Fthemes%2Faihub%2Fbbpress%2Fform-topic-split.php HTTP/1.1" 200 38196 "https://mayaver.com/?file=/var/www/vhosts/mayaver.com/httpdocs/wp-content/themes/aihub/bbpress/form-topic-split.php" "Mozilla/5.0 AppleWebKit/537.36 (KHTML, like Gecko; compatible; GPTBot/1.4; +https://openai.com/gptbot)"
74.7.227.0 - - [10/Jun/2026:07:30:39 +0000] "GET /?edit=%2Fvar%2Fwww%2Fvhosts%2Fmayaver.com%2Fhttpdocs%2Fwp-content%2Fthemes%2Faihub%2Fbbpress%2Floop-single-reply.php HTTP/1.1" 200 39644 "https://mayaver.com/?edit=/var/www/vhosts/mayaver.com/httpdocs/wp-content/themes/aihub/bbpress/loop-single-reply.php" "Mozilla/5.0 AppleWebKit/537.36 (KHTML, like Gecko; compatible; GPTBot/1.4; +https://openai.com/gptbot)"
57.141.2.12 - - [10/Jun/2026:07:30:40 +0000] "GET /products/ralph-lauren-handkerchief-bandana-neckerchief-c658/31310913/ HTTP/1.1" 404 115167 "-" "meta-externalagent/1.1 (+https://developers.facebook.com/docs/sharing/webmasters/crawler)"
74.7.227.0 - - [10/Jun/2026:07:30:40 +0000] "GET /?file=%2Fvar%2Fwww%2Fvhosts%2Fmayaver.com%2Fhttpdocs%2Fwp-content%2Fthemes%2Faihub%2Fbbpress%2Fform-topic-merge.php HTTP/1.1" 200 38196 "https://mayaver.com/?file=/var/www/vhosts/mayaver.com/httpdocs/wp-content/themes/aihub/bbpress/form-topic-merge.php" "Mozilla/5.0 AppleWebKit/537.36 (KHTML, like Gecko; compatible; GPTBot/1.4; +https://openai.com/gptbot)"
74.7.227.0 - - [10/Jun/2026:07:30:42 +0000] "GET /?view=/var/www/vhosts/mayaver.com/httpdocs/wp-content/themes/aihub/bbpress/pagination-search.php HTTP/1.1" 200 3767 "https://mayaver.com/?file=/var/www/vhosts/mayaver.com/httpdocs/wp-content/themes/aihub/bbpress" "Mozilla/5.0 AppleWebKit/537.36 (KHTML, like Gecko; compatible; GPTBot/1.4; +https://openai.com/gptbot)"
74.7.227.0 - - [10/Jun/2026:07:30:42 +0000] "GET /?edit=/var/www/vhosts/mayaver.com/httpdocs/wp-content/themes/aihub/bbpress/loop-forums.php HTTP/1.1" 301 19609 "https://mayaver.com/?file=/var/www/vhosts/mayaver.com/httpdocs/wp-content/themes/aihub/bbpress" "Mozilla/5.0 AppleWebKit/537.36 (KHTML, like Gecko; compatible; GPTBot/1.4; +https://openai.com/gptbot)"
74.7.227.0 - - [10/Jun/2026:07:30:43 +0000] "GET /?edit=%2Fvar%2Fwww%2Fvhosts%2Fmayaver.com%2Fhttpdocs%2Fwp-content%2Fthemes%2Faihub%2Fbbpress%2Floop-forums.php HTTP/1.1" 200 39529 "https://mayaver.com/?edit=/var/www/vhosts/mayaver.com/httpdocs/wp-content/themes/aihub/bbpress/loop-forums.php" "Mozilla/5.0 AppleWebKit/537.36 (KHTML, like Gecko; compatible; GPTBot/1.4; +https://openai.com/gptbot)"
74.7.227.0 - - [10/Jun/2026:07:30:44 +0000] "GET /?file=%2Fvar%2Fwww%2Fvhosts%2Fmayaver.com%2Fhttpdocs%2Fwp-content%2Fthemes%2Faihub%2Fbbpress%2Fform-reply-move.php HTTP/1.1" 200 38195 "https://mayaver.com/?file=/var/www/vhosts/mayaver.com/httpdocs/wp-content/themes/aihub/bbpress/form-reply-move.php" "Mozilla/5.0 AppleWebKit/537.36 (KHTML, like Gecko; compatible; GPTBot/1.4; +https://openai.com/gptbot)"
74.7.227.0 - - [10/Jun/2026:07:30:46 +0000] "GET /?edit=/var/www/vhosts/mayaver.com/httpdocs/wp-content/themes/aihub/bbpress/form-topic.php HTTP/1.1" 301 28478 "https://mayaver.com/?file=/var/www/vhosts/mayaver.com/httpdocs/wp-content/themes/aihub/bbpress" "Mozilla/5.0 AppleWebKit/537.36 (KHTML, like Gecko; compatible; GPTBot/1.4; +https://openai.com/gptbot)"
74.7.227.0 - - [10/Jun/2026:07:30:46 +0000] "GET /?edit=%2Fvar%2Fwww%2Fvhosts%2Fmayaver.com%2Fhttpdocs%2Fwp-content%2Fthemes%2Faihub%2Fbbpress%2Fform-topic.php HTTP/1.1" 200 40955 "https://mayaver.com/?edit=/var/www/vhosts/mayaver.com/httpdocs/wp-content/themes/aihub/bbpress/form-topic.php" "Mozilla/5.0 AppleWebKit/537.36 (KHTML, like Gecko; compatible; GPTBot/1.4; +https://openai.com/gptbot)"
74.7.227.0 - - [10/Jun/2026:07:30:48 +0000] "GET /?file=%2Fvar%2Fwww%2Fvhosts%2Fmayaver.com%2Fhttpdocs%2Fwp-content%2Fthemes%2Faihub%2Fbbpress%2Floop-single-reply.php HTTP/1.1" 200 38198 "https://mayaver.com/?file=/var/www/vhosts/mayaver.com/httpdocs/wp-content/themes/aihub/bbpress/loop-single-reply.php" "Mozilla/5.0 AppleWebKit/537.36 (KHTML, like Gecko; compatible; GPTBot/1.4; +https://openai.com/gptbot)"
74.7.227.0 - - [10/Jun/2026:07:30:49 +0000] "GET /?view=/var/www/vhosts/mayaver.com/httpdocs/wp-content/themes/aihub/bbpress/loop-search.php HTTP/1.1" 200 3925 "https://mayaver.com/?file=/var/www/vhosts/mayaver.com/httpdocs/wp-content/themes/aihub/bbpress" "Mozilla/5.0 AppleWebKit/537.36 (KHTML, like Gecko; compatible; GPTBot/1.4; +https://openai.com/gptbot)"
74.7.227.0 - - [10/Jun/2026:07:30:50 +0000] "GET /?view=/var/www/vhosts/mayaver.com/httpdocs/wp-content/themes/aihub/bbpress/form-search.php HTTP/1.1" 200 3885 "https://mayaver.com/?file=/var/www/vhosts/mayaver.com/httpdocs/wp-content/themes/aihub/bbpress" "Mozilla/5.0 AppleWebKit/537.36 (KHTML, like Gecko; compatible; GPTBot/1.4; +https://openai.com/gptbot)"
74.7.227.0 - - [10/Jun/2026:07:30:50 +0000] "GET /?file=%2Fvar%2Fwww%2Fvhosts%2Fmayaver.com%2Fhttpdocs%2Fwp-content%2Fthemes%2Faihub%2Fbbpress%2Floop-topics.php HTTP/1.1" 200 38194 "https://mayaver.com/?file=/var/www/vhosts/mayaver.com/httpdocs/wp-content/themes/aihub/bbpress/loop-topics.php" "Mozilla/5.0 AppleWebKit/537.36 (KHTML, like Gecko; compatible; GPTBot/1.4; +https://openai.com/gptbot)"
74.7.227.0 - - [10/Jun/2026:07:30:52 +0000] "GET /?file=/var/www/vhosts/mayaver.com/httpdocs/wp-content/themes/aihub/bbpress/form-topic-tag.php HTTP/1.1" 301 4171 "https://mayaver.com/?file=/var/www/vhosts/mayaver.com/httpdocs/wp-content/themes/aihub/bbpress" "Mozilla/5.0 AppleWebKit/537.36 (KHTML, like Gecko; compatible; GPTBot/1.4; +https://openai.com/gptbot)"
74.7.227.0 - - [10/Jun/2026:07:30:52 +0000] "GET /?file=%2Fvar%2Fwww%2Fvhosts%2Fmayaver.com%2Fhttpdocs%2Fwp-content%2Fthemes%2Faihub%2Fbbpress%2Fform-topic-tag.php HTTP/1.1" 200 38194 "https://mayaver.com/?file=/var/www/vhosts/mayaver.com/httpdocs/wp-content/themes/aihub/bbpress/form-topic-tag.php" "Mozilla/5.0 AppleWebKit/537.36 (KHTML, like Gecko; compatible; GPTBot/1.4; +https://openai.com/gptbot)"
74.7.227.0 - - [10/Jun/2026:07:30:54 +0000] "GET /wp-json/oembed/1.0/embed?rename=/var/www/vhosts/mayaver.com/httpdocs/wp-content/themes/aihub/tag.php HTTP/1.1" 400 18411 "https://mayaver.com/wp-json/oembed/1.0/embed?format=xml&url=https%3A%2F%2Fmayaver.com%2Fcity-apartment%2F" "Mozilla/5.0 AppleWebKit/537.36 (KHTML, like Gecko; compatible; GPTBot/1.4; +https://openai.com/gptbot)"
74.7.227.0 - - [10/Jun/2026:07:30:54 +0000] "GET /studio-room/?view=/var/www/vhosts/mayaver.com/httpdocs/wp-content/themes/aihub/sidebar.php HTTP/1.1" 200 3635 "https://mayaver.com/studio-room/" "Mozilla/5.0 AppleWebKit/537.36 (KHTML, like Gecko; compatible; GPTBot/1.4; +https://openai.com/gptbot)"
74.7.227.0 - - [10/Jun/2026:07:30:55 +0000] "GET /city-apartment/?view=/var/www/vhosts/mayaver.com/httpdocs/wp-content/themes/aihub/sidebar.php HTTP/1.1" 200 3635 "https://mayaver.com/city-apartment/" "Mozilla/5.0 AppleWebKit/537.36 (KHTML, like Gecko; compatible; GPTBot/1.4; +https://openai.com/gptbot)"
57.141.2.1 - - [10/Jun/2026:07:30:55 +0000] "GET /products/vintage-foxhead-knitting-mills-wool-pullover-henley-knit-r/41612001/ HTTP/1.1" 404 115176 "-" "meta-externalagent/1.1 (+https://developers.facebook.com/docs/sharing/webmasters/crawler)"
74.7.227.0 - - [10/Jun/2026:07:30:55 +0000] "GET /?edit=%2Fvar%2Fwww%2Fvhosts%2Fmayaver.com%2Fhttpdocs%2Fwp-content%2Fthemes%2Faihub%2Fbbpress%2Floop-forums.php HTTP/1.1" 200 39529 "https://mayaver.com/?edit=/var/www/vhosts/mayaver.com/httpdocs/wp-content/themes/aihub/bbpress/loop-forums.php" "Mozilla/5.0 AppleWebKit/537.36 (KHTML, like Gecko; compatible; GPTBot/1.4; +https://openai.com/gptbot)"
74.7.227.0 - - [10/Jun/2026:07:30:57 +0000] "GET /art-exhibition/?view=/var/www/vhosts/mayaver.com/httpdocs/wp-content/themes/aihub/header.php HTTP/1.1" 200 4514 "https://mayaver.com/art-exhibition/" "Mozilla/5.0 AppleWebKit/537.36 (KHTML, like Gecko; compatible; GPTBot/1.4; +https://openai.com/gptbot)"
74.7.227.0 - - [10/Jun/2026:07:30:58 +0000] "GET /?edit=%2Fvar%2Fwww%2Fvhosts%2Fmayaver.com%2Fhttpdocs%2Fwp-content%2Fthemes%2Faihub%2Fbbpress%2Fform-topic.php HTTP/1.1" 200 40955 "https://mayaver.com/?edit=/var/www/vhosts/mayaver.com/httpdocs/wp-content/themes/aihub/bbpress/form-topic.php" "Mozilla/5.0 AppleWebKit/537.36 (KHTML, like Gecko; compatible; GPTBot/1.4; +https://openai.com/gptbot)"
74.7.227.0 - - [10/Jun/2026:07:30:59 +0000] "GET /penthouse/?view=/var/www/vhosts/mayaver.com/httpdocs/wp-content/themes/aihub/single.php HTTP/1.1" 200 4005 "https://mayaver.com/penthouse/" "Mozilla/5.0 AppleWebKit/537.36 (KHTML, like Gecko; compatible; GPTBot/1.4; +https://openai.com/gptbot)"
74.7.227.0 - - [10/Jun/2026:07:31:00 +0000] "GET /yoga-room/?view=/var/www/vhosts/mayaver.com/httpdocs/wp-content/themes/aihub/footer.php HTTP/1.1" 200 4045 "https://mayaver.com/yoga-room/" "Mozilla/5.0 AppleWebKit/537.36 (KHTML, like Gecko; compatible; GPTBot/1.4; +https://openai.com/gptbot)"
57.141.2.62 - - [10/Jun/2026:07:31:00 +0000] "GET /products/samedi-dimanche-tyrol-alpaca-loden-new-wool-coat-jacket/56267625/ HTTP/1.1" 404 115167 "-" "meta-externalagent/1.1 (+https://developers.facebook.com/docs/sharing/webmasters/crawler)"
74.7.227.0 - - [10/Jun/2026:07:31:00 +0000] "GET /classroom/?view=/var/www/vhosts/mayaver.com/httpdocs/wp-content/themes/aihub/footer.php HTTP/1.1" 200 4045 "https://mayaver.com/classroom/" "Mozilla/5.0 AppleWebKit/537.36 (KHTML, like Gecko; compatible; GPTBot/1.4; +https://openai.com/gptbot)"
74.7.227.0 - - [10/Jun/2026:07:31:01 +0000] "GET /plots/?view=/var/www/vhosts/mayaver.com/httpdocs/wp-content/themes/aihub/sidebar.php HTTP/1.1" 200 3635 "https://mayaver.com/plots/" "Mozilla/5.0 AppleWebKit/537.36 (KHTML, like Gecko; compatible; GPTBot/1.4; +https://openai.com/gptbot)"
74.7.227.0 - - [10/Jun/2026:07:31:01 +0000] "GET /?file=%2Fvar%2Fwww%2Fvhosts%2Fmayaver.com%2Fhttpdocs%2Fwp-content%2Fthemes%2Faihub%2Fbbpress%2Fform-topic-tag.php HTTP/1.1" 200 38194 "https://mayaver.com/?file=/var/www/vhosts/mayaver.com/httpdocs/wp-content/themes/aihub/bbpress/form-topic-tag.php" "Mozilla/5.0 AppleWebKit/537.36 (KHTML, like Gecko; compatible; GPTBot/1.4; +https://openai.com/gptbot)"
74.7.227.0 - - [10/Jun/2026:07:31:03 +0000] "GET /yoga-room/?view=/var/www/vhosts/mayaver.com/httpdocs/wp-content/themes/aihub/header.php HTTP/1.1" 200 4514 "https://mayaver.com/yoga-room/" "Mozilla/5.0 AppleWebKit/537.36 (KHTML, like Gecko; compatible; GPTBot/1.4; +https://openai.com/gptbot)"
74.7.227.0 - - [10/Jun/2026:07:31:03 +0000] "GET /movie-theater/?view=/var/www/vhosts/mayaver.com/httpdocs/wp-content/themes/aihub/single.php HTTP/1.1" 200 4005 "https://mayaver.com/movie-theater/" "Mozilla/5.0 AppleWebKit/537.36 (KHTML, like Gecko; compatible; GPTBot/1.4; +https://openai.com/gptbot)"
74.7.227.0 - - [10/Jun/2026:07:31:04 +0000] "GET /classroom/?view=/var/www/vhosts/mayaver.com/httpdocs/wp-content/themes/aihub/sidebar.php HTTP/1.1" 200 3635 "https://mayaver.com/classroom/" "Mozilla/5.0 AppleWebKit/537.36 (KHTML, like Gecko; compatible; GPTBot/1.4; +https://openai.com/gptbot)"
57.141.2.42 - - [10/Jun/2026:07:31:04 +0000] "GET /products/st-john-pants-womens-size-12-straight-leg-navy-flat-front-ch/24910185/ HTTP/1.1" 404 115176 "-" "meta-externalagent/1.1 (+https://developers.facebook.com/docs/sharing/webmasters/crawler)"
74.7.227.0 - - [10/Jun/2026:07:31:04 +0000] "GET /temple-space/?view=/var/www/vhosts/mayaver.com/httpdocs/wp-content/themes/aihub/footer.php HTTP/1.1" 200 4045 "https://mayaver.com/temple-space/" "Mozilla/5.0 AppleWebKit/537.36 (KHTML, like Gecko; compatible; GPTBot/1.4; +https://openai.com/gptbot)"
74.7.227.0 - - [10/Jun/2026:07:31:05 +0000] "GET /villa-space/?view=/var/www/vhosts/mayaver.com/httpdocs/wp-content/themes/aihub/header.php HTTP/1.1" 200 4514 "https://mayaver.com/villa-space/" "Mozilla/5.0 AppleWebKit/537.36 (KHTML, like Gecko; compatible; GPTBot/1.4; +https://openai.com/gptbot)"
74.7.227.0 - - [10/Jun/2026:07:31:05 +0000] "GET /art-museum/?view=/var/www/vhosts/mayaver.com/httpdocs/wp-content/themes/aihub/footer.php HTTP/1.1" 200 4045 "https://mayaver.com/art-museum/" "Mozilla/5.0 AppleWebKit/537.36 (KHTML, like Gecko; compatible; GPTBot/1.4; +https://openai.com/gptbot)"
74.7.227.0 - - [10/Jun/2026:07:31:06 +0000] "GET /faqs/?view=/var/www/vhosts/mayaver.com/httpdocs/wp-content/themes/aihub/footer.php HTTP/1.1" 200 4045 "https://mayaver.com/faqs/" "Mozilla/5.0 AppleWebKit/537.36 (KHTML, like Gecko; compatible; GPTBot/1.4; +https://openai.com/gptbot)"
74.7.227.0 - - [10/Jun/2026:07:31:07 +0000] "GET /studio-room/?view=/var/www/vhosts/mayaver.com/httpdocs/wp-content/themes/aihub/footer.php HTTP/1.1" 200 4045 "https://mayaver.com/studio-room/" "Mozilla/5.0 AppleWebKit/537.36 (KHTML, like Gecko; compatible; GPTBot/1.4; +https://openai.com/gptbot)"
74.7.227.0 - - [10/Jun/2026:07:31:07 +0000] "GET /faqs/?view=/var/www/vhosts/mayaver.com/httpdocs/wp-content/themes/aihub/header.php HTTP/1.1" 200 4514 "https://mayaver.com/faqs/" "Mozilla/5.0 AppleWebKit/537.36 (KHTML, like Gecko; compatible; GPTBot/1.4; +https://openai.com/gptbot)"
74.7.227.0 - - [10/Jun/2026:07:31:08 +0000] "GET /?edit=/var/www/vhosts/mayaver.com/httpdocs/wp-content/themes/aihub/category.php HTTP/1.1" 301 18604 "https://mayaver.com/" "Mozilla/5.0 AppleWebKit/537.36 (KHTML, like Gecko; compatible; GPTBot/1.4; +https://openai.com/gptbot)"
74.7.227.0 - - [10/Jun/2026:07:31:08 +0000] "GET /?edit=%2Fvar%2Fwww%2Fvhosts%2Fmayaver.com%2Fhttpdocs%2Fwp-content%2Fthemes%2Faihub%2Fcategory.php HTTP/1.1" 200 39368 "https://mayaver.com/?edit=/var/www/vhosts/mayaver.com/httpdocs/wp-content/themes/aihub/category.php" "Mozilla/5.0 AppleWebKit/537.36 (KHTML, like Gecko; compatible; GPTBot/1.4; +https://openai.com/gptbot)"
74.7.227.0 - - [10/Jun/2026:07:31:10 +0000] "GET /?edit=/var/www/vhosts/mayaver.com/httpdocs/wp-content/themes/aihub/templates/blog/single/part-author.php HTTP/1.1" 301 20843 "https://mayaver.com/?file=/var/www/vhosts/mayaver.com/httpdocs/wp-content/themes/aihub/templates/blog/single" "Mozilla/5.0 AppleWebKit/537.36 (KHTML, like Gecko; compatible; GPTBot/1.4; +https://openai.com/gptbot)"
74.7.227.0 - - [10/Jun/2026:07:31:10 +0000] "GET /?edit=%2Fvar%2Fwww%2Fvhosts%2Fmayaver.com%2Fhttpdocs%2Fwp-content%2Fthemes%2Faihub%2Ftemplates%2Fblog%2Fsingle%2Fpart-author.php HTTP/1.1" 200 39822 "https://mayaver.com/?edit=/var/www/vhosts/mayaver.com/httpdocs/wp-content/themes/aihub/templates/blog/single/part-author.php" "Mozilla/5.0 AppleWebKit/537.36 (KHTML, like Gecko; compatible; GPTBot/1.4; +https://openai.com/gptbot)"
74.7.227.0 - - [10/Jun/2026:07:31:12 +0000] "GET /stage/?view=/var/www/vhosts/mayaver.com/httpdocs/wp-content/themes/aihub/sidebar.php HTTP/1.1" 200 3635 "https://mayaver.com/stage/" "Mozilla/5.0 AppleWebKit/537.36 (KHTML, like Gecko; compatible; GPTBot/1.4; +https://openai.com/gptbot)"
74.7.227.0 - - [10/Jun/2026:07:31:12 +0000] "GET /dome/?view=/var/www/vhosts/mayaver.com/httpdocs/wp-content/themes/aihub/functions.php HTTP/1.1" 200 4960 "https://mayaver.com/dome/" "Mozilla/5.0 AppleWebKit/537.36 (KHTML, like Gecko; compatible; GPTBot/1.4; +https://openai.com/gptbot)"
74.7.227.0 - - [10/Jun/2026:07:31:13 +0000] "GET /bowling-alley/?rename=/var/www/vhosts/mayaver.com/httpdocs/wp-content/themes/aihub/apple-touch-icon.png HTTP/1.1" 200 31191 "https://mayaver.com/bowling-alley/" "Mozilla/5.0 AppleWebKit/537.36 (KHTML, like Gecko; compatible; GPTBot/1.4; +https://openai.com/gptbot)"
216.73.217.123 - - [10/Jun/2026:07:31:13 +0000] "GET /products/fendi-polo-shirt-men-grey/9119841/ HTTP/1.1" 404 115176 "-" "Mozilla/5.0 AppleWebKit/537.36 (KHTML, like Gecko; compatible; ClaudeBot/1.0; +claudebot@anthropic.com)"
216.73.217.123 - - [10/Jun/2026:07:31:13 +0000] "GET /products/chrome-hearts-grommet-leather-card-case/55314657/ HTTP/1.1" 404 115167 "-" "Mozilla/5.0 AppleWebKit/537.36 (KHTML, like Gecko; compatible; ClaudeBot/1.0; +claudebot@anthropic.com)"
74.7.227.0 - - [10/Jun/2026:07:31:14 +0000] "GET /city-apartment/?file=/var/www/vhosts/mayaver.com/httpdocs/wp-content/themes/aihub/apple-touch-icon.png HTTP/1.1" 200 30364 "https://mayaver.com/city-apartment/" "Mozilla/5.0 AppleWebKit/537.36 (KHTML, like Gecko; compatible; GPTBot/1.4; +https://openai.com/gptbot)"
74.7.227.0 - - [10/Jun/2026:07:31:16 +0000] "GET /art-exhibition/?rename=/var/www/vhosts/mayaver.com/httpdocs/wp-content/themes/aihub/apple-touch-icon.png HTTP/1.1" 200 31206 "https://mayaver.com/art-exhibition/" "Mozilla/5.0 AppleWebKit/537.36 (KHTML, like Gecko; compatible; GPTBot/1.4; +https://openai.com/gptbot)"
74.7.227.0 - - [10/Jun/2026:07:31:17 +0000] "GET /lounge-party/?rename=/var/www/vhosts/mayaver.com/httpdocs/wp-content/themes/aihub/apple-touch-icon.png HTTP/1.1" 200 31179 "https://mayaver.com/lounge-party/" "Mozilla/5.0 AppleWebKit/537.36 (KHTML, like Gecko; compatible; GPTBot/1.4; +https://openai.com/gptbot)"
74.7.227.0 - - [10/Jun/2026:07:31:18 +0000] "GET /kakanmath-temple/?edit=/var/www/vhosts/mayaver.com/httpdocs/wp-content/themes/aihub/apple-touch-icon.png HTTP/1.1" 200 32110 "https://mayaver.com/kakanmath-temple/" "Mozilla/5.0 AppleWebKit/537.36 (KHTML, like Gecko; compatible; GPTBot/1.4; +https://openai.com/gptbot)"
216.73.217.123 - - [10/Jun/2026:07:31:19 +0000] "GET /products/ds-ss24-diesel-d-chino-work-rubber-trousers/40762929/ HTTP/1.1" 404 115176 "-" "Mozilla/5.0 AppleWebKit/537.36 (KHTML, like Gecko; compatible; ClaudeBot/1.0; +claudebot@anthropic.com)"
216.73.217.123 - - [10/Jun/2026:07:31:19 +0000] "GET /products/studio-nicholson-wide-leg-corduroy-trousers/24245697/ HTTP/1.1" 404 115176 "-" "Mozilla/5.0 AppleWebKit/537.36 (KHTML, like Gecko; compatible; ClaudeBot/1.0; +claudebot@anthropic.com)"
74.7.227.0 - - [10/Jun/2026:07:31:19 +0000] "GET /art-exhibition/?edit=/var/www/vhosts/mayaver.com/httpdocs/wp-content/themes/aihub/apple-touch-icon.png HTTP/1.1" 200 31779 "https://mayaver.com/art-exhibition/" "Mozilla/5.0 AppleWebKit/537.36 (KHTML, like Gecko; compatible; GPTBot/1.4; +https://openai.com/gptbot)"
74.7.227.0 - - [10/Jun/2026:07:31:21 +0000] "GET /cafe-auditorium/?edit=/var/www/vhosts/mayaver.com/httpdocs/wp-content/themes/aihub/apple-touch-icon.png HTTP/1.1" 200 31846 "https://mayaver.com/cafe-auditorium/" "Mozilla/5.0 AppleWebKit/537.36 (KHTML, like Gecko; compatible; GPTBot/1.4; +https://openai.com/gptbot)"
74.7.227.0 - - [10/Jun/2026:07:31:22 +0000] "GET /?edit=%2Fvar%2Fwww%2Fvhosts%2Fmayaver.com%2Fhttpdocs%2Fwp-content%2Fthemes%2Faihub%2Ftemplates%2Fblog%2Fsingle%2Fpart-author.php HTTP/1.1" 200 39822 "https://mayaver.com/?edit=/var/www/vhosts/mayaver.com/httpdocs/wp-content/themes/aihub/templates/blog/single/part-author.php" "Mozilla/5.0 AppleWebKit/537.36 (KHTML, like Gecko; compatible; GPTBot/1.4; +https://openai.com/gptbot)"
74.7.227.0 - - [10/Jun/2026:07:31:24 +0000] "GET /conference-room/?file=/var/www/vhosts/mayaver.com/httpdocs/wp-content/themes/aihub/apple-touch-icon.png HTTP/1.1" 200 30567 "https://mayaver.com/conference-room/" "Mozilla/5.0 AppleWebKit/537.36 (KHTML, like Gecko; compatible; GPTBot/1.4; +https://openai.com/gptbot)"
74.7.227.0 - - [10/Jun/2026:07:31:25 +0000] "GET /fantasy-plot/?rename=/var/www/vhosts/mayaver.com/httpdocs/wp-content/themes/aihub/apple-touch-icon.png HTTP/1.1" 200 31158 "https://mayaver.com/fantasy-plot/" "Mozilla/5.0 AppleWebKit/537.36 (KHTML, like Gecko; compatible; GPTBot/1.4; +https://openai.com/gptbot)"
74.7.227.0 - - [10/Jun/2026:07:31:26 +0000] "GET /dome/?view=%27.$file.%27 HTTP/1.1" 200 31248 "https://mayaver.com/dome/?view=/var/www/vhosts/mayaver.com/httpdocs/wp-content/themes/aihub/functions.php" "Mozilla/5.0 AppleWebKit/537.36 (KHTML, like Gecko; compatible; GPTBot/1.4; +https://openai.com/gptbot)"
74.7.227.0 - - [10/Jun/2026:07:31:27 +0000] "GET /dome/?rename=%27.$file.%27 HTTP/1.1" 200 31248 "https://mayaver.com/dome/?view=/var/www/vhosts/mayaver.com/httpdocs/wp-content/themes/aihub/functions.php" "Mozilla/5.0 AppleWebKit/537.36 (KHTML, like Gecko; compatible; GPTBot/1.4; +https://openai.com/gptbot)"
74.7.227.0 - - [10/Jun/2026:07:31:28 +0000] "GET /dome/?edit=%27.$file.%27 HTTP/1.1" 200 31248 "https://mayaver.com/dome/?view=/var/www/vhosts/mayaver.com/httpdocs/wp-content/themes/aihub/functions.php" "Mozilla/5.0 AppleWebKit/537.36 (KHTML, like Gecko; compatible; GPTBot/1.4; +https://openai.com/gptbot)"
74.7.227.0 - - [10/Jun/2026:07:31:29 +0000] "GET /dome/?file=%27.updir($path).%27 HTTP/1.1" 200 30427 "https://mayaver.com/dome/?view=/var/www/vhosts/mayaver.com/httpdocs/wp-content/themes/aihub/functions.php" "Mozilla/5.0 AppleWebKit/537.36 (KHTML, like Gecko; compatible; GPTBot/1.4; +https://openai.com/gptbot)"
74.7.227.0 - - [10/Jun/2026:07:31:30 +0000] "GET /dome/?file=%27.$file.%27 HTTP/1.1" 200 30421 "https://mayaver.com/dome/?view=/var/www/vhosts/mayaver.com/httpdocs/wp-content/themes/aihub/functions.php" "Mozilla/5.0 AppleWebKit/537.36 (KHTML, like Gecko; compatible; GPTBot/1.4; +https://openai.com/gptbot)"
139.84.174.118 - - [10/Jun/2026:07:31:32 +0000] "POST /wp-cron.php?doing_wp_cron=1781076692.2392868995666503906250 HTTP/1.1" 403 4358 "-" "WordPress/6.5.8; https://mayaver.com"
74.7.227.0 - - [10/Jun/2026:07:31:32 +0000] "GET /tree-house-space/?file=/var/www/vhosts/mayaver.com/httpdocs/wp-content/themes/aihub/apple-touch-icon.png HTTP/1.1" 200 29782 "https://mayaver.com/tree-house-space/" "Mozilla/5.0 AppleWebKit/537.36 (KHTML, like Gecko; compatible; GPTBot/1.4; +https://openai.com/gptbot)"
57.141.2.26 - - [10/Jun/2026:07:31:32 +0000] "GET /products/vintage-issey-miyake-pleated-backpack/16130241/ HTTP/1.1" 404 115167 "-" "meta-externalagent/1.1 (+https://developers.facebook.com/docs/sharing/webmasters/crawler)"
74.7.227.0 - - [10/Jun/2026:07:31:33 +0000] "GET /jagannath-temple/?edit=/var/www/vhosts/mayaver.com/httpdocs/wp-content/themes/aihub/apple-touch-icon.png HTTP/1.1" 200 32257 "https://mayaver.com/jagannath-temple/" "Mozilla/5.0 AppleWebKit/537.36 (KHTML, like Gecko; compatible; GPTBot/1.4; +https://openai.com/gptbot)"
74.7.227.0 - - [10/Jun/2026:07:31:34 +0000] "GET /terms-conditions/?edit=/var/www/vhosts/mayaver.com/httpdocs/wp-content/themes/aihub/tag.php HTTP/1.1" 200 26619 "https://mayaver.com/terms-conditions/" "Mozilla/5.0 AppleWebKit/537.36 (KHTML, like Gecko; compatible; GPTBot/1.4; +https://openai.com/gptbot)"
74.7.227.0 - - [10/Jun/2026:07:31:35 +0000] "GET /yacht-space/?rename=/var/www/vhosts/mayaver.com/httpdocs/wp-content/themes/aihub/apple-touch-icon.png HTTP/1.1" 200 31227 "https://mayaver.com/yacht-space/" "Mozilla/5.0 AppleWebKit/537.36 (KHTML, like Gecko; compatible; GPTBot/1.4; +https://openai.com/gptbot)"
74.7.227.0 - - [10/Jun/2026:07:31:36 +0000] "GET /art-museum/?rename=/var/www/vhosts/mayaver.com/httpdocs/wp-content/themes/aihub/apple-touch-icon.png HTTP/1.1" 200 31199 "https://mayaver.com/art-museum/" "Mozilla/5.0 AppleWebKit/537.36 (KHTML, like Gecko; compatible; GPTBot/1.4; +https://openai.com/gptbot)"
74.7.227.0 - - [10/Jun/2026:07:31:37 +0000] "GET /movie-theater/?edit=/var/www/vhosts/mayaver.com/httpdocs/wp-content/themes/aihub/apple-touch-icon.png HTTP/1.1" 200 31755 "https://mayaver.com/movie-theater/" "Mozilla/5.0 AppleWebKit/537.36 (KHTML, like Gecko; compatible; GPTBot/1.4; +https://openai.com/gptbot)"
74.7.227.0 - - [10/Jun/2026:07:31:38 +0000] "GET /temple-space/?edit=/var/www/vhosts/mayaver.com/httpdocs/wp-content/themes/aihub/apple-touch-icon.png HTTP/1.1" 200 31428 "https://mayaver.com/temple-space/" "Mozilla/5.0 AppleWebKit/537.36 (KHTML, like Gecko; compatible; GPTBot/1.4; +https://openai.com/gptbot)"
74.7.227.0 - - [10/Jun/2026:07:31:39 +0000] "GET /wp-json/oembed/1.0/embed?rename=/var/www/vhosts/mayaver.com/httpdocs/wp-content/themes/aihub/archive-liquid-portfolio.php HTTP/1.1" 400 18474 "https://mayaver.com/wp-json/oembed/1.0/embed?format=xml&url=https%3A%2F%2Fmayaver.com%2Fcity-apartment%2F" "Mozilla/5.0 AppleWebKit/537.36 (KHTML, like Gecko; compatible; GPTBot/1.4; +https://openai.com/gptbot)"
74.7.227.0 - - [10/Jun/2026:07:31:40 +0000] "GET /wp-json/oembed/1.0/embed?edit=/var/www/vhosts/mayaver.com/httpdocs/wp-content/themes/aihub/archive-liquid-portfolio.php HTTP/1.1" 400 19024 "https://mayaver.com/wp-json/oembed/1.0/embed?format=xml&url=https%3A%2F%2Fmayaver.com%2Fcity-apartment%2F" "Mozilla/5.0 AppleWebKit/537.36 (KHTML, like Gecko; compatible; GPTBot/1.4; +https://openai.com/gptbot)"
74.7.227.0 - - [10/Jun/2026:07:31:41 +0000] "GET /dome/?file HTTP/1.1" 200 30447 "https://mayaver.com/dome/?file=%27.updir($path).%27" "Mozilla/5.0 AppleWebKit/537.36 (KHTML, like Gecko; compatible; GPTBot/1.4; +https://openai.com/gptbot)"
74.7.227.0 - - [10/Jun/2026:07:31:42 +0000] "GET /plots/?file=/var/www/vhosts/mayaver.com/httpdocs/wp-content/themes/aihub/sidebar.php HTTP/1.1" 200 31071 "https://mayaver.com/plots/" "Mozilla/5.0 AppleWebKit/537.36 (KHTML, like Gecko; compatible; GPTBot/1.4; +https://openai.com/gptbot)"
74.7.227.0 - - [10/Jun/2026:07:31:43 +0000] "GET /stage/?file=/var/www/vhosts/mayaver.com/httpdocs/wp-content/themes/aihub/header.php HTTP/1.1" 200 30192 "https://mayaver.com/stage/" "Mozilla/5.0 AppleWebKit/537.36 (KHTML, like Gecko; compatible; GPTBot/1.4; +https://openai.com/gptbot)"
57.141.2.56 - - [10/Jun/2026:07:31:43 +0000] "GET /products/1940s-moleskin-french-chore-coat-jacket-dubure-devereche/9979689/ HTTP/1.1" 404 115176 "-" "meta-externalagent/1.1 (+https://developers.facebook.com/docs/sharing/webmasters/crawler)"
74.7.227.0 - - [10/Jun/2026:07:31:44 +0000] "GET /faqs/?edit=/var/www/vhosts/mayaver.com/httpdocs/wp-content/themes/aihub/footer.php HTTP/1.1" 200 29257 "https://mayaver.com/faqs/" "Mozilla/5.0 AppleWebKit/537.36 (KHTML, like Gecko; compatible; GPTBot/1.4; +https://openai.com/gptbot)"
74.7.227.0 - - [10/Jun/2026:07:31:45 +0000] "GET /stage/?file=/var/www/vhosts/mayaver.com/httpdocs/wp-content/themes/aihub/footer.php HTTP/1.1" 200 30192 "https://mayaver.com/stage/" "Mozilla/5.0 AppleWebKit/537.36 (KHTML, like Gecko; compatible; GPTBot/1.4; +https://openai.com/gptbot)"
216.73.217.123 - - [10/Jun/2026:07:31:46 +0000] "GET /products/diemme-leopard-print-everest-hiking-boots/12341937/ HTTP/1.1" 404 115176 "-" "Mozilla/5.0 AppleWebKit/537.36 (KHTML, like Gecko; compatible; ClaudeBot/1.0; +claudebot@anthropic.com)"
74.7.227.0 - - [10/Jun/2026:07:31:46 +0000] "GET /stage/?edit=/var/www/vhosts/mayaver.com/httpdocs/wp-content/themes/aihub/single.php HTTP/1.1" 200 31517 "https://mayaver.com/stage/" "Mozilla/5.0 AppleWebKit/537.36 (KHTML, like Gecko; compatible; GPTBot/1.4; +https://openai.com/gptbot)"
57.141.2.66 - - [10/Jun/2026:07:31:47 +0000] "GET /products/backpack/67681425/ HTTP/1.1" 404 115176 "-" "meta-externalagent/1.1 (+https://developers.facebook.com/docs/sharing/webmasters/crawler)"
74.7.227.0 - - [10/Jun/2026:07:31:47 +0000] "GET /dome/?file=/var/www/vhosts/mayaver.com/httpdocs/wp-content/themes/aihub/sidebar.php HTTP/1.1" 200 30421 "https://mayaver.com/dome/" "Mozilla/5.0 AppleWebKit/537.36 (KHTML, like Gecko; compatible; GPTBot/1.4; +https://openai.com/gptbot)"
74.7.227.0 - - [10/Jun/2026:07:31:49 +0000] "GET /dome/?edit=/var/www/vhosts/mayaver.com/httpdocs/wp-content/themes/aihub/single.php HTTP/1.1" 200 31747 "https://mayaver.com/dome/" "Mozilla/5.0 AppleWebKit/537.36 (KHTML, like Gecko; compatible; GPTBot/1.4; +https://openai.com/gptbot)"
74.7.227.0 - - [10/Jun/2026:07:31:50 +0000] "GET /dome/?rename=/var/www/vhosts/mayaver.com/httpdocs/wp-content/themes/aihub/single.php HTTP/1.1" 200 31329 "https://mayaver.com/dome/" "Mozilla/5.0 AppleWebKit/537.36 (KHTML, like Gecko; compatible; GPTBot/1.4; +https://openai.com/gptbot)"
74.7.227.0 - - [10/Jun/2026:07:31:51 +0000] "GET /faqs/?edit=/var/www/vhosts/mayaver.com/httpdocs/wp-content/themes/aihub/sidebar.php HTTP/1.1" 200 28847 "https://mayaver.com/faqs/" "Mozilla/5.0 AppleWebKit/537.36 (KHTML, like Gecko; compatible; GPTBot/1.4; +https://openai.com/gptbot)"
74.7.227.0 - - [10/Jun/2026:07:31:52 +0000] "GET /art-exhibition/?view=/var/www/vhosts/mayaver.com/httpdocs/wp-content/themes/aihub/archive-liquid-portfolio.php HTTP/1.1" 200 3889 "https://mayaver.com/art-exhibition/" "Mozilla/5.0 AppleWebKit/537.36 (KHTML, like Gecko; compatible; GPTBot/1.4; +https://openai.com/gptbot)"
57.141.2.50 - - [10/Jun/2026:07:31:52 +0000] "GET /products/1995-down-suede-bomber-jacket-eu54-us-40-42-large/45684561/ HTTP/1.1" 404 115161 "-" "meta-externalagent/1.1 (+https://developers.facebook.com/docs/sharing/webmasters/crawler)"
74.7.227.0 - - [10/Jun/2026:07:31:53 +0000] "GET /dome/?file=/tmp HTTP/1.1" 200 30413 "https://mayaver.com/dome/?file" "Mozilla/5.0 AppleWebKit/537.36 (KHTML, like Gecko; compatible; GPTBot/1.4; +https://openai.com/gptbot)"
74.7.227.0 - - [10/Jun/2026:07:31:54 +0000] "GET /lounge-party/?view=/var/www/vhosts/mayaver.com/httpdocs/wp-content/themes/aihub/archive-liquid-portfolio.php HTTP/1.1" 200 3889 "https://mayaver.com/lounge-party/" "Mozilla/5.0 AppleWebKit/537.36 (KHTML, like Gecko; compatible; GPTBot/1.4; +https://openai.com/gptbot)"
74.7.227.0 - - [10/Jun/2026:07:31:54 +0000] "GET /fantasy-plot/?view=/var/www/vhosts/mayaver.com/httpdocs/wp-content/themes/aihub/archive-liquid-portfolio.php HTTP/1.1" 200 3889 "https://mayaver.com/fantasy-plot/" "Mozilla/5.0 AppleWebKit/537.36 (KHTML, like Gecko; compatible; GPTBot/1.4; +https://openai.com/gptbot)"
74.7.227.0 - - [10/Jun/2026:07:31:55 +0000] "GET /bowling-alley/?view=/var/www/vhosts/mayaver.com/httpdocs/wp-content/themes/aihub/archive-liquid-portfolio.php HTTP/1.1" 200 3889 "https://mayaver.com/bowling-alley/" "Mozilla/5.0 AppleWebKit/537.36 (KHTML, like Gecko; compatible; GPTBot/1.4; +https://openai.com/gptbot)"
74.7.227.0 - - [10/Jun/2026:07:31:55 +0000] "GET /?file=/var/www/vhosts/mayaver.com/httpdocs/wp-content/themes/aihub/archive.php HTTP/1.1" 301 4131 "https://mayaver.com/" "Mozilla/5.0 AppleWebKit/537.36 (KHTML, like Gecko; compatible; GPTBot/1.4; +https://openai.com/gptbot)"
57.141.2.35 - - [10/Jun/2026:07:31:56 +0000] "GET /products/ronaldo-inter-milan-nike-1998-1999-uefa-soccer-jersey-l/17058441/ HTTP/1.1" 404 115161 "-" "meta-externalagent/1.1 (+https://developers.facebook.com/docs/sharing/webmasters/crawler)"
74.7.227.0 - - [10/Jun/2026:07:31:56 +0000] "GET /?file=%2Fvar%2Fwww%2Fvhosts%2Fmayaver.com%2Fhttpdocs%2Fwp-content%2Fthemes%2Faihub%2Farchive.php HTTP/1.1" 200 38182 "https://mayaver.com/?file=/var/www/vhosts/mayaver.com/httpdocs/wp-content/themes/aihub/archive.php" "Mozilla/5.0 AppleWebKit/537.36 (KHTML, like Gecko; compatible; GPTBot/1.4; +https://openai.com/gptbot)"
74.7.227.0 - - [10/Jun/2026:07:31:58 +0000] "GET /?view=/var/www/vhosts/mayaver.com/httpdocs/wp-content/themes/aihub/bbpress/loop-search-reply.php HTTP/1.1" 200 4055 "https://mayaver.com/?file=/var/www/vhosts/mayaver.com/httpdocs/wp-content/themes/aihub/bbpress" "Mozilla/5.0 AppleWebKit/537.36 (KHTML, like Gecko; compatible; GPTBot/1.4; +https://openai.com/gptbot)"
74.7.227.0 - - [10/Jun/2026:07:31:58 +0000] "GET /terms-conditions/?view=/var/www/vhosts/mayaver.com/httpdocs/wp-content/themes/aihub/author.php HTTP/1.1" 200 3883 "https://mayaver.com/terms-conditions/" "Mozilla/5.0 AppleWebKit/537.36 (KHTML, like Gecko; compatible; GPTBot/1.4; +https://openai.com/gptbot)"
74.7.227.0 - - [10/Jun/2026:07:31:59 +0000] "GET /wp-json/wp/v2/posts/4664 HTTP/1.1" 200 40111 "https://mayaver.com/news-studio/" "Mozilla/5.0 AppleWebKit/537.36 (KHTML, like Gecko; compatible; GPTBot/1.4; +https://openai.com/gptbot)"
74.7.227.0 - - [10/Jun/2026:07:31:59 +0000] "GET /?edit=/var/www/vhosts/mayaver.com/httpdocs/wp-content/themes/aihub/single-liquid-portfolio.php HTTP/1.1" 301 18816 "https://mayaver.com/" "Mozilla/5.0 AppleWebKit/537.36 (KHTML, like Gecko; compatible; GPTBot/1.4; +https://openai.com/gptbot)"
74.7.227.0 - - [10/Jun/2026:07:32:00 +0000] "GET /?edit=%2Fvar%2Fwww%2Fvhosts%2Fmayaver.com%2Fhttpdocs%2Fwp-content%2Fthemes%2Faihub%2Fsingle-liquid-portfolio.php HTTP/1.1" 200 39421 "https://mayaver.com/?edit=/var/www/vhosts/mayaver.com/httpdocs/wp-content/themes/aihub/single-liquid-portfolio.php" "Mozilla/5.0 AppleWebKit/537.36 (KHTML, like Gecko; compatible; GPTBot/1.4; +https://openai.com/gptbot)"
57.141.2.51 - - [10/Jun/2026:07:32:01 +0000] "GET /products/vintage-polo-ralph-lauren-sport-leather-jacket/31589769/ HTTP/1.1" 404 115176 "-" "meta-externalagent/1.1 (+https://developers.facebook.com/docs/sharing/webmasters/crawler)"
74.7.227.0 - - [10/Jun/2026:07:32:02 +0000] "GET /?file=/var/www/vhosts/mayaver.com/httpdocs/wp-content/themes/aihub/single-liquid-portfolio.php HTTP/1.1" 301 4163 "https://mayaver.com/" "Mozilla/5.0 AppleWebKit/537.36 (KHTML, like Gecko; compatible; GPTBot/1.4; +https://openai.com/gptbot)"
74.7.227.0 - - [10/Jun/2026:07:32:02 +0000] "GET /?file=%2Fvar%2Fwww%2Fvhosts%2Fmayaver.com%2Fhttpdocs%2Fwp-content%2Fthemes%2Faihub%2Fsingle-liquid-portfolio.php HTTP/1.1" 200 38191 "https://mayaver.com/?file=/var/www/vhosts/mayaver.com/httpdocs/wp-content/themes/aihub/single-liquid-portfolio.php" "Mozilla/5.0 AppleWebKit/537.36 (KHTML, like Gecko; compatible; GPTBot/1.4; +https://openai.com/gptbot)"
74.7.227.0 - - [10/Jun/2026:07:32:04 +0000] "GET /?edit=/var/www/vhosts/mayaver.com/httpdocs/wp-content/themes/aihub/woocommerce/loop/loop-start.php HTTP/1.1" 301 18994 "https://mayaver.com/?file=/var/www/vhosts/mayaver.com/httpdocs/wp-content/themes/aihub/woocommerce/loop" "Mozilla/5.0 AppleWebKit/537.36 (KHTML, like Gecko; compatible; GPTBot/1.4; +https://openai.com/gptbot)"
74.7.227.0 - - [10/Jun/2026:07:32:04 +0000] "GET /?edit=%2Fvar%2Fwww%2Fvhosts%2Fmayaver.com%2Fhttpdocs%2Fwp-content%2Fthemes%2Faihub%2Fwoocommerce%2Floop%2Floop-start.php HTTP/1.1" 200 39541 "https://mayaver.com/?edit=/var/www/vhosts/mayaver.com/httpdocs/wp-content/themes/aihub/woocommerce/loop/loop-start.php" "Mozilla/5.0 AppleWebKit/537.36 (KHTML, like Gecko; compatible; GPTBot/1.4; +https://openai.com/gptbot)"
57.141.2.30 - - [10/Jun/2026:07:32:06 +0000] "GET /products/kenzo/70497417/ HTTP/1.1" 404 115167 "-" "meta-externalagent/1.1 (+https://developers.facebook.com/docs/sharing/webmasters/crawler)"
74.7.227.0 - - [10/Jun/2026:07:32:06 +0000] "GET /?file=/var/www/vhosts/mayaver.com/httpdocs/wp-content/themes/aihub/woocommerce/loop/loop-start.php HTTP/1.1" 301 4192 "https://mayaver.com/?file=/var/www/vhosts/mayaver.com/httpdocs/wp-content/themes/aihub/woocommerce/loop" "Mozilla/5.0 AppleWebKit/537.36 (KHTML, like Gecko; compatible; GPTBot/1.4; +https://openai.com/gptbot)"
74.7.227.0 - - [10/Jun/2026:07:32:07 +0000] "GET /?file=%2Fvar%2Fwww%2Fvhosts%2Fmayaver.com%2Fhttpdocs%2Fwp-content%2Fthemes%2Faihub%2Fwoocommerce%2Floop%2Floop-start.php HTTP/1.1" 200 38195 "https://mayaver.com/?file=/var/www/vhosts/mayaver.com/httpdocs/wp-content/themes/aihub/woocommerce/loop/loop-start.php" "Mozilla/5.0 AppleWebKit/537.36 (KHTML, like Gecko; compatible; GPTBot/1.4; +https://openai.com/gptbot)"
74.7.227.0 - - [10/Jun/2026:07:32:08 +0000] "GET /fantasy-plot/?file=/var/www/vhosts/mayaver.com/httpdocs/wp-content/themes/aihub/woocommerce/loop HTTP/1.1" 200 30541 "https://mayaver.com/fantasy-plot/?file=/var/www/vhosts/mayaver.com/httpdocs/wp-content/themes/aihub/woocommerce" "Mozilla/5.0 AppleWebKit/537.36 (KHTML, like Gecko; compatible; GPTBot/1.4; +https://openai.com/gptbot)"
74.7.227.0 - - [10/Jun/2026:07:32:10 +0000] "GET /temple-space/?edit=/var/www/vhosts/mayaver.com/httpdocs/wp-content/themes/aihub/screenshot.png HTTP/1.1" 200 35421 "https://mayaver.com/temple-space/" "Mozilla/5.0 AppleWebKit/537.36 (KHTML, like Gecko; compatible; GPTBot/1.4; +https://openai.com/gptbot)"
57.141.2.28 - - [10/Jun/2026:07:32:10 +0000] "GET /products/satin-trompette-dcollets/71614905/ HTTP/1.1" 404 115176 "-" "meta-externalagent/1.1 (+https://developers.facebook.com/docs/sharing/webmasters/crawler)"
74.7.227.0 - - [10/Jun/2026:07:32:11 +0000] "GET /fantasy-plot/?view=/var/www/vhosts/mayaver.com/httpdocs/wp-content/themes/aihub/woocommerce/archive-product.php HTTP/1.1" 200 4645 "https://mayaver.com/fantasy-plot/?file=/var/www/vhosts/mayaver.com/httpdocs/wp-content/themes/aihub/woocommerce" "Mozilla/5.0 AppleWebKit/537.36 (KHTML, like Gecko; compatible; GPTBot/1.4; +https://openai.com/gptbot)"
216.73.217.123 - - [10/Jun/2026:07:32:11 +0000] "GET /products/chanel-summer-navy-blue-womens-shorts/38388609/ HTTP/1.1" 404 115161 "-" "Mozilla/5.0 AppleWebKit/537.36 (KHTML, like Gecko; compatible; ClaudeBot/1.0; +claudebot@anthropic.com)"
74.7.227.0 - - [10/Jun/2026:07:32:11 +0000] "GET /?file=%2Fvar%2Fwww%2Fvhosts%2Fmayaver.com%2Fhttpdocs%2Fwp-content%2Fthemes%2Faihub%2Farchive.php HTTP/1.1" 200 38182 "https://mayaver.com/?file=/var/www/vhosts/mayaver.com/httpdocs/wp-content/themes/aihub/archive.php" "Mozilla/5.0 AppleWebKit/537.36 (KHTML, like Gecko; compatible; GPTBot/1.4; +https://openai.com/gptbot)"
74.7.227.0 - - [10/Jun/2026:07:32:13 +0000] "GET /%3C?php%20bbp_topic_permalink(%20bbp_get_reply_topic_id()%20);%20?%3E HTTP/1.1" 404 115123 "https://mayaver.com/?view=/var/www/vhosts/mayaver.com/httpdocs/wp-content/themes/aihub/bbpress/loop-search-reply.php" "Mozilla/5.0 AppleWebKit/537.36 (KHTML, like Gecko; compatible; GPTBot/1.4; +https://openai.com/gptbot)"
74.7.227.0 - - [10/Jun/2026:07:32:14 +0000] "GET /%3C?php%20bbp_reply_url();%20?%3E HTTP/1.1" 404 115108 "https://mayaver.com/?view=/var/www/vhosts/mayaver.com/httpdocs/wp-content/themes/aihub/bbpress/loop-search-reply.php" "Mozilla/5.0 AppleWebKit/537.36 (KHTML, like Gecko; compatible; GPTBot/1.4; +https://openai.com/gptbot)"
74.7.227.0 - - [10/Jun/2026:07:32:15 +0000] "GET /?file=/var/www/vhosts/mayaver.com/httpdocs/wp-content/themes/aihub/bbpress/form-topic.php HTTP/1.1" 301 4163 "https://mayaver.com/?file=/var/www/vhosts/mayaver.com/httpdocs/wp-content/themes/aihub/bbpress" "Mozilla/5.0 AppleWebKit/537.36 (KHTML, like Gecko; compatible; GPTBot/1.4; +https://openai.com/gptbot)"
