74.7.227.0 - - [10/Jun/2026:07:34:25 +0000] "GET /?items%2Fd908456938673%2F HTTP/1.1" 200 38992 "https://mayaver.com/?items/d908456938673/" "Mozilla/5.0 AppleWebKit/537.36 (KHTML, like Gecko; compatible; GPTBot/1.4; +https://openai.com/gptbot)"
74.7.227.0 - - [10/Jun/2026:07:34:27 +0000] "GET /?items/q908252872416/ HTTP/1.1" 301 17594 "https://mayaver.com/?rename=/var/www/vhosts/mayaver.com/httpdocs/wp-content/themes/aihub/wpml-config.xml" "Mozilla/5.0 AppleWebKit/537.36 (KHTML, like Gecko; compatible; GPTBot/1.4; +https://openai.com/gptbot)"
74.7.227.0 - - [10/Jun/2026:07:34:28 +0000] "GET /?items%2Fq908252872416%2F HTTP/1.1" 200 38992 "https://mayaver.com/?items/q908252872416/" "Mozilla/5.0 AppleWebKit/537.36 (KHTML, like Gecko; compatible; GPTBot/1.4; +https://openai.com/gptbot)"
74.7.227.0 - - [10/Jun/2026:07:34:29 +0000] "GET /?items/c908353202446/ HTTP/1.1" 301 17594 "https://mayaver.com/?rename=/var/www/vhosts/mayaver.com/httpdocs/wp-content/themes/aihub/wpml-config.xml" "Mozilla/5.0 AppleWebKit/537.36 (KHTML, like Gecko; compatible; GPTBot/1.4; +https://openai.com/gptbot)"
57.141.2.64 - - [10/Jun/2026:07:34:30 +0000] "GET /products/takeo-kikuchi-striped-knit-wool-scarf-muffler-v311/55835769/ HTTP/1.1" 404 115176 "-" "meta-externalagent/1.1 (+https://developers.facebook.com/docs/sharing/webmasters/crawler)"
74.7.227.0 - - [10/Jun/2026:07:34:30 +0000] "GET /?items%2Fc908353202446%2F HTTP/1.1" 200 38992 "https://mayaver.com/?items/c908353202446/" "Mozilla/5.0 AppleWebKit/537.36 (KHTML, like Gecko; compatible; GPTBot/1.4; +https://openai.com/gptbot)"
74.7.227.0 - - [10/Jun/2026:07:34:31 +0000] "GET /?items/q908453539706/ HTTP/1.1" 301 17594 "https://mayaver.com/?rename=/var/www/vhosts/mayaver.com/httpdocs/wp-content/themes/aihub/wpml-config.xml" "Mozilla/5.0 AppleWebKit/537.36 (KHTML, like Gecko; compatible; GPTBot/1.4; +https://openai.com/gptbot)"
74.7.227.0 - - [10/Jun/2026:07:34:32 +0000] "GET /?items%2Fq908453539706%2F HTTP/1.1" 200 38992 "https://mayaver.com/?items/q908453539706/" "Mozilla/5.0 AppleWebKit/537.36 (KHTML, like Gecko; compatible; GPTBot/1.4; +https://openai.com/gptbot)"
74.7.227.0 - - [10/Jun/2026:07:34:33 +0000] "GET /?items/d908152487291/ HTTP/1.1" 301 17594 "https://mayaver.com/?rename=/var/www/vhosts/mayaver.com/httpdocs/wp-content/themes/aihub/wpml-config.xml" "Mozilla/5.0 AppleWebKit/537.36 (KHTML, like Gecko; compatible; GPTBot/1.4; +https://openai.com/gptbot)"
139.84.174.118 - - [10/Jun/2026:07:34:34 +0000] "POST /wp-cron.php?doing_wp_cron=1781076874.2514319419860839843750 HTTP/1.1" 403 4358 "-" "WordPress/6.5.8; https://mayaver.com"
57.141.2.62 - - [10/Jun/2026:07:34:33 +0000] "GET /products/new-loewe-lw40132i-sunglasses-in-light-grey-gold-mirror/27364953/ HTTP/1.1" 404 115176 "-" "meta-externalagent/1.1 (+https://developers.facebook.com/docs/sharing/webmasters/crawler)"
74.7.227.0 - - [10/Jun/2026:07:34:34 +0000] "GET /?items%2Fd908152487291%2F HTTP/1.1" 200 38992 "https://mayaver.com/?items/d908152487291/" "Mozilla/5.0 AppleWebKit/537.36 (KHTML, like Gecko; compatible; GPTBot/1.4; +https://openai.com/gptbot)"
74.7.227.0 - - [10/Jun/2026:07:34:35 +0000] "GET /?items/c908152355756/ HTTP/1.1" 301 17594 "https://mayaver.com/?rename=/var/www/vhosts/mayaver.com/httpdocs/wp-content/themes/aihub/wpml-config.xml" "Mozilla/5.0 AppleWebKit/537.36 (KHTML, like Gecko; compatible; GPTBot/1.4; +https://openai.com/gptbot)"
74.7.227.0 - - [10/Jun/2026:07:34:36 +0000] "GET /?items%2Fc908152355756%2F HTTP/1.1" 200 38992 "https://mayaver.com/?items/c908152355756/" "Mozilla/5.0 AppleWebKit/537.36 (KHTML, like Gecko; compatible; GPTBot/1.4; +https://openai.com/gptbot)"
74.7.227.0 - - [10/Jun/2026:07:34:37 +0000] "GET /?items/x908155423751/ HTTP/1.1" 301 17594 "https://mayaver.com/?rename=/var/www/vhosts/mayaver.com/httpdocs/wp-content/themes/aihub/wpml-config.xml" "Mozilla/5.0 AppleWebKit/537.36 (KHTML, like Gecko; compatible; GPTBot/1.4; +https://openai.com/gptbot)"
216.73.217.123 - - [10/Jun/2026:07:34:37 +0000] "GET /products/vintage-tank-top-polo-ralph-lauren/8144985/ HTTP/1.1" 404 115176 "-" "Mozilla/5.0 AppleWebKit/537.36 (KHTML, like Gecko; compatible; ClaudeBot/1.0; +claudebot@anthropic.com)"
74.7.227.0 - - [10/Jun/2026:07:34:38 +0000] "GET /?items%2Fx908155423751%2F HTTP/1.1" 200 38992 "https://mayaver.com/?items/x908155423751/" "Mozilla/5.0 AppleWebKit/537.36 (KHTML, like Gecko; compatible; GPTBot/1.4; +https://openai.com/gptbot)"
57.141.2.17 - - [10/Jun/2026:07:34:39 +0000] "GET /products/ss08-dior-homme-black-clawmark-denim-jeans-kva/48283761/ HTTP/1.1" 404 115176 "-" "meta-externalagent/1.1 (+https://developers.facebook.com/docs/sharing/webmasters/crawler)"
74.7.227.0 - - [10/Jun/2026:07:34:40 +0000] "GET /?items/i908152407398/ HTTP/1.1" 301 17594 "https://mayaver.com/?rename=/var/www/vhosts/mayaver.com/httpdocs/wp-content/themes/aihub/wpml-config.xml" "Mozilla/5.0 AppleWebKit/537.36 (KHTML, like Gecko; compatible; GPTBot/1.4; +https://openai.com/gptbot)"
74.7.227.0 - - [10/Jun/2026:07:34:40 +0000] "GET /?items%2Fi908152407398%2F HTTP/1.1" 200 38992 "https://mayaver.com/?items/i908152407398/" "Mozilla/5.0 AppleWebKit/537.36 (KHTML, like Gecko; compatible; GPTBot/1.4; +https://openai.com/gptbot)"
74.7.227.0 - - [10/Jun/2026:07:34:42 +0000] "GET /?items/d908152317875/ HTTP/1.1" 301 17594 "https://mayaver.com/?rename=/var/www/vhosts/mayaver.com/httpdocs/wp-content/themes/aihub/wpml-config.xml" "Mozilla/5.0 AppleWebKit/537.36 (KHTML, like Gecko; compatible; GPTBot/1.4; +https://openai.com/gptbot)"
74.7.227.0 - - [10/Jun/2026:07:34:43 +0000] "GET /?items%2Fd908152317875%2F HTTP/1.1" 200 38992 "https://mayaver.com/?items/d908152317875/" "Mozilla/5.0 AppleWebKit/537.36 (KHTML, like Gecko; compatible; GPTBot/1.4; +https://openai.com/gptbot)"
74.7.227.0 - - [10/Jun/2026:07:34:44 +0000] "GET /?items/p908054697511/ HTTP/1.1" 301 17594 "https://mayaver.com/?rename=/var/www/vhosts/mayaver.com/httpdocs/wp-content/themes/aihub/wpml-config.xml" "Mozilla/5.0 AppleWebKit/537.36 (KHTML, like Gecko; compatible; GPTBot/1.4; +https://openai.com/gptbot)"
74.7.227.0 - - [10/Jun/2026:07:34:45 +0000] "GET /?items%2Fp908054697511%2F HTTP/1.1" 200 38992 "https://mayaver.com/?items/p908054697511/" "Mozilla/5.0 AppleWebKit/537.36 (KHTML, like Gecko; compatible; GPTBot/1.4; +https://openai.com/gptbot)"
57.141.2.58 - - [10/Jun/2026:07:34:45 +0000] "GET /products/high-everyday-couture-gepur-back-tech-nylon-top-womens/54201921/ HTTP/1.1" 404 115176 "-" "meta-externalagent/1.1 (+https://developers.facebook.com/docs/sharing/webmasters/crawler)"
74.7.227.0 - - [10/Jun/2026:07:34:46 +0000] "GET /?items/v908051723611/ HTTP/1.1" 301 17594 "https://mayaver.com/?rename=/var/www/vhosts/mayaver.com/httpdocs/wp-content/themes/aihub/wpml-config.xml" "Mozilla/5.0 AppleWebKit/537.36 (KHTML, like Gecko; compatible; GPTBot/1.4; +https://openai.com/gptbot)"
66.249.77.168 - - [10/Jun/2026:07:34:48 +0000] "GET /shop.php?products/kate-spade-pink-and-black-wristlet-clutch/28450452/ HTTP/1.1" 403 4358 "-" "Mozilla/5.0 (Linux; Android 6.0.1; Nexus 5X Build/MMB29P) AppleWebKit/537.36 (KHTML, like Gecko) Chrome/148.0.7778.96 Mobile Safari/537.36 (compatible; Googlebot/2.1; +http://www.google.com/bot.html)"
216.73.217.123 - - [10/Jun/2026:07:34:47 +0000] "GET /products/loungefly-dc-batman-bat-signal-gotham-city-skyline-flap-wall/35530737/ HTTP/1.1" 404 115176 "-" "Mozilla/5.0 AppleWebKit/537.36 (KHTML, like Gecko; compatible; ClaudeBot/1.0; +claudebot@anthropic.com)"
74.7.227.0 - - [10/Jun/2026:07:34:47 +0000] "GET /?items%2Fv908051723611%2F HTTP/1.1" 200 38992 "https://mayaver.com/?items/v908051723611/" "Mozilla/5.0 AppleWebKit/537.36 (KHTML, like Gecko; compatible; GPTBot/1.4; +https://openai.com/gptbot)"
74.7.227.0 - - [10/Jun/2026:07:34:49 +0000] "GET /?items/x908356240021/ HTTP/1.1" 301 17594 "https://mayaver.com/?rename=/var/www/vhosts/mayaver.com/httpdocs/wp-content/themes/aihub/wpml-config.xml" "Mozilla/5.0 AppleWebKit/537.36 (KHTML, like Gecko; compatible; GPTBot/1.4; +https://openai.com/gptbot)"
57.141.2.8 - - [10/Jun/2026:07:34:49 +0000] "GET /products/vintage-hanae-mori-handkerchief-neckerchief-ph0573/31086489/ HTTP/1.1" 404 115176 "-" "meta-externalagent/1.1 (+https://developers.facebook.com/docs/sharing/webmasters/crawler)"
74.7.227.0 - - [10/Jun/2026:07:34:49 +0000] "GET /?items%2Fx908356240021%2F HTTP/1.1" 200 38992 "https://mayaver.com/?items/x908356240021/" "Mozilla/5.0 AppleWebKit/537.36 (KHTML, like Gecko; compatible; GPTBot/1.4; +https://openai.com/gptbot)"
74.7.227.0 - - [10/Jun/2026:07:34:51 +0000] "GET /?items/c908051802346/ HTTP/1.1" 301 17594 "https://mayaver.com/?rename=/var/www/vhosts/mayaver.com/httpdocs/wp-content/themes/aihub/wpml-config.xml" "Mozilla/5.0 AppleWebKit/537.36 (KHTML, like Gecko; compatible; GPTBot/1.4; +https://openai.com/gptbot)"
74.7.227.0 - - [10/Jun/2026:07:34:51 +0000] "GET /?items%2Fc908051802346%2F HTTP/1.1" 200 38992 "https://mayaver.com/?items/c908051802346/" "Mozilla/5.0 AppleWebKit/537.36 (KHTML, like Gecko; compatible; GPTBot/1.4; +https://openai.com/gptbot)"
74.7.227.0 - - [10/Jun/2026:07:34:53 +0000] "GET /?items/x907957264161/ HTTP/1.1" 301 17594 "https://mayaver.com/?rename=/var/www/vhosts/mayaver.com/httpdocs/wp-content/themes/aihub/wpml-config.xml" "Mozilla/5.0 AppleWebKit/537.36 (KHTML, like Gecko; compatible; GPTBot/1.4; +https://openai.com/gptbot)"
74.7.227.0 - - [10/Jun/2026:07:34:53 +0000] "GET /?items%2Fx907957264161%2F HTTP/1.1" 200 38992 "https://mayaver.com/?items/x907957264161/" "Mozilla/5.0 AppleWebKit/537.36 (KHTML, like Gecko; compatible; GPTBot/1.4; +https://openai.com/gptbot)"
57.141.2.53 - - [10/Jun/2026:07:34:54 +0000] "GET /products/o1n1vont0425-size-13-bolt-ring-in-gold/24628209/ HTTP/1.1" 404 115176 "-" "meta-externalagent/1.1 (+https://developers.facebook.com/docs/sharing/webmasters/crawler)"
74.7.227.0 - - [10/Jun/2026:07:34:55 +0000] "GET /?items/r908152330421/ HTTP/1.1" 301 17594 "https://mayaver.com/?rename=/var/www/vhosts/mayaver.com/httpdocs/wp-content/themes/aihub/wpml-config.xml" "Mozilla/5.0 AppleWebKit/537.36 (KHTML, like Gecko; compatible; GPTBot/1.4; +https://openai.com/gptbot)"
74.7.227.0 - - [10/Jun/2026:07:34:56 +0000] "GET /?items%2Fr908152330421%2F HTTP/1.1" 200 38992 "https://mayaver.com/?items/r908152330421/" "Mozilla/5.0 AppleWebKit/537.36 (KHTML, like Gecko; compatible; GPTBot/1.4; +https://openai.com/gptbot)"
74.7.227.0 - - [10/Jun/2026:07:34:57 +0000] "GET /?items/s908057845126/ HTTP/1.1" 301 17594 "https://mayaver.com/?rename=/var/www/vhosts/mayaver.com/httpdocs/wp-content/themes/aihub/wpml-config.xml" "Mozilla/5.0 AppleWebKit/537.36 (KHTML, like Gecko; compatible; GPTBot/1.4; +https://openai.com/gptbot)"
74.7.227.0 - - [10/Jun/2026:07:34:58 +0000] "GET /?items%2Fs908057845126%2F HTTP/1.1" 200 38992 "https://mayaver.com/?items/s908057845126/" "Mozilla/5.0 AppleWebKit/537.36 (KHTML, like Gecko; compatible; GPTBot/1.4; +https://openai.com/gptbot)"
57.141.2.33 - - [10/Jun/2026:07:34:59 +0000] "GET /products/maison-margiela-black-wallets-purses/15794001/ HTTP/1.1" 404 115176 "-" "meta-externalagent/1.1 (+https://developers.facebook.com/docs/sharing/webmasters/crawler)"
74.7.227.0 - - [10/Jun/2026:07:35:00 +0000] "GET /?items/p908051867125/ HTTP/1.1" 301 17647 "https://mayaver.com/?rename=/var/www/vhosts/mayaver.com/httpdocs/wp-content/themes/aihub/wpml-config.xml" "Mozilla/5.0 AppleWebKit/537.36 (KHTML, like Gecko; compatible; GPTBot/1.4; +https://openai.com/gptbot)"
74.7.227.0 - - [10/Jun/2026:07:35:00 +0000] "GET /?items%2Fp908051867125%2F HTTP/1.1" 200 38992 "https://mayaver.com/?items/p908051867125/" "Mozilla/5.0 AppleWebKit/537.36 (KHTML, like Gecko; compatible; GPTBot/1.4; +https://openai.com/gptbot)"
74.7.227.0 - - [10/Jun/2026:07:35:02 +0000] "GET /?items/k907951431126/ HTTP/1.1" 301 17594 "https://mayaver.com/?rename=/var/www/vhosts/mayaver.com/httpdocs/wp-content/themes/aihub/wpml-config.xml" "Mozilla/5.0 AppleWebKit/537.36 (KHTML, like Gecko; compatible; GPTBot/1.4; +https://openai.com/gptbot)"
74.7.227.0 - - [10/Jun/2026:07:35:03 +0000] "GET /?items%2Fk907951431126%2F HTTP/1.1" 200 38992 "https://mayaver.com/?items/k907951431126/" "Mozilla/5.0 AppleWebKit/537.36 (KHTML, like Gecko; compatible; GPTBot/1.4; +https://openai.com/gptbot)"
74.7.227.0 - - [10/Jun/2026:07:35:04 +0000] "GET /?items/p908152083965/ HTTP/1.1" 301 17594 "https://mayaver.com/?rename=/var/www/vhosts/mayaver.com/httpdocs/wp-content/themes/aihub/wpml-config.xml" "Mozilla/5.0 AppleWebKit/537.36 (KHTML, like Gecko; compatible; GPTBot/1.4; +https://openai.com/gptbot)"
74.7.227.0 - - [10/Jun/2026:07:35:05 +0000] "GET /?items%2Fp908152083965%2F HTTP/1.1" 200 38992 "https://mayaver.com/?items/p908152083965/" "Mozilla/5.0 AppleWebKit/537.36 (KHTML, like Gecko; compatible; GPTBot/1.4; +https://openai.com/gptbot)"
74.7.227.0 - - [10/Jun/2026:07:35:07 +0000] "GET /?items/q908252670396/ HTTP/1.1" 301 17594 "https://mayaver.com/?rename=/var/www/vhosts/mayaver.com/httpdocs/wp-content/themes/aihub/wpml-config.xml" "Mozilla/5.0 AppleWebKit/537.36 (KHTML, like Gecko; compatible; GPTBot/1.4; +https://openai.com/gptbot)"
74.7.227.0 - - [10/Jun/2026:07:35:08 +0000] "GET /?items%2Fq908252670396%2F HTTP/1.1" 200 38992 "https://mayaver.com/?items/q908252670396/" "Mozilla/5.0 AppleWebKit/537.36 (KHTML, like Gecko; compatible; GPTBot/1.4; +https://openai.com/gptbot)"
74.7.227.0 - - [10/Jun/2026:07:35:09 +0000] "GET /?items/f908453602901/ HTTP/1.1" 301 17594 "https://mayaver.com/?rename=/var/www/vhosts/mayaver.com/httpdocs/wp-content/themes/aihub/wpml-config.xml" "Mozilla/5.0 AppleWebKit/537.36 (KHTML, like Gecko; compatible; GPTBot/1.4; +https://openai.com/gptbot)"
74.7.227.0 - - [10/Jun/2026:07:35:09 +0000] "GET /?items%2Ff908453602901%2F HTTP/1.1" 200 38992 "https://mayaver.com/?items/f908453602901/" "Mozilla/5.0 AppleWebKit/537.36 (KHTML, like Gecko; compatible; GPTBot/1.4; +https://openai.com/gptbot)"
74.7.227.0 - - [10/Jun/2026:07:35:11 +0000] "GET /?items/q908152165970/ HTTP/1.1" 301 17594 "https://mayaver.com/?rename=/var/www/vhosts/mayaver.com/httpdocs/wp-content/themes/aihub/wpml-config.xml" "Mozilla/5.0 AppleWebKit/537.36 (KHTML, like Gecko; compatible; GPTBot/1.4; +https://openai.com/gptbot)"
74.7.227.0 - - [10/Jun/2026:07:35:11 +0000] "GET /?items%2Fq908152165970%2F HTTP/1.1" 200 38992 "https://mayaver.com/?items/q908152165970/" "Mozilla/5.0 AppleWebKit/537.36 (KHTML, like Gecko; compatible; GPTBot/1.4; +https://openai.com/gptbot)"
57.141.2.65 - - [10/Jun/2026:07:35:12 +0000] "GET /products/vintage-polo-ralph-lauren-sweater-button-up/22044489/ HTTP/1.1" 404 115176 "-" "meta-externalagent/1.1 (+https://developers.facebook.com/docs/sharing/webmasters/crawler)"
74.7.227.0 - - [10/Jun/2026:07:35:13 +0000] "GET /?items/r907954133781/ HTTP/1.1" 301 17594 "https://mayaver.com/?rename=/var/www/vhosts/mayaver.com/httpdocs/wp-content/themes/aihub/wpml-config.xml" "Mozilla/5.0 AppleWebKit/537.36 (KHTML, like Gecko; compatible; GPTBot/1.4; +https://openai.com/gptbot)"
216.73.217.123 - - [10/Jun/2026:07:35:13 +0000] "GET /products/vintage-japanese-90s-evisu-jacket-made-in-italy/19425801/ HTTP/1.1" 404 115176 "-" "Mozilla/5.0 AppleWebKit/537.36 (KHTML, like Gecko; compatible; ClaudeBot/1.0; +claudebot@anthropic.com)"
74.7.227.0 - - [10/Jun/2026:07:35:13 +0000] "GET /?items%2Fr907954133781%2F HTTP/1.1" 200 38992 "https://mayaver.com/?items/r907954133781/" "Mozilla/5.0 AppleWebKit/537.36 (KHTML, like Gecko; compatible; GPTBot/1.4; +https://openai.com/gptbot)"
74.7.227.0 - - [10/Jun/2026:07:35:15 +0000] "GET /?items/i908356372216/ HTTP/1.1" 301 17594 "https://mayaver.com/?rename=/var/www/vhosts/mayaver.com/httpdocs/wp-content/themes/aihub/wpml-config.xml" "Mozilla/5.0 AppleWebKit/537.36 (KHTML, like Gecko; compatible; GPTBot/1.4; +https://openai.com/gptbot)"
74.7.227.0 - - [10/Jun/2026:07:35:15 +0000] "GET /?items%2Fi908356372216%2F HTTP/1.1" 200 38992 "https://mayaver.com/?items/i908356372216/" "Mozilla/5.0 AppleWebKit/537.36 (KHTML, like Gecko; compatible; GPTBot/1.4; +https://openai.com/gptbot)"
216.73.217.123 - - [10/Jun/2026:07:35:16 +0000] "GET /products/raf-by-raf-simons-denim-jacket-w-cotton-fleece-sleeves-s/40214193/ HTTP/1.1" 404 115176 "-" "Mozilla/5.0 AppleWebKit/537.36 (KHTML, like Gecko; compatible; ClaudeBot/1.0; +claudebot@anthropic.com)"
57.141.2.9 - - [10/Jun/2026:07:35:17 +0000] "GET /products/swarovski-crystal-unisex-infinity-necklace/62475369/ HTTP/1.1" 404 115167 "-" "meta-externalagent/1.1 (+https://developers.facebook.com/docs/sharing/webmasters/crawler)"
74.7.227.0 - - [10/Jun/2026:07:35:17 +0000] "GET /?items/x908353422115/ HTTP/1.1" 301 17594 "https://mayaver.com/?rename=/var/www/vhosts/mayaver.com/httpdocs/wp-content/themes/aihub/wpml-config.xml" "Mozilla/5.0 AppleWebKit/537.36 (KHTML, like Gecko; compatible; GPTBot/1.4; +https://openai.com/gptbot)"
74.7.227.0 - - [10/Jun/2026:07:35:18 +0000] "GET /?items%2Fx908353422115%2F HTTP/1.1" 200 38992 "https://mayaver.com/?items/x908353422115/" "Mozilla/5.0 AppleWebKit/537.36 (KHTML, like Gecko; compatible; GPTBot/1.4; +https://openai.com/gptbot)"
74.7.227.0 - - [10/Jun/2026:07:35:19 +0000] "GET /?items/z908054521423/ HTTP/1.1" 301 17594 "https://mayaver.com/?rename=/var/www/vhosts/mayaver.com/httpdocs/wp-content/themes/aihub/wpml-config.xml" "Mozilla/5.0 AppleWebKit/537.36 (KHTML, like Gecko; compatible; GPTBot/1.4; +https://openai.com/gptbot)"
74.7.227.0 - - [10/Jun/2026:07:35:20 +0000] "GET /?items%2Fz908054521423%2F HTTP/1.1" 200 38992 "https://mayaver.com/?items/z908054521423/" "Mozilla/5.0 AppleWebKit/537.36 (KHTML, like Gecko; compatible; GPTBot/1.4; +https://openai.com/gptbot)"
57.141.2.41 - - [10/Jun/2026:07:35:21 +0000] "GET /products/chelsea-boots/43424817/ HTTP/1.1" 404 115167 "-" "meta-externalagent/1.1 (+https://developers.facebook.com/docs/sharing/webmasters/crawler)"
74.7.227.0 - - [10/Jun/2026:07:35:21 +0000] "GET /?items/p908252694861/ HTTP/1.1" 301 17594 "https://mayaver.com/?rename=/var/www/vhosts/mayaver.com/httpdocs/wp-content/themes/aihub/wpml-config.xml" "Mozilla/5.0 AppleWebKit/537.36 (KHTML, like Gecko; compatible; GPTBot/1.4; +https://openai.com/gptbot)"
74.7.227.0 - - [10/Jun/2026:07:35:22 +0000] "GET /?items%2Fp908252694861%2F HTTP/1.1" 200 38992 "https://mayaver.com/?items/p908252694861/" "Mozilla/5.0 AppleWebKit/537.36 (KHTML, like Gecko; compatible; GPTBot/1.4; +https://openai.com/gptbot)"
74.7.227.0 - - [10/Jun/2026:07:35:23 +0000] "GET /?items/p908453679923/ HTTP/1.1" 301 17594 "https://mayaver.com/?rename=/var/www/vhosts/mayaver.com/httpdocs/wp-content/themes/aihub/wpml-config.xml" "Mozilla/5.0 AppleWebKit/537.36 (KHTML, like Gecko; compatible; GPTBot/1.4; +https://openai.com/gptbot)"
74.7.227.0 - - [10/Jun/2026:07:35:24 +0000] "GET /?items%2Fp908453679923%2F HTTP/1.1" 200 38992 "https://mayaver.com/?items/p908453679923/" "Mozilla/5.0 AppleWebKit/537.36 (KHTML, like Gecko; compatible; GPTBot/1.4; +https://openai.com/gptbot)"
74.7.227.0 - - [10/Jun/2026:07:35:25 +0000] "GET /?items/r908353167985/ HTTP/1.1" 301 17594 "https://mayaver.com/?rename=/var/www/vhosts/mayaver.com/httpdocs/wp-content/themes/aihub/wpml-config.xml" "Mozilla/5.0 AppleWebKit/537.36 (KHTML, like Gecko; compatible; GPTBot/1.4; +https://openai.com/gptbot)"
74.7.227.0 - - [10/Jun/2026:07:35:25 +0000] "GET /?items%2Fr908353167985%2F HTTP/1.1" 200 38992 "https://mayaver.com/?items/r908353167985/" "Mozilla/5.0 AppleWebKit/537.36 (KHTML, like Gecko; compatible; GPTBot/1.4; +https://openai.com/gptbot)"
57.141.2.15 - - [10/Jun/2026:07:35:26 +0000] "GET /products/2000s-kate-spade-made-in-italy-sunglasses-frames-oversized/42499689/ HTTP/1.1" 404 115176 "-" "meta-externalagent/1.1 (+https://developers.facebook.com/docs/sharing/webmasters/crawler)"
74.7.227.0 - - [10/Jun/2026:07:35:27 +0000] "GET /?items/z908152368545/ HTTP/1.1" 301 17594 "https://mayaver.com/?rename=/var/www/vhosts/mayaver.com/httpdocs/wp-content/themes/aihub/wpml-config.xml" "Mozilla/5.0 AppleWebKit/537.36 (KHTML, like Gecko; compatible; GPTBot/1.4; +https://openai.com/gptbot)"
74.7.227.0 - - [10/Jun/2026:07:35:27 +0000] "GET /?items%2Fz908152368545%2F HTTP/1.1" 200 38992 "https://mayaver.com/?items/z908152368545/" "Mozilla/5.0 AppleWebKit/537.36 (KHTML, like Gecko; compatible; GPTBot/1.4; +https://openai.com/gptbot)"
74.7.227.0 - - [10/Jun/2026:07:35:28 +0000] "GET /?items/v908152236305/ HTTP/1.1" 301 17594 "https://mayaver.com/?rename=/var/www/vhosts/mayaver.com/httpdocs/wp-content/themes/aihub/wpml-config.xml" "Mozilla/5.0 AppleWebKit/537.36 (KHTML, like Gecko; compatible; GPTBot/1.4; +https://openai.com/gptbot)"
74.7.227.0 - - [10/Jun/2026:07:35:29 +0000] "GET /?items%2Fv908152236305%2F HTTP/1.1" 200 38992 "https://mayaver.com/?items/v908152236305/" "Mozilla/5.0 AppleWebKit/537.36 (KHTML, like Gecko; compatible; GPTBot/1.4; +https://openai.com/gptbot)"
57.141.2.8 - - [10/Jun/2026:07:35:30 +0000] "GET /products/helmut-lang-military-motorcycle-jacket/45460425/ HTTP/1.1" 404 115167 "-" "meta-externalagent/1.1 (+https://developers.facebook.com/docs/sharing/webmasters/crawler)"
74.7.227.0 - - [10/Jun/2026:07:35:30 +0000] "GET /?items/f908152473773/ HTTP/1.1" 301 17594 "https://mayaver.com/?rename=/var/www/vhosts/mayaver.com/httpdocs/wp-content/themes/aihub/wpml-config.xml" "Mozilla/5.0 AppleWebKit/537.36 (KHTML, like Gecko; compatible; GPTBot/1.4; +https://openai.com/gptbot)"
74.7.227.0 - - [10/Jun/2026:07:35:31 +0000] "GET /?items%2Ff908152473773%2F HTTP/1.1" 200 38992 "https://mayaver.com/?items/f908152473773/" "Mozilla/5.0 AppleWebKit/537.36 (KHTML, like Gecko; compatible; GPTBot/1.4; +https://openai.com/gptbot)"
74.7.227.0 - - [10/Jun/2026:07:35:32 +0000] "GET /?items/c908456720246/ HTTP/1.1" 301 17594 "https://mayaver.com/?rename=/var/www/vhosts/mayaver.com/httpdocs/wp-content/themes/aihub/wpml-config.xml" "Mozilla/5.0 AppleWebKit/537.36 (KHTML, like Gecko; compatible; GPTBot/1.4; +https://openai.com/gptbot)"
74.7.227.0 - - [10/Jun/2026:07:35:33 +0000] "GET /?items%2Fc908456720246%2F HTTP/1.1" 200 38992 "https://mayaver.com/?items/c908456720246/" "Mozilla/5.0 AppleWebKit/537.36 (KHTML, like Gecko; compatible; GPTBot/1.4; +https://openai.com/gptbot)"
139.84.174.118 - - [10/Jun/2026:07:35:34 +0000] "POST /wp-cron.php?doing_wp_cron=1781076934.4026451110839843750000 HTTP/1.1" 403 4358 "-" "WordPress/6.5.8; https://mayaver.com"
74.7.227.0 - - [10/Jun/2026:07:35:34 +0000] "GET /?items/v908255872041/ HTTP/1.1" 301 17594 "https://mayaver.com/?rename=/var/www/vhosts/mayaver.com/httpdocs/wp-content/themes/aihub/wpml-config.xml" "Mozilla/5.0 AppleWebKit/537.36 (KHTML, like Gecko; compatible; GPTBot/1.4; +https://openai.com/gptbot)"
57.141.2.56 - - [10/Jun/2026:07:35:34 +0000] "GET /products/rare-supreme-x-undercover-fw16-dolls-t-shirt/25298241/ HTTP/1.1" 404 115176 "-" "meta-externalagent/1.1 (+https://developers.facebook.com/docs/sharing/webmasters/crawler)"
74.7.227.0 - - [10/Jun/2026:07:35:34 +0000] "GET /?items%2Fv908255872041%2F HTTP/1.1" 200 38992 "https://mayaver.com/?items/v908255872041/" "Mozilla/5.0 AppleWebKit/537.36 (KHTML, like Gecko; compatible; GPTBot/1.4; +https://openai.com/gptbot)"
74.7.227.0 - - [10/Jun/2026:07:35:35 +0000] "GET /?items/d908152069523/ HTTP/1.1" 301 17594 "https://mayaver.com/?rename=/var/www/vhosts/mayaver.com/httpdocs/wp-content/themes/aihub/wpml-config.xml" "Mozilla/5.0 AppleWebKit/537.36 (KHTML, like Gecko; compatible; GPTBot/1.4; +https://openai.com/gptbot)"
74.7.227.0 - - [10/Jun/2026:07:35:36 +0000] "GET /?items%2Fd908152069523%2F HTTP/1.1" 200 38992 "https://mayaver.com/?items/d908152069523/" "Mozilla/5.0 AppleWebKit/537.36 (KHTML, like Gecko; compatible; GPTBot/1.4; +https://openai.com/gptbot)"
74.7.227.0 - - [10/Jun/2026:07:35:37 +0000] "GET /?items/c907954183530/ HTTP/1.1" 301 17594 "https://mayaver.com/?rename=/var/www/vhosts/mayaver.com/httpdocs/wp-content/themes/aihub/wpml-config.xml" "Mozilla/5.0 AppleWebKit/537.36 (KHTML, like Gecko; compatible; GPTBot/1.4; +https://openai.com/gptbot)"
74.7.227.0 - - [10/Jun/2026:07:35:38 +0000] "GET /?items%2Fc907954183530%2F HTTP/1.1" 200 38992 "https://mayaver.com/?items/c907954183530/" "Mozilla/5.0 AppleWebKit/537.36 (KHTML, like Gecko; compatible; GPTBot/1.4; +https://openai.com/gptbot)"
74.7.227.0 - - [10/Jun/2026:07:35:39 +0000] "GET /?items/r908152204685/ HTTP/1.1" 301 17594 "https://mayaver.com/?rename=/var/www/vhosts/mayaver.com/httpdocs/wp-content/themes/aihub/wpml-config.xml" "Mozilla/5.0 AppleWebKit/537.36 (KHTML, like Gecko; compatible; GPTBot/1.4; +https://openai.com/gptbot)"
57.141.2.39 - - [10/Jun/2026:07:35:39 +0000] "GET /products/jordan-4-cool-grey/29842329/ HTTP/1.1" 404 115176 "-" "meta-externalagent/1.1 (+https://developers.facebook.com/docs/sharing/webmasters/crawler)"
74.7.227.0 - - [10/Jun/2026:07:35:40 +0000] "GET /?items%2Fr908152204685%2F HTTP/1.1" 200 38992 "https://mayaver.com/?items/r908152204685/" "Mozilla/5.0 AppleWebKit/537.36 (KHTML, like Gecko; compatible; GPTBot/1.4; +https://openai.com/gptbot)"
74.7.227.0 - - [10/Jun/2026:07:35:41 +0000] "GET /?items/q908353150876/ HTTP/1.1" 301 17594 "https://mayaver.com/?rename=/var/www/vhosts/mayaver.com/httpdocs/wp-content/themes/aihub/wpml-config.xml" "Mozilla/5.0 AppleWebKit/537.36 (KHTML, like Gecko; compatible; GPTBot/1.4; +https://openai.com/gptbot)"
74.7.227.0 - - [10/Jun/2026:07:35:41 +0000] "GET /?items%2Fq908353150876%2F HTTP/1.1" 200 38992 "https://mayaver.com/?items/q908353150876/" "Mozilla/5.0 AppleWebKit/537.36 (KHTML, like Gecko; compatible; GPTBot/1.4; +https://openai.com/gptbot)"
74.7.227.0 - - [10/Jun/2026:07:35:42 +0000] "GET /?items/z908051713345/ HTTP/1.1" 301 17594 "https://mayaver.com/?rename=/var/www/vhosts/mayaver.com/httpdocs/wp-content/themes/aihub/wpml-config.xml" "Mozilla/5.0 AppleWebKit/537.36 (KHTML, like Gecko; compatible; GPTBot/1.4; +https://openai.com/gptbot)"
74.7.227.0 - - [10/Jun/2026:07:35:43 +0000] "GET /?items%2Fz908051713345%2F HTTP/1.1" 200 38992 "https://mayaver.com/?items/z908051713345/" "Mozilla/5.0 AppleWebKit/537.36 (KHTML, like Gecko; compatible; GPTBot/1.4; +https://openai.com/gptbot)"
74.7.227.0 - - [10/Jun/2026:07:35:44 +0000] "GET /?items/m908152482776/ HTTP/1.1" 301 17594 "https://mayaver.com/?rename=/var/www/vhosts/mayaver.com/httpdocs/wp-content/themes/aihub/wpml-config.xml" "Mozilla/5.0 AppleWebKit/537.36 (KHTML, like Gecko; compatible; GPTBot/1.4; +https://openai.com/gptbot)"
57.141.2.25 - - [10/Jun/2026:07:35:45 +0000] "GET /products/confect-wool-mosque-vest/28975065/ HTTP/1.1" 404 115176 "-" "meta-externalagent/1.1 (+https://developers.facebook.com/docs/sharing/webmasters/crawler)"
74.7.227.0 - - [10/Jun/2026:07:35:45 +0000] "GET /?items%2Fm908152482776%2F HTTP/1.1" 200 38992 "https://mayaver.com/?items/m908152482776/" "Mozilla/5.0 AppleWebKit/537.36 (KHTML, like Gecko; compatible; GPTBot/1.4; +https://openai.com/gptbot)"
74.7.227.0 - - [10/Jun/2026:07:35:46 +0000] "GET /?items/x908152139405/ HTTP/1.1" 301 17594 "https://mayaver.com/?rename=/var/www/vhosts/mayaver.com/httpdocs/wp-content/themes/aihub/wpml-config.xml" "Mozilla/5.0 AppleWebKit/537.36 (KHTML, like Gecko; compatible; GPTBot/1.4; +https://openai.com/gptbot)"
74.7.227.0 - - [10/Jun/2026:07:35:46 +0000] "GET /?items%2Fx908152139405%2F HTTP/1.1" 200 38992 "https://mayaver.com/?items/x908152139405/" "Mozilla/5.0 AppleWebKit/537.36 (KHTML, like Gecko; compatible; GPTBot/1.4; +https://openai.com/gptbot)"
74.7.227.0 - - [10/Jun/2026:07:35:48 +0000] "GET /?items/f908051734021/ HTTP/1.1" 301 17594 "https://mayaver.com/?rename=/var/www/vhosts/mayaver.com/httpdocs/wp-content/themes/aihub/wpml-config.xml" "Mozilla/5.0 AppleWebKit/537.36 (KHTML, like Gecko; compatible; GPTBot/1.4; +https://openai.com/gptbot)"
57.141.2.6 - - [10/Jun/2026:07:35:48 +0000] "GET /products/leather-bullet-proof-vest/44302041/ HTTP/1.1" 404 115176 "-" "meta-externalagent/1.1 (+https://developers.facebook.com/docs/sharing/webmasters/crawler)"
74.7.227.0 - - [10/Jun/2026:07:35:48 +0000] "GET /?items%2Ff908051734021%2F HTTP/1.1" 200 38992 "https://mayaver.com/?items/f908051734021/" "Mozilla/5.0 AppleWebKit/537.36 (KHTML, like Gecko; compatible; GPTBot/1.4; +https://openai.com/gptbot)"
74.7.227.0 - - [10/Jun/2026:07:35:49 +0000] "GET /?items/i908155432316/ HTTP/1.1" 301 17594 "https://mayaver.com/?rename=/var/www/vhosts/mayaver.com/httpdocs/wp-content/themes/aihub/wpml-config.xml" "Mozilla/5.0 AppleWebKit/537.36 (KHTML, like Gecko; compatible; GPTBot/1.4; +https://openai.com/gptbot)"
74.7.227.0 - - [10/Jun/2026:07:35:50 +0000] "GET /?items%2Fi908155432316%2F HTTP/1.1" 200 38992 "https://mayaver.com/?items/i908155432316/" "Mozilla/5.0 AppleWebKit/537.36 (KHTML, like Gecko; compatible; GPTBot/1.4; +https://openai.com/gptbot)"
74.7.227.0 - - [10/Jun/2026:07:35:51 +0000] "GET /?items/v908456622401/ HTTP/1.1" 301 17594 "https://mayaver.com/?rename=/var/www/vhosts/mayaver.com/httpdocs/wp-content/themes/aihub/wpml-config.xml" "Mozilla/5.0 AppleWebKit/537.36 (KHTML, like Gecko; compatible; GPTBot/1.4; +https://openai.com/gptbot)"
74.7.227.0 - - [10/Jun/2026:07:35:52 +0000] "GET /?items%2Fv908456622401%2F HTTP/1.1" 200 38992 "https://mayaver.com/?items/v908456622401/" "Mozilla/5.0 AppleWebKit/537.36 (KHTML, like Gecko; compatible; GPTBot/1.4; +https://openai.com/gptbot)"
74.7.227.0 - - [10/Jun/2026:07:35:53 +0000] "GET /?items/z908051774341/ HTTP/1.1" 301 17594 "https://mayaver.com/?rename=/var/www/vhosts/mayaver.com/httpdocs/wp-content/themes/aihub/wpml-config.xml" "Mozilla/5.0 AppleWebKit/537.36 (KHTML, like Gecko; compatible; GPTBot/1.4; +https://openai.com/gptbot)"
74.7.227.0 - - [10/Jun/2026:07:35:53 +0000] "GET /?items%2Fz908051774341%2F HTTP/1.1" 200 38992 "https://mayaver.com/?items/z908051774341/" "Mozilla/5.0 AppleWebKit/537.36 (KHTML, like Gecko; compatible; GPTBot/1.4; +https://openai.com/gptbot)"
57.141.2.55 - - [10/Jun/2026:07:35:54 +0000] "GET /products/air-jordan-13-dune-red/30962817/ HTTP/1.1" 404 115176 "-" "meta-externalagent/1.1 (+https://developers.facebook.com/docs/sharing/webmasters/crawler)"
74.7.227.0 - - [10/Jun/2026:07:35:55 +0000] "GET /?items/r908051671321/ HTTP/1.1" 301 17594 "https://mayaver.com/?rename=/var/www/vhosts/mayaver.com/httpdocs/wp-content/themes/aihub/wpml-config.xml" "Mozilla/5.0 AppleWebKit/537.36 (KHTML, like Gecko; compatible; GPTBot/1.4; +https://openai.com/gptbot)"
74.7.227.0 - - [10/Jun/2026:07:35:55 +0000] "GET /?items%2Fr908051671321%2F HTTP/1.1" 200 38992 "https://mayaver.com/?items/r908051671321/" "Mozilla/5.0 AppleWebKit/537.36 (KHTML, like Gecko; compatible; GPTBot/1.4; +https://openai.com/gptbot)"
74.7.227.0 - - [10/Jun/2026:07:35:56 +0000] "GET /?items/v907951482825/ HTTP/1.1" 301 17594 "https://mayaver.com/?rename=/var/www/vhosts/mayaver.com/httpdocs/wp-content/themes/aihub/wpml-config.xml" "Mozilla/5.0 AppleWebKit/537.36 (KHTML, like Gecko; compatible; GPTBot/1.4; +https://openai.com/gptbot)"
216.73.217.123 - - [10/Jun/2026:07:35:57 +0000] "GET /products/alpha-industries-parka-cost-cold-weather-nato-usa/56022777/ HTTP/1.1" 404 115161 "-" "Mozilla/5.0 AppleWebKit/537.36 (KHTML, like Gecko; compatible; ClaudeBot/1.0; +claudebot@anthropic.com)"
74.7.227.0 - - [10/Jun/2026:07:35:57 +0000] "GET /?items%2Fv907951482825%2F HTTP/1.1" 200 38992 "https://mayaver.com/?items/v907951482825/" "Mozilla/5.0 AppleWebKit/537.36 (KHTML, like Gecko; compatible; GPTBot/1.4; +https://openai.com/gptbot)"
74.7.227.0 - - [10/Jun/2026:07:35:58 +0000] "GET /?items/q908051647816/ HTTP/1.1" 301 17594 "https://mayaver.com/?rename=/var/www/vhosts/mayaver.com/httpdocs/wp-content/themes/aihub/wpml-config.xml" "Mozilla/5.0 AppleWebKit/537.36 (KHTML, like Gecko; compatible; GPTBot/1.4; +https://openai.com/gptbot)"
57.141.2.21 - - [10/Jun/2026:07:35:58 +0000] "GET /products/k-birmin-xl-khaki-wool-knit-logo-jumper-41146/56610345/ HTTP/1.1" 404 115176 "-" "meta-externalagent/1.1 (+https://developers.facebook.com/docs/sharing/webmasters/crawler)"
74.7.227.0 - - [10/Jun/2026:07:35:59 +0000] "GET /?items%2Fq908051647816%2F HTTP/1.1" 200 38992 "https://mayaver.com/?items/q908051647816/" "Mozilla/5.0 AppleWebKit/537.36 (KHTML, like Gecko; compatible; GPTBot/1.4; +https://openai.com/gptbot)"
74.7.227.0 - - [10/Jun/2026:07:36:00 +0000] "GET /?items/v908051634145/ HTTP/1.1" 301 17594 "https://mayaver.com/?rename=/var/www/vhosts/mayaver.com/httpdocs/wp-content/themes/aihub/wpml-config.xml" "Mozilla/5.0 AppleWebKit/537.36 (KHTML, like Gecko; compatible; GPTBot/1.4; +https://openai.com/gptbot)"
74.7.227.0 - - [10/Jun/2026:07:36:00 +0000] "GET /?items%2Fv908051634145%2F HTTP/1.1" 200 38992 "https://mayaver.com/?items/v908051634145/" "Mozilla/5.0 AppleWebKit/537.36 (KHTML, like Gecko; compatible; GPTBot/1.4; +https://openai.com/gptbot)"
74.7.227.0 - - [10/Jun/2026:07:36:02 +0000] "GET /?items/f907951489023/ HTTP/1.1" 301 17594 "https://mayaver.com/?rename=/var/www/vhosts/mayaver.com/httpdocs/wp-content/themes/aihub/wpml-config.xml" "Mozilla/5.0 AppleWebKit/537.36 (KHTML, like Gecko; compatible; GPTBot/1.4; +https://openai.com/gptbot)"
57.141.2.36 - - [10/Jun/2026:07:36:02 +0000] "GET /products/avant-garde-asymmetrical-cropped-quilted-puffer-vest-jacket/44296425/ HTTP/1.1" 404 115167 "-" "meta-externalagent/1.1 (+https://developers.facebook.com/docs/sharing/webmasters/crawler)"
74.7.227.0 - - [10/Jun/2026:07:36:02 +0000] "GET /?items%2Ff907951489023%2F HTTP/1.1" 200 38992 "https://mayaver.com/?items/f907951489023/" "Mozilla/5.0 AppleWebKit/537.36 (KHTML, like Gecko; compatible; GPTBot/1.4; +https://openai.com/gptbot)"
74.7.227.0 - - [10/Jun/2026:07:36:03 +0000] "GET /?items/q908051564746/ HTTP/1.1" 301 17594 "https://mayaver.com/?rename=/var/www/vhosts/mayaver.com/httpdocs/wp-content/themes/aihub/wpml-config.xml" "Mozilla/5.0 AppleWebKit/537.36 (KHTML, like Gecko; compatible; GPTBot/1.4; +https://openai.com/gptbot)"
216.73.217.123 - - [10/Jun/2026:07:36:04 +0000] "GET /products/y2k-nike-center-swoosh-ribbed-crewneck-sweatshirt/25896369/ HTTP/1.1" 404 115176 "-" "Mozilla/5.0 AppleWebKit/537.36 (KHTML, like Gecko; compatible; ClaudeBot/1.0; +claudebot@anthropic.com)"
74.7.227.0 - - [10/Jun/2026:07:36:04 +0000] "GET /?items%2Fq908051564746%2F HTTP/1.1" 200 38992 "https://mayaver.com/?items/q908051564746/" "Mozilla/5.0 AppleWebKit/537.36 (KHTML, like Gecko; compatible; GPTBot/1.4; +https://openai.com/gptbot)"
74.7.227.0 - - [10/Jun/2026:07:36:05 +0000] "GET /?items/z908356438975/ HTTP/1.1" 301 17594 "https://mayaver.com/?rename=/var/www/vhosts/mayaver.com/httpdocs/wp-content/themes/aihub/wpml-config.xml" "Mozilla/5.0 AppleWebKit/537.36 (KHTML, like Gecko; compatible; GPTBot/1.4; +https://openai.com/gptbot)"
74.7.227.0 - - [10/Jun/2026:07:36:06 +0000] "GET /?items%2Fz908356438975%2F HTTP/1.1" 200 38992 "https://mayaver.com/?items/z908356438975/" "Mozilla/5.0 AppleWebKit/537.36 (KHTML, like Gecko; compatible; GPTBot/1.4; +https://openai.com/gptbot)"
57.141.2.21 - - [10/Jun/2026:07:36:06 +0000] "GET /products/steals-jil-sander-x-uniqlo-skirts/61448169/ HTTP/1.1" 404 115176 "-" "meta-externalagent/1.1 (+https://developers.facebook.com/docs/sharing/webmasters/crawler)"
74.7.227.0 - - [10/Jun/2026:07:36:07 +0000] "GET /?items/d908456671211/ HTTP/1.1" 301 17594 "https://mayaver.com/?rename=/var/www/vhosts/mayaver.com/httpdocs/wp-content/themes/aihub/wpml-config.xml" "Mozilla/5.0 AppleWebKit/537.36 (KHTML, like Gecko; compatible; GPTBot/1.4; +https://openai.com/gptbot)"
74.7.227.0 - - [10/Jun/2026:07:36:08 +0000] "GET /?items%2Fd908456671211%2F HTTP/1.1" 200 38992 "https://mayaver.com/?items/d908456671211/" "Mozilla/5.0 AppleWebKit/537.36 (KHTML, like Gecko; compatible; GPTBot/1.4; +https://openai.com/gptbot)"
74.7.227.0 - - [10/Jun/2026:07:36:09 +0000] "GET /?items/p908152469285/ HTTP/1.1" 301 17594 "https://mayaver.com/?rename=/var/www/vhosts/mayaver.com/httpdocs/wp-content/themes/aihub/wpml-config.xml" "Mozilla/5.0 AppleWebKit/537.36 (KHTML, like Gecko; compatible; GPTBot/1.4; +https://openai.com/gptbot)"
74.7.227.0 - - [10/Jun/2026:07:36:09 +0000] "GET /?items%2Fp908152469285%2F HTTP/1.1" 200 38992 "https://mayaver.com/?items/p908152469285/" "Mozilla/5.0 AppleWebKit/537.36 (KHTML, like Gecko; compatible; GPTBot/1.4; +https://openai.com/gptbot)"
74.7.227.0 - - [10/Jun/2026:07:36:10 +0000] "GET /?items/z908252877651/ HTTP/1.1" 301 17594 "https://mayaver.com/?rename=/var/www/vhosts/mayaver.com/httpdocs/wp-content/themes/aihub/wpml-config.xml" "Mozilla/5.0 AppleWebKit/537.36 (KHTML, like Gecko; compatible; GPTBot/1.4; +https://openai.com/gptbot)"
57.141.2.38 - - [10/Jun/2026:07:36:10 +0000] "GET /products/street-hip-hop-graffiti-loose-fashion-denim-jacket/40243065/ HTTP/1.1" 404 115176 "-" "meta-externalagent/1.1 (+https://developers.facebook.com/docs/sharing/webmasters/crawler)"
74.7.227.0 - - [10/Jun/2026:07:36:11 +0000] "GET /?items%2Fz908252877651%2F HTTP/1.1" 200 38992 "https://mayaver.com/?items/z908252877651/" "Mozilla/5.0 AppleWebKit/537.36 (KHTML, like Gecko; compatible; GPTBot/1.4; +https://openai.com/gptbot)"
74.7.227.0 - - [10/Jun/2026:07:36:12 +0000] "GET /?items/z907951472325/ HTTP/1.1" 301 17594 "https://mayaver.com/?rename=/var/www/vhosts/mayaver.com/httpdocs/wp-content/themes/aihub/wpml-config.xml" "Mozilla/5.0 AppleWebKit/537.36 (KHTML, like Gecko; compatible; GPTBot/1.4; +https://openai.com/gptbot)"
74.7.227.0 - - [10/Jun/2026:07:36:13 +0000] "GET /?items%2Fz907951472325%2F HTTP/1.1" 200 38992 "https://mayaver.com/?items/z907951472325/" "Mozilla/5.0 AppleWebKit/537.36 (KHTML, like Gecko; compatible; GPTBot/1.4; +https://openai.com/gptbot)"
74.7.227.0 - - [10/Jun/2026:07:36:14 +0000] "GET /?items/x908252579481/ HTTP/1.1" 301 17594 "https://mayaver.com/?rename=/var/www/vhosts/mayaver.com/httpdocs/wp-content/themes/aihub/wpml-config.xml" "Mozilla/5.0 AppleWebKit/537.36 (KHTML, like Gecko; compatible; GPTBot/1.4; +https://openai.com/gptbot)"
57.141.2.19 - - [10/Jun/2026:07:36:14 +0000] "GET /products/leather-and-mesh-sneakers/33219417/ HTTP/1.1" 404 115176 "-" "meta-externalagent/1.1 (+https://developers.facebook.com/docs/sharing/webmasters/crawler)"
74.7.227.0 - - [10/Jun/2026:07:36:15 +0000] "GET /?items%2Fx908252579481%2F HTTP/1.1" 200 38992 "https://mayaver.com/?items/x908252579481/" "Mozilla/5.0 AppleWebKit/537.36 (KHTML, like Gecko; compatible; GPTBot/1.4; +https://openai.com/gptbot)"
74.7.227.0 - - [10/Jun/2026:07:36:16 +0000] "GET /?items/e908456573816/ HTTP/1.1" 301 17594 "https://mayaver.com/?rename=/var/www/vhosts/mayaver.com/httpdocs/wp-content/themes/aihub/wpml-config.xml" "Mozilla/5.0 AppleWebKit/537.36 (KHTML, like Gecko; compatible; GPTBot/1.4; +https://openai.com/gptbot)"
74.7.227.0 - - [10/Jun/2026:07:36:16 +0000] "GET /?items%2Fe908456573816%2F HTTP/1.1" 200 38992 "https://mayaver.com/?items/e908456573816/" "Mozilla/5.0 AppleWebKit/537.36 (KHTML, like Gecko; compatible; GPTBot/1.4; +https://openai.com/gptbot)"
74.7.227.0 - - [10/Jun/2026:07:36:17 +0000] "GET /?items/v907957141023/ HTTP/1.1" 301 17594 "https://mayaver.com/?rename=/var/www/vhosts/mayaver.com/httpdocs/wp-content/themes/aihub/wpml-config.xml" "Mozilla/5.0 AppleWebKit/537.36 (KHTML, like Gecko; compatible; GPTBot/1.4; +https://openai.com/gptbot)"
74.7.227.0 - - [10/Jun/2026:07:36:18 +0000] "GET /?items%2Fv907957141023%2F HTTP/1.1" 200 38992 "https://mayaver.com/?items/v907957141023/" "Mozilla/5.0 AppleWebKit/537.36 (KHTML, like Gecko; compatible; GPTBot/1.4; +https://openai.com/gptbot)"
57.141.2.42 - - [10/Jun/2026:07:36:19 +0000] "GET /products/o1srvl11e0226-size-os-keychain-3-tags-charm-in-black/69818193/ HTTP/1.1" 404 115176 "-" "meta-externalagent/1.1 (+https://developers.facebook.com/docs/sharing/webmasters/crawler)"
74.7.227.0 - - [10/Jun/2026:07:36:19 +0000] "GET /?items/q908252867190/ HTTP/1.1" 301 17594 "https://mayaver.com/?rename=/var/www/vhosts/mayaver.com/httpdocs/wp-content/themes/aihub/wpml-config.xml" "Mozilla/5.0 AppleWebKit/537.36 (KHTML, like Gecko; compatible; GPTBot/1.4; +https://openai.com/gptbot)"
74.7.227.0 - - [10/Jun/2026:07:36:20 +0000] "GET /?items%2Fq908252867190%2F HTTP/1.1" 200 38992 "https://mayaver.com/?items/q908252867190/" "Mozilla/5.0 AppleWebKit/537.36 (KHTML, like Gecko; compatible; GPTBot/1.4; +https://openai.com/gptbot)"
74.7.227.0 - - [10/Jun/2026:07:36:21 +0000] "GET /?items/r908453527175/ HTTP/1.1" 301 17594 "https://mayaver.com/?rename=/var/www/vhosts/mayaver.com/httpdocs/wp-content/themes/aihub/wpml-config.xml" "Mozilla/5.0 AppleWebKit/537.36 (KHTML, like Gecko; compatible; GPTBot/1.4; +https://openai.com/gptbot)"
178.159.37.142 - - [10/Jun/2026:07:36:22 +0000] "POST /xmlrpc.php HTTP/1.1" 403 4358 "-" "Mozilla/5.0 (Windows NT 10.0; Win64; x64; Xbox; Xbox One) AppleWebKit/537.36 (KHTML, like Gecko) Chrome/114.0.0.0 Safari/537.36 Edge/44.18363.8131"
74.7.227.0 - - [10/Jun/2026:07:36:22 +0000] "GET /?items%2Fr908453527175%2F HTTP/1.1" 200 38992 "https://mayaver.com/?items/r908453527175/" "Mozilla/5.0 AppleWebKit/537.36 (KHTML, like Gecko; compatible; GPTBot/1.4; +https://openai.com/gptbot)"
74.7.227.0 - - [10/Jun/2026:07:36:23 +0000] "GET /?items/x908054582131/ HTTP/1.1" 301 17594 "https://mayaver.com/?rename=/var/www/vhosts/mayaver.com/httpdocs/wp-content/themes/aihub/wpml-config.xml" "Mozilla/5.0 AppleWebKit/537.36 (KHTML, like Gecko; compatible; GPTBot/1.4; +https://openai.com/gptbot)"
178.159.37.142 - - [10/Jun/2026:07:36:24 +0000] "POST /xmlrpc.php HTTP/1.1" 403 4358 "-" "Mozilla/5.0 (Windows NT 10.0; Win64; x64; Xbox; Xbox One) AppleWebKit/537.36 (KHTML, like Gecko) Chrome/114.0.0.0 Safari/537.36 Edge/44.18363.8131"
57.141.2.71 - - [10/Jun/2026:07:36:24 +0000] "GET /products/vivienne-tam-spaghetti-strap-floral-dress/71999793/ HTTP/1.1" 404 115176 "-" "meta-externalagent/1.1 (+https://developers.facebook.com/docs/sharing/webmasters/crawler)"
74.7.227.0 - - [10/Jun/2026:07:36:23 +0000] "GET /?items%2Fx908054582131%2F HTTP/1.1" 200 38992 "https://mayaver.com/?items/x908054582131/" "Mozilla/5.0 AppleWebKit/537.36 (KHTML, like Gecko; compatible; GPTBot/1.4; +https://openai.com/gptbot)"
178.159.37.142 - - [10/Jun/2026:07:36:25 +0000] "POST /xmlrpc.php HTTP/1.1" 403 4358 "-" "Mozilla/5.0 (Windows NT 10.0; Win64; x64; Xbox; Xbox One) AppleWebKit/537.36 (KHTML, like Gecko) Chrome/114.0.0.0 Safari/537.36 Edge/44.18363.8131"
74.7.227.0 - - [10/Jun/2026:07:36:25 +0000] "GET /?items/e907951452648/ HTTP/1.1" 301 17594 "https://mayaver.com/?rename=/var/www/vhosts/mayaver.com/httpdocs/wp-content/themes/aihub/wpml-config.xml" "Mozilla/5.0 AppleWebKit/537.36 (KHTML, like Gecko; compatible; GPTBot/1.4; +https://openai.com/gptbot)"
74.7.227.0 - - [10/Jun/2026:07:36:25 +0000] "GET /?items%2Fe907951452648%2F HTTP/1.1" 200 38992 "https://mayaver.com/?items/e907951452648/" "Mozilla/5.0 AppleWebKit/537.36 (KHTML, like Gecko; compatible; GPTBot/1.4; +https://openai.com/gptbot)"
178.159.37.142 - - [10/Jun/2026:07:36:26 +0000] "POST /xmlrpc.php HTTP/1.1" 403 4358 "-" "Mozilla/5.0 (Windows NT 10.0; Win64; x64; Xbox; Xbox One) AppleWebKit/537.36 (KHTML, like Gecko) Chrome/114.0.0.0 Safari/537.36 Edge/44.18363.8131"
74.7.227.0 - - [10/Jun/2026:07:36:27 +0000] "GET /?items/z908255693451/ HTTP/1.1" 301 17594 "https://mayaver.com/?rename=/var/www/vhosts/mayaver.com/httpdocs/wp-content/themes/aihub/wpml-config.xml" "Mozilla/5.0 AppleWebKit/537.36 (KHTML, like Gecko; compatible; GPTBot/1.4; +https://openai.com/gptbot)"
74.7.227.0 - - [10/Jun/2026:07:36:27 +0000] "GET /?items%2Fz908255693451%2F HTTP/1.1" 200 38992 "https://mayaver.com/?items/z908255693451/" "Mozilla/5.0 AppleWebKit/537.36 (KHTML, like Gecko; compatible; GPTBot/1.4; +https://openai.com/gptbot)"
74.7.227.0 - - [10/Jun/2026:07:36:28 +0000] "GET /?items/c908453514680/ HTTP/1.1" 301 17594 "https://mayaver.com/?rename=/var/www/vhosts/mayaver.com/httpdocs/wp-content/themes/aihub/wpml-config.xml" "Mozilla/5.0 AppleWebKit/537.36 (KHTML, like Gecko; compatible; GPTBot/1.4; +https://openai.com/gptbot)"
57.141.2.69 - - [10/Jun/2026:07:36:28 +0000] "GET /products/oliver-by-valentino-90s-black-gold-rectangular-sunglasses/49125681/ HTTP/1.1" 404 115176 "-" "meta-externalagent/1.1 (+https://developers.facebook.com/docs/sharing/webmasters/crawler)"
74.7.227.0 - - [10/Jun/2026:07:36:29 +0000] "GET /?items%2Fc908453514680%2F HTTP/1.1" 200 38992 "https://mayaver.com/?items/c908453514680/" "Mozilla/5.0 AppleWebKit/537.36 (KHTML, like Gecko; compatible; GPTBot/1.4; +https://openai.com/gptbot)"
74.7.227.0 - - [10/Jun/2026:07:36:30 +0000] "GET /?items/v908152398701/ HTTP/1.1" 301 17594 "https://mayaver.com/?rename=/var/www/vhosts/mayaver.com/httpdocs/wp-content/themes/aihub/wpml-config.xml" "Mozilla/5.0 AppleWebKit/537.36 (KHTML, like Gecko; compatible; GPTBot/1.4; +https://openai.com/gptbot)"
74.7.227.0 - - [10/Jun/2026:07:36:31 +0000] "GET /?items%2Fv908152398701%2F HTTP/1.1" 200 38992 "https://mayaver.com/?items/v908152398701/" "Mozilla/5.0 AppleWebKit/537.36 (KHTML, like Gecko; compatible; GPTBot/1.4; +https://openai.com/gptbot)"
74.7.227.0 - - [10/Jun/2026:07:36:32 +0000] "GET /?items/q908155364048/ HTTP/1.1" 301 17594 "https://mayaver.com/?rename=/var/www/vhosts/mayaver.com/httpdocs/wp-content/themes/aihub/wpml-config.xml" "Mozilla/5.0 AppleWebKit/537.36 (KHTML, like Gecko; compatible; GPTBot/1.4; +https://openai.com/gptbot)"
216.73.217.123 - - [10/Jun/2026:07:36:32 +0000] "GET /products/prada-vintage-fuchsia-pink-tessuto-nylon-wristlet-pouch/47636145/ HTTP/1.1" 404 115176 "-" "Mozilla/5.0 AppleWebKit/537.36 (KHTML, like Gecko; compatible; ClaudeBot/1.0; +claudebot@anthropic.com)"
74.7.227.0 - - [10/Jun/2026:07:36:32 +0000] "GET /?items%2Fq908155364048%2F HTTP/1.1" 200 38992 "https://mayaver.com/?items/q908155364048/" "Mozilla/5.0 AppleWebKit/537.36 (KHTML, like Gecko; compatible; GPTBot/1.4; +https://openai.com/gptbot)"
74.7.227.0 - - [10/Jun/2026:07:36:33 +0000] "GET /?items/z908252542173/ HTTP/1.1" 301 17594 "https://mayaver.com/?rename=/var/www/vhosts/mayaver.com/httpdocs/wp-content/themes/aihub/wpml-config.xml" "Mozilla/5.0 AppleWebKit/537.36 (KHTML, like Gecko; compatible; GPTBot/1.4; +https://openai.com/gptbot)"
139.84.174.118 - - [10/Jun/2026:07:36:34 +0000] "POST /wp-cron.php?doing_wp_cron=1781076994.6052429676055908203125 HTTP/1.1" 403 4358 "-" "WordPress/6.5.8; https://mayaver.com"
74.7.227.0 - - [10/Jun/2026:07:36:34 +0000] "GET /?items%2Fz908252542173%2F HTTP/1.1" 200 38992 "https://mayaver.com/?items/z908252542173/" "Mozilla/5.0 AppleWebKit/537.36 (KHTML, like Gecko; compatible; GPTBot/1.4; +https://openai.com/gptbot)"
74.7.227.0 - - [10/Jun/2026:07:36:35 +0000] "GET /?items/d908155047641/ HTTP/1.1" 301 17594 "https://mayaver.com/?rename=/var/www/vhosts/mayaver.com/httpdocs/wp-content/themes/aihub/wpml-config.xml" "Mozilla/5.0 AppleWebKit/537.36 (KHTML, like Gecko; compatible; GPTBot/1.4; +https://openai.com/gptbot)"
74.7.227.0 - - [10/Jun/2026:07:36:36 +0000] "GET /?items%2Fd908155047641%2F HTTP/1.1" 200 38992 "https://mayaver.com/?items/d908155047641/" "Mozilla/5.0 AppleWebKit/537.36 (KHTML, like Gecko; compatible; GPTBot/1.4; +https://openai.com/gptbot)"
74.7.227.0 - - [10/Jun/2026:07:36:37 +0000] "GET /?items/e908152276640/ HTTP/1.1" 301 17594 "https://mayaver.com/?rename=/var/www/vhosts/mayaver.com/httpdocs/wp-content/themes/aihub/wpml-config.xml" "Mozilla/5.0 AppleWebKit/537.36 (KHTML, like Gecko; compatible; GPTBot/1.4; +https://openai.com/gptbot)"
74.7.227.0 - - [10/Jun/2026:07:36:37 +0000] "GET /?items%2Fe908152276640%2F HTTP/1.1" 200 38992 "https://mayaver.com/?items/e908152276640/" "Mozilla/5.0 AppleWebKit/537.36 (KHTML, like Gecko; compatible; GPTBot/1.4; +https://openai.com/gptbot)"
57.141.2.46 - - [10/Jun/2026:07:36:38 +0000] "GET /products/other-23ku-cotton-code-crocheted-skirt-cotton-skirts-skwobm0/45926193/ HTTP/1.1" 404 115176 "-" "meta-externalagent/1.1 (+https://developers.facebook.com/docs/sharing/webmasters/crawler)"
74.7.227.0 - - [10/Jun/2026:07:36:39 +0000] "GET /?items/v908051763391/ HTTP/1.1" 301 17594 "https://mayaver.com/?rename=/var/www/vhosts/mayaver.com/httpdocs/wp-content/themes/aihub/wpml-config.xml" "Mozilla/5.0 AppleWebKit/537.36 (KHTML, like Gecko; compatible; GPTBot/1.4; +https://openai.com/gptbot)"
74.7.227.0 - - [10/Jun/2026:07:36:39 +0000] "GET /?items%2Fv908051763391%2F HTTP/1.1" 200 38992 "https://mayaver.com/?items/v908051763391/" "Mozilla/5.0 AppleWebKit/537.36 (KHTML, like Gecko; compatible; GPTBot/1.4; +https://openai.com/gptbot)"
74.7.227.0 - - [10/Jun/2026:07:36:40 +0000] "GET /?items/r908155347071/ HTTP/1.1" 301 17594 "https://mayaver.com/?rename=/var/www/vhosts/mayaver.com/httpdocs/wp-content/themes/aihub/wpml-config.xml" "Mozilla/5.0 AppleWebKit/537.36 (KHTML, like Gecko; compatible; GPTBot/1.4; +https://openai.com/gptbot)"
74.7.227.0 - - [10/Jun/2026:07:36:41 +0000] "GET /?items%2Fr908155347071%2F HTTP/1.1" 200 38992 "https://mayaver.com/?items/r908155347071/" "Mozilla/5.0 AppleWebKit/537.36 (KHTML, like Gecko; compatible; GPTBot/1.4; +https://openai.com/gptbot)"
74.7.227.0 - - [10/Jun/2026:07:36:42 +0000] "GET /?items/f908255737761/ HTTP/1.1" 301 17594 "https://mayaver.com/?rename=/var/www/vhosts/mayaver.com/httpdocs/wp-content/themes/aihub/wpml-config.xml" "Mozilla/5.0 AppleWebKit/537.36 (KHTML, like Gecko; compatible; GPTBot/1.4; +https://openai.com/gptbot)"
74.7.227.0 - - [10/Jun/2026:07:36:43 +0000] "GET /?items%2Ff908255737761%2F HTTP/1.1" 200 38992 "https://mayaver.com/?items/f908255737761/" "Mozilla/5.0 AppleWebKit/537.36 (KHTML, like Gecko; compatible; GPTBot/1.4; +https://openai.com/gptbot)"
74.7.227.0 - - [10/Jun/2026:07:36:44 +0000] "GET /?items/q908155475276/ HTTP/1.1" 301 17594 "https://mayaver.com/?rename=/var/www/vhosts/mayaver.com/httpdocs/wp-content/themes/aihub/wpml-config.xml" "Mozilla/5.0 AppleWebKit/537.36 (KHTML, like Gecko; compatible; GPTBot/1.4; +https://openai.com/gptbot)"
74.7.227.0 - - [10/Jun/2026:07:36:44 +0000] "GET /?items%2Fq908155475276%2F HTTP/1.1" 200 38992 "https://mayaver.com/?items/q908155475276/" "Mozilla/5.0 AppleWebKit/537.36 (KHTML, like Gecko; compatible; GPTBot/1.4; +https://openai.com/gptbot)"
