216.73.217.86 - - [14/Jun/2026:06:45:50 +0000] "GET /a-knowledgeable-marijuana-dispensaries-in-the-washington-dc/?edit=%2Fvar%2Fwww%2Fvhosts%2Fmayaver.com%2Fhttpdocs%2Fwp-includes%2Fsodium_compat%2Fnamespaced%2FCore%2FX25519.php HTTP/1.1" 200 31032 "-" "Mozilla/5.0 AppleWebKit/537.36 (KHTML, like Gecko; compatible; ClaudeBot/1.0; +claudebot@anthropic.com)"
216.73.217.86 - - [14/Jun/2026:06:45:50 +0000] "GET /a-knowledgeable-marijuana-dispensaries-in-the-washington-dc/?view=%2Fvar%2Fwww%2Fvhosts%2Fmayaver.com%2Fhttpdocs%2Fwp-content%2Fuploads%2Fliquid_temp%2Fdark%2Fmedia.xml HTTP/1.1" 200 11128 "-" "Mozilla/5.0 AppleWebKit/537.36 (KHTML, like Gecko; compatible; ClaudeBot/1.0; +claudebot@anthropic.com)"
216.73.217.86 - - [14/Jun/2026:06:45:49 +0000] "GET /church/?edit=%2Fvar%2Fwww%2Fvhosts%2Fmayaver.com%2Fmetaverse.mayaver.com%2Fmy-content%2Ftree-dead-1.glb HTTP/1.1" 200 2832115 "-" "Mozilla/5.0 AppleWebKit/537.36 (KHTML, like Gecko; compatible; ClaudeBot/1.0; +claudebot@anthropic.com)"
216.73.217.86 - - [14/Jun/2026:06:45:51 +0000] "GET /temple/?file=%2Fvar%2Fwww%2Fvhosts%2Fmayaver.com%2Fhttpdocs%2Fwp-content%2Fuploads%2F2024%2F03%2FGlow-1024x669.png HTTP/1.1" 200 12116 "-" "Mozilla/5.0 AppleWebKit/537.36 (KHTML, like Gecko; compatible; ClaudeBot/1.0; +claudebot@anthropic.com)"
216.73.217.86 - - [14/Jun/2026:06:45:50 +0000] "GET /understanding-the-effects-of-masteron-p-100/?file=%2Fvar%2Fwww%2Fvhosts%2Fmayaver.com%2Fhttpdocs%2Fwp-includes%2Fsodium_compat%2Fsrc%2FCore%2FCurve25519%2FGe%2FP3.php HTTP/1.1" 200 27786 "-" "Mozilla/5.0 AppleWebKit/537.36 (KHTML, like Gecko; compatible; ClaudeBot/1.0; +claudebot@anthropic.com)"
216.73.217.86 - - [14/Jun/2026:06:45:50 +0000] "GET /new-online-casinos-ireland-2500/?edit=%2Fvar%2Fwww%2Fvhosts%2Fmayaver.com%2Fhttpdocs%2Fwp-includes%2Fblocks%2Fread-more%2Fstyle.css HTTP/1.1" 200 30812 "-" "Mozilla/5.0 AppleWebKit/537.36 (KHTML, like Gecko; compatible; ClaudeBot/1.0; +claudebot@anthropic.com)"
216.73.217.86 - - [14/Jun/2026:06:45:51 +0000] "GET /temple/?file=%2Fvar%2Fwww%2Fvhosts%2Fmayaver.com%2Fhttpdocs%2Fwp-includes%2Fimages%2Fsmilies%2Ficon_eek.gif HTTP/1.1" 200 12121 "-" "Mozilla/5.0 AppleWebKit/537.36 (KHTML, like Gecko; compatible; ClaudeBot/1.0; +claudebot@anthropic.com)"
216.73.217.86 - - [14/Jun/2026:06:45:52 +0000] "GET /temple/?file=%2Fvar%2Fwww%2Fvhosts%2Fmayaver.com%2Fmetaverse.mayaver.com%2Fmy-content%2F3d-sc5-inner.glb HTTP/1.1" 200 12116 "-" "Mozilla/5.0 AppleWebKit/537.36 (KHTML, like Gecko; compatible; ClaudeBot/1.0; +claudebot@anthropic.com)"
216.73.217.86 - - [14/Jun/2026:06:45:54 +0000] "GET /cafe/?view=%2Fvar%2Fwww%2Fvhosts%2Fmayaver.com%2Fhttpdocs%2Fwp-content%2Fplugins%2Fwp-mail-smtp%2Fassets%2Fvue%2Fimg%2Fpro-badge.svg HTTP/1.1" 200 3822 "-" "Mozilla/5.0 AppleWebKit/537.36 (KHTML, like Gecko; compatible; ClaudeBot/1.0; +claudebot@anthropic.com)"
57.141.2.19 - - [14/Jun/2026:06:45:52 +0000] "GET /products/alpha-industries-logo-long-sleeve-t-shirt/47069529/ HTTP/1.1" 404 115176 "-" "meta-externalagent/1.1 (+https://developers.facebook.com/docs/sharing/webmasters/crawler)"
216.73.217.86 - - [14/Jun/2026:06:45:46 +0000] "GET /cafe/?edit=%2Fvar%2Fwww%2Fvhosts%2Fmayaver.com%2Fmetaverse.mayaver.com%2Fmy-content%2Ftree-banana.glb HTTP/1.1" 200 11100784 "-" "Mozilla/5.0 AppleWebKit/537.36 (KHTML, like Gecko; compatible; ClaudeBot/1.0; +claudebot@anthropic.com)"
216.73.217.86 - - [14/Jun/2026:06:45:53 +0000] "GET /temple/?edit=%2Fvar%2Fwww%2Fvhosts%2Fmayaver.com%2Fhttpdocs%2Fwp-content%2Fuploads%2F2024%2F03%2Fimg_grid_6-150x150.png HTTP/1.1" 200 38024 "-" "Mozilla/5.0 AppleWebKit/537.36 (KHTML, like Gecko; compatible; ClaudeBot/1.0; +claudebot@anthropic.com)"
216.73.217.86 - - [14/Jun/2026:06:45:52 +0000] "GET /new-online-casinos-ireland-2500/?file=%2Fvar%2Fwww%2Fvhosts%2Fmayaver.com%2Fhttpdocs%2Fwp-content%2Fplugins%2Fmapplic%2Fmaps HTTP/1.1" 200 30407 "-" "Mozilla/5.0 AppleWebKit/537.36 (KHTML, like Gecko; compatible; ClaudeBot/1.0; +claudebot@anthropic.com)"
216.73.217.86 - - [14/Jun/2026:06:45:53 +0000] "GET /a-knowledgeable-marijuana-dispensaries-in-the-washington-dc/?rename=%2Fvar%2Fwww%2Fvhosts%2Fmayaver.com%2Fhttpdocs%2Fwp-admin%2Fcss%2Fcolor-picker-rtl.css HTTP/1.1" 200 30956 "-" "Mozilla/5.0 AppleWebKit/537.36 (KHTML, like Gecko; compatible; ClaudeBot/1.0; +claudebot@anthropic.com)"
216.73.217.86 - - [14/Jun/2026:06:45:54 +0000] "GET /basketball/?rename=%2Fvar%2Fwww%2Fvhosts%2Fmayaver.com%2Fhttpdocs%2Fwp-content%2Fplugins%2Fwp-file-manager%2Flib%2Fimg%2Farrows-normal.png HTTP/1.1" 200 13028 "-" "Mozilla/5.0 AppleWebKit/537.36 (KHTML, like Gecko; compatible; ClaudeBot/1.0; +claudebot@anthropic.com)"
216.73.217.86 - - [14/Jun/2026:06:45:53 +0000] "GET /is-een-korte-steroidenkuur-even-effectief-als-een-lange/?file=%2Fvar%2Fwww%2Fvhosts%2Fmayaver.com%2Fhttpdocs%2Fwp-includes%2Fblocks%2Ftable%2Feditor.css HTTP/1.1" 200 27762 "-" "Mozilla/5.0 AppleWebKit/537.36 (KHTML, like Gecko; compatible; ClaudeBot/1.0; +claudebot@anthropic.com)"
216.73.217.86 - - [14/Jun/2026:06:45:53 +0000] "GET /new-online-casinos-ireland-2500/?file=%2Fvar%2Fwww%2Fvhosts%2Fmayaver.com%2Fhttpdocs%2Fwp-content%2Fplugins%2Fwp-file-manager%2Flib%2Fcss%2Fcwd.css HTTP/1.1" 200 29822 "-" "Mozilla/5.0 AppleWebKit/537.36 (KHTML, like Gecko; compatible; ClaudeBot/1.0; +claudebot@anthropic.com)"
216.73.217.86 - - [14/Jun/2026:06:45:56 +0000] "GET /a-knowledgeable-marijuana-dispensaries-in-the-washington-dc/?view=%2Fvar%2Fwww%2Fvhosts%2Fmayaver.com%2Fhttpdocs%2Fwp-includes%2Fjs%2Ftinymce%2Fskins%2Flightgray%2Ffonts%2Ftinymce.woff HTTP/1.1" 200 12930 "-" "Mozilla/5.0 AppleWebKit/537.36 (KHTML, like Gecko; compatible; ClaudeBot/1.0; +claudebot@anthropic.com)"
216.73.217.86 - - [14/Jun/2026:06:45:54 +0000] "GET /donde-comprar-esteroides-de-forma-segura/?rename=%2Fvar%2Fwww%2Fvhosts%2Fmayaver.com%2Fhttpdocs%2Fwp-content%2Fplugins%2Fpaid-memberships-pro%2Fcss%2Fselect2.min.css HTTP/1.1" 200 29121 "-" "Mozilla/5.0 AppleWebKit/537.36 (KHTML, like Gecko; compatible; ClaudeBot/1.0; +claudebot@anthropic.com)"
216.73.217.86 - - [14/Jun/2026:06:45:55 +0000] "GET /understanding-the-effects-of-masteron-p-100/?file=%2Fvar%2Fwww%2Fvhosts%2Fmayaver.com%2Fhttpdocs%2Fwp-includes%2Fjs%2Fjquery%2Fjquery.hotkeys.js HTTP/1.1" 200 27767 "-" "Mozilla/5.0 AppleWebKit/537.36 (KHTML, like Gecko; compatible; ClaudeBot/1.0; +claudebot@anthropic.com)"
216.73.217.86 - - [14/Jun/2026:06:45:56 +0000] "GET /temple/?rename=%2Fvar%2Fwww%2Fvhosts%2Fmayaver.com%2Fhttpdocs%2Fwp-content%2Fuploads%2F2024%2F03%2Ffavicon.png HTTP/1.1" 200 13001 "-" "Mozilla/5.0 AppleWebKit/537.36 (KHTML, like Gecko; compatible; ClaudeBot/1.0; +claudebot@anthropic.com)"
216.73.217.86 - - [14/Jun/2026:06:45:57 +0000] "GET /category/metaverse/?view=%2Fvar%2Fwww%2Fvhosts%2Fmayaver.com%2Fhttpdocs%2Fwp-content%2Fthemes%2Faihub%2Ftaxonomy-liquid-portfolio-category.php HTTP/1.1" 200 3895 "-" "Mozilla/5.0 AppleWebKit/537.36 (KHTML, like Gecko; compatible; ClaudeBot/1.0; +claudebot@anthropic.com)"
216.73.217.86 - - [14/Jun/2026:06:45:55 +0000] "GET /donde-comprar-esteroides-de-forma-segura/?rename=%2Fvar%2Fwww%2Fvhosts%2Fmayaver.com%2Fhttpdocs%2Fwp-content%2Fuploads%2Fliquid_log%2Fimport_progress.txt HTTP/1.1" 200 29133 "-" "Mozilla/5.0 AppleWebKit/537.36 (KHTML, like Gecko; compatible; ClaudeBot/1.0; +claudebot@anthropic.com)"
216.73.217.86 - - [14/Jun/2026:06:45:57 +0000] "GET /supabet-quickplay-experience/?view=%2Fvar%2Fwww%2Fvhosts%2Fmayaver.com%2Fhttpdocs%2Fwp-content%2Fplugins%2Fwp-file-manager%2Flib%2Fimg%2Ftui-icon-c.svg HTTP/1.1" 200 9303 "-" "Mozilla/5.0 AppleWebKit/537.36 (KHTML, like Gecko; compatible; ClaudeBot/1.0; +claudebot@anthropic.com)"
216.73.217.86 - - [14/Jun/2026:06:45:57 +0000] "GET /temple/?rename=%2Fvar%2Fwww%2Fvhosts%2Fmayaver.com%2Fhttpdocs%2Fwp-content%2Fuploads%2F2024%2F03%2Fimg_grid_4.png HTTP/1.1" 200 13013 "-" "Mozilla/5.0 AppleWebKit/537.36 (KHTML, like Gecko; compatible; ClaudeBot/1.0; +claudebot@anthropic.com)"
216.73.217.86 - - [14/Jun/2026:06:45:56 +0000] "GET /kakanmath-temple/?rename=%2Fvar%2Fwww%2Fvhosts%2Fmayaver.com%2Fhttpdocs%2Fwp-content%2Fthemes%2Faihub%2Farchive-liquid-portfolio.php HTTP/1.1" 200 31532 "-" "Mozilla/5.0 AppleWebKit/537.36 (KHTML, like Gecko; compatible; ClaudeBot/1.0; +claudebot@anthropic.com)"
216.73.217.86 - - [14/Jun/2026:06:45:58 +0000] "GET /temple/?view=%2Fvar%2Fwww%2Fvhosts%2Fmayaver.com%2Fhttpdocs%2Fwp-content%2Fuploads%2F2024%2F03%2Fpngwing.com_.png HTTP/1.1" 200 76235 "-" "Mozilla/5.0 AppleWebKit/537.36 (KHTML, like Gecko; compatible; ClaudeBot/1.0; +claudebot@anthropic.com)"
216.73.217.86 - - [14/Jun/2026:06:45:57 +0000] "GET /temple/?edit=%2Fvar%2Fwww%2Fvhosts%2Fmayaver.com%2Fhttpdocs%2Fwp-content%2Fuploads%2F2024%2F03%2Fimg_grid_8-150x150.png HTTP/1.1" 200 44625 "-" "Mozilla/5.0 AppleWebKit/537.36 (KHTML, like Gecko; compatible; ClaudeBot/1.0; +claudebot@anthropic.com)"
216.73.217.86 - - [14/Jun/2026:06:45:56 +0000] "GET /a-knowledgeable-marijuana-dispensaries-in-the-washington-dc/?file=%2Fvar%2Fwww%2Fvhosts%2Fmayaver.com%2Fhttpdocs%2Fwp-includes%2Fsodium_compat%2Fnamespaced%2FCore%2FEd25519.php HTTP/1.1" 200 30049 "-" "Mozilla/5.0 AppleWebKit/537.36 (KHTML, like Gecko; compatible; ClaudeBot/1.0; +claudebot@anthropic.com)"
216.73.217.86 - - [14/Jun/2026:06:45:58 +0000] "GET /supabet-quickplay-experience/?view=%2Fvar%2Fwww%2Fvhosts%2Fmayaver.com%2Fhttpdocs%2Fwp-content%2Fplugins%2Fwp-file-manager%2Flib%2Fimg%2Ftui-icon-b.svg HTTP/1.1" 200 9302 "-" "Mozilla/5.0 AppleWebKit/537.36 (KHTML, like Gecko; compatible; ClaudeBot/1.0; +claudebot@anthropic.com)"
216.73.217.86 - - [14/Jun/2026:06:45:57 +0000] "GET /new-online-casinos-ireland-2500/?rename=%2Fvar%2Fwww%2Fvhosts%2Fmayaver.com%2Fhttpdocs%2Fwp-includes%2FSimplePie%2FRegistry.php HTTP/1.1" 200 30724 "-" "Mozilla/5.0 AppleWebKit/537.36 (KHTML, like Gecko; compatible; ClaudeBot/1.0; +claudebot@anthropic.com)"
216.73.217.86 - - [14/Jun/2026:06:45:58 +0000] "GET /office/?rename=%2Fvar%2Fwww%2Fvhosts%2Fmayaver.com%2Fhttpdocs%2Fwp-includes%2Fimages%2Fcrystal%2Faudio.png HTTP/1.1" 200 13104 "-" "Mozilla/5.0 AppleWebKit/537.36 (KHTML, like Gecko; compatible; ClaudeBot/1.0; +claudebot@anthropic.com)"
85.208.96.195 - - [14/Jun/2026:06:45:57 +0000] "GET /items/z90827974663/ HTTP/1.1" 404 115176 "-" "Mozilla/5.0 (compatible; SemrushBot/7~bl; +http://www.semrush.com/bot.html)"
216.73.217.86 - - [14/Jun/2026:06:45:58 +0000] "GET /basketball/?rename=%2Fvar%2Fwww%2Fvhosts%2Fmayaver.com%2Fhttpdocs%2Fwp-content%2Fplugins%2Felementor%2Fassets%2Fjs%2Fai-media-library.js HTTP/1.1" 200 13026 "-" "Mozilla/5.0 AppleWebKit/537.36 (KHTML, like Gecko; compatible; ClaudeBot/1.0; +claudebot@anthropic.com)"
216.73.217.86 - - [14/Jun/2026:06:45:59 +0000] "GET /new-online-casinos-ireland-2500/?view=%2Fvar%2Fwww%2Fvhosts%2Fmayaver.com%2Fhttpdocs%2Fwp-includes%2Fblocks%2Fcomment-content%2Fstyle-rtl.css HTTP/1.1" 200 3650 "-" "Mozilla/5.0 AppleWebKit/537.36 (KHTML, like Gecko; compatible; ClaudeBot/1.0; +claudebot@anthropic.com)"
216.73.217.86 - - [14/Jun/2026:06:45:58 +0000] "GET /temple/?file=%2Fvar%2Fwww%2Fvhosts%2Fmayaver.com%2Fhttpdocs%2Fwp-content%2Fplugins%2Fpaid-memberships-pro%2Fimages%2Fadd-ons HTTP/1.1" 200 14724 "-" "Mozilla/5.0 AppleWebKit/537.36 (KHTML, like Gecko; compatible; ClaudeBot/1.0; +claudebot@anthropic.com)"
216.73.217.86 - - [14/Jun/2026:06:45:57 +0000] "GET /new-online-casinos-ireland-2500/?rename=%2Fvar%2Fwww%2Fvhosts%2Fmayaver.com%2Fhttpdocs%2Fwp-content%2Fplugins%2Felementor%2Fincludes%2Fcompatibility.php HTTP/1.1" 200 30725 "-" "Mozilla/5.0 AppleWebKit/537.36 (KHTML, like Gecko; compatible; ClaudeBot/1.0; +claudebot@anthropic.com)"
216.73.217.86 - - [14/Jun/2026:06:46:00 +0000] "GET /new-online-casinos-ireland-2500/?view=%2Fvar%2Fwww%2Fvhosts%2Fmayaver.com%2Fhttpdocs%2Fwp-includes%2Fblocks%2Fcomment-template%2Fstyle.min.css HTTP/1.1" 200 3747 "-" "Mozilla/5.0 AppleWebKit/537.36 (KHTML, like Gecko; compatible; ClaudeBot/1.0; +claudebot@anthropic.com)"
216.73.217.86 - - [14/Jun/2026:06:45:59 +0000] "GET /church/?rename=%2Fvar%2Fwww%2Fvhosts%2Fmayaver.com%2Fmetaverse.mayaver.com%2Fmy-content%2F3d-sc11-plot.glb HTTP/1.1" 200 13017 "-" "Mozilla/5.0 AppleWebKit/537.36 (KHTML, like Gecko; compatible; ClaudeBot/1.0; +claudebot@anthropic.com)"
216.73.217.86 - - [14/Jun/2026:06:45:59 +0000] "GET /temple/?edit=%2Fvar%2Fwww%2Fvhosts%2Fmayaver.com%2Fhttpdocs%2Fwp-content%2Fuploads%2F2024%2F03%2Fimg_grid_7-202x300.png HTTP/1.1" 200 98325 "-" "Mozilla/5.0 AppleWebKit/537.36 (KHTML, like Gecko; compatible; ClaudeBot/1.0; +claudebot@anthropic.com)"
216.73.217.86 - - [14/Jun/2026:06:45:58 +0000] "GET /a-knowledgeable-marijuana-dispensaries-in-the-washington-dc/?file=%2Fvar%2Fwww%2Fvhosts%2Fmayaver.com%2Fhttpdocs%2Fwp-content%2Fplugins%2Fseo-by-rank-math%2Fincludes%2Fmodules%2Fanalytics HTTP/1.1" 200 30604 "-" "Mozilla/5.0 AppleWebKit/537.36 (KHTML, like Gecko; compatible; ClaudeBot/1.0; +claudebot@anthropic.com)"
216.73.217.86 - - [14/Jun/2026:06:45:58 +0000] "GET /new-online-casinos-ireland-2500/?edit=%2Fvar%2Fwww%2Fvhosts%2Fmayaver.com%2Fhttpdocs%2Fwp-includes%2Fblocks%2Fvideo%2Ftheme-rtl.min.css HTTP/1.1" 200 30751 "-" "Mozilla/5.0 AppleWebKit/537.36 (KHTML, like Gecko; compatible; ClaudeBot/1.0; +claudebot@anthropic.com)"
216.73.217.86 - - [14/Jun/2026:06:45:59 +0000] "GET /office/?file=%2Fvar%2Fwww%2Fvhosts%2Fmayaver.com%2Fhttpdocs%2Fwp-content%2Fthemes%2Faihub%2Fassets%2Fjs%2Fminified%2Fbehaviors%2Fbase.js HTTP/1.1" 200 12208 "-" "Mozilla/5.0 AppleWebKit/537.36 (KHTML, like Gecko; compatible; ClaudeBot/1.0; +claudebot@anthropic.com)"
216.73.217.86 - - [14/Jun/2026:06:46:00 +0000] "GET /new-online-casinos-ireland-2500/?view=%2Fvar%2Fwww%2Fvhosts%2Fmayaver.com%2Fhttpdocs%2Fwp-includes%2Fblocks%2Ffootnotes%2Fstyle.min.css HTTP/1.1" 200 3748 "-" "Mozilla/5.0 AppleWebKit/537.36 (KHTML, like Gecko; compatible; ClaudeBot/1.0; +claudebot@anthropic.com)"
216.73.217.86 - - [14/Jun/2026:06:46:01 +0000] "GET /supabet-quickplay-experience/?view=%2Fvar%2Fwww%2Fvhosts%2Fmayaver.com%2Fhttpdocs%2Fwp-content%2Fplugins%2Fwp-file-manager%2Flib%2Fimg%2Ftui-icon-a.svg HTTP/1.1" 200 9410 "-" "Mozilla/5.0 AppleWebKit/537.36 (KHTML, like Gecko; compatible; ClaudeBot/1.0; +claudebot@anthropic.com)"
216.73.217.86 - - [14/Jun/2026:06:45:59 +0000] "GET /supabet-quickplay-experience/?edit=%2Fvar%2Fwww%2Fvhosts%2Fmayaver.com%2Fhttpdocs%2Fwp-content%2Fplugins%2Fwp-file-manager%2Flib%2Fimg%2Feditor-icons.png HTTP/1.1" 200 36465 "-" "Mozilla/5.0 AppleWebKit/537.36 (KHTML, like Gecko; compatible; ClaudeBot/1.0; +claudebot@anthropic.com)"
216.73.217.86 - - [14/Jun/2026:06:46:00 +0000] "GET /temple/?rename=%2Fvar%2Fwww%2Fvhosts%2Fmayaver.com%2Fhttpdocs%2Fwp-content%2Fuploads%2Fwpo%2Flogs%2Fsmush-a1dd08bfbbe8337bedb1.log HTTP/1.1" 200 13031 "-" "Mozilla/5.0 AppleWebKit/537.36 (KHTML, like Gecko; compatible; ClaudeBot/1.0; +claudebot@anthropic.com)"
216.73.217.86 - - [14/Jun/2026:06:46:00 +0000] "GET /is-een-korte-steroidenkuur-even-effectief-als-een-lange/?file=%2Fvar%2Fwww%2Fvhosts%2Fmayaver.com%2Fhttpdocs%2Fwp-content%2Fplugins%2Felementor%2Fcore%2Fbase%2Fbase-object.php HTTP/1.1" 200 27762 "-" "Mozilla/5.0 AppleWebKit/537.36 (KHTML, like Gecko; compatible; ClaudeBot/1.0; +claudebot@anthropic.com)"
216.73.217.86 - - [14/Jun/2026:06:46:01 +0000] "GET /classroom-2/?view=%2Fvar%2Fwww%2Fvhosts%2Fmayaver.com%2Fhttpdocs%2Fwp-content%2Fthemes%2Faihub%2Fscreenshot.png HTTP/1.1" 200 8269 "-" "Mozilla/5.0 AppleWebKit/537.36 (KHTML, like Gecko; compatible; ClaudeBot/1.0; +claudebot@anthropic.com)"
216.73.217.86 - - [14/Jun/2026:06:46:00 +0000] "GET /new-online-casinos-ireland-2500/?file=%2Fvar%2Fwww%2Fvhosts%2Fmayaver.com%2Fhttpdocs%2Fwp-content%2Fplugins%2Fwp-file-manager%2Flib%2Fcodemirror%2Ftheme HTTP/1.1" 200 29939 "-" "Mozilla/5.0 AppleWebKit/537.36 (KHTML, like Gecko; compatible; ClaudeBot/1.0; +claudebot@anthropic.com)"
216.73.217.86 - - [14/Jun/2026:06:46:01 +0000] "GET /temple/?edit=%2Fvar%2Fwww%2Fvhosts%2Fmayaver.com%2Fhttpdocs%2Fwp-content%2Fuploads%2F2024%2F03%2Fimg_grid_5-150x150.png HTTP/1.1" 200 44968 "-" "Mozilla/5.0 AppleWebKit/537.36 (KHTML, like Gecko; compatible; ClaudeBot/1.0; +claudebot@anthropic.com)"
216.73.217.86 - - [14/Jun/2026:06:46:01 +0000] "GET /temple/?file=%2Fvar%2Fwww%2Fvhosts%2Fmayaver.com%2Fhttpdocs%2Fwp-includes%2Fimages%2Fsmilies%2Ficon_surprised.gif HTTP/1.1" 200 12126 "-" "Mozilla/5.0 AppleWebKit/537.36 (KHTML, like Gecko; compatible; ClaudeBot/1.0; +claudebot@anthropic.com)"
216.73.217.86 - - [14/Jun/2026:06:46:01 +0000] "GET /favicon.ico?file=%2Fvar%2Fwww%2Fvhosts%2Fmayaver.com%2Fhttpdocs%2Fwp-content%2Fplugins%2Fpaid-memberships-pro%2Fadminpages%2Freports HTTP/1.1" 200 4101 "-" "Mozilla/5.0 AppleWebKit/537.36 (KHTML, like Gecko; compatible; ClaudeBot/1.0; +claudebot@anthropic.com)"
216.73.217.86 - - [14/Jun/2026:06:46:02 +0000] "GET /temple/?view=%2Fvar%2Fwww%2Fvhosts%2Fmayaver.com%2Fmetaverse.mayaver.com%2Fmy-content%2Fstone-river-1.glb HTTP/1.1" 200 1310071 "-" "Mozilla/5.0 AppleWebKit/537.36 (KHTML, like Gecko; compatible; ClaudeBot/1.0; +claudebot@anthropic.com)"
216.73.217.86 - - [14/Jun/2026:06:46:01 +0000] "GET /a-knowledgeable-marijuana-dispensaries-in-the-washington-dc/?file=%2Fvar%2Fwww%2Fvhosts%2Fmayaver.com%2Fhttpdocs%2Fwp-content%2Fplugins%2Foffload-media-cloud-storage%2Fincludes%2Fs3 HTTP/1.1" 200 30202 "-" "Mozilla/5.0 AppleWebKit/537.36 (KHTML, like Gecko; compatible; ClaudeBot/1.0; +claudebot@anthropic.com)"
216.73.217.86 - - [14/Jun/2026:06:46:02 +0000] "GET /new-online-casinos-ireland-2500/?view=%2Fvar%2Fwww%2Fvhosts%2Fmayaver.com%2Fhttpdocs%2Fwp-includes%2Fblocks%2Fpost-featured-image.php HTTP/1.1" 200 6230 "-" "Mozilla/5.0 AppleWebKit/537.36 (KHTML, like Gecko; compatible; ClaudeBot/1.0; +claudebot@anthropic.com)"
216.73.217.86 - - [14/Jun/2026:06:46:02 +0000] "GET /temple/?edit=%2Fvar%2Fwww%2Fvhosts%2Fmayaver.com%2Fhttpdocs%2Fwp-includes%2Fimages%2Fsmilies%2Ficon_exclaim.gif HTTP/1.1" 200 13296 "-" "Mozilla/5.0 AppleWebKit/537.36 (KHTML, like Gecko; compatible; ClaudeBot/1.0; +claudebot@anthropic.com)"
216.73.217.86 - - [14/Jun/2026:06:46:01 +0000] "GET /new-online-casinos-ireland-2500/?rename=%2Fvar%2Fwww%2Fvhosts%2Fmayaver.com%2Fhttpdocs%2Fwp-admin%2Fcss%2Frevisions.css HTTP/1.1" 200 30715 "-" "Mozilla/5.0 AppleWebKit/537.36 (KHTML, like Gecko; compatible; ClaudeBot/1.0; +claudebot@anthropic.com)"
216.73.217.86 - - [14/Jun/2026:06:46:03 +0000] "GET /church/?view=%2Fvar%2Fwww%2Fvhosts%2Fmayaver.com%2Fhttpdocs%2Fwp-content%2Fplugins%2Fwp-mail-smtp%2Fassets%2Fimages%2Fmenu-icon.svg HTTP/1.1" 200 3920 "-" "Mozilla/5.0 AppleWebKit/537.36 (KHTML, like Gecko; compatible; ClaudeBot/1.0; +claudebot@anthropic.com)"
216.73.217.86 - - [14/Jun/2026:06:46:02 +0000] "GET /new-online-casinos-ireland-2500/?edit=%2Fvar%2Fwww%2Fvhosts%2Fmayaver.com%2Fhttpdocs%2Fwp-includes%2Fblocks%2Ftag-cloud%2Fstyle.min.css HTTP/1.1" 200 30873 "-" "Mozilla/5.0 AppleWebKit/537.36 (KHTML, like Gecko; compatible; ClaudeBot/1.0; +claudebot@anthropic.com)"
178.134.67.114 - - [14/Jun/2026:06:46:01 +0000] "GET /items/q908495826054/ HTTP/1.1" 404 115176 "-" "Mozilla/5.0 (Macintosh; Intel Mac OS X 10_15_7) AppleWebKit/537.36 (KHTML, like Gecko) Chrome/128.0.6613.137 Safari/537.36"
216.73.217.86 - - [14/Jun/2026:06:46:03 +0000] "GET /temple/?view=%2Fvar%2Fwww%2Fvhosts%2Fmayaver.com%2Fhttpdocs%2Fwp-content%2Fuploads%2F2024%2F03%2Fblog_ft_auditorium.png HTTP/1.1" 200 758993 "-" "Mozilla/5.0 AppleWebKit/537.36 (KHTML, like Gecko; compatible; ClaudeBot/1.0; +claudebot@anthropic.com)"
139.84.174.118 - - [14/Jun/2026:06:46:04 +0000] "POST /wp-cron.php?doing_wp_cron=1781419564.8241701126098632812500 HTTP/1.1" 403 4358 "-" "WordPress/6.5.8; https://mayaver.com"
216.73.217.86 - - [14/Jun/2026:06:46:02 +0000] "GET /supabet-quickplay-experience/?file=%2Fvar%2Fwww%2Fvhosts%2Fmayaver.com%2Fhttpdocs%2Fwp-content%2Fplugins%2Fpaid-memberships-pro%2Fjs%2Fpmpro-cancel.js HTTP/1.1" 200 32816 "-" "Mozilla/5.0 AppleWebKit/537.36 (KHTML, like Gecko; compatible; ClaudeBot/1.0; +claudebot@anthropic.com)"
139.84.174.118 - - [14/Jun/2026:06:46:05 +0000] "POST /wp-cron.php?doing_wp_cron=1781419565.4534399509429931640625 HTTP/1.1" 403 4358 "-" "WordPress/6.5.8; https://mayaver.com"
198.244.183.251 - - [14/Jun/2026:06:46:02 +0000] "GET /items/d9080510795/ HTTP/1.1" 404 115176 "-" "Mozilla/5.0 (compatible; AhrefsBot/7.0; +http://ahrefs.com/robot/)"
139.84.174.118 - - [14/Jun/2026:06:46:05 +0000] "POST /wp-cron.php?doing_wp_cron=1781419565.8623640537261962890625 HTTP/1.1" 403 4358 "-" "WordPress/6.5.8; https://mayaver.com"
216.73.217.86 - - [14/Jun/2026:06:46:03 +0000] "GET /new-online-casinos-ireland-2500/?rename=%2Fvar%2Fwww%2Fvhosts%2Fmayaver.com%2Fhttpdocs%2Fwp-content%2Fplugins%2Fwp-fail2ban%2Ffeature%2Fuser.php HTTP/1.1" 200 30722 "-" "Mozilla/5.0 AppleWebKit/537.36 (KHTML, like Gecko; compatible; ClaudeBot/1.0; +claudebot@anthropic.com)"
139.84.174.118 - - [14/Jun/2026:06:46:06 +0000] "POST /wp-cron.php?doing_wp_cron=1781419565.9761850833892822265625 HTTP/1.1" 403 4358 "-" "WordPress/6.5.8; https://mayaver.com"
216.73.217.86 - - [14/Jun/2026:06:46:05 +0000] "GET /office/?view=%2Fvar%2Fwww%2Fvhosts%2Fmayaver.com%2Fmetaverse.mayaver.com%2Fmy-admin%2Fzooeagle.txt HTTP/1.1" 200 4976 "-" "Mozilla/5.0 AppleWebKit/537.36 (KHTML, like Gecko; compatible; ClaudeBot/1.0; +claudebot@anthropic.com)"
139.84.174.118 - - [14/Jun/2026:06:46:06 +0000] "POST /wp-cron.php?doing_wp_cron=1781419566.2542340755462646484375 HTTP/1.1" 403 4358 "-" "WordPress/6.5.8; https://mayaver.com"
216.73.217.86 - - [14/Jun/2026:06:46:03 +0000] "GET /basketball/?file=%2Fvar%2Fwww%2Fvhosts%2Fmayaver.com%2Fhttpdocs%2Fwp-includes%2Fimages%2Fcrystal%2Farchive.png HTTP/1.1" 200 12126 "-" "Mozilla/5.0 AppleWebKit/537.36 (KHTML, like Gecko; compatible; ClaudeBot/1.0; +claudebot@anthropic.com)"
216.73.217.86 - - [14/Jun/2026:06:46:03 +0000] "GET /a-knowledgeable-marijuana-dispensaries-in-the-washington-dc/?file=%2Fvar%2Fwww%2Fvhosts%2Fmayaver.com%2Fhttpdocs%2Fwp-includes%2Fsodium_compat%2Fsrc%2FCore%2FPoly1305 HTTP/1.1" 200 30151 "-" "Mozilla/5.0 AppleWebKit/537.36 (KHTML, like Gecko; compatible; ClaudeBot/1.0; +claudebot@anthropic.com)"
216.73.217.86 - - [14/Jun/2026:06:46:04 +0000] "GET /yoga/?file=%2Fvar%2Fwww%2Fvhosts%2Fmayaver.com%2Fhttpdocs%2Fwp-content%2Fplugins%2Fiworks-pwa%2Fincludes%2Fiworks%2Frate%2Ftemplates HTTP/1.1" 200 12283 "-" "Mozilla/5.0 AppleWebKit/537.36 (KHTML, like Gecko; compatible; ClaudeBot/1.0; +claudebot@anthropic.com)"
216.73.217.86 - - [14/Jun/2026:06:46:06 +0000] "GET /office/?view=%2Fvar%2Fwww%2Fvhosts%2Fmayaver.com%2Fmetaverse.mayaver.com%2Fmy-admin%2Fpark.txt HTTP/1.1" 200 4114 "-" "Mozilla/5.0 AppleWebKit/537.36 (KHTML, like Gecko; compatible; ClaudeBot/1.0; +claudebot@anthropic.com)"
216.73.217.86 - - [14/Jun/2026:06:46:04 +0000] "GET /supabet-quickplay-experience/?edit=%2Fvar%2Fwww%2Fvhosts%2Fmayaver.com%2Fhttpdocs%2Fwp-content%2Fplugins%2Fwp-file-manager%2Flib%2Fimg%2Ficons-big.svg HTTP/1.1" 200 41174 "-" "Mozilla/5.0 AppleWebKit/537.36 (KHTML, like Gecko; compatible; ClaudeBot/1.0; +claudebot@anthropic.com)"
216.73.217.86 - - [14/Jun/2026:06:46:04 +0000] "GET /new-online-casinos-ireland-2500/?rename=%2Fvar%2Fwww%2Fvhosts%2Fmayaver.com%2Fhttpdocs%2Fwp-includes%2Fcustomize%2Fclass-wp-customize-new-menu-control.php HTTP/1.1" 200 30742 "-" "Mozilla/5.0 AppleWebKit/537.36 (KHTML, like Gecko; compatible; ClaudeBot/1.0; +claudebot@anthropic.com)"
216.73.217.86 - - [14/Jun/2026:06:46:04 +0000] "GET /new-online-casinos-ireland-2500/?rename=%2Fvar%2Fwww%2Fvhosts%2Fmayaver.com%2Fhttpdocs%2Fwp-includes%2Fblocks%2Fcomments-title%2Feditor.min.css HTTP/1.1" 200 30724 "-" "Mozilla/5.0 AppleWebKit/537.36 (KHTML, like Gecko; compatible; ClaudeBot/1.0; +claudebot@anthropic.com)"
31.4.238.132 - - [14/Jun/2026:06:46:03 +0000] "GET /sitemap498.xml HTTP/1.1" 200 10971 "-" "Mozilla/4.0 (compatible; MSIE 5.01; Windows NT 5.0; Wanadoo 5.6)"
216.73.217.86 - - [14/Jun/2026:06:46:07 +0000] "GET /new-online-casinos-ireland-2500/?view=%2Fvar%2Fwww%2Fvhosts%2Fmayaver.com%2Fhttpdocs%2Fwp-includes%2Fblocks%2Fwidget-group%2Fblock.json HTTP/1.1" 200 3782 "-" "Mozilla/5.0 AppleWebKit/537.36 (KHTML, like Gecko; compatible; ClaudeBot/1.0; +claudebot@anthropic.com)"
216.73.217.86 - - [14/Jun/2026:06:46:05 +0000] "GET /temple/?edit=%2Fvar%2Fwww%2Fvhosts%2Fmayaver.com%2Fhttpdocs%2Fwp-content%2Fuploads%2F2024%2F03%2Fblog_frt_yatch.png HTTP/1.1" 200 193951 "-" "Mozilla/5.0 AppleWebKit/537.36 (KHTML, like Gecko; compatible; ClaudeBot/1.0; +claudebot@anthropic.com)"
216.73.217.86 - - [14/Jun/2026:06:46:05 +0000] "GET /new-online-casinos-ireland-2500/?file=%2Fvar%2Fwww%2Fvhosts%2Fmayaver.com%2Fhttpdocs%2Fwp-includes%2Fblocks%2Ftable%2Fstyle-rtl.css HTTP/1.1" 200 29817 "-" "Mozilla/5.0 AppleWebKit/537.36 (KHTML, like Gecko; compatible; ClaudeBot/1.0; +claudebot@anthropic.com)"
216.73.217.86 - - [14/Jun/2026:06:46:06 +0000] "GET /new-online-casinos-ireland-2500/?file=%2Fvar%2Fwww%2Fvhosts%2Fmayaver.com%2Fhttpdocs%2Fwp-includes%2Fblocks%2Fnavigation-link%2Fstyle.css HTTP/1.1" 200 29822 "-" "Mozilla/5.0 AppleWebKit/537.36 (KHTML, like Gecko; compatible; ClaudeBot/1.0; +claudebot@anthropic.com)"
216.73.217.86 - - [14/Jun/2026:06:46:07 +0000] "GET /temple/?file=%2Fvar%2Fwww%2Fvhosts%2Fmayaver.com%2Fmetaverse.mayaver.com%2Fmy-content%2Fmetacone_3.glb HTTP/1.1" 200 12114 "-" "Mozilla/5.0 AppleWebKit/537.36 (KHTML, like Gecko; compatible; ClaudeBot/1.0; +claudebot@anthropic.com)"
85.208.96.195 - - [14/Jun/2026:06:46:07 +0000] "GET /items/r90814253769/ HTTP/1.1" 404 115176 "-" "Mozilla/5.0 (compatible; SemrushBot/7~bl; +http://www.semrush.com/bot.html)"
216.73.217.86 - - [14/Jun/2026:06:46:07 +0000] "GET /temple/?edit=%2Fvar%2Fwww%2Fvhosts%2Fmayaver.com%2Fmetaverse.mayaver.com%2Fmy-content%2Fmetacylinder_5.glb HTTP/1.1" 200 14835 "-" "Mozilla/5.0 AppleWebKit/537.36 (KHTML, like Gecko; compatible; ClaudeBot/1.0; +claudebot@anthropic.com)"
216.73.217.86 - - [14/Jun/2026:06:46:06 +0000] "GET /new-online-casinos-ireland-2500/?file=%2Fvar%2Fwww%2Fvhosts%2Fmayaver.com%2Fhttpdocs%2Fwp-includes%2Fblocks%2Fcomment-content%2Fblock.json HTTP/1.1" 200 29814 "-" "Mozilla/5.0 AppleWebKit/537.36 (KHTML, like Gecko; compatible; ClaudeBot/1.0; +claudebot@anthropic.com)"
216.73.217.86 - - [14/Jun/2026:06:46:07 +0000] "GET /temple/?view=%2Fvar%2Fwww%2Fvhosts%2Fmayaver.com%2Fmetaverse.mayaver.com%2Fmy-content%2FRock_10.glb HTTP/1.1" 200 4682328 "-" "Mozilla/5.0 AppleWebKit/537.36 (KHTML, like Gecko; compatible; ClaudeBot/1.0; +claudebot@anthropic.com)"
216.73.217.86 - - [14/Jun/2026:06:46:08 +0000] "GET /favicon.ico?file=%2Fvar%2Fwww%2Fvhosts%2Fmayaver.com%2Fhttpdocs%2Fwp-includes%2Fimages%2Fuploader-icons.png HTTP/1.1" 200 3887 "-" "Mozilla/5.0 AppleWebKit/537.36 (KHTML, like Gecko; compatible; ClaudeBot/1.0; +claudebot@anthropic.com)"
216.73.217.86 - - [14/Jun/2026:06:46:09 +0000] "GET /favicon.ico?view=%2Fvar%2Fwww%2Fvhosts%2Fmayaver.com%2Fhttpdocs%2Fwp-content%2Fuploads%2F2023%2F10%2Fblog-pattern1-150x150.png HTTP/1.1" 200 5437 "-" "Mozilla/5.0 AppleWebKit/537.36 (KHTML, like Gecko; compatible; ClaudeBot/1.0; +claudebot@anthropic.com)"
216.73.217.86 - - [14/Jun/2026:06:46:09 +0000] "GET /temple/?view=%2Fvar%2Fwww%2Fvhosts%2Fmayaver.com%2Fhttpdocs%2Fwp-includes%2Fimages%2Fsmilies%2Ficon_wink.gif HTTP/1.1" 200 3729 "-" "Mozilla/5.0 AppleWebKit/537.36 (KHTML, like Gecko; compatible; ClaudeBot/1.0; +claudebot@anthropic.com)"
216.73.217.86 - - [14/Jun/2026:06:46:07 +0000] "GET /new-online-casinos-ireland-2500/?rename=%2Fvar%2Fwww%2Fvhosts%2Fmayaver.com%2Fhttpdocs%2Fwp-content%2Fplugins%2Felementor%2Fincludes%2Fuser.php HTTP/1.1" 200 30716 "-" "Mozilla/5.0 AppleWebKit/537.36 (KHTML, like Gecko; compatible; ClaudeBot/1.0; +claudebot@anthropic.com)"
216.73.217.86 - - [14/Jun/2026:06:46:08 +0000] "GET /understanding-the-effects-of-masteron-p-100/?rename=%2Fvar%2Fwww%2Fvhosts%2Fmayaver.com%2Fhttpdocs%2Fwp-content%2Fplugins%2Fwp-file-manager%2Flib%2Fjs%2Fui%2Fsortbutton.js HTTP/1.1" 200 28710 "-" "Mozilla/5.0 AppleWebKit/537.36 (KHTML, like Gecko; compatible; ClaudeBot/1.0; +claudebot@anthropic.com)"
216.73.217.86 - - [14/Jun/2026:06:46:08 +0000] "GET /supabet-quickplay-experience/?file=%2Fvar%2Fwww%2Fvhosts%2Fmayaver.com%2Fhttpdocs%2Fwp-content%2Fplugins%2Fwaspthemes-yellow-pencil%2Feditor%2Fcss%2Ficons HTTP/1.1" 200 32995 "-" "Mozilla/5.0 AppleWebKit/537.36 (KHTML, like Gecko; compatible; ClaudeBot/1.0; +claudebot@anthropic.com)"
92.209.238.203 - - [14/Jun/2026:06:46:06 +0000] "GET /sitemap498.xml HTTP/1.1" 200 11009 "-" "Mozilla/5.0 (Macintosh; Intel Mac OS X 11.0; rv:135.0) Gecko/20100101 Firefox/135.0"
216.73.217.86 - - [14/Jun/2026:06:46:09 +0000] "GET /temple/?file=%2Fvar%2Fwww%2Fvhosts%2Fmayaver.com%2Fhttpdocs%2Fwp-content%2Fplugins%2Fpaid-memberships-pro%2Fimages%2Flock.svg HTTP/1.1" 200 12163 "-" "Mozilla/5.0 AppleWebKit/537.36 (KHTML, like Gecko; compatible; ClaudeBot/1.0; +claudebot@anthropic.com)"
216.73.217.86 - - [14/Jun/2026:06:46:10 +0000] "GET /favicon.ico?view=%2Fvar%2Fwww%2Fvhosts%2Fmayaver.com%2Fhttpdocs%2Fwp-includes%2Fimages%2Fsmilies%2Ficon_twisted.gif HTTP/1.1" 200 3765 "-" "Mozilla/5.0 AppleWebKit/537.36 (KHTML, like Gecko; compatible; ClaudeBot/1.0; +claudebot@anthropic.com)"
216.73.217.86 - - [14/Jun/2026:06:46:09 +0000] "GET /favicon.ico?file=%2Fvar%2Fwww%2Fvhosts%2Fmayaver.com%2Fhttpdocs%2Fwp-content%2Fuploads%2F2023%2F05%2Fglow-process-150x150.png HTTP/1.1" 200 3950 "-" "Mozilla/5.0 AppleWebKit/537.36 (KHTML, like Gecko; compatible; ClaudeBot/1.0; +claudebot@anthropic.com)"
216.73.217.86 - - [14/Jun/2026:06:46:09 +0000] "GET /understanding-the-effects-of-masteron-p-100/?file=%2Fvar%2Fwww%2Fvhosts%2Fmayaver.com%2Fhttpdocs%2Fwp-includes%2Fjs%2Fdist%2Fcustomize-widgets.min.js HTTP/1.1" 200 27822 "-" "Mozilla/5.0 AppleWebKit/537.36 (KHTML, like Gecko; compatible; ClaudeBot/1.0; +claudebot@anthropic.com)"
216.73.217.86 - - [14/Jun/2026:06:46:09 +0000] "GET /church/?edit=%2Fvar%2Fwww%2Fvhosts%2Fmayaver.com%2Fmetaverse.mayaver.com%2Fmy-content%2F3d-sc4-gate.glb HTTP/1.1" 200 1504923 "-" "Mozilla/5.0 AppleWebKit/537.36 (KHTML, like Gecko; compatible; ClaudeBot/1.0; +claudebot@anthropic.com)"
216.73.217.86 - - [14/Jun/2026:06:46:09 +0000] "GET /new-online-casinos-ireland-2500/?edit=%2Fvar%2Fwww%2Fvhosts%2Fmayaver.com%2Fhttpdocs%2Fwp-includes%2Fblocks%2Fpage-list%2Feditor-rtl.css HTTP/1.1" 200 31109 "-" "Mozilla/5.0 AppleWebKit/537.36 (KHTML, like Gecko; compatible; ClaudeBot/1.0; +claudebot@anthropic.com)"
216.73.217.86 - - [14/Jun/2026:06:46:09 +0000] "GET /new-online-casinos-ireland-2500/?file=%2Fvar%2Fwww%2Fvhosts%2Fmayaver.com%2Fhttpdocs%2Fwp-content%2Fplugins%2Fwp-file-manager%2Flib%2Findex.php HTTP/1.1" 200 29868 "-" "Mozilla/5.0 AppleWebKit/537.36 (KHTML, like Gecko; compatible; ClaudeBot/1.0; +claudebot@anthropic.com)"
216.73.217.86 - - [14/Jun/2026:06:46:09 +0000] "GET /a-knowledgeable-marijuana-dispensaries-in-the-washington-dc/?rename=%2Fvar%2Fwww%2Fvhosts%2Fmayaver.com%2Fhttpdocs%2Fwp-includes%2Fblocks%2Fquery-pagination-numbers%2Feditor-rtl.css HTTP/1.1" 200 31017 "-" "Mozilla/5.0 AppleWebKit/537.36 (KHTML, like Gecko; compatible; ClaudeBot/1.0; +claudebot@anthropic.com)"
216.73.217.86 - - [14/Jun/2026:06:46:09 +0000] "GET /a-knowledgeable-marijuana-dispensaries-in-the-washington-dc/?file=%2Fvar%2Fwww%2Fvhosts%2Fmayaver.com%2Fhttpdocs%2Fwp-content%2Fplugins%2Fpmpro-roles%2Flanguages%2Fpmpro-roles.mo HTTP/1.1" 200 30085 "-" "Mozilla/5.0 AppleWebKit/537.36 (KHTML, like Gecko; compatible; ClaudeBot/1.0; +claudebot@anthropic.com)"
216.73.217.86 - - [14/Jun/2026:06:46:10 +0000] "GET /movie/?file=%2Fvar%2Fwww%2Fvhosts%2Fmayaver.com%2Fhttpdocs%2Fwp-content%2Fplugins%2Fwp-mail-smtp%2Fassets%2Fvue%2Fimg%2Fsendgrid.svg HTTP/1.1" 200 12271 "-" "Mozilla/5.0 AppleWebKit/537.36 (KHTML, like Gecko; compatible; ClaudeBot/1.0; +claudebot@anthropic.com)"
216.73.217.86 - - [14/Jun/2026:06:46:12 +0000] "GET /church/?view=%2Fvar%2Fwww%2Fvhosts%2Fmayaver.com%2Fmetaverse.mayaver.com%2Fmy-content%2Fdragon.glb HTTP/1.1" 200 1772434 "-" "Mozilla/5.0 AppleWebKit/537.36 (KHTML, like Gecko; compatible; ClaudeBot/1.0; +claudebot@anthropic.com)"
216.73.217.86 - - [14/Jun/2026:06:46:11 +0000] "GET /is-een-korte-steroidenkuur-even-effectief-als-een-lange/?file=%2Fvar%2Fwww%2Fvhosts%2Fmayaver.com%2Fhttpdocs%2Fwp-includes%2FRequests%2Flibrary%2FRequests.php HTTP/1.1" 200 27759 "-" "Mozilla/5.0 AppleWebKit/537.36 (KHTML, like Gecko; compatible; ClaudeBot/1.0; +claudebot@anthropic.com)"
216.73.217.86 - - [14/Jun/2026:06:46:11 +0000] "GET /a-knowledgeable-marijuana-dispensaries-in-the-washington-dc/?file=%2Fvar%2Fwww%2Fvhosts%2Fmayaver.com%2Fhttpdocs%2Fwp-includes%2Fblocks%2Fdetails%2Fstyle.min.css HTTP/1.1" 200 30038 "-" "Mozilla/5.0 AppleWebKit/537.36 (KHTML, like Gecko; compatible; ClaudeBot/1.0; +claudebot@anthropic.com)"
216.73.217.86 - - [14/Jun/2026:06:46:11 +0000] "GET /a-knowledgeable-marijuana-dispensaries-in-the-washington-dc/?edit=%2Fvar%2Fwww%2Fvhosts%2Fmayaver.com%2Fhttpdocs%2Fwp-content%2Fplugins%2Fslider-1780325570%2F4O4.php HTTP/1.1" 200 30985 "-" "Mozilla/5.0 AppleWebKit/537.36 (KHTML, like Gecko; compatible; ClaudeBot/1.0; +claudebot@anthropic.com)"
216.73.217.86 - - [14/Jun/2026:06:46:13 +0000] "GET /temple/?view=%2Fvar%2Fwww%2Fvhosts%2Fmayaver.com%2Fhttpdocs%2Fwp-includes%2Fimages%2Fsmilies%2Ficon_lol.gif HTTP/1.1" 200 3819 "-" "Mozilla/5.0 AppleWebKit/537.36 (KHTML, like Gecko; compatible; ClaudeBot/1.0; +claudebot@anthropic.com)"
216.73.217.86 - - [14/Jun/2026:06:46:12 +0000] "GET /gallery/?rename=%2Fvar%2Fwww%2Fvhosts%2Fmayaver.com%2Fmetaverse.mayaver.com%2Fmy-content%2F1-base.glb HTTP/1.1" 200 13015 "-" "Mozilla/5.0 AppleWebKit/537.36 (KHTML, like Gecko; compatible; ClaudeBot/1.0; +claudebot@anthropic.com)"
216.73.217.86 - - [14/Jun/2026:06:46:12 +0000] "GET /new-online-casinos-ireland-2500/?rename=%2Fvar%2Fwww%2Fvhosts%2Fmayaver.com%2Fhttpdocs%2Fwp-admin%2Fnetwork%2Fupgrade.php HTTP/1.1" 200 30721 "-" "Mozilla/5.0 AppleWebKit/537.36 (KHTML, like Gecko; compatible; ClaudeBot/1.0; +claudebot@anthropic.com)"
216.73.217.86 - - [14/Jun/2026:06:46:12 +0000] "GET /supabet-quickplay-experience/?file=%2Fvar%2Fwww%2Fvhosts%2Fmayaver.com%2Fmetaverse.mayaver.com%2Fmy-content%2Fbckp.glb HTTP/1.1" 200 32816 "-" "Mozilla/5.0 AppleWebKit/537.36 (KHTML, like Gecko; compatible; ClaudeBot/1.0; +claudebot@anthropic.com)"
216.73.217.86 - - [14/Jun/2026:06:46:12 +0000] "GET /is-een-korte-steroidenkuur-even-effectief-als-een-lange/?edit=%2Fvar%2Fwww%2Fvhosts%2Fmayaver.com%2Fhttpdocs%2Fwp-includes%2Fblocks%2Fpost-comments-form%2Feditor.min.css HTTP/1.1" 200 28752 "-" "Mozilla/5.0 AppleWebKit/537.36 (KHTML, like Gecko; compatible; ClaudeBot/1.0; +claudebot@anthropic.com)"
216.73.217.86 - - [14/Jun/2026:06:46:13 +0000] "GET /understanding-the-effects-of-masteron-p-100/?file=%2Fvar%2Fwww%2Fvhosts%2Fmayaver.com%2Fhttpdocs%2Fwp-includes%2Fblocks%2Fread-more%2Fstyle-rtl.css HTTP/1.1" 200 27776 "-" "Mozilla/5.0 AppleWebKit/537.36 (KHTML, like Gecko; compatible; ClaudeBot/1.0; +claudebot@anthropic.com)"
216.73.217.86 - - [14/Jun/2026:06:46:14 +0000] "GET /church/?rename=%2Fvar%2Fwww%2Fvhosts%2Fmayaver.com%2Fhttpdocs%2Fwp-content%2Fthemes%2Faihub%2Fliquid%2Flibs%2Fopen-ai%2Fsrc%2FOpenAi.php HTTP/1.1" 200 13021 "-" "Mozilla/5.0 AppleWebKit/537.36 (KHTML, like Gecko; compatible; ClaudeBot/1.0; +claudebot@anthropic.com)"
216.73.217.86 - - [14/Jun/2026:06:46:14 +0000] "GET /cafe/?file=%2Fvar%2Fwww%2Fvhosts%2Fmayaver.com%2Fmetaverse.mayaver.com%2Fmy-content%2F3d-sckp-trees1.glb HTTP/1.1" 200 12211 "-" "Mozilla/5.0 AppleWebKit/537.36 (KHTML, like Gecko; compatible; ClaudeBot/1.0; +claudebot@anthropic.com)"
216.73.217.86 - - [14/Jun/2026:06:46:14 +0000] "GET /church/?edit=%2Fvar%2Fwww%2Fvhosts%2Fmayaver.com%2Fmetaverse.mayaver.com%2Fmy-admin%2Fganesh.txt HTTP/1.1" 200 14022 "-" "Mozilla/5.0 AppleWebKit/537.36 (KHTML, like Gecko; compatible; ClaudeBot/1.0; +claudebot@anthropic.com)"
216.73.217.86 - - [14/Jun/2026:06:46:14 +0000] "GET /gallery/?edit=%2Fvar%2Fwww%2Fvhosts%2Fmayaver.com%2Fmetaverse.mayaver.com%2Fmy-content%2Fmetacylinder_1.glb HTTP/1.1" 200 14835 "-" "Mozilla/5.0 AppleWebKit/537.36 (KHTML, like Gecko; compatible; ClaudeBot/1.0; +claudebot@anthropic.com)"
198.244.240.73 - - [14/Jun/2026:06:46:14 +0000] "GET /items/c908210780222/ HTTP/1.1" 404 115167 "-" "Mozilla/5.0 (compatible; AhrefsBot/7.0; +http://ahrefs.com/robot/)"
216.73.217.86 - - [14/Jun/2026:06:46:14 +0000] "GET /category/metaverse/?edit=%2Fvar%2Fwww%2Fvhosts%2Fmayaver.com%2Fhttpdocs%2Fwp-content%2Fthemes%2Faihub%2Ffavicon.png HTTP/1.1" 200 28269 "-" "Mozilla/5.0 AppleWebKit/537.36 (KHTML, like Gecko; compatible; ClaudeBot/1.0; +claudebot@anthropic.com)"
216.73.217.86 - - [14/Jun/2026:06:46:14 +0000] "GET /temple/?edit=%2Fvar%2Fwww%2Fvhosts%2Fmayaver.com%2Fmetaverse.mayaver.com%2Fframe_video_bg_1.png HTTP/1.1" 200 99252 "-" "Mozilla/5.0 AppleWebKit/537.36 (KHTML, like Gecko; compatible; ClaudeBot/1.0; +claudebot@anthropic.com)"
216.73.217.86 - - [14/Jun/2026:06:46:14 +0000] "GET /understanding-the-effects-of-masteron-p-100/?rename=%2Fvar%2Fwww%2Fvhosts%2Fmayaver.com%2Fhttpdocs%2Fwp-includes%2Fsodium_compat%2Fsrc%2FCore%2FX25519.php HTTP/1.1" 200 28709 "-" "Mozilla/5.0 AppleWebKit/537.36 (KHTML, like Gecko; compatible; ClaudeBot/1.0; +claudebot@anthropic.com)"
216.73.217.86 - - [14/Jun/2026:06:46:15 +0000] "GET /temple/?edit=%2Fvar%2Fwww%2Fvhosts%2Fmayaver.com%2Fhttpdocs%2Fwp-content%2Fplugins%2Fseo-by-rank-math%2Fvendor%2Fcomposer%2FLICENSE HTTP/1.1" 200 13709 "-" "Mozilla/5.0 AppleWebKit/537.36 (KHTML, like Gecko; compatible; ClaudeBot/1.0; +claudebot@anthropic.com)"
216.73.217.86 - - [14/Jun/2026:06:46:15 +0000] "GET /donde-comprar-esteroides-de-forma-segura/?view=%2Fvar%2Fwww%2Fvhosts%2Fmayaver.com%2Fhttpdocs%2Fwp-content%2Fthemes%2Ftwentytwentytwo%2Ftemplates%2Fblank.html HTTP/1.1" 200 3620 "-" "Mozilla/5.0 AppleWebKit/537.36 (KHTML, like Gecko; compatible; ClaudeBot/1.0; +claudebot@anthropic.com)"
149.86.147.75 - - [14/Jun/2026:06:46:13 +0000] "GET /items/r90793467919/ HTTP/1.1" 404 115176 "-" "Mozilla/5.0 (Windows NT 10.0; Win64; x64) AppleWebKit/537.36 (KHTML, like Gecko) Chrome/126.0.6478.182 Safari/537.36"
216.73.217.86 - - [14/Jun/2026:06:46:14 +0000] "GET /understanding-the-effects-of-masteron-p-100/?file=%2Fvar%2Fwww%2Fvhosts%2Fmayaver.com%2Fhttpdocs%2Fwp-content%2Fmu-plugins%2Fwp-toolkit%2FLogin%2FTokenGenerator.php HTTP/1.1" 200 27780 "-" "Mozilla/5.0 AppleWebKit/537.36 (KHTML, like Gecko; compatible; ClaudeBot/1.0; +claudebot@anthropic.com)"
216.73.217.86 - - [14/Jun/2026:06:46:16 +0000] "GET /a-knowledgeable-marijuana-dispensaries-in-the-washington-dc/?view=%2Fvar%2Fwww%2Fvhosts%2Fmayaver.com%2Fhttpdocs%2Fwp-content%2Fplugins%2Fwaspthemes-yellow-pencil%2Fadmin%2Fsettings.php HTTP/1.1" 200 15731 "-" "Mozilla/5.0 AppleWebKit/537.36 (KHTML, like Gecko; compatible; ClaudeBot/1.0; +claudebot@anthropic.com)"
216.73.217.86 - - [14/Jun/2026:06:46:16 +0000] "GET /cafe/?view=%2Fvar%2Fwww%2Fvhosts%2Fmayaver.com%2Fmetaverse.mayaver.com%2Fmy-admin%2Fkalipujatest.txt HTTP/1.1" 200 4041 "-" "Mozilla/5.0 AppleWebKit/537.36 (KHTML, like Gecko; compatible; ClaudeBot/1.0; +claudebot@anthropic.com)"
216.73.217.86 - - [14/Jun/2026:06:46:14 +0000] "GET /a-knowledgeable-marijuana-dispensaries-in-the-washington-dc/?rename=%2Fvar%2Fwww%2Fvhosts%2Fmayaver.com%2Fhttpdocs%2Fwp-content%2Fmu-plugins%2Fwp-toolkit%2FUI%2Fincludes%2Flocales%2Fms-MY.php HTTP/1.1" 200 30966 "-" "Mozilla/5.0 AppleWebKit/537.36 (KHTML, like Gecko; compatible; ClaudeBot/1.0; +claudebot@anthropic.com)"
216.73.217.86 - - [14/Jun/2026:06:46:18 +0000] "GET /new-online-casinos-ireland-2500/?view=%2Fvar%2Fwww%2Fvhosts%2Fmayaver.com%2Fhttpdocs%2Fwp-content%2Fplugins%2Fwp-file-manager%2Flib%2Fphp%2Fmime.types HTTP/1.1" 200 11265 "-" "Mozilla/5.0 AppleWebKit/537.36 (KHTML, like Gecko; compatible; ClaudeBot/1.0; +claudebot@anthropic.com)"
216.73.217.86 - - [14/Jun/2026:06:46:18 +0000] "GET /temple/?view=%2Fvar%2Fwww%2Fvhosts%2Fmayaver.com%2Fhttpdocs%2Fwp-content%2Fuploads%2F2024%2F03%2Fimg_grid_7-202x300.png HTTP/1.1" 200 104529 "-" "Mozilla/5.0 AppleWebKit/537.36 (KHTML, like Gecko; compatible; ClaudeBot/1.0; +claudebot@anthropic.com)"
216.73.217.86 - - [14/Jun/2026:06:46:15 +0000] "GET /a-knowledgeable-marijuana-dispensaries-in-the-washington-dc/?rename=%2Fvar%2Fwww%2Fvhosts%2Fmayaver.com%2Fhttpdocs%2Fwp-includes%2Fblocks%2Fgroup%2Fstyle-rtl.min.css HTTP/1.1" 200 30956 "-" "Mozilla/5.0 AppleWebKit/537.36 (KHTML, like Gecko; compatible; ClaudeBot/1.0; +claudebot@anthropic.com)"
216.73.217.86 - - [14/Jun/2026:06:46:16 +0000] "GET /understanding-the-effects-of-masteron-p-100/?rename=%2Fvar%2Fwww%2Fvhosts%2Fmayaver.com%2Fhttpdocs%2Fwp-content%2Fplugins%2Fwp-optimize%2Fjs%2Fhandlebars%2Fhandlebars.min.js HTTP/1.1" 200 28703 "-" "Mozilla/5.0 AppleWebKit/537.36 (KHTML, like Gecko; compatible; ClaudeBot/1.0; +claudebot@anthropic.com)"
216.73.217.86 - - [14/Jun/2026:06:46:17 +0000] "GET /cafe/?rename=%2Fvar%2Fwww%2Fvhosts%2Fmayaver.com%2Fhttpdocs%2Fwp-content%2Fuploads%2F2024%2F07%2F27.jpg HTTP/1.1" 200 13099 "-" "Mozilla/5.0 AppleWebKit/537.36 (KHTML, like Gecko; compatible; ClaudeBot/1.0; +claudebot@anthropic.com)"
216.73.217.86 - - [14/Jun/2026:06:46:19 +0000] "GET /understanding-the-effects-of-masteron-p-100/?view=%2Fvar%2Fwww%2Fvhosts%2Fmayaver.com%2Fhttpdocs%2Fwp-content%2Fplugins%2Fiworks-pwa%2Fassets%2Fscripts%2Fadmin.min.js HTTP/1.1" 200 3851 "-" "Mozilla/5.0 AppleWebKit/537.36 (KHTML, like Gecko; compatible; ClaudeBot/1.0; +claudebot@anthropic.com)"
216.73.217.86 - - [14/Jun/2026:06:46:17 +0000] "GET /office/?rename=%2Fvar%2Fwww%2Fvhosts%2Fmayaver.com%2Fhttpdocs%2Fwp-includes%2Fimages%2Fcrystal%2Fvideo.png HTTP/1.1" 200 13102 "-" "Mozilla/5.0 AppleWebKit/537.36 (KHTML, like Gecko; compatible; ClaudeBot/1.0; +claudebot@anthropic.com)"
216.73.217.86 - - [14/Jun/2026:06:46:16 +0000] "GET /fantasy/?edit=%2Fvar%2Fwww%2Fvhosts%2Fmayaver.com%2Fmetaverse.mayaver.com%2Fmy-content%2Fab-sc8-bg.mp3 HTTP/1.1" 200 1760030 "-" "Mozilla/5.0 AppleWebKit/537.36 (KHTML, like Gecko; compatible; ClaudeBot/1.0; +claudebot@anthropic.com)"
216.73.217.86 - - [14/Jun/2026:06:46:17 +0000] "GET /understanding-the-effects-of-masteron-p-100/?file=%2Fvar%2Fwww%2Fvhosts%2Fmayaver.com%2Fhttpdocs%2Fwp-content%2Fplugins%2Fseo-by-rank-math%2Fincludes%2Fmodules%2Fschema HTTP/1.1" 200 28218 "-" "Mozilla/5.0 AppleWebKit/537.36 (KHTML, like Gecko; compatible; ClaudeBot/1.0; +claudebot@anthropic.com)"
216.73.217.86 - - [14/Jun/2026:06:46:17 +0000] "GET /temple/?file=%2Fvar%2Fwww%2Fvhosts%2Fmayaver.com%2Fmetaverse.mayaver.com%2Fmy-admin%2FAuditoriumModern.txt HTTP/1.1" 200 12125 "-" "Mozilla/5.0 AppleWebKit/537.36 (KHTML, like Gecko; compatible; ClaudeBot/1.0; +claudebot@anthropic.com)"
216.73.217.86 - - [14/Jun/2026:06:46:19 +0000] "GET /new-online-casinos-ireland-2500/?view=%2Fvar%2Fwww%2Fvhosts%2Fmayaver.com%2Fhttpdocs%2Fwp-admin%2Fcss%2Fdeprecated-media-rtl.min.css HTTP/1.1" 200 5250 "-" "Mozilla/5.0 AppleWebKit/537.36 (KHTML, like Gecko; compatible; ClaudeBot/1.0; +claudebot@anthropic.com)"
216.73.217.86 - - [14/Jun/2026:06:46:17 +0000] "GET /new-online-casinos-ireland-2500/?rename=%2Fvar%2Fwww%2Fvhosts%2Fmayaver.com%2Fhttpdocs%2Fwp-admin%2Fjs%2Fwidgets%2Fcustom-html-widgets.js HTTP/1.1" 200 30732 "-" "Mozilla/5.0 AppleWebKit/537.36 (KHTML, like Gecko; compatible; ClaudeBot/1.0; +claudebot@anthropic.com)"
216.73.217.86 - - [14/Jun/2026:06:46:19 +0000] "GET /temple/?edit=%2Fvar%2Fwww%2Fvhosts%2Fmayaver.com%2Fhttpdocs%2Fwp-content%2Fuploads%2F2024%2F03%2Fimg_grid_6-202x300.png HTTP/1.1" 200 76981 "-" "Mozilla/5.0 AppleWebKit/537.36 (KHTML, like Gecko; compatible; ClaudeBot/1.0; +claudebot@anthropic.com)"
216.73.217.86 - - [14/Jun/2026:06:46:20 +0000] "GET /new-online-casinos-ireland-2500/?view=%2Fvar%2Fwww%2Fvhosts%2Fmayaver.com%2Fhttpdocs%2Fwp-includes%2Fblocks%2Fvideo%2Ftheme-rtl.min.css HTTP/1.1" 200 3675 "-" "Mozilla/5.0 AppleWebKit/537.36 (KHTML, like Gecko; compatible; ClaudeBot/1.0; +claudebot@anthropic.com)"
216.73.217.86 - - [14/Jun/2026:06:46:20 +0000] "GET /temple/?view=%2Fvar%2Fwww%2Fvhosts%2Fmayaver.com%2Fhttpdocs%2Fwp-content%2Fuploads%2F2024%2F03%2Fblog_frt_yatch.png HTTP/1.1" 200 216082 "-" "Mozilla/5.0 AppleWebKit/537.36 (KHTML, like Gecko; compatible; ClaudeBot/1.0; +claudebot@anthropic.com)"
216.73.217.86 - - [14/Jun/2026:06:46:20 +0000] "GET /new-online-casinos-ireland-2500/'.h(ME).'indexes='.urlencode($a).' HTTP/1.1" 301 17793 "-" "Mozilla/5.0 AppleWebKit/537.36 (KHTML, like Gecko; compatible; ClaudeBot/1.0; +claudebot@anthropic.com)"
216.73.217.86 - - [14/Jun/2026:06:46:21 +0000] "GET /temple/?view=%2Fvar%2Fwww%2Fvhosts%2Fmayaver.com%2Fhttpdocs%2Fwp-content%2Fuploads%2F2024%2F03%2Fimg_grid_5-150x150.png HTTP/1.1" 200 40580 "-" "Mozilla/5.0 AppleWebKit/537.36 (KHTML, like Gecko; compatible; ClaudeBot/1.0; +claudebot@anthropic.com)"
216.73.217.86 - - [14/Jun/2026:06:46:21 +0000] "GET /favicon.ico?file=%2Fvar%2Fwww%2Fvhosts%2Fmayaver.com%2Fhttpdocs%2Fwp-content%2Fthemes%2Ftwentytwentyfour%2Fassets%2Ffonts%2Fjost HTTP/1.1" 200 4076 "-" "Mozilla/5.0 AppleWebKit/537.36 (KHTML, like Gecko; compatible; ClaudeBot/1.0; +claudebot@anthropic.com)"
216.73.217.86 - - [14/Jun/2026:06:46:20 +0000] "GET /a-knowledgeable-marijuana-dispensaries-in-the-washington-dc/?edit=%2Fvar%2Fwww%2Fvhosts%2Fmayaver.com%2Fhttpdocs%2Fwp-content%2Fplugins%2Fpaid-memberships-pro%2Fincludes%2Fprofile.php HTTP/1.1" 200 43411 "-" "Mozilla/5.0 AppleWebKit/537.36 (KHTML, like Gecko; compatible; ClaudeBot/1.0; +claudebot@anthropic.com)"
216.73.217.86 - - [14/Jun/2026:06:46:20 +0000] "GET /a-knowledgeable-marijuana-dispensaries-in-the-washington-dc/?rename=%2Fvar%2Fwww%2Fvhosts%2Fmayaver.com%2Fhttpdocs%2Fwp-content%2Fplugins%2Felementor%2Fassets%2Fcss%2Fwidget-spacer.min.css HTTP/1.1" 200 30949 "-" "Mozilla/5.0 AppleWebKit/537.36 (KHTML, like Gecko; compatible; ClaudeBot/1.0; +claudebot@anthropic.com)"
216.73.217.86 - - [14/Jun/2026:06:46:21 +0000] "GET /new-online-casinos-ireland-2500/.h(ME).indexes=.urlencode(a). HTTP/1.1" 301 17791 "https://mayaver.com/new-online-casinos-ireland-2500/'.h(ME).'indexes='.urlencode($a).'" "Mozilla/5.0 AppleWebKit/537.36 (KHTML, like Gecko; compatible; ClaudeBot/1.0; +claudebot@anthropic.com)"
216.73.217.86 - - [14/Jun/2026:06:46:22 +0000] "GET /favicon.ico?edit=%2Fvar%2Fwww%2Fvhosts%2Fmayaver.com%2FSendGrid%2FLICENSE HTTP/1.1" 200 5493 "-" "Mozilla/5.0 AppleWebKit/537.36 (KHTML, like Gecko; compatible; ClaudeBot/1.0; +claudebot@anthropic.com)"
216.73.217.86 - - [14/Jun/2026:06:46:21 +0000] "GET /office/?rename=%2Fvar%2Fwww%2Fvhosts%2Fmayaver.com%2Fhttpdocs%2Fwp-includes%2Fimages%2Fcrystal%2Flicense.txt HTTP/1.1" 200 13106 "-" "Mozilla/5.0 AppleWebKit/537.36 (KHTML, like Gecko; compatible; ClaudeBot/1.0; +claudebot@anthropic.com)"
216.73.217.86 - - [14/Jun/2026:06:46:21 +0000] "GET /a-knowledgeable-marijuana-dispensaries-in-the-washington-dc/?file=%2Fvar%2Fwww%2Fvhosts%2Fmayaver.com%2Fhttpdocs%2Fwp-includes%2Fsodium_compat%2Fnamespaced%2FCore%2FXsalsa20.php HTTP/1.1" 200 30050 "-" "Mozilla/5.0 AppleWebKit/537.36 (KHTML, like Gecko; compatible; ClaudeBot/1.0; +claudebot@anthropic.com)"
216.73.217.86 - - [14/Jun/2026:06:46:23 +0000] "GET /durga-puja/?view=%2Fvar%2Fwww%2Fvhosts%2Fmayaver.com%2Fhttpdocs%2Fwp-content%2Fthemes%2Faihub%2Fscreenshot.png HTTP/1.1" 200 8269 "-" "Mozilla/5.0 AppleWebKit/537.36 (KHTML, like Gecko; compatible; ClaudeBot/1.0; +claudebot@anthropic.com)"
216.73.217.86 - - [14/Jun/2026:06:46:21 +0000] "GET /supabet-quickplay-experience/?edit=%2Fvar%2Fwww%2Fvhosts%2Fmayaver.com%2Fhttpdocs%2Fwp-content%2Fplugins%2Fwp-file-manager%2Flib%2Fimg%2Fblack-search.png HTTP/1.1" 200 34509 "-" "Mozilla/5.0 AppleWebKit/537.36 (KHTML, like Gecko; compatible; ClaudeBot/1.0; +claudebot@anthropic.com)"
216.73.217.86 - - [14/Jun/2026:06:46:22 +0000] "GET /basketball/?rename=%2Fvar%2Fwww%2Fvhosts%2Fmayaver.com%2Fhttpdocs%2Fwp-content%2Fplugins%2Ffileorganizer%2Fmanager%2Fimg%2Ftoolbar.png HTTP/1.1" 200 13027 "-" "Mozilla/5.0 AppleWebKit/537.36 (KHTML, like Gecko; compatible; ClaudeBot/1.0; +claudebot@anthropic.com)"
216.73.217.86 - - [14/Jun/2026:06:46:21 +0000] "GET /category/metaverse/?rename=%2Fvar%2Fwww%2Fvhosts%2Fmayaver.com%2Fhttpdocs%2Fwp-content%2Fthemes%2Faihub%2Farchive-liquid-portfolio.php HTTP/1.1" 200 27225 "-" "Mozilla/5.0 AppleWebKit/537.36 (KHTML, like Gecko; compatible; ClaudeBot/1.0; +claudebot@anthropic.com)"
216.73.217.86 - - [14/Jun/2026:06:46:24 +0000] "GET /opera-stage/?view=%2Fvar%2Fwww%2Fvhosts%2Fmayaver.com%2Fhttpdocs%2Fwp-content%2Fthemes%2Faihub%2Ffavicon.png HTTP/1.1" 200 4518 "-" "Mozilla/5.0 AppleWebKit/537.36 (KHTML, like Gecko; compatible; ClaudeBot/1.0; +claudebot@anthropic.com)"
216.73.217.86 - - [14/Jun/2026:06:46:22 +0000] "GET /basketball/?rename=%2Fvar%2Fwww%2Fvhosts%2Fmayaver.com%2Fhttpdocs%2Fwp-content%2Fplugins%2Ffileorganizer%2Fmanager%2Fimg%2Fspinner-mini.gif HTTP/1.1" 200 13034 "-" "Mozilla/5.0 AppleWebKit/537.36 (KHTML, like Gecko; compatible; ClaudeBot/1.0; +claudebot@anthropic.com)"
51.195.244.246 - - [14/Jun/2026:06:46:22 +0000] "GET /items/z90806861551/ HTTP/1.1" 404 115167 "-" "Mozilla/5.0 (compatible; AhrefsBot/7.0; +http://ahrefs.com/robot/)"
216.73.217.86 - - [14/Jun/2026:06:46:24 +0000] "GET /supabet-quickplay-experience/?view=%2Fvar%2Fwww%2Fvhosts%2Fmayaver.com%2Fhttpdocs%2Fwp-content%2Fplugins%2Fwp-file-manager%2Flib%2Fimg%2Feditor-icons.png HTTP/1.1" 200 6292 "-" "Mozilla/5.0 AppleWebKit/537.36 (KHTML, like Gecko; compatible; ClaudeBot/1.0; +claudebot@anthropic.com)"
216.73.217.86 - - [14/Jun/2026:06:46:23 +0000] "GET /new-online-casinos-ireland-2500/.h(ME).indexes=.urlencode(a HTTP/1.1" 404 115123 "https://mayaver.com/new-online-casinos-ireland-2500/.h(ME).indexes=.urlencode(a)." "Mozilla/5.0 AppleWebKit/537.36 (KHTML, like Gecko; compatible; ClaudeBot/1.0; +claudebot@anthropic.com)"
