216.73.217.86 - - [14/Jun/2026:06:53:42 +0000] "GET /donde-comprar-esteroides-de-forma-segura/?file=%2Fvar%2Fwww%2Fvhosts%2Fmayaver.com%2Fhttpdocs%2Fwp-content%2Fthemes%2Faihub%2Fassets%2Fjs%2Fminified%2Fviews%2Fbase.js HTTP/1.1" 200 28222 "-" "Mozilla/5.0 AppleWebKit/537.36 (KHTML, like Gecko; compatible; ClaudeBot/1.0; +claudebot@anthropic.com)"
147.135.213.107 - - [14/Jun/2026:06:53:44 +0000] "GET /?file=/var/www/vhosts/mayaver.com/httpdocs/wp-content/plugins/radio-player-premium/readme.txt HTTP/1.1" 301 4230 "-" "Mozilla/5.0 (compatible; MJ12bot/v1.4.8; http://mj12bot.com/)"
216.73.217.86 - - [14/Jun/2026:06:53:40 +0000] "GET /church/?edit=%2Fvar%2Fwww%2Fvhosts%2Fmayaver.com%2Fmetaverse.mayaver.com%2Fmy-content%2Fmodern_homefx.glb HTTP/1.1" 200 8305403 "-" "Mozilla/5.0 AppleWebKit/537.36 (KHTML, like Gecko; compatible; ClaudeBot/1.0; +claudebot@anthropic.com)"
216.73.217.86 - - [14/Jun/2026:06:53:43 +0000] "GET /is-een-korte-steroidenkuur-even-effectief-als-een-lange/?file=%2Fvar%2Fwww%2Fvhosts%2Fmayaver.com%2Fhttpdocs%2Fwp-content%2Fplugins%2Fwp-file-manager%2Finc%2Flogs.php HTTP/1.1" 200 27762 "-" "Mozilla/5.0 AppleWebKit/537.36 (KHTML, like Gecko; compatible; ClaudeBot/1.0; +claudebot@anthropic.com)"
216.73.217.86 - - [14/Jun/2026:06:53:44 +0000] "GET /office/?rename=%2Fvar%2Fwww%2Fvhosts%2Fmayaver.com%2Fmetaverse.mayaver.com%2Fmy-content%2FGrassGreen_2.glb HTTP/1.1" 200 13112 "-" "Mozilla/5.0 AppleWebKit/537.36 (KHTML, like Gecko; compatible; ClaudeBot/1.0; +claudebot@anthropic.com)"
51.89.129.224 - - [14/Jun/2026:06:53:44 +0000] "GET /items/t90848977789/ HTTP/1.1" 404 115167 "-" "Mozilla/5.0 (compatible; AhrefsBot/7.0; +http://ahrefs.com/robot/)"
216.73.217.86 - - [14/Jun/2026:06:53:44 +0000] "GET /a-knowledgeable-marijuana-dispensaries-in-the-washington-dc/?rename=%2Fvar%2Fwww%2Fvhosts%2Fmayaver.com%2Fhttpdocs%2Fwp-content%2Fplugins%2Fpaid-memberships-pro%2Fincludes%2Fcountries.php HTTP/1.1" 200 30948 "-" "Mozilla/5.0 AppleWebKit/537.36 (KHTML, like Gecko; compatible; ClaudeBot/1.0; +claudebot@anthropic.com)"
216.73.217.86 - - [14/Jun/2026:06:53:46 +0000] "GET /new-online-casinos-ireland-2500/?edit=%2Fvar%2Fwww%2Fvhosts%2Fmayaver.com%2Fhttpdocs%2Fwp-includes%2Fblocks%2Fcover%2Fstyle-rtl.css HTTP/1.1" 200 32431 "-" "Mozilla/5.0 AppleWebKit/537.36 (KHTML, like Gecko; compatible; ClaudeBot/1.0; +claudebot@anthropic.com)"
198.244.240.203 - - [14/Jun/2026:06:53:47 +0000] "GET /items/t908414659465/ HTTP/1.1" 404 115176 "-" "Mozilla/5.0 (compatible; AhrefsBot/7.0; +http://ahrefs.com/robot/)"
216.73.217.86 - - [14/Jun/2026:06:53:46 +0000] "GET /understanding-the-effects-of-masteron-p-100/?file=%2Fvar%2Fwww%2Fvhosts%2Fmayaver.com%2Fhttpdocs%2Fwp-content%2Fmu-plugins%2Fwp-toolkit%2FPanel%2Flocales%2Fda-DK.php HTTP/1.1" 200 27779 "-" "Mozilla/5.0 AppleWebKit/537.36 (KHTML, like Gecko; compatible; ClaudeBot/1.0; +claudebot@anthropic.com)"
216.73.217.86 - - [14/Jun/2026:06:53:46 +0000] "GET /understanding-the-effects-of-masteron-p-100/?file=%2Fvar%2Fwww%2Fvhosts%2Fmayaver.com%2Fhttpdocs%2Fwp-content%2Fmu-plugins%2Fwp-toolkit%2FPanel%2Flocales%2Ftr-TR.php HTTP/1.1" 200 27779 "-" "Mozilla/5.0 AppleWebKit/537.36 (KHTML, like Gecko; compatible; ClaudeBot/1.0; +claudebot@anthropic.com)"
216.73.217.86 - - [14/Jun/2026:06:53:48 +0000] "GET /church/?rename=%2Fvar%2Fwww%2Fvhosts%2Fmayaver.com%2Fmetaverse.mayaver.com%2Fmy-content%2FCliff_2.glb HTTP/1.1" 200 13014 "-" "Mozilla/5.0 AppleWebKit/537.36 (KHTML, like Gecko; compatible; ClaudeBot/1.0; +claudebot@anthropic.com)"
216.73.217.86 - - [14/Jun/2026:06:53:48 +0000] "GET /basketball/?rename=%2Fvar%2Fwww%2Fvhosts%2Fmayaver.com%2Fhttpdocs%2Fwp-content%2Fuploads%2F2023%2F10%2Fimage_blog_7.png HTTP/1.1" 200 13014 "-" "Mozilla/5.0 AppleWebKit/537.36 (KHTML, like Gecko; compatible; ClaudeBot/1.0; +claudebot@anthropic.com)"
216.73.217.86 - - [14/Jun/2026:06:53:47 +0000] "GET /supabet-quickplay-experience/?edit=%2Fvar%2Fwww%2Fvhosts%2Fmayaver.com%2Fhttpdocs%2Fwp-content%2Fplugins%2Fpaid-memberships-pro%2Fimages%2Fspinner.gif HTTP/1.1" 200 35428 "-" "Mozilla/5.0 AppleWebKit/537.36 (KHTML, like Gecko; compatible; ClaudeBot/1.0; +claudebot@anthropic.com)"
216.73.217.86 - - [14/Jun/2026:06:53:48 +0000] "GET /is-een-korte-steroidenkuur-even-effectief-als-een-lange/?edit=%2Fvar%2Fwww%2Fvhosts%2Fmayaver.com%2Fhttpdocs%2Fwp-includes%2Fsodium_compat%2Fsrc%2FCore32%2FCurve25519%2FGe%2FP3.php HTTP/1.1" 200 29071 "-" "Mozilla/5.0 AppleWebKit/537.36 (KHTML, like Gecko; compatible; ClaudeBot/1.0; +claudebot@anthropic.com)"
90.106.182.153 - - [14/Jun/2026:06:53:48 +0000] "GET /items/u90827683432/ HTTP/1.1" 404 115161 "-" "Mozilla/5.0 (Macintosh; Intel Mac OS X 14.3; rv:126.0) Gecko/20100101 Firefox/126.0"
85.208.96.210 - - [14/Jun/2026:06:53:48 +0000] "GET /items/r90821518465/ HTTP/1.1" 404 115176 "-" "Mozilla/5.0 (compatible; SemrushBot/7~bl; +http://www.semrush.com/bot.html)"
216.73.217.86 - - [14/Jun/2026:06:53:49 +0000] "GET /office/?rename=%2Fvar%2Fwww%2Fvhosts%2Fmayaver.com%2Fmetaverse.mayaver.com%2Fmy-content%2Fcrystal-1.glb HTTP/1.1" 200 13103 "-" "Mozilla/5.0 AppleWebKit/537.36 (KHTML, like Gecko; compatible; ClaudeBot/1.0; +claudebot@anthropic.com)"
216.73.217.86 - - [14/Jun/2026:06:53:52 +0000] "GET /basketball/?view=%2Fvar%2Fwww%2Fvhosts%2Fmayaver.com%2Fhttpdocs%2Fwp-content%2Fuploads%2F2024%2F03%2Fblog_ft_auditoriummodern2.png HTTP/1.1" 200 604066 "-" "Mozilla/5.0 AppleWebKit/537.36 (KHTML, like Gecko; compatible; ClaudeBot/1.0; +claudebot@anthropic.com)"
216.73.217.86 - - [14/Jun/2026:06:53:50 +0000] "GET /basketball/?edit=%2Fvar%2Fwww%2Fvhosts%2Fmayaver.com%2Fhttpdocs%2Fwp-content%2Fuploads%2F2024%2F03%2Fblog_frt_office.png HTTP/1.1" 200 240758 "-" "Mozilla/5.0 AppleWebKit/537.36 (KHTML, like Gecko; compatible; ClaudeBot/1.0; +claudebot@anthropic.com)"
216.73.217.86 - - [14/Jun/2026:06:53:50 +0000] "GET /new-online-casinos-ireland-2500/?rename=%2Fvar%2Fwww%2Fvhosts%2Fmayaver.com%2Fhttpdocs%2Fwp-includes%2Fblocks%2Ftag-cloud%2Fstyle-rtl.css HTTP/1.1" 200 30730 "-" "Mozilla/5.0 AppleWebKit/537.36 (KHTML, like Gecko; compatible; ClaudeBot/1.0; +claudebot@anthropic.com)"
198.244.183.241 - - [14/Jun/2026:06:53:51 +0000] "GET /items/p90821699579/ HTTP/1.1" 404 115176 "-" "Mozilla/5.0 (compatible; AhrefsBot/7.0; +http://ahrefs.com/robot/)"
51.195.244.90 - - [14/Jun/2026:06:53:51 +0000] "GET /items/y908240533188/ HTTP/1.1" 404 115161 "-" "Mozilla/5.0 (compatible; AhrefsBot/7.0; +http://ahrefs.com/robot/)"
216.73.217.86 - - [14/Jun/2026:06:53:51 +0000] "GET /understanding-the-effects-of-masteron-p-100/?file=%2Fvar%2Fwww%2Fvhosts%2Fmayaver.com%2Fhttpdocs%2Fwp-content%2Fplugins%2Fpaid-memberships-pro%2Fadminpages%2Faddons.php HTTP/1.1" 200 27765 "-" "Mozilla/5.0 AppleWebKit/537.36 (KHTML, like Gecko; compatible; ClaudeBot/1.0; +claudebot@anthropic.com)"
216.73.217.86 - - [14/Jun/2026:06:53:51 +0000] "GET /church/?rename=%2Fvar%2Fwww%2Fvhosts%2Fmayaver.com%2Fmetaverse.mayaver.com%2Fmy-content%2Fmodel_statue5.glb HTTP/1.1" 200 13017 "-" "Mozilla/5.0 AppleWebKit/537.36 (KHTML, like Gecko; compatible; ClaudeBot/1.0; +claudebot@anthropic.com)"
216.73.217.86 - - [14/Jun/2026:06:53:54 +0000] "GET /is-een-korte-steroidenkuur-even-effectief-als-een-lange/?view=%2Fvar%2Fwww%2Fvhosts%2Fmayaver.com%2Fhttpdocs%2Fwp-includes%2Fjs%2Fjquery%2Fjquery.table-hotkeys.js HTTP/1.1" 200 4687 "-" "Mozilla/5.0 AppleWebKit/537.36 (KHTML, like Gecko; compatible; ClaudeBot/1.0; +claudebot@anthropic.com)"
147.135.213.107 - - [14/Jun/2026:06:53:48 +0000] "GET /?file=%2Fvar%2Fwww%2Fvhosts%2Fmayaver.com%2Fhttpdocs%2Fwp-content%2Fplugins%2Fradio-player-premium%2Freadme.txt HTTP/1.1" 200 38249 "-" "Mozilla/5.0 (compatible; MJ12bot/v1.4.8; http://mj12bot.com/)"
216.73.217.86 - - [14/Jun/2026:06:53:52 +0000] "GET /new-online-casinos-ireland-2500/?file=%2Fvar%2Fwww%2Fvhosts%2Fmayaver.com%2Fhttpdocs%2Fwp-admin%2Fcss%2Fcolors%2Fmodern%2Fcolors-rtl.css HTTP/1.1" 200 29821 "-" "Mozilla/5.0 AppleWebKit/537.36 (KHTML, like Gecko; compatible; ClaudeBot/1.0; +claudebot@anthropic.com)"
57.141.2.66 - - [14/Jun/2026:06:53:52 +0000] "GET /products/rick-owens-drkshdw-poplin-detroit-cut-pants-white-size-27/24045177/ HTTP/1.1" 404 115176 "-" "meta-externalagent/1.1 (+https://developers.facebook.com/docs/sharing/webmasters/crawler)"
216.73.217.86 - - [14/Jun/2026:06:53:56 +0000] "GET /favicon.ico?view=%2Fvar%2Fwww%2Fvhosts%2Fmayaver.com%2Fhttpdocs%2Fwp-content%2Fuploads%2F2024%2F01%2Fheader-banner-150x150.jpg HTTP/1.1" 200 4304 "-" "Mozilla/5.0 AppleWebKit/537.36 (KHTML, like Gecko; compatible; ClaudeBot/1.0; +claudebot@anthropic.com)"
216.73.217.86 - - [14/Jun/2026:06:53:53 +0000] "GET /temple/?edit=%2Fvar%2Fwww%2Fvhosts%2Fmayaver.com%2Fmetaverse.mayaver.com%2Fmy-content%2Ficeland1.png HTTP/1.1" 200 1940672 "-" "Mozilla/5.0 AppleWebKit/537.36 (KHTML, like Gecko; compatible; ClaudeBot/1.0; +claudebot@anthropic.com)"
216.73.217.86 - - [14/Jun/2026:06:53:54 +0000] "GET /donde-comprar-esteroides-de-forma-segura/?edit=%2Fvar%2Fwww%2Fvhosts%2Fmayaver.com%2Fhttpdocs%2Fwp-content%2Fthemes%2Faihub%2Fassets%2Fjs%2Fminified%2Fbehaviors%2Ftoggle.js HTTP/1.1" 200 30493 "-" "Mozilla/5.0 AppleWebKit/537.36 (KHTML, like Gecko; compatible; ClaudeBot/1.0; +claudebot@anthropic.com)"
216.73.217.86 - - [14/Jun/2026:06:53:54 +0000] "GET /understanding-the-effects-of-masteron-p-100/?rename=%2Fvar%2Fwww%2Fvhosts%2Fmayaver.com%2Fhttpdocs%2Fwp-content%2Fplugins%2Fwp-mail-smtp%2Fassets%2Fcss%2Fvendor%2Flity.min.css HTTP/1.1" 200 28707 "-" "Mozilla/5.0 AppleWebKit/537.36 (KHTML, like Gecko; compatible; ClaudeBot/1.0; +claudebot@anthropic.com)"
216.73.217.86 - - [14/Jun/2026:06:53:57 +0000] "GET /church/?view=%2Fvar%2Fwww%2Fvhosts%2Fmayaver.com%2Fmetaverse.mayaver.com%2Fmy-content%2Fmodel_basketballfacility_hall1.glb HTTP/1.1" 200 3394541 "-" "Mozilla/5.0 AppleWebKit/537.36 (KHTML, like Gecko; compatible; ClaudeBot/1.0; +claudebot@anthropic.com)"
51.195.183.147 - - [14/Jun/2026:06:53:56 +0000] "GET /items/l90824994269/ HTTP/1.1" 404 115176 "-" "Mozilla/5.0 (compatible; AhrefsBot/7.0; +http://ahrefs.com/robot/)"
216.73.217.86 - - [14/Jun/2026:06:53:55 +0000] "GET /supabet-quickplay-experience/?rename=%2Fvar%2Fwww%2Fvhosts%2Fmayaver.com%2Fhttpdocs%2Fwp-content%2Fplugins%2Fwp-mail-smtp%2Fassets%2Fvue%2Fimg%2Fzoho.svg HTTP/1.1" 200 33749 "-" "Mozilla/5.0 AppleWebKit/537.36 (KHTML, like Gecko; compatible; ClaudeBot/1.0; +claudebot@anthropic.com)"
216.73.217.86 - - [14/Jun/2026:06:53:56 +0000] "GET /understanding-the-effects-of-masteron-p-100/?file=%2Fvar%2Fwww%2Fvhosts%2Fmayaver.com%2Fhttpdocs%2Fwp-content%2Fplugins%2Fwp-optimize%2Fvendor%2Ftubalmartin%2Fcssmin%2Fsrc HTTP/1.1" 200 27971 "-" "Mozilla/5.0 AppleWebKit/537.36 (KHTML, like Gecko; compatible; ClaudeBot/1.0; +claudebot@anthropic.com)"
216.73.217.86 - - [14/Jun/2026:06:53:57 +0000] "GET /office/?rename=%2Fvar%2Fwww%2Fvhosts%2Fmayaver.com%2Fmetaverse.mayaver.com%2Fmy-content%2Fmine-1.glb HTTP/1.1" 200 13100 "-" "Mozilla/5.0 AppleWebKit/537.36 (KHTML, like Gecko; compatible; ClaudeBot/1.0; +claudebot@anthropic.com)"
147.135.213.107 - - [14/Jun/2026:06:53:58 +0000] "GET /?file=/var/www/vhosts/mayaver.com/httpdocs/wp-content/plugins/script-6720c235-6720c235/script-6720c235-6720c235.php HTTP/1.1" 301 4278 "-" "Mozilla/5.0 (compatible; MJ12bot/v1.4.8; http://mj12bot.com/)"
216.73.217.86 - - [14/Jun/2026:06:53:58 +0000] "GET /favicon.ico?rename=%2Fvar%2Fwww%2Fvhosts%2Fmayaver.com%2Fhttpdocs%2Fwp-content%2Fuploads%2F2023%2F11%2F7dverse-logo-black-1.png HTTP/1.1" 200 4794 "-" "Mozilla/5.0 AppleWebKit/537.36 (KHTML, like Gecko; compatible; ClaudeBot/1.0; +claudebot@anthropic.com)"
216.73.217.86 - - [14/Jun/2026:06:53:56 +0000] "GET /new-online-casinos-ireland-2500/?rename=%2Fvar%2Fwww%2Fvhosts%2Fmayaver.com%2Fhttpdocs%2Fwp-includes%2Fblocks%2Fpost-template%2Fblock.json HTTP/1.1" 200 30720 "-" "Mozilla/5.0 AppleWebKit/537.36 (KHTML, like Gecko; compatible; ClaudeBot/1.0; +claudebot@anthropic.com)"
185.191.171.12 - - [14/Jun/2026:06:53:57 +0000] "GET /items/x90842754459/ HTTP/1.1" 404 115176 "-" "Mozilla/5.0 (compatible; SemrushBot/7~bl; +http://www.semrush.com/bot.html)"
216.73.217.86 - - [14/Jun/2026:06:54:00 +0000] "GET /a-knowledgeable-marijuana-dispensaries-in-the-washington-dc/?view=%2Fvar%2Fwww%2Fvhosts%2Fmayaver.com%2Fhttpdocs%2Fwp-content%2Fplugins%2Felementor%2Fassets%2Fjs%2Fe-home-screen.min.js HTTP/1.1" 200 100903 "-" "Mozilla/5.0 AppleWebKit/537.36 (KHTML, like Gecko; compatible; ClaudeBot/1.0; +claudebot@anthropic.com)"
216.73.217.86 - - [14/Jun/2026:06:53:59 +0000] "GET /office/?rename=%2Fvar%2Fwww%2Fvhosts%2Fmayaver.com%2Fmetaverse.mayaver.com%2Fmy-content%2F3d-sc4-all.glb HTTP/1.1" 200 13103 "-" "Mozilla/5.0 AppleWebKit/537.36 (KHTML, like Gecko; compatible; ClaudeBot/1.0; +claudebot@anthropic.com)"
216.73.217.86 - - [14/Jun/2026:06:53:59 +0000] "GET /temple/?rename=%2Fvar%2Fwww%2Fvhosts%2Fmayaver.com%2Fmetaverse.mayaver.com%2Fmy-content%2Fhouse-forest-2.glb HTTP/1.1" 200 13022 "-" "Mozilla/5.0 AppleWebKit/537.36 (KHTML, like Gecko; compatible; ClaudeBot/1.0; +claudebot@anthropic.com)"
216.73.217.86 - - [14/Jun/2026:06:54:01 +0000] "GET /a-knowledgeable-marijuana-dispensaries-in-the-washington-dc/?view=%2Fvar%2Fwww%2Fvhosts%2Fmayaver.com%2Fhttpdocs%2Fwp-content%2Fplugins%2Fsecurity-1779824318%2Freadme.txt HTTP/1.1" 200 7244 "-" "Mozilla/5.0 AppleWebKit/537.36 (KHTML, like Gecko; compatible; ClaudeBot/1.0; +claudebot@anthropic.com)"
216.73.217.86 - - [14/Jun/2026:06:53:59 +0000] "GET /a-knowledgeable-marijuana-dispensaries-in-the-washington-dc/?file=%2Fvar%2Fwww%2Fvhosts%2Fmayaver.com%2Fhttpdocs%2Fwp-includes%2Ffonts%2Fdashicons.woff HTTP/1.1" 200 30039 "-" "Mozilla/5.0 AppleWebKit/537.36 (KHTML, like Gecko; compatible; ClaudeBot/1.0; +claudebot@anthropic.com)"
198.244.242.89 - - [14/Jun/2026:06:53:59 +0000] "GET /items/l908140204223/ HTTP/1.1" 404 115176 "-" "Mozilla/5.0 (compatible; AhrefsBot/7.0; +http://ahrefs.com/robot/)"
216.73.217.86 - - [14/Jun/2026:06:54:00 +0000] "GET /church/?rename=%2Fvar%2Fwww%2Fvhosts%2Fmayaver.com%2Fmetaverse.mayaver.com%2Fmy-content%2FShrub_4.glb HTTP/1.1" 200 13015 "-" "Mozilla/5.0 AppleWebKit/537.36 (KHTML, like Gecko; compatible; ClaudeBot/1.0; +claudebot@anthropic.com)"
216.73.217.86 - - [14/Jun/2026:06:54:00 +0000] "GET /a-knowledgeable-marijuana-dispensaries-in-the-washington-dc/?edit=%2Fvar%2Fwww%2Fvhosts%2Fmayaver.com%2Fhttpdocs%2Fwp-includes%2Fjs%2Ftinymce%2Fskins%2Fwordpress%2Fimages%2Fmore-2x.png HTTP/1.1" 200 31573 "-" "Mozilla/5.0 AppleWebKit/537.36 (KHTML, like Gecko; compatible; ClaudeBot/1.0; +claudebot@anthropic.com)"
84.130.173.125 - - [14/Jun/2026:06:54:00 +0000] "GET /items/u90832312144/ HTTP/1.1" 404 115167 "-" "Mozilla/5.0 (Macintosh; Intel Mac OS X 14_5_1) AppleWebKit/537.36 (KHTML, like Gecko) Chrome/130.0.6723.191 Safari/537.36"
216.73.217.86 - - [14/Jun/2026:06:54:02 +0000] "GET /understanding-the-effects-of-masteron-p-100/'+o.data.settings.installURI+' HTTP/1.1" 301 17804 "-" "Mozilla/5.0 AppleWebKit/537.36 (KHTML, like Gecko; compatible; ClaudeBot/1.0; +claudebot@anthropic.com)"
216.73.217.86 - - [14/Jun/2026:06:54:00 +0000] "GET /understanding-the-effects-of-masteron-p-100/?file=%2Fvar%2Fwww%2Fvhosts%2Fmayaver.com%2Fhttpdocs%2Fwp-includes%2Fsodium_compat%2Fsrc%2FCore%2FCurve25519%2FREADME.md HTTP/1.1" 200 27788 "-" "Mozilla/5.0 AppleWebKit/537.36 (KHTML, like Gecko; compatible; ClaudeBot/1.0; +claudebot@anthropic.com)"
216.73.217.86 - - [14/Jun/2026:06:54:01 +0000] "GET /new-online-casinos-ireland-2500/?file=%2Fvar%2Fwww%2Fvhosts%2Fmayaver.com%2Fhttpdocs%2Fwp-admin%2Fjs%2Fwidgets%2Fmedia-audio-widget.js HTTP/1.1" 200 29819 "-" "Mozilla/5.0 AppleWebKit/537.36 (KHTML, like Gecko; compatible; ClaudeBot/1.0; +claudebot@anthropic.com)"
216.73.217.86 - - [14/Jun/2026:06:54:02 +0000] "GET /a-knowledgeable-marijuana-dispensaries-in-the-washington-dc/?rename=%2Fvar%2Fwww%2Fvhosts%2Fmayaver.com%2Fhttpdocs%2Fwp-content%2Fplugins%2Fmapplic%2Fmaps%2Fchina.svg HTTP/1.1" 200 30950 "-" "Mozilla/5.0 AppleWebKit/537.36 (KHTML, like Gecko; compatible; ClaudeBot/1.0; +claudebot@anthropic.com)"
198.244.168.125 - - [14/Jun/2026:06:54:01 +0000] "GET /items/k90821718164/ HTTP/1.1" 404 115176 "-" "Mozilla/5.0 (compatible; AhrefsBot/7.0; +http://ahrefs.com/robot/)"
216.73.217.86 - - [14/Jun/2026:06:54:01 +0000] "GET /new-online-casinos-ireland-2500/?rename=%2Fvar%2Fwww%2Fvhosts%2Fmayaver.com%2Fhttpdocs%2Fwp-includes%2Fblocks%2Fpost-date%2Fblock.json HTTP/1.1" 200 30721 "-" "Mozilla/5.0 AppleWebKit/537.36 (KHTML, like Gecko; compatible; ClaudeBot/1.0; +claudebot@anthropic.com)"
216.73.217.86 - - [14/Jun/2026:06:54:04 +0000] "GET /temple/?view=%2Fvar%2Fwww%2Fvhosts%2Fmayaver.com%2Fmetaverse.mayaver.com%2Fmy-content%2Fplant-rainy-6.glb HTTP/1.1" 200 3081702 "-" "Mozilla/5.0 AppleWebKit/537.36 (KHTML, like Gecko; compatible; ClaudeBot/1.0; +claudebot@anthropic.com)"
216.73.217.86 - - [14/Jun/2026:06:54:02 +0000] "GET /a-knowledgeable-marijuana-dispensaries-in-the-washington-dc/?file=%2Fvar%2Fwww%2Fvhosts%2Fmayaver.com%2Fhttpdocs%2Fwp-content%2Fplugins%2Felementor%2Fassets%2Fshapes%2Fwaves.svg HTTP/1.1" 200 30035 "-" "Mozilla/5.0 AppleWebKit/537.36 (KHTML, like Gecko; compatible; ClaudeBot/1.0; +claudebot@anthropic.com)"
216.73.217.86 - - [14/Jun/2026:06:54:04 +0000] "GET /church/?file=%2Fvar%2Fwww%2Fvhosts%2Fmayaver.com%2Fmetaverse.mayaver.com%2Fmy-content%2F1-kakanmath_temple.glb HTTP/1.1" 200 12120 "-" "Mozilla/5.0 AppleWebKit/537.36 (KHTML, like Gecko; compatible; ClaudeBot/1.0; +claudebot@anthropic.com)"
216.73.217.86 - - [14/Jun/2026:06:54:04 +0000] "GET /temple/?rename=%2Fvar%2Fwww%2Fvhosts%2Fmayaver.com%2Fmetaverse.mayaver.com%2Fmy-admin%2FPenthouse.txt HTTP/1.1" 200 13018 "-" "Mozilla/5.0 AppleWebKit/537.36 (KHTML, like Gecko; compatible; ClaudeBot/1.0; +claudebot@anthropic.com)"
216.73.217.86 - - [14/Jun/2026:06:54:03 +0000] "GET /understanding-the-effects-of-masteron-p-100/?file=%2Fvar%2Fwww%2Fvhosts%2Fmayaver.com%2Fhttpdocs%2Fwp-content%2Fplugins%2Fwp-file-manager%2Flib%2Fjs%2Fi18n%2Felfinder.cs.js HTTP/1.1" 200 27781 "-" "Mozilla/5.0 AppleWebKit/537.36 (KHTML, like Gecko; compatible; ClaudeBot/1.0; +claudebot@anthropic.com)"
216.73.217.86 - - [14/Jun/2026:06:54:04 +0000] "GET /understanding-the-effects-of-masteron-p-100/+o.data.settings.installURI+ HTTP/1.1" 404 115123 "https://mayaver.com/understanding-the-effects-of-masteron-p-100/'+o.data.settings.installURI+'" "Mozilla/5.0 AppleWebKit/537.36 (KHTML, like Gecko; compatible; ClaudeBot/1.0; +claudebot@anthropic.com)"
51.89.129.58 - - [14/Jun/2026:06:54:04 +0000] "GET /items/j908344098943/ HTTP/1.1" 404 115176 "-" "Mozilla/5.0 (compatible; AhrefsBot/7.0; +http://ahrefs.com/robot/)"
216.73.217.86 - - [14/Jun/2026:06:54:05 +0000] "GET /church/?file=%2Fvar%2Fwww%2Fvhosts%2Fmayaver.com%2Fmetaverse.mayaver.com%2Fmy-content%2Fwatervilla.glb HTTP/1.1" 200 12115 "-" "Mozilla/5.0 AppleWebKit/537.36 (KHTML, like Gecko; compatible; ClaudeBot/1.0; +claudebot@anthropic.com)"
147.135.213.107 - - [14/Jun/2026:06:54:02 +0000] "GET /?file=%2Fvar%2Fwww%2Fvhosts%2Fmayaver.com%2Fhttpdocs%2Fwp-content%2Fplugins%2Fscript-6720c235-6720c235%2Fscript-6720c235-6720c235.php HTTP/1.1" 200 38244 "-" "Mozilla/5.0 (compatible; MJ12bot/v1.4.8; http://mj12bot.com/)"
185.191.171.15 - - [14/Jun/2026:06:54:05 +0000] "GET /items/a90842759142/ HTTP/1.1" 404 115176 "-" "Mozilla/5.0 (compatible; SemrushBot/7~bl; +http://www.semrush.com/bot.html)"
216.73.217.86 - - [14/Jun/2026:06:54:05 +0000] "GET /office/?edit=%2Fvar%2Fwww%2Fvhosts%2Fmayaver.com%2Fmetaverse.mayaver.com%2Fmy-content%2Fmusic_amb19.mp3 HTTP/1.1" 200 638584 "-" "Mozilla/5.0 AppleWebKit/537.36 (KHTML, like Gecko; compatible; ClaudeBot/1.0; +claudebot@anthropic.com)"
216.73.217.86 - - [14/Jun/2026:06:54:06 +0000] "GET /basketball/?rename=%2Fvar%2Fwww%2Fvhosts%2Fmayaver.com%2Fhttpdocs%2Fwp-content%2Fuploads%2F2023%2F10%2Fimage_blog_9.png HTTP/1.1" 200 13067 "-" "Mozilla/5.0 AppleWebKit/537.36 (KHTML, like Gecko; compatible; ClaudeBot/1.0; +claudebot@anthropic.com)"
216.73.217.86 - - [14/Jun/2026:06:54:06 +0000] "GET /a-knowledgeable-marijuana-dispensaries-in-the-washington-dc/?file=%2Fvar%2Fwww%2Fvhosts%2Fmayaver.com%2Fhttpdocs%2Fwp-content%2Fplugins%2Fwp-mail-smtp%2Fassets%2Fvue%2Fimg HTTP/1.1" 200 31256 "-" "Mozilla/5.0 AppleWebKit/537.36 (KHTML, like Gecko; compatible; ClaudeBot/1.0; +claudebot@anthropic.com)"
216.73.217.86 - - [14/Jun/2026:06:54:06 +0000] "GET /new-online-casinos-ireland-2500/?rename=%2Fvar%2Fwww%2Fvhosts%2Fmayaver.com%2Fhttpdocs%2Fwp-includes%2Fblocks%2Fpage-list%2Feditor-rtl.css HTTP/1.1" 200 30782 "-" "Mozilla/5.0 AppleWebKit/537.36 (KHTML, like Gecko; compatible; ClaudeBot/1.0; +claudebot@anthropic.com)"
216.73.217.86 - - [14/Jun/2026:06:54:06 +0000] "GET /is-een-korte-steroidenkuur-even-effectief-als-een-lange/?file=%2Fvar%2Fwww%2Fvhosts%2Fmayaver.com%2Fhttpdocs%2Fwp-content%2Fplugins%2Fwp-file-manager%2Flib%2Fcodemirror%2Fmode%2Fsas HTTP/1.1" 200 27959 "-" "Mozilla/5.0 AppleWebKit/537.36 (KHTML, like Gecko; compatible; ClaudeBot/1.0; +claudebot@anthropic.com)"
216.73.217.86 - - [14/Jun/2026:06:54:07 +0000] "GET /is-een-korte-steroidenkuur-even-effectief-als-een-lange/?file=%2Fvar%2Fwww%2Fvhosts%2Fmayaver.com%2Fhttpdocs%2Fwp-includes%2Fjs%2Fjquery%2Fui%2Fslider.js HTTP/1.1" 200 27814 "-" "Mozilla/5.0 AppleWebKit/537.36 (KHTML, like Gecko; compatible; ClaudeBot/1.0; +claudebot@anthropic.com)"
216.73.217.86 - - [14/Jun/2026:06:54:06 +0000] "GET /new-online-casinos-ireland-2500/?file=%2Fvar%2Fwww%2Fvhosts%2Fmayaver.com%2Flogs%2Fmetaverse.mayaver.com%2Fproxy_access_log.statbuf HTTP/1.1" 200 29870 "-" "Mozilla/5.0 AppleWebKit/537.36 (KHTML, like Gecko; compatible; ClaudeBot/1.0; +claudebot@anthropic.com)"
216.73.217.86 - - [14/Jun/2026:06:54:07 +0000] "GET /is-een-korte-steroidenkuur-even-effectief-als-een-lange/?file=%2Fvar%2Fwww%2Fvhosts%2Fmayaver.com%2Fhttpdocs%2Fwp-content%2Fplugins%2Fwp-file-manager%2Flib%2Fcodemirror%2Fmode%2Fsass HTTP/1.1" 200 27960 "-" "Mozilla/5.0 AppleWebKit/537.36 (KHTML, like Gecko; compatible; ClaudeBot/1.0; +claudebot@anthropic.com)"
216.73.217.86 - - [14/Jun/2026:06:54:07 +0000] "GET /new-online-casinos-ireland-2500/?file=%2Fvar%2Fwww%2Fvhosts%2Fmayaver.com%2Fhttpdocs%2Fwp-content%2Fplugins%2Fpaid-memberships-pro%2Fpreheaders%2Flogin.php HTTP/1.1" 200 29868 "-" "Mozilla/5.0 AppleWebKit/537.36 (KHTML, like Gecko; compatible; ClaudeBot/1.0; +claudebot@anthropic.com)"
147.135.213.107 - - [14/Jun/2026:06:54:10 +0000] "GET /?file=/var/www/vhosts/mayaver.com/httpdocs/wp-content/plugins/security-1779824318/inc HTTP/1.1" 301 6391 "-" "Mozilla/5.0 (compatible; MJ12bot/v1.4.8; http://mj12bot.com/)"
216.73.217.86 - - [14/Jun/2026:06:54:09 +0000] "GET /basketball/?edit=%2Fvar%2Fwww%2Fvhosts%2Fmayaver.com%2Fhttpdocs%2Fwp-content%2Fuploads%2F2024%2F03%2Fblog_ft_camphouse-1.png HTTP/1.1" 200 1043865 "-" "Mozilla/5.0 AppleWebKit/537.36 (KHTML, like Gecko; compatible; ClaudeBot/1.0; +claudebot@anthropic.com)"
216.73.217.86 - - [14/Jun/2026:06:54:10 +0000] "GET /basketball/?edit=%2Fvar%2Fwww%2Fvhosts%2Fmayaver.com%2Fhttpdocs%2Fwp-content%2Fuploads%2F2023%2F10%2Fimage_blog_5-370x470.png HTTP/1.1" 200 281164 "-" "Mozilla/5.0 AppleWebKit/537.36 (KHTML, like Gecko; compatible; ClaudeBot/1.0; +claudebot@anthropic.com)"
216.73.217.86 - - [14/Jun/2026:06:54:10 +0000] "GET /office/?rename=%2Fvar%2Fwww%2Fvhosts%2Fmayaver.com%2Fhttpdocs%2Fwp-content%2Fplugins%2Fseo-by-rank-math%2Fvendor%2Fcomposer%2FLICENSE HTTP/1.1" 200 13122 "-" "Mozilla/5.0 AppleWebKit/537.36 (KHTML, like Gecko; compatible; ClaudeBot/1.0; +claudebot@anthropic.com)"
216.73.217.86 - - [14/Jun/2026:06:54:10 +0000] "GET /a-knowledgeable-marijuana-dispensaries-in-the-washington-dc/?rename=%2Fvar%2Fwww%2Fvhosts%2Fmayaver.com%2Fhttpdocs%2Fwp-content%2Fplugins%2Fwp-optimize%2Fimages%2Fnotices%2Fspring.png HTTP/1.1" 200 30953 "-" "Mozilla/5.0 AppleWebKit/537.36 (KHTML, like Gecko; compatible; ClaudeBot/1.0; +claudebot@anthropic.com)"
216.73.217.86 - - [14/Jun/2026:06:54:11 +0000] "GET /supabet-quickplay-experience/?rename=%2Fvar%2Fwww%2Fvhosts%2Fmayaver.com%2Fhttpdocs%2Fwp-content%2Fplugins%2Fwp-mail-smtp%2Fassets%2Fimages%2Flogs%2Farchive.png HTTP/1.1" 200 33744 "-" "Mozilla/5.0 AppleWebKit/537.36 (KHTML, like Gecko; compatible; ClaudeBot/1.0; +claudebot@anthropic.com)"
216.73.217.86 - - [14/Jun/2026:06:54:12 +0000] "GET /temple/?file=%2Fvar%2Fwww%2Fvhosts%2Fmayaver.com%2Fmetaverse.mayaver.com%2Fmy-content%2Fmusic_amb24.mp3 HTTP/1.1" 200 12118 "-" "Mozilla/5.0 AppleWebKit/537.36 (KHTML, like Gecko; compatible; ClaudeBot/1.0; +claudebot@anthropic.com)"
139.84.174.118 - - [14/Jun/2026:06:54:15 +0000] "POST /wp-cron.php?doing_wp_cron=1781420054.9642550945281982421875 HTTP/1.1" 403 4358 "-" "WordPress/6.5.8; https://mayaver.com"
216.73.217.86 - - [14/Jun/2026:06:54:14 +0000] "GET /new-online-casinos-ireland-2500/?view=%2Fvar%2Fwww%2Fvhosts%2Fmayaver.com%2Fhttpdocs%2Fwp-content%2Fplugins%2Fpaid-memberships-pro%2Fadminpages%2Faddons.php HTTP/1.1" 200 8492 "-" "Mozilla/5.0 AppleWebKit/537.36 (KHTML, like Gecko; compatible; ClaudeBot/1.0; +claudebot@anthropic.com)"
139.84.174.118 - - [14/Jun/2026:06:54:15 +0000] "POST /wp-cron.php?doing_wp_cron=1781420055.4556930065155029296875 HTTP/1.1" 403 4358 "-" "WordPress/6.5.8; https://mayaver.com"
216.73.217.86 - - [14/Jun/2026:06:54:11 +0000] "GET /new-online-casinos-ireland-2500/?file=%2Fvar%2Fwww%2Fvhosts%2Fmayaver.com%2Fhttpdocs%2Fwp-content%2Fuploads%2Fwp-file-manager-pro HTTP/1.1" 200 29841 "-" "Mozilla/5.0 AppleWebKit/537.36 (KHTML, like Gecko; compatible; ClaudeBot/1.0; +claudebot@anthropic.com)"
216.73.217.86 - - [14/Jun/2026:06:54:14 +0000] "GET /a-knowledgeable-marijuana-dispensaries-in-the-washington-dc/?view=%2Fvar%2Fwww%2Fvhosts%2Fmayaver.com%2Fhttpdocs%2Fwp-content%2Fplugins%2Fhide-admin-bar%2Fassets%2Fimages%2Flogo.png HTTP/1.1" 200 19759 "-" "Mozilla/5.0 AppleWebKit/537.36 (KHTML, like Gecko; compatible; ClaudeBot/1.0; +claudebot@anthropic.com)"
139.84.174.118 - - [14/Jun/2026:06:54:15 +0000] "POST /wp-cron.php?doing_wp_cron=1781420055.6274089813232421875000 HTTP/1.1" 403 4358 "-" "WordPress/6.5.8; https://mayaver.com"
85.208.96.197 - - [14/Jun/2026:06:54:12 +0000] "GET /items/h908228690145/ HTTP/1.1" 404 115176 "-" "Mozilla/5.0 (compatible; SemrushBot/7~bl; +http://www.semrush.com/bot.html)"
139.84.174.118 - - [14/Jun/2026:06:54:15 +0000] "POST /wp-cron.php?doing_wp_cron=1781420055.8914530277252197265625 HTTP/1.1" 403 4358 "-" "WordPress/6.5.8; https://mayaver.com"
216.73.217.86 - - [14/Jun/2026:06:54:15 +0000] "GET /favicon.ico?rename=%2Fvar%2Fwww%2Fvhosts%2Fmayaver.com%2Fhttpdocs%2Fwp-content%2Fuploads%2F2023%2F11%2Fblog_ft_artgalleryint.png HTTP/1.1" 200 4791 "-" "Mozilla/5.0 AppleWebKit/537.36 (KHTML, like Gecko; compatible; ClaudeBot/1.0; +claudebot@anthropic.com)"
216.73.217.86 - - [14/Jun/2026:06:54:14 +0000] "GET /temple/?rename=%2Fvar%2Fwww%2Fvhosts%2Fmayaver.com%2Fmetaverse.mayaver.com%2Fmy-content%2Fmetacylinder_1.glb HTTP/1.1" 200 13020 "-" "Mozilla/5.0 AppleWebKit/537.36 (KHTML, like Gecko; compatible; ClaudeBot/1.0; +claudebot@anthropic.com)"
74.7.227.15 - - [14/Jun/2026:06:54:14 +0000] "GET /items/k908042662275/ HTTP/1.1" 404 115123 "https://www.mayaver.com" "Mozilla/5.0 AppleWebKit/537.36 (KHTML, like Gecko; compatible; GPTBot/1.4; +https://openai.com/gptbot)"
88.124.33.197 - - [14/Jun/2026:06:54:13 +0000] "GET /items/u90838154188/ HTTP/1.1" 404 115167 "-" "Mozilla/5.0 (Windows NT 10.0; WOW64; rv:125.0) Gecko/20100101 Firefox/125.0"
216.73.217.86 - - [14/Jun/2026:06:54:15 +0000] "GET /temple/?rename=%2Fvar%2Fwww%2Fvhosts%2Fmayaver.com%2Fmetaverse.mayaver.com%2Fmy-content%2F3d-sckp-temple1.glb HTTP/1.1" 200 13021 "-" "Mozilla/5.0 AppleWebKit/537.36 (KHTML, like Gecko; compatible; ClaudeBot/1.0; +claudebot@anthropic.com)"
216.73.217.86 - - [14/Jun/2026:06:54:15 +0000] "GET /is-een-korte-steroidenkuur-even-effectief-als-een-lange/?file=%2Fvar%2Fwww%2Fvhosts%2Fmayaver.com%2Fhttpdocs%2Fwp-content%2Fplugins%2Fwp-file-manager%2Flib%2Fcodemirror%2Fmode%2Fgo HTTP/1.1" 200 27905 "-" "Mozilla/5.0 AppleWebKit/537.36 (KHTML, like Gecko; compatible; ClaudeBot/1.0; +claudebot@anthropic.com)"
216.73.217.86 - - [14/Jun/2026:06:54:15 +0000] "GET /basketball/?rename=%2Fvar%2Fwww%2Fvhosts%2Fmayaver.com%2Fhttpdocs%2Fwp-includes%2Fimages%2Fsmilies%2Ficon_idea.gif HTTP/1.1" 200 13022 "-" "Mozilla/5.0 AppleWebKit/537.36 (KHTML, like Gecko; compatible; ClaudeBot/1.0; +claudebot@anthropic.com)"
147.135.213.107 - - [14/Jun/2026:06:54:13 +0000] "GET /?file=%2Fvar%2Fwww%2Fvhosts%2Fmayaver.com%2Fhttpdocs%2Fwp-content%2Fplugins%2Fsecurity-1779824318%2Finc HTTP/1.1" 200 38433 "-" "Mozilla/5.0 (compatible; MJ12bot/v1.4.8; http://mj12bot.com/)"
216.73.217.86 - - [14/Jun/2026:06:54:15 +0000] "GET /is-een-korte-steroidenkuur-even-effectief-als-een-lange/?edit=%2Fvar%2Fwww%2Fvhosts%2Fmayaver.com%2Fhttpdocs%2Fwp-includes%2Fsodium_compat%2Fnamespaced%2FCore%2FPoly1305%2FState.php HTTP/1.1" 200 28787 "-" "Mozilla/5.0 AppleWebKit/537.36 (KHTML, like Gecko; compatible; ClaudeBot/1.0; +claudebot@anthropic.com)"
216.73.217.86 - - [14/Jun/2026:06:54:17 +0000] "GET /understanding-the-effects-of-masteron-p-100/?view=%2Fvar%2Fwww%2Fvhosts%2Fmayaver.com%2Fhttpdocs%2Fwp-content%2Fplugins%2Fwp-file-manager%2Flib%2Fjs%2Fcommands%2Fdownload.js HTTP/1.1" 200 8229 "-" "Mozilla/5.0 AppleWebKit/537.36 (KHTML, like Gecko; compatible; ClaudeBot/1.0; +claudebot@anthropic.com)"
216.73.217.86 - - [14/Jun/2026:06:54:17 +0000] "GET /basketball/?rename=%2Fvar%2Fwww%2Fvhosts%2Fmayaver.com%2Fhttpdocs%2Fwp-content%2Fplugins%2Fiworks-pwa%2Flanguages%2Fiworks-pwa.pot HTTP/1.1" 200 13020 "-" "Mozilla/5.0 AppleWebKit/537.36 (KHTML, like Gecko; compatible; ClaudeBot/1.0; +claudebot@anthropic.com)"
216.73.217.86 - - [14/Jun/2026:06:54:17 +0000] "GET /basketball/?edit=%2Fvar%2Fwww%2Fvhosts%2Fmayaver.com%2Fhttpdocs%2Fwp-content%2Fuploads%2F2026%2F05%2Fygpcwedc0140052085.jpg HTTP/1.1" 200 37209 "-" "Mozilla/5.0 AppleWebKit/537.36 (KHTML, like Gecko; compatible; ClaudeBot/1.0; +claudebot@anthropic.com)"
196.176.103.153 - - [14/Jun/2026:06:54:16 +0000] "GET /category/webgl/page/3/ HTTP/1.1" 200 27159 "-" "Mozilla/5.0 (Windows NT 10.0; WOW64) AppleWebKit/537.36 (KHTML, like Gecko) Chrome/69.0.3497.100 Safari/537.36"
216.73.217.86 - - [14/Jun/2026:06:54:19 +0000] "GET /basketball/?view=%2Fvar%2Fwww%2Fvhosts%2Fmayaver.com%2Fhttpdocs%2Fwp-content%2Fuploads%2F2023%2F05%2FGlow1-1-150x150.png HTTP/1.1" 200 11774 "-" "Mozilla/5.0 AppleWebKit/537.36 (KHTML, like Gecko; compatible; ClaudeBot/1.0; +claudebot@anthropic.com)"
216.73.217.86 - - [14/Jun/2026:06:54:18 +0000] "GET /temple/?file=%2Fvar%2Fwww%2Fvhosts%2Fmayaver.com%2Fmetaverse.mayaver.com%2Fmy-content%2Fam-sc5-beareat.glb HTTP/1.1" 200 12119 "-" "Mozilla/5.0 AppleWebKit/537.36 (KHTML, like Gecko; compatible; ClaudeBot/1.0; +claudebot@anthropic.com)"
216.73.217.86 - - [14/Jun/2026:06:54:18 +0000] "GET /a-knowledgeable-marijuana-dispensaries-in-the-washington-dc/?file=%2Fvar%2Fwww%2Fvhosts%2Fmayaver.com%2Fhttpdocs%2Fwp-content%2Fplugins%2Fmapplic%2Fmaps%2Fbrazil-mini.jpg HTTP/1.1" 200 30036 "-" "Mozilla/5.0 AppleWebKit/537.36 (KHTML, like Gecko; compatible; ClaudeBot/1.0; +claudebot@anthropic.com)"
51.89.129.24 - - [14/Jun/2026:06:54:18 +0000] "GET /items/j908143119497/ HTTP/1.1" 404 115176 "-" "Mozilla/5.0 (compatible; AhrefsBot/7.0; +http://ahrefs.com/robot/)"
198.244.226.193 - - [14/Jun/2026:06:54:18 +0000] "GET /items/j90827661971/ HTTP/1.1" 404 115176 "-" "Mozilla/5.0 (compatible; AhrefsBot/7.0; +http://ahrefs.com/robot/)"
216.73.217.86 - - [14/Jun/2026:06:54:20 +0000] "GET /understanding-the-effects-of-masteron-p-100/?view=%2Fvar%2Fwww%2Fvhosts%2Fmayaver.com%2FSendGrid%2Fvendor%2Fsendgrid%2Fphp-http-client%2Ftwilio_sendgrid_logo.png HTTP/1.1" 200 18168 "-" "Mozilla/5.0 AppleWebKit/537.36 (KHTML, like Gecko; compatible; ClaudeBot/1.0; +claudebot@anthropic.com)"
216.73.217.86 - - [14/Jun/2026:06:54:20 +0000] "GET /is-een-korte-steroidenkuur-even-effectief-als-een-lange/?view=%2Fvar%2Fwww%2Fvhosts%2Fmayaver.com%2Fhttpdocs%2Fwp-includes%2Fjs%2Ftinymce%2Fthemes%2Finlite%2Ftheme.min.js HTTP/1.1" 200 45807 "-" "Mozilla/5.0 AppleWebKit/537.36 (KHTML, like Gecko; compatible; ClaudeBot/1.0; +claudebot@anthropic.com)"
216.73.217.86 - - [14/Jun/2026:06:54:19 +0000] "GET /temple/?rename=%2Fvar%2Fwww%2Fvhosts%2Fmayaver.com%2Fmetaverse.mayaver.com%2Fmy-admin%2FApartment.txt HTTP/1.1" 200 13018 "-" "Mozilla/5.0 AppleWebKit/537.36 (KHTML, like Gecko; compatible; ClaudeBot/1.0; +claudebot@anthropic.com)"
147.135.213.107 - - [14/Jun/2026:06:54:20 +0000] "GET /?file=/var/www/vhosts/mayaver.com/httpdocs/wp-content/plugins/security-1779824318/js HTTP/1.1" 301 4741 "-" "Mozilla/5.0 (compatible; MJ12bot/v1.4.8; http://mj12bot.com/)"
216.73.217.86 - - [14/Jun/2026:06:54:18 +0000] "GET /supabet-quickplay-experience/?edit=%2Fvar%2Fwww%2Fvhosts%2Fmayaver.com%2Fhttpdocs%2Fwp-content%2Fplugins%2Fwaspthemes-yellow-pencil%2Fassets%2Fp4.png HTTP/1.1" 200 33905 "-" "Mozilla/5.0 AppleWebKit/537.36 (KHTML, like Gecko; compatible; ClaudeBot/1.0; +claudebot@anthropic.com)"
51.89.129.133 - - [14/Jun/2026:06:54:19 +0000] "GET /items/h90817087889/ HTTP/1.1" 404 115176 "-" "Mozilla/5.0 (compatible; AhrefsBot/7.0; +http://ahrefs.com/robot/)"
216.73.217.86 - - [14/Jun/2026:06:54:18 +0000] "GET /new-online-casinos-ireland-2500/?edit=%2Fvar%2Fwww%2Fvhosts%2Fmayaver.com%2Flogs%2Fmetaverse.mayaver.com%2Faccess_ssl_log.processed HTTP/1.1" 200 391679 "-" "Mozilla/5.0 AppleWebKit/537.36 (KHTML, like Gecko; compatible; ClaudeBot/1.0; +claudebot@anthropic.com)"
216.73.217.86 - - [14/Jun/2026:06:54:21 +0000] "GET /new-online-casinos-ireland-2500/?view=%2Fvar%2Fwww%2Fvhosts%2Fmayaver.com%2Fhttpdocs%2Fwp-content%2Fplugins%2Fwp-optimize%2Fjs%2Fwposmush-3-6-0.min.js HTTP/1.1" 200 9932 "-" "Mozilla/5.0 AppleWebKit/537.36 (KHTML, like Gecko; compatible; ClaudeBot/1.0; +claudebot@anthropic.com)"
216.73.217.86 - - [14/Jun/2026:06:54:21 +0000] "GET /a-knowledgeable-marijuana-dispensaries-in-the-washington-dc/?rename=%2Fvar%2Fwww%2Fvhosts%2Fmayaver.com%2Fhttpdocs%2Fwp-content%2Fplugins%2Fwp-optimize%2Fimages%2Fnotices%2Fsubscriben.png HTTP/1.1" 200 30955 "-" "Mozilla/5.0 AppleWebKit/537.36 (KHTML, like Gecko; compatible; ClaudeBot/1.0; +claudebot@anthropic.com)"
216.73.217.86 - - [14/Jun/2026:06:54:21 +0000] "GET /basketball/?file=%2Fvar%2Fwww%2Fvhosts%2Fmayaver.com%2Fhttpdocs%2Fwp-content%2Fuploads%2F2024%2F03%2Fblog_frt_temple.png HTTP/1.1" 200 12122 "-" "Mozilla/5.0 AppleWebKit/537.36 (KHTML, like Gecko; compatible; ClaudeBot/1.0; +claudebot@anthropic.com)"
216.73.217.86 - - [14/Jun/2026:06:54:22 +0000] "GET /favicon.ico?rename=%2Fvar%2Fwww%2Fvhosts%2Fmayaver.com%2Fhttpdocs%2Fwp-content%2Fuploads%2F2024%2F01%2Fbg-noise1-1.png HTTP/1.1" 200 4785 "-" "Mozilla/5.0 AppleWebKit/537.36 (KHTML, like Gecko; compatible; ClaudeBot/1.0; +claudebot@anthropic.com)"
216.73.217.86 - - [14/Jun/2026:06:54:21 +0000] "GET /basketball/?edit=%2Fvar%2Fwww%2Fvhosts%2Fmayaver.com%2Fhttpdocs%2Fwp-content%2Fuploads%2F2023%2F10%2Fimage_blog_5-676x450.png HTTP/1.1" 200 186741 "-" "Mozilla/5.0 AppleWebKit/537.36 (KHTML, like Gecko; compatible; ClaudeBot/1.0; +claudebot@anthropic.com)"
216.73.217.86 - - [14/Jun/2026:06:54:21 +0000] "GET /new-online-casinos-ireland-2500/?file=%2Fvar%2Fwww%2Fvhosts%2Fmayaver.com%2Fhttpdocs%2Fwp-content%2Fplugins%2Fwordpress-importer%2Fparsers HTTP/1.1" 200 29992 "-" "Mozilla/5.0 AppleWebKit/537.36 (KHTML, like Gecko; compatible; ClaudeBot/1.0; +claudebot@anthropic.com)"
216.73.217.86 - - [14/Jun/2026:06:54:22 +0000] "GET /new-online-casinos-ireland-2500/?rename=%2Fvar%2Fwww%2Fvhosts%2Fmayaver.com%2Fhttpdocs%2Fwp-includes%2Fsodium_compat%2Fcomposer.json HTTP/1.1" 200 30728 "-" "Mozilla/5.0 AppleWebKit/537.36 (KHTML, like Gecko; compatible; ClaudeBot/1.0; +claudebot@anthropic.com)"
216.73.217.86 - - [14/Jun/2026:06:54:23 +0000] "GET /understanding-the-effects-of-masteron-p-100/?file=%2Fvar%2Fwww%2Fvhosts%2Fmayaver.com%2Fhttpdocs%2Fwp-content%2Fmu-plugins%2Fwp-toolkit%2FPanel%2Flocales%2Fzh-TW.php HTTP/1.1" 200 27780 "-" "Mozilla/5.0 AppleWebKit/537.36 (KHTML, like Gecko; compatible; ClaudeBot/1.0; +claudebot@anthropic.com)"
216.73.217.86 - - [14/Jun/2026:06:54:23 +0000] "GET /new-online-casinos-ireland-2500/?file=%2Fvar%2Fwww%2Fvhosts%2Fmayaver.com%2Fhttpdocs%2Fwp-content%2Fplugins%2Fnav-menu-roles%2Finc HTTP/1.1" 200 30046 "-" "Mozilla/5.0 AppleWebKit/537.36 (KHTML, like Gecko; compatible; ClaudeBot/1.0; +claudebot@anthropic.com)"
51.89.129.166 - - [14/Jun/2026:06:54:23 +0000] "GET /items/d908210577319/ HTTP/1.1" 404 115161 "-" "Mozilla/5.0 (compatible; AhrefsBot/7.0; +http://ahrefs.com/robot/)"
216.73.217.86 - - [14/Jun/2026:06:54:23 +0000] "GET /is-een-korte-steroidenkuur-even-effectief-als-een-lange/?file=%2Fvar%2Fwww%2Fvhosts%2Fmayaver.com%2Fhttpdocs%2Fwp-content%2Fplugins%2Fwp-file-manager%2Flib%2Fcodemirror%2Fmode%2Fpug HTTP/1.1" 200 27906 "-" "Mozilla/5.0 AppleWebKit/537.36 (KHTML, like Gecko; compatible; ClaudeBot/1.0; +claudebot@anthropic.com)"
216.73.217.86 - - [14/Jun/2026:06:54:24 +0000] "GET /supabet-quickplay-experience/?file=%2Fvar%2Fwww%2Fvhosts%2Fmayaver.com%2Fhttpdocs%2Fwp-content%2Fplugins%2Fwaspthemes-yellow-pencil%2Fassets%2Fgraphy.png HTTP/1.1" 200 32827 "-" "Mozilla/5.0 AppleWebKit/537.36 (KHTML, like Gecko; compatible; ClaudeBot/1.0; +claudebot@anthropic.com)"
216.73.217.86 - - [14/Jun/2026:06:54:24 +0000] "GET /temple/?edit=%2Fvar%2Fwww%2Fvhosts%2Fmayaver.com%2Fmetaverse.mayaver.com%2Fmy-content%2Fhouse-medivial-1.glb HTTP/1.1" 200 1341298 "-" "Mozilla/5.0 AppleWebKit/537.36 (KHTML, like Gecko; compatible; ClaudeBot/1.0; +claudebot@anthropic.com)"
216.73.217.86 - - [14/Jun/2026:06:54:25 +0000] "GET /temple/?file=%2Fvar%2Fwww%2Fvhosts%2Fmayaver.com%2Fmetaverse.mayaver.com%2Fmy-content%2Fmusic_amb14.mp3 HTTP/1.1" 200 12118 "-" "Mozilla/5.0 AppleWebKit/537.36 (KHTML, like Gecko; compatible; ClaudeBot/1.0; +claudebot@anthropic.com)"
147.135.213.107 - - [14/Jun/2026:06:54:23 +0000] "GET /?file=%2Fvar%2Fwww%2Fvhosts%2Fmayaver.com%2Fhttpdocs%2Fwp-content%2Fplugins%2Fsecurity-1779824318%2Fjs HTTP/1.1" 200 38352 "-" "Mozilla/5.0 (compatible; MJ12bot/v1.4.8; http://mj12bot.com/)"
216.73.217.86 - - [14/Jun/2026:06:54:27 +0000] "GET /basketball/?edit=%2Fvar%2Fwww%2Fvhosts%2Fmayaver.com%2Fhttpdocs%2Fwp-content%2Fuploads%2F2023%2F05%2Fcta-bg1-760x520.png HTTP/1.1" 200 98451 "-" "Mozilla/5.0 AppleWebKit/537.36 (KHTML, like Gecko; compatible; ClaudeBot/1.0; +claudebot@anthropic.com)"
216.73.217.86 - - [14/Jun/2026:06:54:28 +0000] "GET /is-een-korte-steroidenkuur-even-effectief-als-een-lange/?view=%2Fvar%2Fwww%2Fvhosts%2Fmayaver.com%2Fhttpdocs%2Fwp-includes%2Fjs%2Fbackbone.min.js HTTP/1.1" 200 11510 "-" "Mozilla/5.0 AppleWebKit/537.36 (KHTML, like Gecko; compatible; ClaudeBot/1.0; +claudebot@anthropic.com)"
216.73.217.86 - - [14/Jun/2026:06:54:27 +0000] "GET /office/?file=%2Fvar%2Fwww%2Fvhosts%2Fmayaver.com%2Fmetaverse.mayaver.com%2Fmy-content%2Fmusic_amb4.mp3 HTTP/1.1" 200 12204 "-" "Mozilla/5.0 AppleWebKit/537.36 (KHTML, like Gecko; compatible; ClaudeBot/1.0; +claudebot@anthropic.com)"
216.73.217.86 - - [14/Jun/2026:06:54:28 +0000] "GET /temple/?rename=%2Fvar%2Fwww%2Fvhosts%2Fmayaver.com%2Fmetaverse.mayaver.com%2Fmy-admin%2FYogaRoom.txt HTTP/1.1" 200 13020 "-" "Mozilla/5.0 AppleWebKit/537.36 (KHTML, like Gecko; compatible; ClaudeBot/1.0; +claudebot@anthropic.com)"
76.39.212.147 - - [14/Jun/2026:06:54:26 +0000] "GET /items/u90842870520/ HTTP/1.1" 404 115176 "-" "Mozilla/5.0 (Macintosh; Intel Mac OS X 11.6; rv:136.0) Gecko/20100101 Firefox/136.0"
51.89.129.53 - - [14/Jun/2026:06:54:27 +0000] "GET /items/d90809504637/ HTTP/1.1" 404 115176 "-" "Mozilla/5.0 (compatible; AhrefsBot/7.0; +http://ahrefs.com/robot/)"
216.73.217.86 - - [14/Jun/2026:06:54:27 +0000] "GET /is-een-korte-steroidenkuur-even-effectief-als-een-lange/?file=%2Fvar%2Fwww%2Fvhosts%2Fmayaver.com%2Fhttpdocs%2Fwp-includes%2Fblocks%2Fpost-excerpt%2Fstyle.css HTTP/1.1" 200 27768 "-" "Mozilla/5.0 AppleWebKit/537.36 (KHTML, like Gecko; compatible; ClaudeBot/1.0; +claudebot@anthropic.com)"
216.73.217.86 - - [14/Jun/2026:06:54:30 +0000] "GET /temple/?view=%2Fvar%2Fwww%2Fvhosts%2Fmayaver.com%2Fhttpdocs%2Fwp-content%2Fuploads%2F2024%2F12%2Fblog_ftr_zoocrocodile.jpg HTTP/1.1" 200 136797 "-" "Mozilla/5.0 AppleWebKit/537.36 (KHTML, like Gecko; compatible; ClaudeBot/1.0; +claudebot@anthropic.com)"
216.73.217.86 - - [14/Jun/2026:06:54:28 +0000] "GET /is-een-korte-steroidenkuur-even-effectief-als-een-lange/?file=%2Fvar%2Fwww%2Fvhosts%2Fmayaver.com%2Fhttpdocs%2Fwp-content%2Fplugins%2Felementor%2Fincludes%2Fheartbeat.php HTTP/1.1" 200 27761 "-" "Mozilla/5.0 AppleWebKit/537.36 (KHTML, like Gecko; compatible; ClaudeBot/1.0; +claudebot@anthropic.com)"
147.135.213.107 - - [14/Jun/2026:06:54:30 +0000] "GET /?file=/var/www/vhosts/mayaver.com/httpdocs/wp-content/plugins/security-1779824318/readme.txt HTTP/1.1" 301 4227 "-" "Mozilla/5.0 (compatible; MJ12bot/v1.4.8; http://mj12bot.com/)"
216.73.217.86 - - [14/Jun/2026:06:54:30 +0000] "GET /church/?file=%2Fvar%2Fwww%2Fvhosts%2Fmayaver.com%2Fmetaverse.mayaver.com%2Fmy-admin%2FLoungeCozy.txt HTTP/1.1" 200 12121 "-" "Mozilla/5.0 AppleWebKit/537.36 (KHTML, like Gecko; compatible; ClaudeBot/1.0; +claudebot@anthropic.com)"
216.73.217.86 - - [14/Jun/2026:06:54:30 +0000] "GET /supabet-quickplay-experience/?rename=%2Fvar%2Fwww%2Fvhosts%2Fmayaver.com%2Fmetaverse.mayaver.com%2Fmy-content%2Fcaves.glb HTTP/1.1" 200 33740 "-" "Mozilla/5.0 AppleWebKit/537.36 (KHTML, like Gecko; compatible; ClaudeBot/1.0; +claudebot@anthropic.com)"
216.73.217.86 - - [14/Jun/2026:06:54:30 +0000] "GET /supabet-quickplay-experience/?file=%2Fvar%2Fwww%2Fvhosts%2Fmayaver.com%2Fhttpdocs%2Fwp-content%2Fuploads%2F2023%2F05%2Fglow-flex2-300x300.png HTTP/1.1" 200 32823 "-" "Mozilla/5.0 AppleWebKit/537.36 (KHTML, like Gecko; compatible; ClaudeBot/1.0; +claudebot@anthropic.com)"
216.73.217.86 - - [14/Jun/2026:06:54:31 +0000] "GET /gallery/?rename=%2Fvar%2Fwww%2Fvhosts%2Fmayaver.com%2Fmetaverse.mayaver.com%2Fmy-content%2Fhouse-cabin.glb HTTP/1.1" 200 13021 "-" "Mozilla/5.0 AppleWebKit/537.36 (KHTML, like Gecko; compatible; ClaudeBot/1.0; +claudebot@anthropic.com)"
216.73.217.86 - - [14/Jun/2026:06:54:32 +0000] "GET /supabet-quickplay-experience/?view=%2Fvar%2Fwww%2Fvhosts%2Fmayaver.com%2Fmetaverse.mayaver.com%2Fmy-content%2Fab-sc4-amb.mp3 HTTP/1.1" 200 1186126 "-" "Mozilla/5.0 AppleWebKit/537.36 (KHTML, like Gecko; compatible; ClaudeBot/1.0; +claudebot@anthropic.com)"
216.73.217.86 - - [14/Jun/2026:06:54:30 +0000] "GET /is-een-korte-steroidenkuur-even-effectief-als-een-lange/?file=%2Fvar%2Fwww%2Fvhosts%2Fmayaver.com%2Fhttpdocs%2Fwp-includes%2Fcss%2Fdist%2Fblock-library HTTP/1.1" 200 28460 "-" "Mozilla/5.0 AppleWebKit/537.36 (KHTML, like Gecko; compatible; ClaudeBot/1.0; +claudebot@anthropic.com)"
51.195.215.79 - - [14/Jun/2026:06:54:30 +0000] "GET /items/a908110348750/ HTTP/1.1" 404 115161 "-" "Mozilla/5.0 (compatible; AhrefsBot/7.0; +http://ahrefs.com/robot/)"
216.73.217.86 - - [14/Jun/2026:06:54:31 +0000] "GET /supabet-quickplay-experience/?file=%2Fvar%2Fwww%2Fvhosts%2Fmayaver.com%2Fhttpdocs%2Fwp-content%2Fuploads%2F2024%2F03%2Flogo-light-tagx300.png HTTP/1.1" 200 32818 "-" "Mozilla/5.0 AppleWebKit/537.36 (KHTML, like Gecko; compatible; ClaudeBot/1.0; +claudebot@anthropic.com)"
216.73.217.86 - - [14/Jun/2026:06:54:33 +0000] "GET /is-een-korte-steroidenkuur-even-effectief-als-een-lange/?view=%2Fvar%2Fwww%2Fvhosts%2Fmayaver.com%2Fhttpdocs%2Fwp-admin%2Fjs%2Firis.min.js HTTP/1.1" 200 11673 "-" "Mozilla/5.0 AppleWebKit/537.36 (KHTML, like Gecko; compatible; ClaudeBot/1.0; +claudebot@anthropic.com)"
216.73.217.86 - - [14/Jun/2026:06:54:32 +0000] "GET /office/?rename=%2Fvar%2Fwww%2Fvhosts%2Fmayaver.com%2Fmetaverse.mayaver.com%2Fmy-content%2Fhouse-camp.glb HTTP/1.1" 200 13104 "-" "Mozilla/5.0 AppleWebKit/537.36 (KHTML, like Gecko; compatible; ClaudeBot/1.0; +claudebot@anthropic.com)"
216.73.217.86 - - [14/Jun/2026:06:54:34 +0000] "GET /a-knowledgeable-marijuana-dispensaries-in-the-washington-dc/?view=%2Fvar%2Fwww%2Fvhosts%2Fmayaver.com%2Fhttpdocs%2Fwp-content%2Fthemes%2Ftwentytwentyfour%2Ftemplates%2Findex.html HTTP/1.1" 200 3782 "-" "Mozilla/5.0 AppleWebKit/537.36 (KHTML, like Gecko; compatible; ClaudeBot/1.0; +claudebot@anthropic.com)"
51.89.129.38 - - [14/Jun/2026:06:54:33 +0000] "GET /items/z90824622873/ HTTP/1.1" 404 115176 "-" "Mozilla/5.0 (compatible; AhrefsBot/7.0; +http://ahrefs.com/robot/)"
57.141.2.50 - - [14/Jun/2026:06:54:33 +0000] "GET /products/chanel-cotton-white-dress-m-women/58677849/ HTTP/1.1" 404 115167 "-" "meta-externalagent/1.1 (+https://developers.facebook.com/docs/sharing/webmasters/crawler)"
216.73.217.86 - - [14/Jun/2026:06:54:33 +0000] "GET /donde-comprar-esteroides-de-forma-segura/?rename=%2Fvar%2Fwww%2Fvhosts%2Fmayaver.com%2Fhttpdocs%2Fwp-content%2Fplugins%2Fiworks-pwa%2Fiworks-pwa.php HTTP/1.1" 200 29122 "-" "Mozilla/5.0 AppleWebKit/537.36 (KHTML, like Gecko; compatible; ClaudeBot/1.0; +claudebot@anthropic.com)"
216.73.217.86 - - [14/Jun/2026:06:54:34 +0000] "GET /supabet-quickplay-experience/?edit=%2Fvar%2Fwww%2Fvhosts%2Fmayaver.com%2Fhttpdocs%2Fwp-content%2Fplugins%2Fwaspthemes-yellow-pencil%2Fassets%2Fcircles.png HTTP/1.1" 200 33951 "-" "Mozilla/5.0 AppleWebKit/537.36 (KHTML, like Gecko; compatible; ClaudeBot/1.0; +claudebot@anthropic.com)"
216.73.217.86 - - [14/Jun/2026:06:54:35 +0000] "GET /office/?rename=%2Fvar%2Fwww%2Fvhosts%2Fmayaver.com%2Fhttpdocs%2Fwp-includes%2Fimages%2Fsmilies%2Ficon_lol.gif HTTP/1.1" 200 13106 "-" "Mozilla/5.0 AppleWebKit/537.36 (KHTML, like Gecko; compatible; ClaudeBot/1.0; +claudebot@anthropic.com)"
216.73.217.86 - - [14/Jun/2026:06:54:34 +0000] "GET /new-online-casinos-ireland-2500/?rename=%2Fvar%2Fwww%2Fvhosts%2Fmayaver.com%2Fhttpdocs%2Fwp-content%2Fplugins%2Fwp-bouncer%2Fwp-bouncer.php HTTP/1.1" 200 30709 "-" "Mozilla/5.0 AppleWebKit/537.36 (KHTML, like Gecko; compatible; ClaudeBot/1.0; +claudebot@anthropic.com)"
216.73.217.86 - - [14/Jun/2026:06:54:34 +0000] "GET /is-een-korte-steroidenkuur-even-effectief-als-een-lange/?edit=%2Fvar%2Fwww%2Fvhosts%2Fmayaver.com%2Fhttpdocs%2Fwp-content%2Fplugins%2Fpaid-memberships-pro%2Fpreheaders%2Flevels.php HTTP/1.1" 200 28869 "-" "Mozilla/5.0 AppleWebKit/537.36 (KHTML, like Gecko; compatible; ClaudeBot/1.0; +claudebot@anthropic.com)"
216.73.217.86 - - [14/Jun/2026:06:54:35 +0000] "GET /is-een-korte-steroidenkuur-even-effectief-als-een-lange/?file=%2Fvar%2Fwww%2Fvhosts%2Fmayaver.com%2Fhttpdocs%2Fwp-includes%2Fblocks%2Fhome-link.php HTTP/1.1" 200 27759 "-" "Mozilla/5.0 AppleWebKit/537.36 (KHTML, like Gecko; compatible; ClaudeBot/1.0; +claudebot@anthropic.com)"
147.135.213.107 - - [14/Jun/2026:06:54:34 +0000] "GET /?file=%2Fvar%2Fwww%2Fvhosts%2Fmayaver.com%2Fhttpdocs%2Fwp-content%2Fplugins%2Fsecurity-1779824318%2Freadme.txt HTTP/1.1" 200 38250 "-" "Mozilla/5.0 (compatible; MJ12bot/v1.4.8; http://mj12bot.com/)"
198.244.240.183 - - [14/Jun/2026:06:54:37 +0000] "GET /items/z908210780869/ HTTP/1.1" 404 115176 "-" "Mozilla/5.0 (compatible; AhrefsBot/7.0; +http://ahrefs.com/robot/)"
216.73.217.86 - - [14/Jun/2026:06:54:37 +0000] "GET /basketball/?edit=%2Fvar%2Fwww%2Fvhosts%2Fmayaver.com%2Fhttpdocs%2Fwp-content%2Fuploads%2F2024%2F12%2Fblog_ft_modernhouse-1.png HTTP/1.1" 200 892039 "-" "Mozilla/5.0 AppleWebKit/537.36 (KHTML, like Gecko; compatible; ClaudeBot/1.0; +claudebot@anthropic.com)"
216.73.217.86 - - [14/Jun/2026:06:54:37 +0000] "GET /understanding-the-effects-of-masteron-p-100/?file=%2Fvar%2Fwww%2Fvhosts%2Fmayaver.com%2Fhttpdocs%2Fwp-content%2Fuploads%2F2023%2F05%2Fprocess1.png HTTP/1.1" 200 27817 "-" "Mozilla/5.0 AppleWebKit/537.36 (KHTML, like Gecko; compatible; ClaudeBot/1.0; +claudebot@anthropic.com)"
216.73.217.86 - - [14/Jun/2026:06:54:37 +0000] "GET /is-een-korte-steroidenkuur-even-effectief-als-een-lange/?rename=%2Fvar%2Fwww%2Fvhosts%2Fmayaver.com%2Fhttpdocs%2Fwp-includes%2Fjs%2Fjquery%2Fui%2Feffect-fold.min.js HTTP/1.1" 200 28748 "-" "Mozilla/5.0 AppleWebKit/537.36 (KHTML, like Gecko; compatible; ClaudeBot/1.0; +claudebot@anthropic.com)"
216.73.217.86 - - [14/Jun/2026:06:54:37 +0000] "GET /church/?edit=%2Fvar%2Fwww%2Fvhosts%2Fmayaver.com%2Fmetaverse.mayaver.com%2Fmy-content%2Fmusic_amb9.mp3 HTTP/1.1" 200 1399136 "-" "Mozilla/5.0 AppleWebKit/537.36 (KHTML, like Gecko; compatible; ClaudeBot/1.0; +claudebot@anthropic.com)"
216.73.217.86 - - [14/Jun/2026:06:54:37 +0000] "GET /new-online-casinos-ireland-2500/?edit=%2Fvar%2Fwww%2Fvhosts%2Fmayaver.com%2Fhttpdocs%2Fwp-content%2Fplugins%2Felementor%2Freadme.txt HTTP/1.1" 200 39578 "-" "Mozilla/5.0 AppleWebKit/537.36 (KHTML, like Gecko; compatible; ClaudeBot/1.0; +claudebot@anthropic.com)"
216.73.217.86 - - [14/Jun/2026:06:54:37 +0000] "GET /understanding-the-effects-of-masteron-p-100/?rename=%2Fvar%2Fwww%2Fvhosts%2Fmayaver.com%2Fhttpdocs%2Fwp-content%2Fplugins%2Ffileorganizer%2Fmanager%2Fimg%2Fedit_ckeditor.png HTTP/1.1" 200 28764 "-" "Mozilla/5.0 AppleWebKit/537.36 (KHTML, like Gecko; compatible; ClaudeBot/1.0; +claudebot@anthropic.com)"
51.195.215.141 - - [14/Jun/2026:06:54:38 +0000] "GET /items/z908054537985/ HTTP/1.1" 404 115176 "-" "Mozilla/5.0 (compatible; AhrefsBot/7.0; +http://ahrefs.com/robot/)"
185.191.171.12 - - [14/Jun/2026:06:54:38 +0000] "GET /items/z908414732375/ HTTP/1.1" 404 115176 "-" "Mozilla/5.0 (compatible; SemrushBot/7~bl; +http://www.semrush.com/bot.html)"
147.135.213.107 - - [14/Jun/2026:06:54:41 +0000] "GET /?file=/var/www/vhosts/mayaver.com/httpdocs/wp-content/plugins/security-1779824318/wp-config.php HTTP/1.1" 301 4233 "-" "Mozilla/5.0 (compatible; MJ12bot/v1.4.8; http://mj12bot.com/)"
79.214.251.140 - - [14/Jun/2026:06:54:38 +0000] "GET /items/u908459729478/ HTTP/1.1" 404 115176 "-" "Mozilla/5.0 (Macintosh; Intel Mac OS X 14.4; rv:127.0) Gecko/20100101 Firefox/127.0"
