216.73.217.86 - - [14/Jun/2026:06:54:42 +0000] "GET /understanding-the-effects-of-masteron-p-100/?rename=%2Fvar%2Fwww%2Fvhosts%2Fmayaver.com%2Fhttpdocs%2Fwp-content%2Fplugins%2Fwp-file-manager%2Flib%2Fjs%2Fi18n%2Felfinder.sr.js HTTP/1.1" 200 28714 "-" "Mozilla/5.0 AppleWebKit/537.36 (KHTML, like Gecko; compatible; ClaudeBot/1.0; +claudebot@anthropic.com)"
216.73.217.86 - - [14/Jun/2026:06:54:42 +0000] "GET /basketball/?rename=%2Fvar%2Fwww%2Fvhosts%2Fmayaver.com%2Fhttpdocs%2Fwp-content%2Fuploads%2F2023%2F05%2Flogo-darkx250.png HTTP/1.1" 200 13016 "-" "Mozilla/5.0 AppleWebKit/537.36 (KHTML, like Gecko; compatible; ClaudeBot/1.0; +claudebot@anthropic.com)"
216.73.217.86 - - [14/Jun/2026:06:54:42 +0000] "GET /church/?file=%2Fvar%2Fwww%2Fvhosts%2Fmayaver.com%2Fmetaverse.mayaver.com%2Fmy-content%2Fmusic_amb3.mp3 HTTP/1.1" 200 12116 "-" "Mozilla/5.0 AppleWebKit/537.36 (KHTML, like Gecko; compatible; ClaudeBot/1.0; +claudebot@anthropic.com)"
216.73.217.86 - - [14/Jun/2026:06:54:42 +0000] "GET /cafe/?file=%2Fvar%2Fwww%2Fvhosts%2Fmayaver.com%2Fhttpdocs%2Fwp-content%2Fthemes%2Fconfig-1780325610%2Fimages%2Ffacebook.png HTTP/1.1" 200 12219 "-" "Mozilla/5.0 AppleWebKit/537.36 (KHTML, like Gecko; compatible; ClaudeBot/1.0; +claudebot@anthropic.com)"
198.244.240.129 - - [14/Jun/2026:06:54:42 +0000] "GET /items/u90811331476/ HTTP/1.1" 404 115176 "-" "Mozilla/5.0 (compatible; AhrefsBot/7.0; +http://ahrefs.com/robot/)"
216.73.217.86 - - [14/Jun/2026:06:54:43 +0000] "GET /a-knowledgeable-marijuana-dispensaries-in-the-washington-dc/?rename=%2Fvar%2Fwww%2Fvhosts%2Fmayaver.com%2Fhttpdocs%2Fwp-content%2Fmu-plugins%2Fwp-toolkit%2FPanel%2Flocales%2Fzh-CN.php HTTP/1.1" 200 30963 "-" "Mozilla/5.0 AppleWebKit/537.36 (KHTML, like Gecko; compatible; ClaudeBot/1.0; +claudebot@anthropic.com)"
216.73.217.86 - - [14/Jun/2026:06:54:43 +0000] "GET /a-knowledgeable-marijuana-dispensaries-in-the-washington-dc/?edit=%2Fvar%2Fwww%2Fvhosts%2Fmayaver.com%2Fhttpdocs%2Fwp-content%2Fuploads%2Fwpo%2Flogs%2Fsmush-a1dd08bfbbe8337bedb1.log HTTP/1.1" 200 33963 "-" "Mozilla/5.0 AppleWebKit/537.36 (KHTML, like Gecko; compatible; ClaudeBot/1.0; +claudebot@anthropic.com)"
216.73.217.86 - - [14/Jun/2026:06:54:43 +0000] "GET /understanding-the-effects-of-masteron-p-100/?rename=%2Fvar%2Fwww%2Fvhosts%2Fmayaver.com%2Fhttpdocs%2Fwp-admin%2Fcss%2Fcolors%2Fsunrise%2Fcolors.min.css HTTP/1.1" 200 28705 "-" "Mozilla/5.0 AppleWebKit/537.36 (KHTML, like Gecko; compatible; ClaudeBot/1.0; +claudebot@anthropic.com)"
147.135.213.107 - - [14/Jun/2026:06:54:43 +0000] "GET /?file=%2Fvar%2Fwww%2Fvhosts%2Fmayaver.com%2Fhttpdocs%2Fwp-content%2Fplugins%2Fsecurity-1779824318%2Fwp-config.php HTTP/1.1" 200 38249 "-" "Mozilla/5.0 (compatible; MJ12bot/v1.4.8; http://mj12bot.com/)"
185.191.171.11 - - [14/Jun/2026:06:54:44 +0000] "GET /items/g908426552216/ HTTP/1.1" 404 115176 "-" "Mozilla/5.0 (compatible; SemrushBot/7~bl; +http://www.semrush.com/bot.html)"
216.73.217.86 - - [14/Jun/2026:06:54:44 +0000] "GET /is-een-korte-steroidenkuur-even-effectief-als-een-lange/?file=%2Fvar%2Fwww%2Fvhosts%2Fmayaver.com%2Fhttpdocs%2Fwp-includes%2Fjs%2Ftinymce%2Fskins%2Fwordpress%2Fimages HTTP/1.1" 200 28163 "-" "Mozilla/5.0 AppleWebKit/537.36 (KHTML, like Gecko; compatible; ClaudeBot/1.0; +claudebot@anthropic.com)"
216.73.217.86 - - [14/Jun/2026:06:54:45 +0000] "GET /supabet-quickplay-experience/?view=%2Fvar%2Fwww%2Fvhosts%2Fmayaver.com%2Fhttpdocs%2Fwp-content%2Fthemes%2Ftwentytwentytwo%2Fassets%2Fimages%2Fducks.jpg HTTP/1.1" 200 377194 "-" "Mozilla/5.0 AppleWebKit/537.36 (KHTML, like Gecko; compatible; ClaudeBot/1.0; +claudebot@anthropic.com)"
216.73.217.86 - - [14/Jun/2026:06:54:45 +0000] "GET /supabet-quickplay-experience/?edit=%2Fvar%2Fwww%2Fvhosts%2Fmayaver.com%2Fhttpdocs%2Fwp-content%2Fplugins%2Fwaspthemes-yellow-pencil%2Fassets%2Fgreyzz.png HTTP/1.1" 200 37300 "-" "Mozilla/5.0 AppleWebKit/537.36 (KHTML, like Gecko; compatible; ClaudeBot/1.0; +claudebot@anthropic.com)"
216.73.217.86 - - [14/Jun/2026:06:54:46 +0000] "GET /favicon.ico?view=%2Fvar%2Fwww%2Fvhosts%2Fmayaver.com%2Fhttpdocs%2Fwp-content%2Fuploads%2F2023%2F11%2Fblog_ft_gamescene-1024x576.png HTTP/1.1" 200 705217 "-" "Mozilla/5.0 AppleWebKit/537.36 (KHTML, like Gecko; compatible; ClaudeBot/1.0; +claudebot@anthropic.com)"
216.73.217.86 - - [14/Jun/2026:06:54:46 +0000] "GET /a-knowledgeable-marijuana-dispensaries-in-the-washington-dc/?file=%2Fvar%2Fwww%2Fvhosts%2Fmayaver.com%2Fhttpdocs%2Fwp-content%2Fplugins%2Felementor%2Fassets%2Fshapes%2Fwave-brush.svg HTTP/1.1" 200 30039 "-" "Mozilla/5.0 AppleWebKit/537.36 (KHTML, like Gecko; compatible; ClaudeBot/1.0; +claudebot@anthropic.com)"
216.73.217.86 - - [14/Jun/2026:06:54:46 +0000] "GET /basketball/?file=%2Fvar%2Fwww%2Fvhosts%2Fmayaver.com%2Fhttpdocs%2Fwp-content%2Fuploads%2F2023%2F10%2Fimage_blog_6-150x150.png HTTP/1.1" 200 12125 "-" "Mozilla/5.0 AppleWebKit/537.36 (KHTML, like Gecko; compatible; ClaudeBot/1.0; +claudebot@anthropic.com)"
216.73.217.86 - - [14/Jun/2026:06:54:46 +0000] "GET /cafe/?rename=%2Fvar%2Fwww%2Fvhosts%2Fmayaver.com%2Fmetaverse.mayaver.com%2Fmy-content%2F3d-sckp-bush1.glb HTTP/1.1" 200 13111 "-" "Mozilla/5.0 AppleWebKit/537.36 (KHTML, like Gecko; compatible; ClaudeBot/1.0; +claudebot@anthropic.com)"
147.135.213.107 - - [14/Jun/2026:06:54:47 +0000] "GET /?file=/var/www/vhosts/mayaver.com/httpdocs/wp-content/plugins/seo-by-rank-math-pro/assets HTTP/1.1" 301 4378 "-" "Mozilla/5.0 (compatible; MJ12bot/v1.4.8; http://mj12bot.com/)"
198.244.240.69 - - [14/Jun/2026:06:54:47 +0000] "GET /items/s908036812322/ HTTP/1.1" 404 115176 "-" "Mozilla/5.0 (compatible; AhrefsBot/7.0; +http://ahrefs.com/robot/)"
216.73.217.86 - - [14/Jun/2026:06:54:47 +0000] "GET /new-online-casinos-ireland-2500/?rename=%2Fvar%2Fwww%2Fvhosts%2Fmayaver.com%2Fhttpdocs%2Fwp-includes%2Fclass-wp-recovery-mode-link-service.php HTTP/1.1" 200 30736 "-" "Mozilla/5.0 AppleWebKit/537.36 (KHTML, like Gecko; compatible; ClaudeBot/1.0; +claudebot@anthropic.com)"
216.73.217.86 - - [14/Jun/2026:06:54:47 +0000] "GET /is-een-korte-steroidenkuur-even-effectief-als-een-lange/?edit=%2Fvar%2Fwww%2Fvhosts%2Fmayaver.com%2Fhttpdocs%2Fwp-content%2Fplugins%2Ffileorganizer%2Fmanager%2Fjs%2Felfinder.full.js HTTP/1.1" 200 309051 "-" "Mozilla/5.0 AppleWebKit/537.36 (KHTML, like Gecko; compatible; ClaudeBot/1.0; +claudebot@anthropic.com)"
216.73.217.86 - - [14/Jun/2026:06:54:47 +0000] "GET /cafe/?edit=%2Fvar%2Fwww%2Fvhosts%2Fmayaver.com%2Fmetaverse.mayaver.com%2Fmy-content%2Ffemale.jpg HTTP/1.1" 200 19326 "-" "Mozilla/5.0 AppleWebKit/537.36 (KHTML, like Gecko; compatible; ClaudeBot/1.0; +claudebot@anthropic.com)"
216.73.217.86 - - [14/Jun/2026:06:54:49 +0000] "GET /a-knowledgeable-marijuana-dispensaries-in-the-washington-dc/?view=%2Fvar%2Fwww%2Fvhosts%2Fmayaver.com%2Fhttpdocs%2Fwp-content%2Fthemes%2Faihub%2Fassets%2Fcss%2Ffooter%2Ffooter-base.css HTTP/1.1" 200 3500 "-" "Mozilla/5.0 AppleWebKit/537.36 (KHTML, like Gecko; compatible; ClaudeBot/1.0; +claudebot@anthropic.com)"
216.73.217.86 - - [14/Jun/2026:06:54:49 +0000] "GET /understanding-the-effects-of-masteron-p-100/?rename=%2Fvar%2Fwww%2Fvhosts%2Fmayaver.com%2Fhttpdocs%2Fwp-content%2Fplugins%2Ffileorganizer%2Fmanager%2Fimg%2Fprogress.gif HTTP/1.1" 200 28708 "-" "Mozilla/5.0 AppleWebKit/537.36 (KHTML, like Gecko; compatible; ClaudeBot/1.0; +claudebot@anthropic.com)"
216.73.217.86 - - [14/Jun/2026:06:54:49 +0000] "GET /church/?rename=%2Fvar%2Fwww%2Fvhosts%2Fmayaver.com%2Fmetaverse.mayaver.com%2Fmy-content%2FRock_5.glb HTTP/1.1" 200 13014 "-" "Mozilla/5.0 AppleWebKit/537.36 (KHTML, like Gecko; compatible; ClaudeBot/1.0; +claudebot@anthropic.com)"
51.195.183.84 - - [14/Jun/2026:06:54:49 +0000] "GET /items/p90817220393/ HTTP/1.1" 404 115176 "-" "Mozilla/5.0 (compatible; AhrefsBot/7.0; +http://ahrefs.com/robot/)"
147.135.213.107 - - [14/Jun/2026:06:54:49 +0000] "GET /?file=%2Fvar%2Fwww%2Fvhosts%2Fmayaver.com%2Fhttpdocs%2Fwp-content%2Fplugins%2Fseo-by-rank-math-pro%2Fassets HTTP/1.1" 200 38278 "-" "Mozilla/5.0 (compatible; MJ12bot/v1.4.8; http://mj12bot.com/)"
216.73.217.86 - - [14/Jun/2026:06:54:50 +0000] "GET /donde-comprar-esteroides-de-forma-segura/?file=%2Fvar%2Fwww%2Fvhosts%2Fmayaver.com%2Fhttpdocs%2Fwp-content%2Fthemes%2Ftwentytwentythree%2Fassets%2Ffonts%2Fibm-plex-mono HTTP/1.1" 200 28470 "-" "Mozilla/5.0 AppleWebKit/537.36 (KHTML, like Gecko; compatible; ClaudeBot/1.0; +claudebot@anthropic.com)"
216.73.217.86 - - [14/Jun/2026:06:54:50 +0000] "GET /is-een-korte-steroidenkuur-even-effectief-als-een-lange/?edit=%2Fvar%2Fwww%2Fvhosts%2Fmayaver.com%2Fhttpdocs%2Fwp-content%2Fplugins%2Fpaid-memberships-pro%2Fpreheaders%2Finvoice.php HTTP/1.1" 200 29130 "-" "Mozilla/5.0 AppleWebKit/537.36 (KHTML, like Gecko; compatible; ClaudeBot/1.0; +claudebot@anthropic.com)"
216.73.217.86 - - [14/Jun/2026:06:54:51 +0000] "GET /temple/?file=%2Fvar%2Fwww%2Fvhosts%2Fmayaver.com%2Fhttpdocs%2Fwp-content%2Fuploads%2F2024%2F03%2Fcropped-favicon-32x32.png HTTP/1.1" 200 12121 "-" "Mozilla/5.0 AppleWebKit/537.36 (KHTML, like Gecko; compatible; ClaudeBot/1.0; +claudebot@anthropic.com)"
216.73.217.86 - - [14/Jun/2026:06:54:51 +0000] "GET /basketball/?edit=%2Fvar%2Fwww%2Fvhosts%2Fmayaver.com%2Fhttpdocs%2Fwp-content%2Fuploads%2F2023%2F05%2Fcta-bg1-1536x1011.png HTTP/1.1" 200 318411 "-" "Mozilla/5.0 AppleWebKit/537.36 (KHTML, like Gecko; compatible; ClaudeBot/1.0; +claudebot@anthropic.com)"
202.76.174.63 - - [14/Jun/2026:06:54:51 +0000] "GET /items/u90848802732/ HTTP/1.1" 404 115161 "-" "Mozilla/5.0 (Macintosh; Intel Mac OS X 14_3_1) AppleWebKit/537.36 (KHTML, like Gecko) Chrome/131.0.6778.204 Safari/537.36"
216.73.217.86 - - [14/Jun/2026:06:54:52 +0000] "GET /office/?rename=%2Fvar%2Fwww%2Fvhosts%2Fmayaver.com%2Fmetaverse.mayaver.com%2Fmy-content%2Fab-sc3-amb.mp3 HTTP/1.1" 200 13103 "-" "Mozilla/5.0 AppleWebKit/537.36 (KHTML, like Gecko; compatible; ClaudeBot/1.0; +claudebot@anthropic.com)"
147.135.213.107 - - [14/Jun/2026:06:54:52 +0000] "GET /?file=/var/www/vhosts/mayaver.com/httpdocs/wp-content/plugins/seo-by-rank-math-pro/includes HTTP/1.1" 301 10056 "-" "Mozilla/5.0 (compatible; MJ12bot/v1.4.8; http://mj12bot.com/)"
216.73.217.86 - - [14/Jun/2026:06:54:53 +0000] "GET /gallery/?file=%2Fvar%2Fwww%2Fvhosts%2Fmayaver.com%2Fmetaverse.mayaver.com%2Fmy-content%2Fmusic_amb21.mp3 HTTP/1.1" 200 12118 "-" "Mozilla/5.0 AppleWebKit/537.36 (KHTML, like Gecko; compatible; ClaudeBot/1.0; +claudebot@anthropic.com)"
216.73.217.86 - - [14/Jun/2026:06:54:52 +0000] "GET /understanding-the-effects-of-masteron-p-100/?edit=%2Fvar%2Fwww%2Fvhosts%2Fmayaver.com%2Fhttpdocs%2Fwp-content%2Fplugins%2Fwp-mail-smtp%2Fassets%2Fvue%2Fimg%2Fgmail.svg HTTP/1.1" 200 29157 "-" "Mozilla/5.0 AppleWebKit/537.36 (KHTML, like Gecko; compatible; ClaudeBot/1.0; +claudebot@anthropic.com)"
216.73.217.86 - - [14/Jun/2026:06:54:53 +0000] "GET /a-knowledgeable-marijuana-dispensaries-in-the-washington-dc/?rename=%2Fvar%2Fwww%2Fvhosts%2Fmayaver.com%2Fhttpdocs%2Fwp-content%2Fplugins%2Felementor%2Fassets%2Fshapes%2Fzigzag.svg HTTP/1.1" 200 30957 "-" "Mozilla/5.0 AppleWebKit/537.36 (KHTML, like Gecko; compatible; ClaudeBot/1.0; +claudebot@anthropic.com)"
216.73.217.86 - - [14/Jun/2026:06:54:54 +0000] "GET /office/?rename=%2Fvar%2Fwww%2Fvhosts%2Fmayaver.com%2Fmetaverse.mayaver.com%2Fmy-content%2Fvid_promo1.mp4 HTTP/1.1" 200 13103 "-" "Mozilla/5.0 AppleWebKit/537.36 (KHTML, like Gecko; compatible; ClaudeBot/1.0; +claudebot@anthropic.com)"
216.73.217.86 - - [14/Jun/2026:06:54:54 +0000] "GET /is-een-korte-steroidenkuur-even-effectief-als-een-lange/?file=%2Fvar%2Fwww%2Fvhosts%2Fmayaver.com%2Fhttpdocs%2Fwp-content%2Fplugins%2Fwp-file-manager%2Flib%2Fcodemirror%2Fmode%2Ffortran HTTP/1.1" 200 27908 "-" "Mozilla/5.0 AppleWebKit/537.36 (KHTML, like Gecko; compatible; ClaudeBot/1.0; +claudebot@anthropic.com)"
216.73.217.86 - - [14/Jun/2026:06:54:54 +0000] "GET /is-een-korte-steroidenkuur-even-effectief-als-een-lange/?file=%2Fvar%2Fwww%2Fvhosts%2Fmayaver.com%2Fhttpdocs%2Fwp-includes%2Fsodium_compat%2Fnamespaced%2FCore%2FPoly1305%2FState.php HTTP/1.1" 200 27782 "-" "Mozilla/5.0 AppleWebKit/537.36 (KHTML, like Gecko; compatible; ClaudeBot/1.0; +claudebot@anthropic.com)"
216.73.217.86 - - [14/Jun/2026:06:54:55 +0000] "GET /supabet-quickplay-experience/?rename=%2Fvar%2Fwww%2Fvhosts%2Fmayaver.com%2Fhttpdocs%2Fwp-content%2Fthemes%2Ftwentytwentyfour%2Fscreenshot.png HTTP/1.1" 200 33736 "-" "Mozilla/5.0 AppleWebKit/537.36 (KHTML, like Gecko; compatible; ClaudeBot/1.0; +claudebot@anthropic.com)"
216.73.217.86 - - [14/Jun/2026:06:54:55 +0000] "GET /new-online-casinos-ireland-2500/?edit=%2Fvar%2Fwww%2Fvhosts%2Fmayaver.com%2Fhttpdocs%2Fwp-content%2Fplugins%2Ffileorganizer%2Fmanager%2Fimg%2Fdialogs.png HTTP/1.1" 200 36224 "-" "Mozilla/5.0 AppleWebKit/537.36 (KHTML, like Gecko; compatible; ClaudeBot/1.0; +claudebot@anthropic.com)"
147.135.213.107 - - [14/Jun/2026:06:54:55 +0000] "GET /?file=%2Fvar%2Fwww%2Fvhosts%2Fmayaver.com%2Fhttpdocs%2Fwp-content%2Fplugins%2Fseo-by-rank-math-pro%2Fincludes HTTP/1.1" 200 38631 "-" "Mozilla/5.0 (compatible; MJ12bot/v1.4.8; http://mj12bot.com/)"
216.73.217.86 - - [14/Jun/2026:06:54:56 +0000] "GET /supabet-quickplay-experience/?edit=%2Fvar%2Fwww%2Fvhosts%2Fmayaver.com%2Fhttpdocs%2Fwp-content%2Fplugins%2Fwaspthemes-yellow-pencil%2Fassets%2Fice_age.png HTTP/1.1" 200 66673 "-" "Mozilla/5.0 AppleWebKit/537.36 (KHTML, like Gecko; compatible; ClaudeBot/1.0; +claudebot@anthropic.com)"
216.73.217.86 - - [14/Jun/2026:06:54:56 +0000] "GET /church/?rename=%2Fvar%2Fwww%2Fvhosts%2Fmayaver.com%2Fmetaverse.mayaver.com%2Fmy-content%2Fstone-river-5.glb HTTP/1.1" 200 13017 "-" "Mozilla/5.0 AppleWebKit/537.36 (KHTML, like Gecko; compatible; ClaudeBot/1.0; +claudebot@anthropic.com)"
216.73.217.86 - - [14/Jun/2026:06:54:56 +0000] "GET /temple/?file=%2Fvar%2Fwww%2Fvhosts%2Fmayaver.com%2Fhttpdocs%2Fwp-content%2Fthemes%2Faihub%2Fliquid%2Flibs%2Fopen-ai%2Fvendor%2Ffilp%2Fwhoops HTTP/1.1" 200 12364 "-" "Mozilla/5.0 AppleWebKit/537.36 (KHTML, like Gecko; compatible; ClaudeBot/1.0; +claudebot@anthropic.com)"
40.77.167.151 - - [14/Jun/2026:06:54:55 +0000] "GET /products/manolo-blahnik-heels/29136657/ HTTP/1.1" 200 28438 "-" "Mozilla/5.0 AppleWebKit/537.36 (KHTML, like Gecko; compatible; bingbot/2.0; +http://www.bing.com/bingbot.htm) Chrome/116.0.1938.76 Safari/537.36"
51.195.183.50 - - [14/Jun/2026:06:54:57 +0000] "GET /items/l9079458673/ HTTP/1.1" 404 115176 "-" "Mozilla/5.0 (compatible; AhrefsBot/7.0; +http://ahrefs.com/robot/)"
216.73.217.86 - - [14/Jun/2026:06:54:57 +0000] "GET /basketball/?edit=%2Fvar%2Fwww%2Fvhosts%2Fmayaver.com%2Fhttpdocs%2Fwp-content%2Fplugins%2Fpaid-memberships-pro%2Fimages%2FCCV-back.jpg HTTP/1.1" 200 23478 "-" "Mozilla/5.0 AppleWebKit/537.36 (KHTML, like Gecko; compatible; ClaudeBot/1.0; +claudebot@anthropic.com)"
216.73.217.86 - - [14/Jun/2026:06:54:57 +0000] "GET /temple/?file=%2Fvar%2Fwww%2Fvhosts%2Fmayaver.com%2Fhttpdocs%2Fwp-content%2Fuploads%2F2024%2F03%2Fblog_ft_artgallery-1024x576.png HTTP/1.1" 200 12125 "-" "Mozilla/5.0 AppleWebKit/537.36 (KHTML, like Gecko; compatible; ClaudeBot/1.0; +claudebot@anthropic.com)"
216.73.217.86 - - [14/Jun/2026:06:54:58 +0000] "GET /office/?rename=%2Fvar%2Fwww%2Fvhosts%2Fmayaver.com%2Fmetaverse.mayaver.com%2Fmy-content%2Fab-sc7-bg.mp3 HTTP/1.1" 200 13102 "-" "Mozilla/5.0 AppleWebKit/537.36 (KHTML, like Gecko; compatible; ClaudeBot/1.0; +claudebot@anthropic.com)"
147.135.213.107 - - [14/Jun/2026:06:54:58 +0000] "GET /?file=/var/www/vhosts/mayaver.com/httpdocs/wp-content/plugins/seo-by-rank-math-pro/languages HTTP/1.1" 301 21370 "-" "Mozilla/5.0 (compatible; MJ12bot/v1.4.8; http://mj12bot.com/)"
216.73.217.86 - - [14/Jun/2026:06:54:59 +0000] "GET /favicon.ico?file=%2Fvar%2Fwww%2Fvhosts%2Fmayaver.com%2Fhttpdocs%2Fwp-content%2Fuploads%2F2024%2F03%2Fblog_ft_lobby-1024x576.png HTTP/1.1" 200 3900 "-" "Mozilla/5.0 AppleWebKit/537.36 (KHTML, like Gecko; compatible; ClaudeBot/1.0; +claudebot@anthropic.com)"
66.249.77.169 - - [14/Jun/2026:06:54:57 +0000] "GET /information/privacy_policy.html HTTP/1.1" 200 28673 "-" "Mozilla/5.0 (Linux; Android 6.0.1; Nexus 5X Build/MMB29P) AppleWebKit/537.36 (KHTML, like Gecko) Chrome/148.0.7778.96 Mobile Safari/537.36 (compatible; GoogleOther)"
216.73.217.86 - - [14/Jun/2026:06:54:58 +0000] "GET /cafe/?edit=%2Fvar%2Fwww%2Fvhosts%2Fmayaver.com%2Fmetaverse.mayaver.com%2Fmy-content%2Fskybox_oceanislands.jpg HTTP/1.1" 200 408205 "-" "Mozilla/5.0 AppleWebKit/537.36 (KHTML, like Gecko; compatible; ClaudeBot/1.0; +claudebot@anthropic.com)"
185.191.171.15 - - [14/Jun/2026:06:54:58 +0000] "GET /items/n9079394689/ HTTP/1.1" 404 115176 "-" "Mozilla/5.0 (compatible; SemrushBot/7~bl; +http://www.semrush.com/bot.html)"
216.73.217.86 - - [14/Jun/2026:06:54:58 +0000] "GET /understanding-the-effects-of-masteron-p-100/?file=%2Fvar%2Fwww%2Fvhosts%2Fmayaver.com%2Flogs%2Faccess_ssl_log.processed.6.gz HTTP/1.1" 200 27776 "-" "Mozilla/5.0 AppleWebKit/537.36 (KHTML, like Gecko; compatible; ClaudeBot/1.0; +claudebot@anthropic.com)"
216.73.217.86 - - [14/Jun/2026:06:55:00 +0000] "GET /new-online-casinos-ireland-2500/?file=%2Fvar%2Fwww%2Fvhosts%2Fmayaver.com%2Fhttpdocs%2Fwp-content%2Fuploads%2F2025%2F09 HTTP/1.1" 200 29788 "-" "Mozilla/5.0 AppleWebKit/537.36 (KHTML, like Gecko; compatible; ClaudeBot/1.0; +claudebot@anthropic.com)"
216.73.217.86 - - [14/Jun/2026:06:55:00 +0000] "GET /new-online-casinos-ireland-2500/?file=%2Fvar%2Fwww%2Fvhosts%2Fmayaver.com%2Fhttpdocs%2Fwp-content%2Fplugins%2Fall-in-one-wp-migration%2Flib%2Fvendor%2Fservmask HTTP/1.1" 200 29939 "-" "Mozilla/5.0 AppleWebKit/537.36 (KHTML, like Gecko; compatible; ClaudeBot/1.0; +claudebot@anthropic.com)"
198.244.226.245 - - [14/Jun/2026:06:55:00 +0000] "GET /items/p90799132771/ HTTP/1.1" 404 115176 "-" "Mozilla/5.0 (compatible; AhrefsBot/7.0; +http://ahrefs.com/robot/)"
216.73.217.86 - - [14/Jun/2026:06:55:00 +0000] "GET /understanding-the-effects-of-masteron-p-100/?rename=%2Fvar%2Fwww%2Fvhosts%2Fmayaver.com%2Fhttpdocs%2Fwp-admin%2Fcss%2Fcolors%2Fblue%2Fcolors.scss HTTP/1.1" 200 28704 "-" "Mozilla/5.0 AppleWebKit/537.36 (KHTML, like Gecko; compatible; ClaudeBot/1.0; +claudebot@anthropic.com)"
216.73.217.86 - - [14/Jun/2026:06:55:00 +0000] "GET /basketball/?file=%2Fvar%2Fwww%2Fvhosts%2Fmayaver.com%2Fhttpdocs%2Fwp-content%2Fuploads%2F2024%2F01%2Fimage_blog_5-150x150.png HTTP/1.1" 200 12124 "-" "Mozilla/5.0 AppleWebKit/537.36 (KHTML, like Gecko; compatible; ClaudeBot/1.0; +claudebot@anthropic.com)"
216.73.217.86 - - [14/Jun/2026:06:55:01 +0000] "GET /is-een-korte-steroidenkuur-even-effectief-als-een-lange/?edit=%2Fvar%2Fwww%2Fvhosts%2Fmayaver.com%2Fhttpdocs%2Fwp-includes%2Fsodium_compat%2Fnamespaced%2FCore%2FHChaCha20.php HTTP/1.1" 200 28776 "-" "Mozilla/5.0 AppleWebKit/537.36 (KHTML, like Gecko; compatible; ClaudeBot/1.0; +claudebot@anthropic.com)"
216.73.217.86 - - [14/Jun/2026:06:55:02 +0000] "GET /office/?rename=%2Fvar%2Fwww%2Fvhosts%2Fmayaver.com%2Fmetaverse.mayaver.com%2Fmy-content%2Fab-sc2-vo1.mp3 HTTP/1.1" 200 13103 "-" "Mozilla/5.0 AppleWebKit/537.36 (KHTML, like Gecko; compatible; ClaudeBot/1.0; +claudebot@anthropic.com)"
216.73.217.86 - - [14/Jun/2026:06:55:02 +0000] "GET /church/?rename=%2Fvar%2Fwww%2Fvhosts%2Fmayaver.com%2Fmetaverse.mayaver.com%2Fmy-content%2F3d-sc9-statue.glb HTTP/1.1" 200 13018 "-" "Mozilla/5.0 AppleWebKit/537.36 (KHTML, like Gecko; compatible; ClaudeBot/1.0; +claudebot@anthropic.com)"
216.73.217.86 - - [14/Jun/2026:06:55:02 +0000] "GET /new-online-casinos-ireland-2500/?rename=%2Fvar%2Fwww%2Fvhosts%2Fmayaver.com%2Fhttpdocs%2Fwp-includes%2Ftheme-i18n.json HTTP/1.1" 200 30713 "-" "Mozilla/5.0 AppleWebKit/537.36 (KHTML, like Gecko; compatible; ClaudeBot/1.0; +claudebot@anthropic.com)"
147.135.213.107 - - [14/Jun/2026:06:55:02 +0000] "GET /?file=%2Fvar%2Fwww%2Fvhosts%2Fmayaver.com%2Fhttpdocs%2Fwp-content%2Fplugins%2Fseo-by-rank-math-pro%2Flanguages HTTP/1.1" 200 38964 "-" "Mozilla/5.0 (compatible; MJ12bot/v1.4.8; http://mj12bot.com/)"
216.73.217.86 - - [14/Jun/2026:06:55:03 +0000] "GET /office/?rename=%2Fvar%2Fwww%2Fvhosts%2Fmayaver.com%2Fhttpdocs%2Fwp-content%2Fplugins%2Fradio-player-premium%2Ffreemius%2FLICENSE.txt HTTP/1.1" 200 13127 "-" "Mozilla/5.0 AppleWebKit/537.36 (KHTML, like Gecko; compatible; ClaudeBot/1.0; +claudebot@anthropic.com)"
216.73.217.86 - - [14/Jun/2026:06:55:04 +0000] "GET /favicon.ico?file=%2Fvar%2Fwww%2Fvhosts%2Fmayaver.com%2Fhttpdocs%2Fwp-content%2Fuploads%2F2023%2F10%2Fimage_blog_9-300x240.png HTTP/1.1" 200 3898 "-" "Mozilla/5.0 AppleWebKit/537.36 (KHTML, like Gecko; compatible; ClaudeBot/1.0; +claudebot@anthropic.com)"
216.73.217.86 - - [14/Jun/2026:06:55:04 +0000] "GET /office/?edit=%2Fvar%2Fwww%2Fvhosts%2Fmayaver.com%2Fmetaverse.mayaver.com%2Fmy-content%2Fskb-2-evening.jpg HTTP/1.1" 200 55524 "-" "Mozilla/5.0 AppleWebKit/537.36 (KHTML, like Gecko; compatible; ClaudeBot/1.0; +claudebot@anthropic.com)"
216.73.217.86 - - [14/Jun/2026:06:55:04 +0000] "GET /new-online-casinos-ireland-2500/?view=%2Fvar%2Fwww%2Fvhosts%2Fmayaver.com%2Fhttpdocs%2Fwp-admin%2Fjs%2Fcolor-picker.min.js HTTP/1.1" 200 4755 "-" "Mozilla/5.0 AppleWebKit/537.36 (KHTML, like Gecko; compatible; ClaudeBot/1.0; +claudebot@anthropic.com)"
216.73.217.86 - - [14/Jun/2026:06:55:05 +0000] "GET /basketball/?view=%2Fvar%2Fwww%2Fvhosts%2Fmayaver.com%2Fhttpdocs%2Fwp-content%2Fuploads%2F2023%2F05%2Fcta-bg1-1250x700.png HTTP/1.1" 200 194807 "-" "Mozilla/5.0 AppleWebKit/537.36 (KHTML, like Gecko; compatible; ClaudeBot/1.0; +claudebot@anthropic.com)"
202.76.132.78 - - [14/Jun/2026:06:55:04 +0000] "GET /items/v907948277051/ HTTP/1.1" 404 115176 "-" "Mozilla/5.0 (Macintosh; Intel Mac OS X 15_3_1) AppleWebKit/537.36 (KHTML, like Gecko) Chrome/129.0.6668.29 Safari/537.36"
216.73.217.86 - - [14/Jun/2026:06:55:06 +0000] "GET /basketball/?view=%2Fvar%2Fwww%2Fvhosts%2Fmayaver.com%2Fhttpdocs%2Fwp-content%2Fuploads%2F2023%2F11%2Fform-bg1-1-150x150.png HTTP/1.1" 200 27731 "-" "Mozilla/5.0 AppleWebKit/537.36 (KHTML, like Gecko; compatible; ClaudeBot/1.0; +claudebot@anthropic.com)"
216.73.217.86 - - [14/Jun/2026:06:55:05 +0000] "GET /supabet-quickplay-experience/?edit=%2Fvar%2Fwww%2Fvhosts%2Fmayaver.com%2Fhttpdocs%2Fwp-content%2Fplugins%2Fwaspthemes-yellow-pencil%2Fassets%2Fcrosses.png HTTP/1.1" 200 33895 "-" "Mozilla/5.0 AppleWebKit/537.36 (KHTML, like Gecko; compatible; ClaudeBot/1.0; +claudebot@anthropic.com)"
147.135.213.107 - - [14/Jun/2026:06:55:06 +0000] "GET /?file=/var/www/vhosts/mayaver.com/httpdocs/wp-content/plugins/seo-by-rank-math-pro/rank-math-pro.php HTTP/1.1" 301 4244 "-" "Mozilla/5.0 (compatible; MJ12bot/v1.4.8; http://mj12bot.com/)"
216.73.217.86 - - [14/Jun/2026:06:55:05 +0000] "GET /new-online-casinos-ireland-2500/?edit=%2Fvar%2Fwww%2Fvhosts%2Fmayaver.com%2FSendGrid%2FUPGRADE.md HTTP/1.1" 200 30863 "-" "Mozilla/5.0 AppleWebKit/537.36 (KHTML, like Gecko; compatible; ClaudeBot/1.0; +claudebot@anthropic.com)"
198.244.183.39 - - [14/Jun/2026:06:55:05 +0000] "GET /items/i908140147982/ HTTP/1.1" 404 115167 "-" "Mozilla/5.0 (compatible; AhrefsBot/7.0; +http://ahrefs.com/robot/)"
216.73.217.86 - - [14/Jun/2026:06:55:07 +0000] "GET /is-een-korte-steroidenkuur-even-effectief-als-een-lange/?view=%2Fvar%2Fwww%2Fvhosts%2Fmayaver.com%2Fhttpdocs%2Fwp-includes%2Fblocks%2Fspacer%2Feditor-rtl.min.css HTTP/1.1" 200 3900 "-" "Mozilla/5.0 AppleWebKit/537.36 (KHTML, like Gecko; compatible; ClaudeBot/1.0; +claudebot@anthropic.com)"
216.73.217.86 - - [14/Jun/2026:06:55:06 +0000] "GET /basketball/?rename=%2Fvar%2Fwww%2Fvhosts%2Fmayaver.com%2Fhttpdocs%2Fwp-includes%2Fimages%2Fsmilies%2Ficon_neutral.gif HTTP/1.1" 200 13028 "-" "Mozilla/5.0 AppleWebKit/537.36 (KHTML, like Gecko; compatible; ClaudeBot/1.0; +claudebot@anthropic.com)"
85.208.96.206 - - [14/Jun/2026:06:55:06 +0000] "GET /items/e90814210180/ HTTP/1.1" 404 115176 "-" "Mozilla/5.0 (compatible; SemrushBot/7~bl; +http://www.semrush.com/bot.html)"
216.73.217.86 - - [14/Jun/2026:06:55:07 +0000] "GET /is-een-korte-steroidenkuur-even-effectief-als-een-lange/?rename=%2Fvar%2Fwww%2Fvhosts%2Fmayaver.com%2Fhttpdocs%2Fwp-includes%2Fcss%2Fdist%2Fwidgets%2Fstyle-rtl.min.css HTTP/1.1" 200 28692 "-" "Mozilla/5.0 AppleWebKit/537.36 (KHTML, like Gecko; compatible; ClaudeBot/1.0; +claudebot@anthropic.com)"
216.73.217.86 - - [14/Jun/2026:06:55:07 +0000] "GET /is-een-korte-steroidenkuur-even-effectief-als-een-lange/?file=%2Fvar%2Fwww%2Fvhosts%2Fmayaver.com%2Fhttpdocs%2Fwp-includes%2Fsodium_compat%2Fsrc%2FCore%2FRistretto255.php HTTP/1.1" 200 27774 "-" "Mozilla/5.0 AppleWebKit/537.36 (KHTML, like Gecko; compatible; ClaudeBot/1.0; +claudebot@anthropic.com)"
198.244.226.152 - - [14/Jun/2026:06:55:08 +0000] "GET /items/j90835008073/ HTTP/1.1" 404 115176 "-" "Mozilla/5.0 (compatible; AhrefsBot/7.0; +http://ahrefs.com/robot/)"
216.73.217.86 - - [14/Jun/2026:06:55:08 +0000] "GET /is-een-korte-steroidenkuur-even-effectief-als-een-lange/?file=%2Fvar%2Fwww%2Fvhosts%2Fmayaver.com%2Fhttpdocs%2Fwp-includes%2Fjs%2Fjquery%2Fsuggest.min.js HTTP/1.1" 200 27760 "-" "Mozilla/5.0 AppleWebKit/537.36 (KHTML, like Gecko; compatible; ClaudeBot/1.0; +claudebot@anthropic.com)"
216.73.217.86 - - [14/Jun/2026:06:55:08 +0000] "GET /basketball/?file=%2Fvar%2Fwww%2Fvhosts%2Fmayaver.com%2Fhttpdocs%2Fwp-content%2Fuploads%2F2023%2F10%2Fimage_blog_8-150x150.png HTTP/1.1" 200 12125 "-" "Mozilla/5.0 AppleWebKit/537.36 (KHTML, like Gecko; compatible; ClaudeBot/1.0; +claudebot@anthropic.com)"
216.73.217.86 - - [14/Jun/2026:06:55:09 +0000] "GET /is-een-korte-steroidenkuur-even-effectief-als-een-lange/?file=%2Fvar%2Fwww%2Fvhosts%2Fmayaver.com%2Fhttpdocs%2Fwp-content%2Fplugins%2Fpaid-memberships-pro%2Fpreheaders%2Flevels.php HTTP/1.1" 200 27759 "-" "Mozilla/5.0 AppleWebKit/537.36 (KHTML, like Gecko; compatible; ClaudeBot/1.0; +claudebot@anthropic.com)"
216.73.217.86 - - [14/Jun/2026:06:55:10 +0000] "GET /church/?view=%2Fvar%2Fwww%2Fvhosts%2Fmayaver.com%2Fmetaverse.mayaver.com%2Fmy-content%2F3d-sckp-kaali1.glb HTTP/1.1" 200 4587897 "-" "Mozilla/5.0 AppleWebKit/537.36 (KHTML, like Gecko; compatible; ClaudeBot/1.0; +claudebot@anthropic.com)"
216.73.217.86 - - [14/Jun/2026:06:55:09 +0000] "GET /is-een-korte-steroidenkuur-even-effectief-als-een-lange/?rename=%2Fvar%2Fwww%2Fvhosts%2Fmayaver.com%2Fhttpdocs%2Fwp-includes%2Fjs%2Fjquery%2Fjquery.js HTTP/1.1" 200 28687 "-" "Mozilla/5.0 AppleWebKit/537.36 (KHTML, like Gecko; compatible; ClaudeBot/1.0; +claudebot@anthropic.com)"
147.135.213.107 - - [14/Jun/2026:06:55:09 +0000] "GET /?file=%2Fvar%2Fwww%2Fvhosts%2Fmayaver.com%2Fhttpdocs%2Fwp-content%2Fplugins%2Fseo-by-rank-math-pro%2Frank-math-pro.php HTTP/1.1" 200 38241 "-" "Mozilla/5.0 (compatible; MJ12bot/v1.4.8; http://mj12bot.com/)"
216.73.217.86 - - [14/Jun/2026:06:55:10 +0000] "GET /basketball/?rename=%2Fvar%2Fwww%2Fvhosts%2Fmayaver.com%2Fhttpdocs%2Fwp-content%2Fplugins%2Fiworks-pwa%2Fassets%2Fimages%2Flogo.svg HTTP/1.1" 200 13018 "-" "Mozilla/5.0 AppleWebKit/537.36 (KHTML, like Gecko; compatible; ClaudeBot/1.0; +claudebot@anthropic.com)"
216.73.217.86 - - [14/Jun/2026:06:55:11 +0000] "GET /understanding-the-effects-of-masteron-p-100/?file=%2Fvar%2Fwww%2Fvhosts%2Fmayaver.com%2Fhttpdocs%2Fwp-content%2Fplugins%2Faihub-core%2Flibs%2Fupdater HTTP/1.1" 200 28046 "-" "Mozilla/5.0 AppleWebKit/537.36 (KHTML, like Gecko; compatible; ClaudeBot/1.0; +claudebot@anthropic.com)"
216.73.217.86 - - [14/Jun/2026:06:55:11 +0000] "GET /a-knowledgeable-marijuana-dispensaries-in-the-washington-dc/?rename=%2Fvar%2Fwww%2Fvhosts%2Fmayaver.com%2Fhttpdocs%2Fwp-includes%2Fimages%2Fmedia%2Fdocument.svg HTTP/1.1" 200 30952 "-" "Mozilla/5.0 AppleWebKit/537.36 (KHTML, like Gecko; compatible; ClaudeBot/1.0; +claudebot@anthropic.com)"
216.73.217.86 - - [14/Jun/2026:06:55:12 +0000] "GET /new-online-casinos-ireland-2500/?file=%2Fvar%2Fwww%2Fvhosts%2Fmayaver.com%2Fhttpdocs%2Fwp-content%2Fplugins%2Fseo-by-rank-math%2Fassets%2Fadmin%2Fjs%2Fclassic.js HTTP/1.1" 200 29840 "-" "Mozilla/5.0 AppleWebKit/537.36 (KHTML, like Gecko; compatible; ClaudeBot/1.0; +claudebot@anthropic.com)"
216.73.217.86 - - [14/Jun/2026:06:55:12 +0000] "GET /supabet-quickplay-experience/?view=%2Fvar%2Fwww%2Fvhosts%2Fmayaver.com%2Fhttpdocs%2Fwp-content%2Fplugins%2Fwaspthemes-yellow-pencil%2Fassets%2Fp5.png HTTP/1.1" 200 3694 "-" "Mozilla/5.0 AppleWebKit/537.36 (KHTML, like Gecko; compatible; ClaudeBot/1.0; +claudebot@anthropic.com)"
216.73.217.86 - - [14/Jun/2026:06:55:12 +0000] "GET /a-knowledgeable-marijuana-dispensaries-in-the-washington-dc/?rename=%2Fvar%2Fwww%2Fvhosts%2Fmayaver.com%2Fhttpdocs%2Fwp-content%2Fthemes%2Faihub%2Ftheme%2Fliquid-blog.php HTTP/1.1" 200 30942 "-" "Mozilla/5.0 AppleWebKit/537.36 (KHTML, like Gecko; compatible; ClaudeBot/1.0; +claudebot@anthropic.com)"
147.135.213.107 - - [14/Jun/2026:06:55:13 +0000] "GET /?file=/var/www/vhosts/mayaver.com/httpdocs/wp-content/plugins/seo-by-rank-math-pro/uninstall.php HTTP/1.1" 301 4236 "-" "Mozilla/5.0 (compatible; MJ12bot/v1.4.8; http://mj12bot.com/)"
216.73.217.86 - - [14/Jun/2026:06:55:13 +0000] "GET /basketball/?view=%2Fvar%2Fwww%2Fvhosts%2Fmayaver.com%2Fhttpdocs%2Fwp-content%2Fuploads%2F2023%2F05%2Fcta-bg1-748x512.png HTTP/1.1" 200 102084 "-" "Mozilla/5.0 AppleWebKit/537.36 (KHTML, like Gecko; compatible; ClaudeBot/1.0; +claudebot@anthropic.com)"
51.195.183.32 - - [14/Jun/2026:06:55:12 +0000] "GET /items/i90803914434/ HTTP/1.1" 404 115176 "-" "Mozilla/5.0 (compatible; AhrefsBot/7.0; +http://ahrefs.com/robot/)"
57.141.2.24 - - [14/Jun/2026:06:55:12 +0000] "GET /products/acne-studios-denim-jacket-with-single-row-lapels-2504-nexta/19247193/ HTTP/1.1" 404 115176 "-" "meta-externalagent/1.1 (+https://developers.facebook.com/docs/sharing/webmasters/crawler)"
216.73.217.86 - - [14/Jun/2026:06:55:13 +0000] "GET /temple/?rename=%2Fvar%2Fwww%2Fvhosts%2Fmayaver.com%2Fmetaverse.mayaver.com%2Fmy-admin%2Fyacht.txt HTTP/1.1" 200 13017 "-" "Mozilla/5.0 AppleWebKit/537.36 (KHTML, like Gecko; compatible; ClaudeBot/1.0; +claudebot@anthropic.com)"
216.73.217.86 - - [14/Jun/2026:06:55:14 +0000] "GET /cafe/?file=%2Fvar%2Fwww%2Fvhosts%2Fmayaver.com%2Fhttpdocs%2Fwp-content%2Fuploads%2F2023%2F11%2Fblog_ft_apartment1-1024x576.png HTTP/1.1" 200 12220 "-" "Mozilla/5.0 AppleWebKit/537.36 (KHTML, like Gecko; compatible; ClaudeBot/1.0; +claudebot@anthropic.com)"
216.73.217.86 - - [14/Jun/2026:06:55:15 +0000] "GET /supabet-quickplay-experience/?view=%2Fvar%2Fwww%2Fvhosts%2Fmayaver.com%2Fhttpdocs%2Fwp-content%2Fplugins%2Fwaspthemes-yellow-pencil%2Fassets%2Freal_cf.png HTTP/1.1" 200 3896 "-" "Mozilla/5.0 AppleWebKit/537.36 (KHTML, like Gecko; compatible; ClaudeBot/1.0; +claudebot@anthropic.com)"
216.73.217.86 - - [14/Jun/2026:06:55:14 +0000] "GET /supabet-quickplay-experience/?edit=%2Fvar%2Fwww%2Fvhosts%2Fmayaver.com%2Fhttpdocs%2Fwp-content%2Fplugins%2Fwaspthemes-yellow-pencil%2Fassets%2Fwhitey.png HTTP/1.1" 200 80314 "-" "Mozilla/5.0 AppleWebKit/537.36 (KHTML, like Gecko; compatible; ClaudeBot/1.0; +claudebot@anthropic.com)"
216.73.217.86 - - [14/Jun/2026:06:55:15 +0000] "GET /temple/?view=%2Fvar%2Fwww%2Fvhosts%2Fmayaver.com%2Fmetaverse.mayaver.com%2Fmy-content%2Fskybox_skynight1.jpg HTTP/1.1" 200 1969516 "-" "Mozilla/5.0 AppleWebKit/537.36 (KHTML, like Gecko; compatible; ClaudeBot/1.0; +claudebot@anthropic.com)"
139.84.174.118 - - [14/Jun/2026:06:55:16 +0000] "POST /wp-cron.php?doing_wp_cron=1781420116.0101740360260009765625 HTTP/1.1" 403 4358 "-" "WordPress/6.5.8; https://mayaver.com"
216.73.217.86 - - [14/Jun/2026:06:55:15 +0000] "GET /new-online-casinos-ireland-2500/%7Burl%7D HTTP/1.1" 301 17770 "-" "Mozilla/5.0 AppleWebKit/537.36 (KHTML, like Gecko; compatible; ClaudeBot/1.0; +claudebot@anthropic.com)"
139.84.174.118 - - [14/Jun/2026:06:55:16 +0000] "POST /wp-cron.php?doing_wp_cron=1781420116.2951619625091552734375 HTTP/1.1" 403 4358 "-" "WordPress/6.5.8; https://mayaver.com"
216.73.217.86 - - [14/Jun/2026:06:55:16 +0000] "GET /is-een-korte-steroidenkuur-even-effectief-als-een-lange/?file=%2Fvar%2Fwww%2Fvhosts%2Fmayaver.com%2Fhttpdocs%2Fwp-content%2Fplugins%2Fwp-file-manager%2Flib%2Fcodemirror%2Fmode%2Fverilog HTTP/1.1" 200 27934 "-" "Mozilla/5.0 AppleWebKit/537.36 (KHTML, like Gecko; compatible; ClaudeBot/1.0; +claudebot@anthropic.com)"
216.73.217.86 - - [14/Jun/2026:06:55:16 +0000] "GET /new-online-casinos-ireland-2500/%7Burl HTTP/1.1" 404 115123 "https://mayaver.com/new-online-casinos-ireland-2500/%7Burl%7D" "Mozilla/5.0 AppleWebKit/537.36 (KHTML, like Gecko; compatible; ClaudeBot/1.0; +claudebot@anthropic.com)"
216.73.217.86 - - [14/Jun/2026:06:55:16 +0000] "GET /is-een-korte-steroidenkuur-even-effectief-als-een-lange/?rename=%2Fvar%2Fwww%2Fvhosts%2Fmayaver.com%2Fhttpdocs%2Fwp-includes%2Fcss%2Fdist%2Fblock-editor%2Fstyle-rtl.css HTTP/1.1" 200 28694 "-" "Mozilla/5.0 AppleWebKit/537.36 (KHTML, like Gecko; compatible; ClaudeBot/1.0; +claudebot@anthropic.com)"
147.135.213.107 - - [14/Jun/2026:06:55:15 +0000] "GET /?file=%2Fvar%2Fwww%2Fvhosts%2Fmayaver.com%2Fhttpdocs%2Fwp-content%2Fplugins%2Fseo-by-rank-math-pro%2Funinstall.php HTTP/1.1" 200 38244 "-" "Mozilla/5.0 (compatible; MJ12bot/v1.4.8; http://mj12bot.com/)"
216.73.217.86 - - [14/Jun/2026:06:55:17 +0000] "GET /basketball/?file=%2Fvar%2Fwww%2Fvhosts%2Fmayaver.com%2Fhttpdocs%2Fwp-content%2Fuploads%2F2024%2F03%2Fblog_ft_classroom-1024x576.png HTTP/1.1" 200 12130 "-" "Mozilla/5.0 AppleWebKit/537.36 (KHTML, like Gecko; compatible; ClaudeBot/1.0; +claudebot@anthropic.com)"
185.191.171.16 - - [14/Jun/2026:06:55:17 +0000] "GET /items/z90842773623/ HTTP/1.1" 404 115176 "-" "Mozilla/5.0 (compatible; SemrushBot/7~bl; +http://www.semrush.com/bot.html)"
216.73.217.86 - - [14/Jun/2026:06:55:17 +0000] "GET /temple/?rename=%2Fvar%2Fwww%2Fvhosts%2Fmayaver.com%2Fhttpdocs%2Fwp-content%2Fthemes%2Faihub%2Fliquid%2Flibs%2Fopen-ai%2Fvendor%2Fbin%2Fpest HTTP/1.1" 200 13025 "-" "Mozilla/5.0 AppleWebKit/537.36 (KHTML, like Gecko; compatible; ClaudeBot/1.0; +claudebot@anthropic.com)"
198.244.183.98 - - [14/Jun/2026:06:55:17 +0000] "GET /items/f90838033013/ HTTP/1.1" 404 115176 "-" "Mozilla/5.0 (compatible; AhrefsBot/7.0; +http://ahrefs.com/robot/)"
216.73.217.86 - - [14/Jun/2026:06:55:18 +0000] "GET /basketball/?edit=%2Fvar%2Fwww%2Fvhosts%2Fmayaver.com%2Fhttpdocs%2Fwp-content%2Fuploads%2F2024%2F10%2Fblog_ft_durgapuja2.jpg HTTP/1.1" 200 168950 "-" "Mozilla/5.0 AppleWebKit/537.36 (KHTML, like Gecko; compatible; ClaudeBot/1.0; +claudebot@anthropic.com)"
216.73.217.86 - - [14/Jun/2026:06:55:18 +0000] "GET /new-online-casinos-ireland-2500/?edit=%2Fvar%2Fwww%2Fvhosts%2Fmayaver.com%2FSendGrid%2FREADME.md HTTP/1.1" 200 33728 "-" "Mozilla/5.0 AppleWebKit/537.36 (KHTML, like Gecko; compatible; ClaudeBot/1.0; +claudebot@anthropic.com)"
216.73.217.86 - - [14/Jun/2026:06:55:19 +0000] "GET /basketball/?edit=%2Fvar%2Fwww%2Fvhosts%2Fmayaver.com%2Fhttpdocs%2Fwp-content%2Fuploads%2F2023%2F05%2Fcta-bg1-1-720x510.png HTTP/1.1" 200 90442 "-" "Mozilla/5.0 AppleWebKit/537.36 (KHTML, like Gecko; compatible; ClaudeBot/1.0; +claudebot@anthropic.com)"
216.73.217.86 - - [14/Jun/2026:06:55:20 +0000] "GET /temple/?view=%2Fvar%2Fwww%2Fvhosts%2Fmayaver.com%2Fhttpdocs%2Fwp-content%2Fthemes%2Ftwentytwentytwo%2Fassets%2Fimages%2Ficon-bird.jpg HTTP/1.1" 200 8388 "-" "Mozilla/5.0 AppleWebKit/537.36 (KHTML, like Gecko; compatible; ClaudeBot/1.0; +claudebot@anthropic.com)"
147.135.213.107 - - [14/Jun/2026:06:55:19 +0000] "GET /?file=/var/www/vhosts/mayaver.com/httpdocs/wp-content/plugins/seo-by-rank-math-pro/vendor HTTP/1.1" 301 4954 "-" "Mozilla/5.0 (compatible; MJ12bot/v1.4.8; http://mj12bot.com/)"
216.73.217.86 - - [14/Jun/2026:06:55:19 +0000] "GET /is-een-korte-steroidenkuur-even-effectief-als-een-lange/?file=%2Fvar%2Fwww%2Fvhosts%2Fmayaver.com%2Fhttpdocs%2Fwp-content%2Fplugins%2Fwp-file-manager%2Flib%2Fcodemirror%2Fmode%2Fvhdl HTTP/1.1" 200 27906 "-" "Mozilla/5.0 AppleWebKit/537.36 (KHTML, like Gecko; compatible; ClaudeBot/1.0; +claudebot@anthropic.com)"
216.73.217.86 - - [14/Jun/2026:06:55:20 +0000] "GET /office/?rename=%2Fvar%2Fwww%2Fvhosts%2Fmayaver.com%2Fmetaverse.mayaver.com%2Fmy-content%2Fab-sc4-amb.mp3 HTTP/1.1" 200 13103 "-" "Mozilla/5.0 AppleWebKit/537.36 (KHTML, like Gecko; compatible; ClaudeBot/1.0; +claudebot@anthropic.com)"
74.7.227.15 - - [14/Jun/2026:06:55:19 +0000] "GET /items/r907942326544/ HTTP/1.1" 404 115114 "https://www.mayaver.com" "Mozilla/5.0 AppleWebKit/537.36 (KHTML, like Gecko; compatible; GPTBot/1.4; +https://openai.com/gptbot)"
91.109.225.173 - - [14/Jun/2026:06:55:19 +0000] "GET /items/v907954071983/ HTTP/1.1" 404 115176 "-" "Mozilla/5.0 (Macintosh; Intel Mac OS X 13.5; rv:131.0) Gecko/20100101 Firefox/131.0"
216.73.217.86 - - [14/Jun/2026:06:55:21 +0000] "GET /office/?rename=%2Fvar%2Fwww%2Fvhosts%2Fmayaver.com%2Fmetaverse.mayaver.com%2Fmy-content%2Fcart-flower.glb HTTP/1.1" 200 13103 "-" "Mozilla/5.0 AppleWebKit/537.36 (KHTML, like Gecko; compatible; ClaudeBot/1.0; +claudebot@anthropic.com)"
216.73.217.86 - - [14/Jun/2026:06:55:22 +0000] "GET /new-online-casinos-ireland-2500/?view=%2Fvar%2Fwww%2Fvhosts%2Fmayaver.com%2Fhttpdocs%2Fwp-content%2Fplugins%2Fwp-optimize%2Fimages%2Fnotices%2Fspring.png HTTP/1.1" 200 9409 "-" "Mozilla/5.0 AppleWebKit/537.36 (KHTML, like Gecko; compatible; ClaudeBot/1.0; +claudebot@anthropic.com)"
216.73.217.86 - - [14/Jun/2026:06:55:21 +0000] "GET /basketball/?rename=%2Fvar%2Fwww%2Fvhosts%2Fmayaver.com%2Fhttpdocs%2Fwp-content%2Fuploads%2F2024%2F03%2FGlow-150x150.png HTTP/1.1" 200 13015 "-" "Mozilla/5.0 AppleWebKit/537.36 (KHTML, like Gecko; compatible; ClaudeBot/1.0; +claudebot@anthropic.com)"
185.191.171.5 - - [14/Jun/2026:06:55:22 +0000] "GET /items/n90803652125/ HTTP/1.1" 404 115167 "-" "Mozilla/5.0 (compatible; SemrushBot/7~bl; +http://www.semrush.com/bot.html)"
216.73.217.86 - - [14/Jun/2026:06:55:22 +0000] "GET /church/?rename=%2Fvar%2Fwww%2Fvhosts%2Fmayaver.com%2Fmetaverse.mayaver.com%2Fmy-content%2Fstatue-1.glb HTTP/1.1" 200 13013 "-" "Mozilla/5.0 AppleWebKit/537.36 (KHTML, like Gecko; compatible; ClaudeBot/1.0; +claudebot@anthropic.com)"
216.73.217.86 - - [14/Jun/2026:06:55:22 +0000] "GET /office/?file=%2Fvar%2Fwww%2Fvhosts%2Fmayaver.com%2Fmetaverse.mayaver.com%2Fmy-content%2Flogo-wht.png HTTP/1.1" 200 12200 "-" "Mozilla/5.0 AppleWebKit/537.36 (KHTML, like Gecko; compatible; ClaudeBot/1.0; +claudebot@anthropic.com)"
216.73.217.86 - - [14/Jun/2026:06:55:23 +0000] "GET /favicon.ico?view=%2Fvar%2Fwww%2Fvhosts%2Fmayaver.com%2Fhttpdocs%2Fwp-content%2Fuploads%2F2023%2F11%2Fblog_ft_fashionshow-1024x576.png HTTP/1.1" 200 831961 "-" "Mozilla/5.0 AppleWebKit/537.36 (KHTML, like Gecko; compatible; ClaudeBot/1.0; +claudebot@anthropic.com)"
216.73.217.86 - - [14/Jun/2026:06:55:23 +0000] "GET /donde-comprar-esteroides-de-forma-segura/?rename=%2Fvar%2Fwww%2Fvhosts%2Fmayaver.com%2Fhttpdocs%2Fwp-content%2Fuploads%2F2023%2F04%2Flogo-dark.svg HTTP/1.1" 200 29125 "-" "Mozilla/5.0 AppleWebKit/537.36 (KHTML, like Gecko; compatible; ClaudeBot/1.0; +claudebot@anthropic.com)"
51.195.183.82 - - [14/Jun/2026:06:55:23 +0000] "GET /items/e90845704348/ HTTP/1.1" 404 115176 "-" "Mozilla/5.0 (compatible; AhrefsBot/7.0; +http://ahrefs.com/robot/)"
147.135.213.107 - - [14/Jun/2026:06:55:22 +0000] "GET /?file=%2Fvar%2Fwww%2Fvhosts%2Fmayaver.com%2Fhttpdocs%2Fwp-content%2Fplugins%2Fseo-by-rank-math-pro%2Fvendor HTTP/1.1" 200 38376 "-" "Mozilla/5.0 (compatible; MJ12bot/v1.4.8; http://mj12bot.com/)"
216.73.217.86 - - [14/Jun/2026:06:55:23 +0000] "GET /office/?rename=%2Fvar%2Fwww%2Fvhosts%2Fmayaver.com%2Fmetaverse.mayaver.com%2Fmy-content%2F3d-sckp-bush2.glb HTTP/1.1" 200 13113 "-" "Mozilla/5.0 AppleWebKit/537.36 (KHTML, like Gecko; compatible; ClaudeBot/1.0; +claudebot@anthropic.com)"
216.73.217.86 - - [14/Jun/2026:06:55:24 +0000] "GET /a-knowledgeable-marijuana-dispensaries-in-the-washington-dc/?rename=%2Fvar%2Fwww%2Fvhosts%2Fmayaver.com%2Fhttpdocs%2Fwp-content%2Fplugins%2Fpaid-memberships-pro%2Fadminpages%2Flicense.php HTTP/1.1" 200 30949 "-" "Mozilla/5.0 AppleWebKit/537.36 (KHTML, like Gecko; compatible; ClaudeBot/1.0; +claudebot@anthropic.com)"
216.73.217.86 - - [14/Jun/2026:06:55:24 +0000] "GET /favicon.ico?edit=%2Fvar%2Fwww%2Fvhosts%2Fmayaver.com%2Fhttpdocs%2Fwp-content%2Fuploads%2F2023%2F11%2Fblog_ft_bowlingalley.png HTTP/1.1" 200 873587 "-" "Mozilla/5.0 AppleWebKit/537.36 (KHTML, like Gecko; compatible; ClaudeBot/1.0; +claudebot@anthropic.com)"
216.73.217.86 - - [14/Jun/2026:06:55:25 +0000] "GET /donde-comprar-esteroides-de-forma-segura/?edit=%2Fvar%2Fwww%2Fvhosts%2Fmayaver.com%2Fhttpdocs%2Fwp-content%2Fthemes%2Faihub%2Ftheme%2Fplugins%2Fimages%2Fmailchimp-min.png HTTP/1.1" 200 34225 "-" "Mozilla/5.0 AppleWebKit/537.36 (KHTML, like Gecko; compatible; ClaudeBot/1.0; +claudebot@anthropic.com)"
216.73.217.86 - - [14/Jun/2026:06:55:25 +0000] "GET /new-online-casinos-ireland-2500/?edit=%2Fvar%2Fwww%2Fvhosts%2Fmayaver.com%2Fhttpdocs%2Fwp-content%2Fplugins%2Fwp-optimize%2Fimages%2Fnotices%2Fupdraft_logo.png HTTP/1.1" 200 33688 "-" "Mozilla/5.0 AppleWebKit/537.36 (KHTML, like Gecko; compatible; ClaudeBot/1.0; +claudebot@anthropic.com)"
216.73.217.86 - - [14/Jun/2026:06:55:26 +0000] "GET /a-knowledgeable-marijuana-dispensaries-in-the-washington-dc/?file=%2Fvar%2Fwww%2Fvhosts%2Fmayaver.com%2Fhttpdocs%2Fwp-content%2Fplugins%2Fwp-optimize%2Fimages%2Fnotices%2Fnew_year.png HTTP/1.1" 200 30038 "-" "Mozilla/5.0 AppleWebKit/537.36 (KHTML, like Gecko; compatible; ClaudeBot/1.0; +claudebot@anthropic.com)"
147.135.213.107 - - [14/Jun/2026:06:55:26 +0000] "GET /?file=/var/www/vhosts/mayaver.com/httpdocs/wp-content/plugins/seo-by-rank-math/assets HTTP/1.1" 301 4668 "-" "Mozilla/5.0 (compatible; MJ12bot/v1.4.8; http://mj12bot.com/)"
216.73.217.86 - - [14/Jun/2026:06:55:26 +0000] "GET /donde-comprar-esteroides-de-forma-segura/?file=%2Fvar%2Fwww%2Fvhosts%2Fmayaver.com%2Fhttpdocs%2Fwp-content%2Fthemes%2Faihub%2Fassets%2Fvendors%2Ftsparticles HTTP/1.1" 200 28324 "-" "Mozilla/5.0 AppleWebKit/537.36 (KHTML, like Gecko; compatible; ClaudeBot/1.0; +claudebot@anthropic.com)"
216.73.217.86 - - [14/Jun/2026:06:55:27 +0000] "GET /donde-comprar-esteroides-de-forma-segura/?file=%2Fvar%2Fwww%2Fvhosts%2Fmayaver.com%2Fhttpdocs%2Fwp-content%2Fplugins%2Fwaspthemes-yellow-pencil%2Fpublic HTTP/1.1" 200 28261 "-" "Mozilla/5.0 AppleWebKit/537.36 (KHTML, like Gecko; compatible; ClaudeBot/1.0; +claudebot@anthropic.com)"
216.73.217.86 - - [14/Jun/2026:06:55:27 +0000] "GET /is-een-korte-steroidenkuur-even-effectief-als-een-lange/?edit=%2Fvar%2Fwww%2Fvhosts%2Fmayaver.com%2Fhttpdocs%2Fwp-includes%2Fjs%2Fdist%2Fvendor%2Fwp-polyfill-node-contains.js HTTP/1.1" 200 29005 "-" "Mozilla/5.0 AppleWebKit/537.36 (KHTML, like Gecko; compatible; ClaudeBot/1.0; +claudebot@anthropic.com)"
216.73.217.86 - - [14/Jun/2026:06:55:27 +0000] "GET /basketball/?rename=%2Fvar%2Fwww%2Fvhosts%2Fmayaver.com%2Fhttpdocs%2Fwp-content%2Fuploads%2F2023%2F05%2Flines-300x162.png HTTP/1.1" 200 13018 "-" "Mozilla/5.0 AppleWebKit/537.36 (KHTML, like Gecko; compatible; ClaudeBot/1.0; +claudebot@anthropic.com)"
216.73.217.86 - - [14/Jun/2026:06:55:28 +0000] "GET /church/?edit=%2Fvar%2Fwww%2Fvhosts%2Fmayaver.com%2Fmetaverse.mayaver.com%2Fmy-content%2Fcliffsoil.jpg HTTP/1.1" 200 1465067 "-" "Mozilla/5.0 AppleWebKit/537.36 (KHTML, like Gecko; compatible; ClaudeBot/1.0; +claudebot@anthropic.com)"
216.73.217.86 - - [14/Jun/2026:06:55:28 +0000] "GET /understanding-the-effects-of-masteron-p-100/?rename=%2Fvar%2Fwww%2Fvhosts%2Fmayaver.com%2Fhttpdocs%2Fwp-admin%2Fjs%2Fwidgets%2Fmedia-video-widget.min.js HTTP/1.1" 200 28703 "-" "Mozilla/5.0 AppleWebKit/537.36 (KHTML, like Gecko; compatible; ClaudeBot/1.0; +claudebot@anthropic.com)"
216.73.217.86 - - [14/Jun/2026:06:55:28 +0000] "GET /office/?rename=%2Fvar%2Fwww%2Fvhosts%2Fmayaver.com%2Fmetaverse.mayaver.com%2Fmy-content%2Fam-sc3-tigersit.glb HTTP/1.1" 200 13115 "-" "Mozilla/5.0 AppleWebKit/537.36 (KHTML, like Gecko; compatible; ClaudeBot/1.0; +claudebot@anthropic.com)"
147.135.213.107 - - [14/Jun/2026:06:55:28 +0000] "GET /?file=%2Fvar%2Fwww%2Fvhosts%2Fmayaver.com%2Fhttpdocs%2Fwp-content%2Fplugins%2Fseo-by-rank-math%2Fassets HTTP/1.1" 200 38302 "-" "Mozilla/5.0 (compatible; MJ12bot/v1.4.8; http://mj12bot.com/)"
216.73.217.86 - - [14/Jun/2026:06:55:30 +0000] "GET /a-knowledgeable-marijuana-dispensaries-in-the-washington-dc/?view=%2Fvar%2Fwww%2Fvhosts%2Fmayaver.com%2Fhttpdocs%2Fwp-content%2Fplugins%2Fwp-mail-smtp%2Fassets%2Fimages%2Flogo.svg HTTP/1.1" 200 8353 "-" "Mozilla/5.0 AppleWebKit/537.36 (KHTML, like Gecko; compatible; ClaudeBot/1.0; +claudebot@anthropic.com)"
216.73.217.86 - - [14/Jun/2026:06:55:29 +0000] "GET /is-een-korte-steroidenkuur-even-effectief-als-een-lange/?file=%2Fvar%2Fwww%2Fvhosts%2Fmayaver.com%2Fhttpdocs%2Fwp-includes%2Fsodium_compat%2Flib%2Fnamespaced.php HTTP/1.1" 200 27767 "-" "Mozilla/5.0 AppleWebKit/537.36 (KHTML, like Gecko; compatible; ClaudeBot/1.0; +claudebot@anthropic.com)"
216.73.217.86 - - [14/Jun/2026:06:55:30 +0000] "GET /basketball/?edit=%2Fvar%2Fwww%2Fvhosts%2Fmayaver.com%2Fhttpdocs%2Fwp-content%2Fuploads%2F2023%2F05%2Fcta-bg1-1520x1280.png HTTP/1.1" 200 396147 "-" "Mozilla/5.0 AppleWebKit/537.36 (KHTML, like Gecko; compatible; ClaudeBot/1.0; +claudebot@anthropic.com)"
198.244.168.156 - - [14/Jun/2026:06:55:30 +0000] "GET /items/e908113142402/ HTTP/1.1" 404 115176 "-" "Mozilla/5.0 (compatible; AhrefsBot/7.0; +http://ahrefs.com/robot/)"
216.73.217.86 - - [14/Jun/2026:06:55:31 +0000] "GET /a-knowledgeable-marijuana-dispensaries-in-the-washington-dc/?edit=%2Fvar%2Fwww%2Fvhosts%2Fmayaver.com%2Fhttpdocs%2Fwp-content%2Fthemes%2Faihub%2Fassets%2Fjs%2Fminified%2Fapp.js HTTP/1.1" 200 34146 "-" "Mozilla/5.0 AppleWebKit/537.36 (KHTML, like Gecko; compatible; ClaudeBot/1.0; +claudebot@anthropic.com)"
216.73.217.86 - - [14/Jun/2026:06:55:32 +0000] "GET /basketball/?edit=%2Fvar%2Fwww%2Fvhosts%2Fmayaver.com%2Fhttpdocs%2Fwp-content%2Fuploads%2F2023%2F11%2Fcta-bg1-1-150x150.png HTTP/1.1" 200 20358 "-" "Mozilla/5.0 AppleWebKit/537.36 (KHTML, like Gecko; compatible; ClaudeBot/1.0; +claudebot@anthropic.com)"
216.73.217.86 - - [14/Jun/2026:06:55:32 +0000] "GET /is-een-korte-steroidenkuur-even-effectief-als-een-lange/?rename=%2Fvar%2Fwww%2Fvhosts%2Fmayaver.com%2Fhttpdocs%2Fwp-content%2Fplugins%2Fwp-mail-smtp%2Fsrc%2FAdmin%2FPages%2FTestTab.php HTTP/1.1" 200 28704 "-" "Mozilla/5.0 AppleWebKit/537.36 (KHTML, like Gecko; compatible; ClaudeBot/1.0; +claudebot@anthropic.com)"
147.135.213.107 - - [14/Jun/2026:06:55:33 +0000] "GET /?file=/var/www/vhosts/mayaver.com/httpdocs/wp-content/plugins/seo-by-rank-math/includes HTTP/1.1" 301 20139 "-" "Mozilla/5.0 (compatible; MJ12bot/v1.4.8; http://mj12bot.com/)"
216.73.217.86 - - [14/Jun/2026:06:55:32 +0000] "GET /church/?edit=%2Fvar%2Fwww%2Fvhosts%2Fmayaver.com%2Fmetaverse.mayaver.com%2Fmy-content%2Fplant-rainy-6.glb HTTP/1.1" 200 2640968 "-" "Mozilla/5.0 AppleWebKit/537.36 (KHTML, like Gecko; compatible; ClaudeBot/1.0; +claudebot@anthropic.com)"
216.73.217.86 - - [14/Jun/2026:06:55:33 +0000] "GET /basketball/?file=%2Fvar%2Fwww%2Fvhosts%2Fmayaver.com%2Fhttpdocs%2Fwp-content%2Fuploads%2F2024%2F03%2Fblog_frt_villa.png HTTP/1.1" 200 12121 "-" "Mozilla/5.0 AppleWebKit/537.36 (KHTML, like Gecko; compatible; ClaudeBot/1.0; +claudebot@anthropic.com)"
216.73.217.86 - - [14/Jun/2026:06:55:33 +0000] "GET /understanding-the-effects-of-masteron-p-100/?file=%2Fvar%2Fwww%2Fvhosts%2Fmayaver.com%2Fhttpdocs%2Fwp-content%2Fplugins%2Fwp-mail-smtp%2Fassets%2Fvue%2Fimg%2Floading.svg HTTP/1.1" 200 27776 "-" "Mozilla/5.0 AppleWebKit/537.36 (KHTML, like Gecko; compatible; ClaudeBot/1.0; +claudebot@anthropic.com)"
85.208.96.193 - - [14/Jun/2026:06:55:33 +0000] "GET /items/k908228932650/ HTTP/1.1" 404 115167 "-" "Mozilla/5.0 (compatible; SemrushBot/7~bl; +http://www.semrush.com/bot.html)"
54.38.147.174 - - [14/Jun/2026:06:55:33 +0000] "GET /items/e908411920584/ HTTP/1.1" 404 115176 "-" "Mozilla/5.0 (compatible; AhrefsBot/7.0; +http://ahrefs.com/robot/)"
59.152.121.182 - - [14/Jun/2026:06:55:32 +0000] "GET /items/v90796171845/ HTTP/1.1" 404 115167 "-" "Mozilla/5.0 (Macintosh; Intel Mac OS X 13_7_1) AppleWebKit/537.36 (KHTML, like Gecko) Chrome/133.0.6943.141 Safari/537.36"
198.244.183.156 - - [14/Jun/2026:06:55:35 +0000] "GET /items/d908143347095/ HTTP/1.1" 404 115176 "-" "Mozilla/5.0 (compatible; AhrefsBot/7.0; +http://ahrefs.com/robot/)"
216.73.217.86 - - [14/Jun/2026:06:55:35 +0000] "GET /basketball/?file=%2Fvar%2Fwww%2Fvhosts%2Fmayaver.com%2Fhttpdocs%2Fwp-content%2Fuploads%2F2023%2F05%2FGlow1-2-300x300.png HTTP/1.1" 200 12126 "-" "Mozilla/5.0 AppleWebKit/537.36 (KHTML, like Gecko; compatible; ClaudeBot/1.0; +claudebot@anthropic.com)"
216.73.217.86 - - [14/Jun/2026:06:55:36 +0000] "GET /church/?view=%2Fvar%2Fwww%2Fvhosts%2Fmayaver.com%2Fmetaverse.mayaver.com%2Fmy-content%2F3d-sckp-bush1.glb HTTP/1.1" 200 1630448 "-" "Mozilla/5.0 AppleWebKit/537.36 (KHTML, like Gecko; compatible; ClaudeBot/1.0; +claudebot@anthropic.com)"
147.135.213.107 - - [14/Jun/2026:06:55:36 +0000] "GET /?file=%2Fvar%2Fwww%2Fvhosts%2Fmayaver.com%2Fhttpdocs%2Fwp-content%2Fplugins%2Fseo-by-rank-math%2Fincludes HTTP/1.1" 200 39133 "-" "Mozilla/5.0 (compatible; MJ12bot/v1.4.8; http://mj12bot.com/)"
216.73.217.86 - - [14/Jun/2026:06:55:36 +0000] "GET /donde-comprar-esteroides-de-forma-segura/?file=%2Fvar%2Fwww%2Fvhosts%2Fmayaver.com%2Fhttpdocs%2Fwp-content%2Fthemes%2Faihub%2Fliquid%2Fextensions%2Fmenu-icons%2Fvendor HTTP/1.1" 200 28368 "-" "Mozilla/5.0 AppleWebKit/537.36 (KHTML, like Gecko; compatible; ClaudeBot/1.0; +claudebot@anthropic.com)"
216.73.217.86 - - [14/Jun/2026:06:55:36 +0000] "GET /a-knowledgeable-marijuana-dispensaries-in-the-washington-dc/?edit=%2Fvar%2Fwww%2Fvhosts%2Fmayaver.com%2Fhttpdocs%2Fwp-content%2Fplugins%2Fwp-mail-smtp%2Fassets%2Fimages%2Fwp-spinner.gif HTTP/1.1" 200 33057 "-" "Mozilla/5.0 AppleWebKit/537.36 (KHTML, like Gecko; compatible; ClaudeBot/1.0; +claudebot@anthropic.com)"
216.73.217.86 - - [14/Jun/2026:06:55:38 +0000] "GET /supabet-quickplay-experience/?edit=%2Fvar%2Fwww%2Fvhosts%2Fmayaver.com%2Fhttpdocs%2Fwp-content%2Fplugins%2Fwaspthemes-yellow-pencil%2Fassets%2Fpaper_1.png HTTP/1.1" 200 76293 "-" "Mozilla/5.0 AppleWebKit/537.36 (KHTML, like Gecko; compatible; ClaudeBot/1.0; +claudebot@anthropic.com)"
