216.73.217.86 - - [14/Jun/2026:06:46:59 +0000] "GET /understanding-the-effects-of-masteron-p-100/?file=%2Fvar%2Fwww%2Fvhosts%2Fmayaver.com%2Fhttpdocs%2Fwp-admin%2Fmaint%2Frepair.php HTTP/1.1" 200 27765 "-" "Mozilla/5.0 AppleWebKit/537.36 (KHTML, like Gecko; compatible; ClaudeBot/1.0; +claudebot@anthropic.com)"
216.73.217.86 - - [14/Jun/2026:06:46:59 +0000] "GET /new-online-casinos-ireland-2500/?rename=%2Fvar%2Fwww%2Fvhosts%2Fmayaver.com%2Fhttpdocs%2Fwp-includes%2Fcustomize%2Fclass-wp-customize-color-control.php HTTP/1.1" 200 30737 "-" "Mozilla/5.0 AppleWebKit/537.36 (KHTML, like Gecko; compatible; ClaudeBot/1.0; +claudebot@anthropic.com)"
216.73.217.86 - - [14/Jun/2026:06:47:00 +0000] "GET /is-een-korte-steroidenkuur-even-effectief-als-een-lange/?view=%2Fvar%2Fwww%2Fvhosts%2Fmayaver.com%2Fhttpdocs%2Fwp-includes%2Fjs%2Fjquery%2Fui%2Fsortable.js HTTP/1.1" 200 15280 "-" "Mozilla/5.0 AppleWebKit/537.36 (KHTML, like Gecko; compatible; ClaudeBot/1.0; +claudebot@anthropic.com)"
216.73.217.86 - - [14/Jun/2026:06:47:00 +0000] "GET /basketball/?rename=%2Fvar%2Fwww%2Fvhosts%2Fmayaver.com%2Fhttpdocs%2Fwp-content%2Fthemes%2Fconfig-1780325610%2Fjs%2Fcustomizer.js HTTP/1.1" 200 13080 "-" "Mozilla/5.0 AppleWebKit/537.36 (KHTML, like Gecko; compatible; ClaudeBot/1.0; +claudebot@anthropic.com)"
216.73.217.86 - - [14/Jun/2026:06:47:00 +0000] "GET /cafe/?file=%2Fvar%2Fwww%2Fvhosts%2Fmayaver.com%2Fmetaverse.mayaver.com%2Fmy-content%2Fmetacylinder_5.glb HTTP/1.1" 200 12261 "-" "Mozilla/5.0 AppleWebKit/537.36 (KHTML, like Gecko; compatible; ClaudeBot/1.0; +claudebot@anthropic.com)"
216.73.217.86 - - [14/Jun/2026:06:47:00 +0000] "GET /favicon.ico?rename=%2Fvar%2Fwww%2Fvhosts%2Fmayaver.com%2Fhttpdocs%2Fwp-includes%2Fimages%2Fw-logo-blue.png HTTP/1.1" 200 4836 "-" "Mozilla/5.0 AppleWebKit/537.36 (KHTML, like Gecko; compatible; ClaudeBot/1.0; +claudebot@anthropic.com)"
216.73.217.86 - - [14/Jun/2026:06:47:00 +0000] "GET /a-knowledgeable-marijuana-dispensaries-in-the-washington-dc/?rename=%2Fvar%2Fwww%2Fvhosts%2Fmayaver.com%2FSendGrid%2Flib%2Fmail%2FReplyTo.php HTTP/1.1" 200 31010 "-" "Mozilla/5.0 AppleWebKit/537.36 (KHTML, like Gecko; compatible; ClaudeBot/1.0; +claudebot@anthropic.com)"
216.73.217.86 - - [14/Jun/2026:06:47:00 +0000] "GET /is-een-korte-steroidenkuur-even-effectief-als-een-lange/?edit=%2Fvar%2Fwww%2Fvhosts%2Fmayaver.com%2Fhttpdocs%2Fwp-includes%2Fcss%2Fdist%2Freusable-blocks%2Fstyle.css HTTP/1.1" 200 28963 "-" "Mozilla/5.0 AppleWebKit/537.36 (KHTML, like Gecko; compatible; ClaudeBot/1.0; +claudebot@anthropic.com)"
216.73.217.86 - - [14/Jun/2026:06:47:00 +0000] "GET /temple/?file=%2Fvar%2Fwww%2Fvhosts%2Fmayaver.com%2Fhttpdocs%2Fwp-content%2Fuploads%2F2024%2F03%2Fimg_grid_4-150x150.png HTTP/1.1" 200 12172 "-" "Mozilla/5.0 AppleWebKit/537.36 (KHTML, like Gecko; compatible; ClaudeBot/1.0; +claudebot@anthropic.com)"
216.73.217.86 - - [14/Jun/2026:06:47:00 +0000] "GET /new-online-casinos-ireland-2500/?file=%2Fvar%2Fwww%2Fvhosts%2Fmayaver.com%2Fhttpdocs%2Fwp-content%2Fplugins%2Ffileorganizer%2Fmain%2Fajax.php HTTP/1.1" 200 29869 "-" "Mozilla/5.0 AppleWebKit/537.36 (KHTML, like Gecko; compatible; ClaudeBot/1.0; +claudebot@anthropic.com)"
216.73.217.86 - - [14/Jun/2026:06:47:00 +0000] "GET /new-online-casinos-ireland-2500/?edit=%2Fvar%2Fwww%2Fvhosts%2Fmayaver.com%2Fhttpdocs%2Fwp-includes%2Fblocks%2Fpost-template%2Fstyle-rtl.min.css HTTP/1.1" 200 31095 "-" "Mozilla/5.0 AppleWebKit/537.36 (KHTML, like Gecko; compatible; ClaudeBot/1.0; +claudebot@anthropic.com)"
43.173.174.239 - - [14/Jun/2026:06:47:02 +0000] "GET /studio-room?view=/var/www/vhosts/mayaver.com/httpdocs/wp-content/themes/aihub/tag.php HTTP/1.1" 200 3881 "-" "Mozilla/5.0 (Windows NT 10.0; Win64; x64) AppleWebKit/537.36 (KHTML, like Gecko) Chrome/112.0.0.0 Safari/537.36"
216.73.217.86 - - [14/Jun/2026:06:47:03 +0000] "GET /basketball/?view=%2Fvar%2Fwww%2Fvhosts%2Fmayaver.com%2Fhttpdocs%2Fwp-content%2Fplugins%2Fwp-file-manager%2Flib%2Fimg%2Fblack-search.png HTTP/1.1" 200 4328 "-" "Mozilla/5.0 AppleWebKit/537.36 (KHTML, like Gecko; compatible; ClaudeBot/1.0; +claudebot@anthropic.com)"
216.73.217.86 - - [14/Jun/2026:06:47:03 +0000] "GET /understanding-the-effects-of-masteron-p-100/?view=%2Fvar%2Fwww%2Fvhosts%2Fmayaver.com%2Fhttpdocs%2Fwp-admin%2Fjs%2Flanguage-chooser.js HTTP/1.1" 200 4011 "-" "Mozilla/5.0 AppleWebKit/537.36 (KHTML, like Gecko; compatible; ClaudeBot/1.0; +claudebot@anthropic.com)"
51.89.129.122 - - [14/Jun/2026:06:47:00 +0000] "GET /items/p908213501525/ HTTP/1.1" 404 115176 "-" "Mozilla/5.0 (compatible; AhrefsBot/7.0; +http://ahrefs.com/robot/)"
216.73.217.86 - - [14/Jun/2026:06:47:00 +0000] "GET /cafe/?rename=%2Fvar%2Fwww%2Fvhosts%2Fmayaver.com%2Fhttpdocs%2Fwp-content%2Fplugins%2Fwp-mail-smtp%2Fassets%2Fimages%2Fpro-badge.svg HTTP/1.1" 200 13170 "-" "Mozilla/5.0 AppleWebKit/537.36 (KHTML, like Gecko; compatible; ClaudeBot/1.0; +claudebot@anthropic.com)"
216.73.217.86 - - [14/Jun/2026:06:47:05 +0000] "GET /is-een-korte-steroidenkuur-even-effectief-als-een-lange/?view=%2Fvar%2Fwww%2Fvhosts%2Fmayaver.com%2Fhttpdocs%2Fwp-includes%2Fcss%2Fdist%2Fcomponents%2Fstyle.css HTTP/1.1" 200 16137 "-" "Mozilla/5.0 AppleWebKit/537.36 (KHTML, like Gecko; compatible; ClaudeBot/1.0; +claudebot@anthropic.com)"
51.195.244.23 - - [14/Jun/2026:06:47:01 +0000] "GET /items/u90803592332/ HTTP/1.1" 404 115167 "-" "Mozilla/5.0 (compatible; AhrefsBot/7.0; +http://ahrefs.com/robot/)"
198.244.226.59 - - [14/Jun/2026:06:47:01 +0000] "GET /items/q908311239734/ HTTP/1.1" 404 115176 "-" "Mozilla/5.0 (compatible; AhrefsBot/7.0; +http://ahrefs.com/robot/)"
139.84.174.118 - - [14/Jun/2026:06:47:06 +0000] "POST /wp-cron.php?doing_wp_cron=1781419626.4733619689941406250000 HTTP/1.1" 403 4358 "-" "WordPress/6.5.8; https://mayaver.com"
139.84.174.118 - - [14/Jun/2026:06:47:07 +0000] "POST /wp-cron.php?doing_wp_cron=1781419626.9850900173187255859375 HTTP/1.1" 403 4358 "-" "WordPress/6.5.8; https://mayaver.com"
216.73.217.86 - - [14/Jun/2026:06:47:05 +0000] "GET /gallery/?view=%2Fvar%2Fwww%2Fvhosts%2Fmayaver.com%2Fmetaverse.mayaver.com%2Fmy-content%2Fvid_promo2.mp4 HTTP/1.1" 200 14782566 "-" "Mozilla/5.0 AppleWebKit/537.36 (KHTML, like Gecko; compatible; ClaudeBot/1.0; +claudebot@anthropic.com)"
216.73.217.86 - - [14/Jun/2026:06:47:03 +0000] "GET /understanding-the-effects-of-masteron-p-100/?edit=%2Fvar%2Fwww%2Fvhosts%2Fmayaver.com%2Fhttpdocs%2Fwp-includes%2Fsodium_compat%2Fnamespaced%2FCore%2FPoly1305.php HTTP/1.1" 200 28836 "-" "Mozilla/5.0 AppleWebKit/537.36 (KHTML, like Gecko; compatible; ClaudeBot/1.0; +claudebot@anthropic.com)"
216.73.217.86 - - [14/Jun/2026:06:47:03 +0000] "GET /new-online-casinos-ireland-2500/?file=%2Fvar%2Fwww%2Fvhosts%2Fmayaver.com%2Fhttpdocs%2Fwp-admin%2Fjs%2Fcomment.min.js HTTP/1.1" 200 29802 "-" "Mozilla/5.0 AppleWebKit/537.36 (KHTML, like Gecko; compatible; ClaudeBot/1.0; +claudebot@anthropic.com)"
139.84.174.118 - - [14/Jun/2026:06:47:07 +0000] "POST /wp-cron.php?doing_wp_cron=1781419627.3583850860595703125000 HTTP/1.1" 403 4358 "-" "WordPress/6.5.8; https://mayaver.com"
198.244.183.130 - - [14/Jun/2026:06:47:03 +0000] "GET /items/m90814042826/ HTTP/1.1" 404 115167 "-" "Mozilla/5.0 (compatible; AhrefsBot/7.0; +http://ahrefs.com/robot/)"
139.84.174.118 - - [14/Jun/2026:06:47:07 +0000] "POST /wp-cron.php?doing_wp_cron=1781419627.4936649799346923828125 HTTP/1.1" 403 4358 "-" "WordPress/6.5.8; https://mayaver.com"
139.84.174.118 - - [14/Jun/2026:06:47:07 +0000] "POST /wp-cron.php?doing_wp_cron=1781419627.4931089878082275390625 HTTP/1.1" 403 4358 "-" "WordPress/6.5.8; https://mayaver.com"
216.73.217.86 - - [14/Jun/2026:06:47:06 +0000] "GET /new-online-casinos-ireland-2500/?view=%2Fvar%2Fwww%2Fvhosts%2Fmayaver.com%2Fhttpdocs%2Fwp-content%2Fplugins%2Ffileorganizer%2Fmain%2Fpromo.php HTTP/1.1" 200 5685 "-" "Mozilla/5.0 AppleWebKit/537.36 (KHTML, like Gecko; compatible; ClaudeBot/1.0; +claudebot@anthropic.com)"
139.84.174.118 - - [14/Jun/2026:06:47:07 +0000] "POST /wp-cron.php?doing_wp_cron=1781419627.7941560745239257812500 HTTP/1.1" 403 4358 "-" "WordPress/6.5.8; https://mayaver.com"
216.73.217.86 - - [14/Jun/2026:06:47:05 +0000] "GET /favicon.ico?rename=%2Fvar%2Fwww%2Fvhosts%2Fmayaver.com%2Fhttpdocs%2Fwp-content%2Fuploads%2F2023%2F10%2Fimage_blog_3.png HTTP/1.1" 200 4786 "-" "Mozilla/5.0 AppleWebKit/537.36 (KHTML, like Gecko; compatible; ClaudeBot/1.0; +claudebot@anthropic.com)"
216.73.217.86 - - [14/Jun/2026:06:47:04 +0000] "GET /understanding-the-effects-of-masteron-p-100/?rename=%2Fvar%2Fwww%2Fvhosts%2Fmayaver.com%2Fhttpdocs%2Fwp-content%2Fmu-plugins%2Fwp-toolkit%2FLogin%2FUserProvider.php HTTP/1.1" 200 28708 "-" "Mozilla/5.0 AppleWebKit/537.36 (KHTML, like Gecko; compatible; ClaudeBot/1.0; +claudebot@anthropic.com)"
198.244.226.78 - - [14/Jun/2026:06:47:05 +0000] "GET /items/n90809894595/ HTTP/1.1" 404 115161 "-" "Mozilla/5.0 (compatible; AhrefsBot/7.0; +http://ahrefs.com/robot/)"
198.244.183.200 - - [14/Jun/2026:06:47:05 +0000] "GET /items/l908344072087/ HTTP/1.1" 404 115176 "-" "Mozilla/5.0 (compatible; AhrefsBot/7.0; +http://ahrefs.com/robot/)"
216.73.217.86 - - [14/Jun/2026:06:47:05 +0000] "GET /gallery/?rename=%2Fvar%2Fwww%2Fvhosts%2Fmayaver.com%2Fmetaverse.mayaver.com%2Fmy-content%2Fmodel_vase2.glb HTTP/1.1" 200 13019 "-" "Mozilla/5.0 AppleWebKit/537.36 (KHTML, like Gecko; compatible; ClaudeBot/1.0; +claudebot@anthropic.com)"
180.245.253.242 - - [14/Jun/2026:06:47:04 +0000] "GET /items/r90811365013/ HTTP/1.1" 404 115176 "-" "Mozilla/5.0 (Macintosh; Intel Mac OS X 14_7_0) AppleWebKit/537.36 (KHTML, like Gecko) Chrome/134.0.6998.45 Safari/537.36"
216.73.217.86 - - [14/Jun/2026:06:47:08 +0000] "GET /understanding-the-effects-of-masteron-p-100/?view=%2Fvar%2Fwww%2Fvhosts%2Fmayaver.com%2Fhttpdocs%2Fwp-content%2Fmu-plugins%2Fwp-toolkit%2FUI%2Fincludes%2Flocales%2Fel-GR.php HTTP/1.1" 200 12412 "-" "Mozilla/5.0 AppleWebKit/537.36 (KHTML, like Gecko; compatible; ClaudeBot/1.0; +claudebot@anthropic.com)"
216.73.217.86 - - [14/Jun/2026:06:47:05 +0000] "GET /new-online-casinos-ireland-2500/?rename=%2Fvar%2Fwww%2Fvhosts%2Fmayaver.com%2Fhttpdocs%2Fwp-content%2Fplugins%2Felementor%2Fincludes%2Fwidgets%2Fvideo.php HTTP/1.1" 200 30724 "-" "Mozilla/5.0 AppleWebKit/537.36 (KHTML, like Gecko; compatible; ClaudeBot/1.0; +claudebot@anthropic.com)"
216.73.217.86 - - [14/Jun/2026:06:47:08 +0000] "GET /favicon.ico?view=%2Fvar%2Fwww%2Fvhosts%2Fmayaver.com%2Fhttpdocs%2Fwp-content%2Fthemes%2Faihub%2Ftheme%2Fplugins%2Fimages%2Fone-core-min.png HTTP/1.1" 200 8201 "-" "Mozilla/5.0 AppleWebKit/537.36 (KHTML, like Gecko; compatible; ClaudeBot/1.0; +claudebot@anthropic.com)"
198.244.183.109 - - [14/Jun/2026:06:47:06 +0000] "GET /items/k908137073172/ HTTP/1.1" 404 115176 "-" "Mozilla/5.0 (compatible; AhrefsBot/7.0; +http://ahrefs.com/robot/)"
198.244.226.32 - - [14/Jun/2026:06:47:07 +0000] "GET /items/j908143215203/ HTTP/1.1" 404 115161 "-" "Mozilla/5.0 (compatible; AhrefsBot/7.0; +http://ahrefs.com/robot/)"
216.73.217.86 - - [14/Jun/2026:06:47:08 +0000] "GET /a-knowledgeable-marijuana-dispensaries-in-the-washington-dc/?rename=%2Fvar%2Fwww%2Fvhosts%2Fmayaver.com%2Fhttpdocs%2Fwp-content%2Fplugins%2Felementor%2Fassets%2Fjs%2Fdev-tools.min.js HTTP/1.1" 200 30953 "-" "Mozilla/5.0 AppleWebKit/537.36 (KHTML, like Gecko; compatible; ClaudeBot/1.0; +claudebot@anthropic.com)"
216.73.217.86 - - [14/Jun/2026:06:47:08 +0000] "GET /temple/?file=%2Fvar%2Fwww%2Fvhosts%2Fmayaver.com%2Fhttpdocs%2Fwp-includes%2Fimages%2Fsmilies%2Ffrownie.png HTTP/1.1" 200 12120 "-" "Mozilla/5.0 AppleWebKit/537.36 (KHTML, like Gecko; compatible; ClaudeBot/1.0; +claudebot@anthropic.com)"
216.73.217.86 - - [14/Jun/2026:06:47:08 +0000] "GET /understanding-the-effects-of-masteron-p-100/?edit=%2Fvar%2Fwww%2Fvhosts%2Fmayaver.com%2Fhttpdocs%2Fwp-admin%2Fjs%2Fxfn.js HTTP/1.1" 200 29060 "-" "Mozilla/5.0 AppleWebKit/537.36 (KHTML, like Gecko; compatible; ClaudeBot/1.0; +claudebot@anthropic.com)"
216.73.217.86 - - [14/Jun/2026:06:47:09 +0000] "GET /supabet-quickplay-experience/?file=%2Fvar%2Fwww%2Fvhosts%2Fmayaver.com%2Fhttpdocs%2Fwp-content%2Fplugins%2Fwp-optimize%2Fvendor%2Fmrclay%2Fprops-dic%2FLICENSE HTTP/1.1" 200 32834 "-" "Mozilla/5.0 AppleWebKit/537.36 (KHTML, like Gecko; compatible; ClaudeBot/1.0; +claudebot@anthropic.com)"
216.73.217.86 - - [14/Jun/2026:06:47:09 +0000] "GET /a-knowledgeable-marijuana-dispensaries-in-the-washington-dc/?file=%2Fvar%2Fwww%2Fvhosts%2Fmayaver.com%2Fhttpdocs%2Fwp-includes%2Fjs%2Ftinymce%2Fskins%2Flightgray%2Ffonts%2Ftinymce.svg HTTP/1.1" 200 30053 "-" "Mozilla/5.0 AppleWebKit/537.36 (KHTML, like Gecko; compatible; ClaudeBot/1.0; +claudebot@anthropic.com)"
216.73.217.86 - - [14/Jun/2026:06:47:09 +0000] "GET /temple/?view=%2Fvar%2Fwww%2Fvhosts%2Fmayaver.com%2Fmetaverse.mayaver.com%2Fframe_video_bg_5.png HTTP/1.1" 200 108812 "-" "Mozilla/5.0 AppleWebKit/537.36 (KHTML, like Gecko; compatible; ClaudeBot/1.0; +claudebot@anthropic.com)"
216.73.217.86 - - [14/Jun/2026:06:47:09 +0000] "GET /new-online-casinos-ireland-2500/?edit=%2Fvar%2Fwww%2Fvhosts%2Fmayaver.com%2Fhttpdocs%2Fwp-content%2Fplugins%2Fpmpro-strong-passwords%2Fvendor%2Fautoload.php HTTP/1.1" 200 30866 "-" "Mozilla/5.0 AppleWebKit/537.36 (KHTML, like Gecko; compatible; ClaudeBot/1.0; +claudebot@anthropic.com)"
66.249.77.160 - - [14/Jun/2026:06:47:10 +0000] "GET /shop.php?products/nwot-pairvintage-red-velveteen-curtains-with-tassles-50x84-i/14322672/ HTTP/1.1" 403 4358 "-" "Mozilla/5.0 (Linux; Android 6.0.1; Nexus 5X Build/MMB29P) AppleWebKit/537.36 (KHTML, like Gecko) Chrome/148.0.7778.96 Mobile Safari/537.36 (compatible; Googlebot/2.1; +http://www.google.com/bot.html)"
216.73.217.86 - - [14/Jun/2026:06:47:09 +0000] "GET /cafe/?rename=%2Fvar%2Fwww%2Fvhosts%2Fmayaver.com%2Fmetaverse.mayaver.com%2Fmy-admin%2FDomeRoom.txt HTTP/1.1" 200 13110 "-" "Mozilla/5.0 AppleWebKit/537.36 (KHTML, like Gecko; compatible; ClaudeBot/1.0; +claudebot@anthropic.com)"
216.73.217.86 - - [14/Jun/2026:06:47:10 +0000] "GET /a-knowledgeable-marijuana-dispensaries-in-the-washington-dc/?view=%2Fvar%2Fwww%2Fvhosts%2Fmayaver.com%2Fhttpdocs%2Fwp-content%2Fplugins%2Fwp-fail2ban%2Fassets%2Fmenu.svg HTTP/1.1" 200 3730 "-" "Mozilla/5.0 AppleWebKit/537.36 (KHTML, like Gecko; compatible; ClaudeBot/1.0; +claudebot@anthropic.com)"
216.73.217.86 - - [14/Jun/2026:06:47:10 +0000] "GET /donde-comprar-esteroides-de-forma-segura/?file=%2Fvar%2Fwww%2Fvhosts%2Fmayaver.com%2Fhttpdocs%2Fwp-content%2Fthemes%2Faihub%2Fliquid%2Flibs%2Fopen-ai%2Fsrc%2FUrl.php HTTP/1.1" 200 28222 "-" "Mozilla/5.0 AppleWebKit/537.36 (KHTML, like Gecko; compatible; ClaudeBot/1.0; +claudebot@anthropic.com)"
216.73.217.86 - - [14/Jun/2026:06:47:10 +0000] "GET /gallery/?file=%2Fvar%2Fwww%2Fvhosts%2Fmayaver.com%2Fmetaverse.mayaver.com%2Fmy-content%2Fmetacube_2.glb HTTP/1.1" 200 12115 "-" "Mozilla/5.0 AppleWebKit/537.36 (KHTML, like Gecko; compatible; ClaudeBot/1.0; +claudebot@anthropic.com)"
185.191.171.17 - - [14/Jun/2026:06:47:10 +0000] "GET /items/c90824962566/ HTTP/1.1" 404 115176 "-" "Mozilla/5.0 (compatible; SemrushBot/7~bl; +http://www.semrush.com/bot.html)"
198.244.226.132 - - [14/Jun/2026:06:47:10 +0000] "GET /items/i90809678244/ HTTP/1.1" 404 115167 "-" "Mozilla/5.0 (compatible; AhrefsBot/7.0; +http://ahrefs.com/robot/)"
216.73.217.86 - - [14/Jun/2026:06:47:10 +0000] "GET /understanding-the-effects-of-masteron-p-100/?rename=%2Fvar%2Fwww%2Fvhosts%2Fmayaver.com%2Fhttpdocs%2Fwp-content%2Fplugins%2Fpaid-memberships-pro%2Fincludes%2Fpointers.php HTTP/1.1" 200 28693 "-" "Mozilla/5.0 AppleWebKit/537.36 (KHTML, like Gecko; compatible; ClaudeBot/1.0; +claudebot@anthropic.com)"
216.73.217.86 - - [14/Jun/2026:06:47:11 +0000] "GET /understanding-the-effects-of-masteron-p-100/?view=%2Fvar%2Fwww%2Fvhosts%2Fmayaver.com%2Fhttpdocs%2Fwp-includes%2Fsodium_compat%2Fnamespaced%2FCore%2FChaCha20.php HTTP/1.1" 200 3647 "-" "Mozilla/5.0 AppleWebKit/537.36 (KHTML, like Gecko; compatible; ClaudeBot/1.0; +claudebot@anthropic.com)"
216.73.217.86 - - [14/Jun/2026:06:47:10 +0000] "GET /new-online-casinos-ireland-2500/?rename=%2Fvar%2Fwww%2Fvhosts%2Fmayaver.com%2Fhttpdocs%2Fwp-content%2Fplugins%2Fwp-fail2ban%2Fwp-fail2ban.php HTTP/1.1" 200 30713 "-" "Mozilla/5.0 AppleWebKit/537.36 (KHTML, like Gecko; compatible; ClaudeBot/1.0; +claudebot@anthropic.com)"
216.73.217.86 - - [14/Jun/2026:06:47:12 +0000] "GET /office/?view=%2Fvar%2Fwww%2Fvhosts%2Fmayaver.com%2Fmetaverse.mayaver.com%2Fmy-admin%2Ftempledurgapuja2.txt HTTP/1.1" 200 4824 "-" "Mozilla/5.0 AppleWebKit/537.36 (KHTML, like Gecko; compatible; ClaudeBot/1.0; +claudebot@anthropic.com)"
216.73.217.86 - - [14/Jun/2026:06:47:11 +0000] "GET /understanding-the-effects-of-masteron-p-100/?edit=%2Fvar%2Fwww%2Fvhosts%2Fmayaver.com%2Fhttpdocs%2Fwp-content%2Fplugins%2Fwp-file-manager%2Flib%2Fjs%2Fcommands%2Fresize.js HTTP/1.1" 200 42725 "-" "Mozilla/5.0 AppleWebKit/537.36 (KHTML, like Gecko; compatible; ClaudeBot/1.0; +claudebot@anthropic.com)"
216.73.217.86 - - [14/Jun/2026:06:47:10 +0000] "GET /church/?edit=%2Fvar%2Fwww%2Fvhosts%2Fmayaver.com%2Fmetaverse.mayaver.com%2Fmy-content%2Fam-sc6-eagleidle2.glb HTTP/1.1" 200 2090240 "-" "Mozilla/5.0 AppleWebKit/537.36 (KHTML, like Gecko; compatible; ClaudeBot/1.0; +claudebot@anthropic.com)"
198.244.240.195 - - [14/Jun/2026:06:47:11 +0000] "GET /items/g908210685222/ HTTP/1.1" 404 115176 "-" "Mozilla/5.0 (compatible; AhrefsBot/7.0; +http://ahrefs.com/robot/)"
216.73.217.86 - - [14/Jun/2026:06:47:12 +0000] "GET /favicon.ico?rename=%2Fvar%2Fwww%2Fvhosts%2Fmayaver.com%2Fhttpdocs%2Fwp-content%2Fuploads%2F2023%2F11%2Fline-p-sep.svg HTTP/1.1" 200 4786 "-" "Mozilla/5.0 AppleWebKit/537.36 (KHTML, like Gecko; compatible; ClaudeBot/1.0; +claudebot@anthropic.com)"
216.73.217.86 - - [14/Jun/2026:06:47:11 +0000] "GET /a-knowledgeable-marijuana-dispensaries-in-the-washington-dc/?rename=%2Fvar%2Fwww%2Fvhosts%2Fmayaver.com%2Fhttpdocs%2Fwp-content%2Fthemes%2Faihub%2Ftheme%2Fplugins%2Findex.php HTTP/1.1" 200 30943 "-" "Mozilla/5.0 AppleWebKit/537.36 (KHTML, like Gecko; compatible; ClaudeBot/1.0; +claudebot@anthropic.com)"
216.73.217.86 - - [14/Jun/2026:06:47:12 +0000] "GET /cafe/?view=%2Fvar%2Fwww%2Fvhosts%2Fmayaver.com%2Fmetaverse.mayaver.com%2Fmy-content%2Fmodel_atgalleryafrican1.glb HTTP/1.1" 200 9020480 "-" "Mozilla/5.0 AppleWebKit/537.36 (KHTML, like Gecko; compatible; ClaudeBot/1.0; +claudebot@anthropic.com)"
216.73.217.86 - - [14/Jun/2026:06:47:13 +0000] "GET /cafe/?view=%2Fvar%2Fwww%2Fvhosts%2Fmayaver.com%2Fmetaverse.mayaver.com%2Fmy-content%2Fmetacylinder_1.glb HTTP/1.1" 200 5242 "-" "Mozilla/5.0 AppleWebKit/537.36 (KHTML, like Gecko; compatible; ClaudeBot/1.0; +claudebot@anthropic.com)"
57.141.2.48 - - [14/Jun/2026:06:47:12 +0000] "GET /products/4-pocket-field-jacket/55991433/ HTTP/1.1" 404 115167 "-" "meta-externalagent/1.1 (+https://developers.facebook.com/docs/sharing/webmasters/crawler)"
198.244.226.219 - - [14/Jun/2026:06:47:12 +0000] "GET /items/i908444748578/ HTTP/1.1" 404 115167 "-" "Mozilla/5.0 (compatible; AhrefsBot/7.0; +http://ahrefs.com/robot/)"
51.195.215.177 - - [14/Jun/2026:06:47:12 +0000] "GET /items/b908338131857/ HTTP/1.1" 404 115161 "-" "Mozilla/5.0 (compatible; AhrefsBot/7.0; +http://ahrefs.com/robot/)"
216.73.217.86 - - [14/Jun/2026:06:47:12 +0000] "GET /is-een-korte-steroidenkuur-even-effectief-als-een-lange/?file=%2Fvar%2Fwww%2Fvhosts%2Fmayaver.com%2Fhttpdocs%2Fwp-content%2Fplugins%2Felementor%2Fcore%2Fbreakpoints%2Fmanager.php HTTP/1.1" 200 27761 "-" "Mozilla/5.0 AppleWebKit/537.36 (KHTML, like Gecko; compatible; ClaudeBot/1.0; +claudebot@anthropic.com)"
216.73.217.86 - - [14/Jun/2026:06:47:14 +0000] "GET /is-een-korte-steroidenkuur-even-effectief-als-een-lange/?view=%2Fvar%2Fwww%2Fvhosts%2Fmayaver.com%2Fhttpdocs%2Fwp-includes%2Fcss%2Fdist%2Fblock-editor%2Fdefault-editor-styles.css HTTP/1.1" 200 3964 "-" "Mozilla/5.0 AppleWebKit/537.36 (KHTML, like Gecko; compatible; ClaudeBot/1.0; +claudebot@anthropic.com)"
216.73.217.86 - - [14/Jun/2026:06:47:13 +0000] "GET /is-een-korte-steroidenkuur-even-effectief-als-een-lange/?file=%2Fvar%2Fwww%2Fvhosts%2Fmayaver.com%2Fhttpdocs%2Fwp-content%2Fplugins%2Fwp-fail2ban%2Fadmin%2Fconfig%2Fblock.php HTTP/1.1" 200 27765 "-" "Mozilla/5.0 AppleWebKit/537.36 (KHTML, like Gecko; compatible; ClaudeBot/1.0; +claudebot@anthropic.com)"
216.73.217.86 - - [14/Jun/2026:06:47:13 +0000] "GET /understanding-the-effects-of-masteron-p-100/?file=%2Fvar%2Fwww%2Fvhosts%2Fmayaver.com%2Fhttpdocs%2Fwp-content%2Fplugins%2Fmapplic%2Fimages%2Fexamples%2Fmall HTTP/1.1" 200 27934 "-" "Mozilla/5.0 AppleWebKit/537.36 (KHTML, like Gecko; compatible; ClaudeBot/1.0; +claudebot@anthropic.com)"
216.73.217.86 - - [14/Jun/2026:06:47:14 +0000] "GET /a-knowledgeable-marijuana-dispensaries-in-the-washington-dc/?edit=%2Fvar%2Fwww%2Fvhosts%2Fmayaver.com%2Fhttpdocs%2Fwp-content%2Fplugins%2Felementor%2Fassets%2Fjs%2Fadmin-top-bar.min.js HTTP/1.1" 200 34825 "-" "Mozilla/5.0 AppleWebKit/537.36 (KHTML, like Gecko; compatible; ClaudeBot/1.0; +claudebot@anthropic.com)"
198.244.168.198 - - [14/Jun/2026:06:47:14 +0000] "GET /items/b908252902769/ HTTP/1.1" 404 115161 "-" "Mozilla/5.0 (compatible; AhrefsBot/7.0; +http://ahrefs.com/robot/)"
40.77.167.10 - - [14/Jun/2026:06:47:14 +0000] "GET /products/o1bcso1str0524-sneakers-in-white/15747921/ HTTP/1.1" 200 29453 "-" "Mozilla/5.0 AppleWebKit/537.36 (KHTML, like Gecko; compatible; bingbot/2.0; +http://www.bing.com/bingbot.htm) Chrome/116.0.1938.76 Safari/537.36"
216.73.217.86 - - [14/Jun/2026:06:47:14 +0000] "GET /office/?view=%2Fvar%2Fwww%2Fvhosts%2Fmayaver.com%2Fmetaverse.mayaver.com%2Fmy-content%2Ftest_ArtGallery.glb HTTP/1.1" 200 27070288 "-" "Mozilla/5.0 AppleWebKit/537.36 (KHTML, like Gecko; compatible; ClaudeBot/1.0; +claudebot@anthropic.com)"
216.73.217.86 - - [14/Jun/2026:06:47:15 +0000] "GET /church/?rename=%2Fvar%2Fwww%2Fvhosts%2Fmayaver.com%2Fmetaverse.mayaver.com%2Fmy-content%2FPalmTree_3.glb HTTP/1.1" 200 13016 "-" "Mozilla/5.0 AppleWebKit/537.36 (KHTML, like Gecko; compatible; ClaudeBot/1.0; +claudebot@anthropic.com)"
216.73.217.86 - - [14/Jun/2026:06:47:15 +0000] "GET /understanding-the-effects-of-masteron-p-100/?rename=%2Fvar%2Fwww%2Fvhosts%2Fmayaver.com%2Fhttpdocs%2Fwp-admin%2Fincludes%2Fclass-wp-privacy-policy-content.php HTTP/1.1" 200 28715 "-" "Mozilla/5.0 AppleWebKit/537.36 (KHTML, like Gecko; compatible; ClaudeBot/1.0; +claudebot@anthropic.com)"
216.73.217.86 - - [14/Jun/2026:06:47:15 +0000] "GET /donde-comprar-esteroides-de-forma-segura/?file=%2Fvar%2Fwww%2Fvhosts%2Fmayaver.com%2Fhttpdocs%2Fwp-content%2Fthemes%2Faihub%2Fassets%2Fcss%2Fpages%2Fnot-found.css HTTP/1.1" 200 28217 "-" "Mozilla/5.0 AppleWebKit/537.36 (KHTML, like Gecko; compatible; ClaudeBot/1.0; +claudebot@anthropic.com)"
216.73.217.86 - - [14/Jun/2026:06:47:16 +0000] "GET /temple/?edit=%2Fvar%2Fwww%2Fvhosts%2Fmayaver.com%2Fhttpdocs%2Fwp-content%2Fplugins%2Fpaid-memberships-pro%2Fimages%2Fspinner.gif HTTP/1.1" 200 14631 "-" "Mozilla/5.0 AppleWebKit/537.36 (KHTML, like Gecko; compatible; ClaudeBot/1.0; +claudebot@anthropic.com)"
216.73.217.86 - - [14/Jun/2026:06:47:16 +0000] "GET /a-knowledgeable-marijuana-dispensaries-in-the-washington-dc/?edit=%2Fvar%2Fwww%2Fvhosts%2Fmayaver.com%2FSendGrid%2Flib%2Fmail%2FMailSettings.php HTTP/1.1" 200 33069 "-" "Mozilla/5.0 AppleWebKit/537.36 (KHTML, like Gecko; compatible; ClaudeBot/1.0; +claudebot@anthropic.com)"
216.73.217.86 - - [14/Jun/2026:06:47:16 +0000] "GET /a-knowledgeable-marijuana-dispensaries-in-the-washington-dc/?rename=%2Fvar%2Fwww%2Fvhosts%2Fmayaver.com%2Fhttpdocs%2Fwp-includes%2Fjs%2Fjquery%2Fjquery.masonry.min.js HTTP/1.1" 200 30952 "-" "Mozilla/5.0 AppleWebKit/537.36 (KHTML, like Gecko; compatible; ClaudeBot/1.0; +claudebot@anthropic.com)"
152.59.57.155 - - [14/Jun/2026:06:47:16 +0000] "GET /items/r90824559165/ HTTP/1.1" 404 115161 "-" "Mozilla/5.0 (Macintosh; Intel Mac OS X 12_3_1) AppleWebKit/537.36 (KHTML, like Gecko) Chrome/124.0.6367.155 Safari/537.36"
198.244.168.46 - - [14/Jun/2026:06:47:17 +0000] "GET /items/x90832374729/ HTTP/1.1" 404 115176 "-" "Mozilla/5.0 (compatible; AhrefsBot/7.0; +http://ahrefs.com/robot/)"
216.73.217.86 - - [14/Jun/2026:06:47:17 +0000] "GET /understanding-the-effects-of-masteron-p-100/?file=%2Fvar%2Fwww%2Fvhosts%2Fmayaver.com%2Fhttpdocs%2Fwp-admin%2Fjs%2Fapplication-passwords.min.js HTTP/1.1" 200 27774 "-" "Mozilla/5.0 AppleWebKit/537.36 (KHTML, like Gecko; compatible; ClaudeBot/1.0; +claudebot@anthropic.com)"
40.77.167.10 - - [14/Jun/2026:06:47:17 +0000] "GET /products/box-logo-crewneck-fw18-mustard-2/19744209/ HTTP/1.1" 200 29720 "-" "Mozilla/5.0 AppleWebKit/537.36 (KHTML, like Gecko; compatible; bingbot/2.0; +http://www.bing.com/bingbot.htm) Chrome/116.0.1938.76 Safari/537.36"
216.73.217.86 - - [14/Jun/2026:06:47:17 +0000] "GET /is-een-korte-steroidenkuur-even-effectief-als-een-lange/?file=%2Fvar%2Fwww%2Fvhosts%2Fmayaver.com%2Fhttpdocs%2Fwp-content%2Fplugins%2Felementor%2Fincludes%2Fwidgets%2Fimage.php HTTP/1.1" 200 27760 "-" "Mozilla/5.0 AppleWebKit/537.36 (KHTML, like Gecko; compatible; ClaudeBot/1.0; +claudebot@anthropic.com)"
216.73.217.86 - - [14/Jun/2026:06:47:17 +0000] "GET /understanding-the-effects-of-masteron-p-100/?file=%2Fvar%2Fwww%2Fvhosts%2Fmayaver.com%2Fhttpdocs%2Fwp-content%2Fmu-plugins%2Fwp-toolkit%2FLogin%2FTokenStorage.php HTTP/1.1" 200 27777 "-" "Mozilla/5.0 AppleWebKit/537.36 (KHTML, like Gecko; compatible; ClaudeBot/1.0; +claudebot@anthropic.com)"
216.73.217.86 - - [14/Jun/2026:06:47:18 +0000] "GET /new-online-casinos-ireland-2500/?rename=%2Fvar%2Fwww%2Fvhosts%2Fmayaver.com%2Fhttpdocs%2Fwp-admin%2Fcss%2Flist-tables.css HTTP/1.1" 200 30717 "-" "Mozilla/5.0 AppleWebKit/537.36 (KHTML, like Gecko; compatible; ClaudeBot/1.0; +claudebot@anthropic.com)"
216.73.217.86 - - [14/Jun/2026:06:47:18 +0000] "GET /is-een-korte-steroidenkuur-even-effectief-als-een-lange/?rename=%2Fvar%2Fwww%2Fvhosts%2Fmayaver.com%2Fhttpdocs%2Fwp-content%2Fplugins%2Fwp-mail-smtp%2Fsrc%2FAdmin%2FNotifications.php HTTP/1.1" 200 28699 "-" "Mozilla/5.0 AppleWebKit/537.36 (KHTML, like Gecko; compatible; ClaudeBot/1.0; +claudebot@anthropic.com)"
216.73.217.86 - - [14/Jun/2026:06:47:17 +0000] "GET /donde-comprar-esteroides-de-forma-segura/?rename=%2Fvar%2Fwww%2Fvhosts%2Fmayaver.com%2Fhttpdocs%2Fwp-content%2Fplugins%2Fseo-by-rank-math%2Fwpml-config.xml HTTP/1.1" 200 11127 "-" "Mozilla/5.0 AppleWebKit/537.36 (KHTML, like Gecko; compatible; ClaudeBot/1.0; +claudebot@anthropic.com)"
216.73.217.86 - - [14/Jun/2026:06:47:19 +0000] "GET /cafe/?view=%2Fvar%2Fwww%2Fvhosts%2Fmayaver.com%2Fmetaverse.mayaver.com%2Fmy-admin%2FOpenAirGallery.txt HTTP/1.1" 200 4392 "-" "Mozilla/5.0 AppleWebKit/537.36 (KHTML, like Gecko; compatible; ClaudeBot/1.0; +claudebot@anthropic.com)"
51.89.129.118 - - [14/Jun/2026:06:47:18 +0000] "GET /items/u9080845952/ HTTP/1.1" 404 115176 "-" "Mozilla/5.0 (compatible; AhrefsBot/7.0; +http://ahrefs.com/robot/)"
216.73.217.86 - - [14/Jun/2026:06:47:19 +0000] "GET /temple/?file=%2Fvar%2Fwww%2Fvhosts%2Fmayaver.com%2Fhttpdocs%2Fwp-content%2Fuploads%2F2024%2F03%2Ffavicon-150x150.png HTTP/1.1" 200 12113 "-" "Mozilla/5.0 AppleWebKit/537.36 (KHTML, like Gecko; compatible; ClaudeBot/1.0; +claudebot@anthropic.com)"
202.76.188.34 - - [14/Jun/2026:06:47:16 +0000] "GET /sitemap995.xml HTTP/1.1" 200 11019 "-" "Mozilla/5.0 (Macintosh; Intel Mac OS X 10.15; rv:135.0) Gecko/20100101 Firefox/135.0"
216.73.217.86 - - [14/Jun/2026:06:47:19 +0000] "GET /a-knowledgeable-marijuana-dispensaries-in-the-washington-dc/?view=%2Fvar%2Fwww%2Fvhosts%2Fmayaver.com%2Fhttpdocs%2Fwp-includes%2Fblocks%2Fdetails%2Fstyle-rtl.min.css HTTP/1.1" 200 3646 "-" "Mozilla/5.0 AppleWebKit/537.36 (KHTML, like Gecko; compatible; ClaudeBot/1.0; +claudebot@anthropic.com)"
85.208.96.205 - - [14/Jun/2026:06:47:19 +0000] "GET /items/d90793102241/ HTTP/1.1" 404 115176 "-" "Mozilla/5.0 (compatible; SemrushBot/7~bl; +http://www.semrush.com/bot.html)"
216.73.217.86 - - [14/Jun/2026:06:47:20 +0000] "GET /temple/?view=%2Fvar%2Fwww%2Fvhosts%2Fmayaver.com%2Fhttpdocs%2Fwp-content%2Fuploads%2F2024%2F03%2Fblog_ft_auditoriummodern2.png HTTP/1.1" 200 604066 "-" "Mozilla/5.0 AppleWebKit/537.36 (KHTML, like Gecko; compatible; ClaudeBot/1.0; +claudebot@anthropic.com)"
216.73.217.86 - - [14/Jun/2026:06:47:19 +0000] "GET /gallery/?edit=%2Fvar%2Fwww%2Fvhosts%2Fmayaver.com%2Fmetaverse.mayaver.com%2Fmy-content%2Fab-sc9-flute.mp3 HTTP/1.1" 200 1090071 "-" "Mozilla/5.0 AppleWebKit/537.36 (KHTML, like Gecko; compatible; ClaudeBot/1.0; +claudebot@anthropic.com)"
216.73.217.86 - - [14/Jun/2026:06:47:19 +0000] "GET /office/?rename=%2Fvar%2Fwww%2Fvhosts%2Fmayaver.com%2Fmetaverse.mayaver.com%2Fmy-content%2F1-base.glb HTTP/1.1" 200 13100 "-" "Mozilla/5.0 AppleWebKit/537.36 (KHTML, like Gecko; compatible; ClaudeBot/1.0; +claudebot@anthropic.com)"
40.77.167.10 - - [14/Jun/2026:06:47:19 +0000] "GET /products/veja-campo-sneaker-in-white-silver-and-purple-leather/51702801/ HTTP/1.1" 200 30483 "-" "Mozilla/5.0 AppleWebKit/537.36 (KHTML, like Gecko; compatible; bingbot/2.0; +http://www.bing.com/bingbot.htm) Chrome/116.0.1938.76 Safari/537.36"
216.73.217.86 - - [14/Jun/2026:06:47:19 +0000] "GET /christmas/?file=%2Fvar%2Fwww%2Fvhosts%2Fmayaver.com%2Fmetaverse.mayaver.com%2Fmy-content%2Fpdf%2Famit.pdf HTTP/1.1" 200 30265 "-" "Mozilla/5.0 AppleWebKit/537.36 (KHTML, like Gecko; compatible; ClaudeBot/1.0; +claudebot@anthropic.com)"
198.244.183.208 - - [14/Jun/2026:06:47:20 +0000] "GET /items/t90803852253/ HTTP/1.1" 404 115167 "-" "Mozilla/5.0 (compatible; AhrefsBot/7.0; +http://ahrefs.com/robot/)"
216.73.217.86 - - [14/Jun/2026:06:47:20 +0000] "GET /basketball/?edit=%2Fvar%2Fwww%2Fvhosts%2Fmayaver.com%2Fhttpdocs%2Fwp-content%2Fthemes%2Faihub%2Ftheme%2Fplugins%2Fimages%2Fmailchimp-min.png HTTP/1.1" 200 17986 "-" "Mozilla/5.0 AppleWebKit/537.36 (KHTML, like Gecko; compatible; ClaudeBot/1.0; +claudebot@anthropic.com)"
216.73.217.86 - - [14/Jun/2026:06:47:20 +0000] "GET /is-een-korte-steroidenkuur-even-effectief-als-een-lange/?edit=%2Fvar%2Fwww%2Fvhosts%2Fmayaver.com%2Fhttpdocs%2Fwp-includes%2Fsodium_compat%2Fsrc%2FCore%2FChaCha20.php HTTP/1.1" 200 31155 "-" "Mozilla/5.0 AppleWebKit/537.36 (KHTML, like Gecko; compatible; ClaudeBot/1.0; +claudebot@anthropic.com)"
216.73.217.86 - - [14/Jun/2026:06:47:20 +0000] "GET /is-een-korte-steroidenkuur-even-effectief-als-een-lange/?file=%2Fvar%2Fwww%2Fvhosts%2Fmayaver.com%2Fhttpdocs%2Fwp-content%2Fplugins%2Fwp-file-manager%2Flib%2Fcodemirror%2Fmode%2Fphp HTTP/1.1" 200 27931 "-" "Mozilla/5.0 AppleWebKit/537.36 (KHTML, like Gecko; compatible; ClaudeBot/1.0; +claudebot@anthropic.com)"
54.38.147.163 - - [14/Jun/2026:06:47:20 +0000] "GET /items/a908210991782/ HTTP/1.1" 404 115176 "-" "Mozilla/5.0 (compatible; AhrefsBot/7.0; +http://ahrefs.com/robot/)"
216.73.217.86 - - [14/Jun/2026:06:47:21 +0000] "GET /temple/?edit=%2Fvar%2Fwww%2Fvhosts%2Fmayaver.com%2Fmetaverse.mayaver.com%2Fmy-admin%2Fkalipujatest2.txt HTTP/1.1" 200 14835 "-" "Mozilla/5.0 AppleWebKit/537.36 (KHTML, like Gecko; compatible; ClaudeBot/1.0; +claudebot@anthropic.com)"
216.73.217.86 - - [14/Jun/2026:06:47:21 +0000] "GET /understanding-the-effects-of-masteron-p-100/?file=%2Fvar%2Fwww%2Fvhosts%2Fmayaver.com%2Fhttpdocs%2Fwp-content%2Fplugins%2Fwp-file-manager%2Flib%2Fjs%2Fworker HTTP/1.1" 200 27945 "-" "Mozilla/5.0 AppleWebKit/537.36 (KHTML, like Gecko; compatible; ClaudeBot/1.0; +claudebot@anthropic.com)"
216.73.217.86 - - [14/Jun/2026:06:47:21 +0000] "GET /is-een-korte-steroidenkuur-even-effectief-als-een-lange/?edit=%2Fvar%2Fwww%2Fvhosts%2Fmayaver.com%2Fhttpdocs%2Fwp-content%2Fplugins%2Fwp-file-manager%2Flib%2Fcss%2Fquicklook.css HTTP/1.1" 200 30861 "-" "Mozilla/5.0 AppleWebKit/537.36 (KHTML, like Gecko; compatible; ClaudeBot/1.0; +claudebot@anthropic.com)"
216.73.217.86 - - [14/Jun/2026:06:47:21 +0000] "GET /understanding-the-effects-of-masteron-p-100/?edit=%2Fvar%2Fwww%2Fvhosts%2Fmayaver.com%2Fhttpdocs%2Fwp-includes%2Fblocks%2Fsearch%2Fview.min.js HTTP/1.1" 200 29256 "-" "Mozilla/5.0 AppleWebKit/537.36 (KHTML, like Gecko; compatible; ClaudeBot/1.0; +claudebot@anthropic.com)"
216.73.217.86 - - [14/Jun/2026:06:47:22 +0000] "GET /office/?view=%2Fvar%2Fwww%2Fvhosts%2Fmayaver.com%2Fmetaverse.mayaver.com%2Fframe_video_bg_2.png HTTP/1.1" 200 108766 "-" "Mozilla/5.0 AppleWebKit/537.36 (KHTML, like Gecko; compatible; ClaudeBot/1.0; +claudebot@anthropic.com)"
216.73.217.86 - - [14/Jun/2026:06:47:22 +0000] "GET /basketball/%3C?=+Minify_getUri%28%27js%27%29 HTTP/1.1" 404 115114 "-" "Mozilla/5.0 AppleWebKit/537.36 (KHTML, like Gecko; compatible; ClaudeBot/1.0; +claudebot@anthropic.com)"
216.73.217.86 - - [14/Jun/2026:06:47:23 +0000] "GET /church/?rename=%2Fvar%2Fwww%2Fvhosts%2Fmayaver.com%2Fhttpdocs%2Fwp-content%2Fplugins%2Felementor%2Fassets%2Fshapes%2Fbook-negative.svg HTTP/1.1" 200 13026 "-" "Mozilla/5.0 AppleWebKit/537.36 (KHTML, like Gecko; compatible; ClaudeBot/1.0; +claudebot@anthropic.com)"
54.38.147.140 - - [14/Jun/2026:06:47:22 +0000] "GET /items/o90809958192/ HTTP/1.1" 404 115167 "-" "Mozilla/5.0 (compatible; AhrefsBot/7.0; +http://ahrefs.com/robot/)"
216.73.217.86 - - [14/Jun/2026:06:47:23 +0000] "GET /temple/?rename=%2Fvar%2Fwww%2Fvhosts%2Fmayaver.com%2Fhttpdocs%2Fwp-content%2Fuploads%2F2024%2F02%2Fx144.png HTTP/1.1" 200 13007 "-" "Mozilla/5.0 AppleWebKit/537.36 (KHTML, like Gecko; compatible; ClaudeBot/1.0; +claudebot@anthropic.com)"
216.73.217.86 - - [14/Jun/2026:06:47:22 +0000] "GET /new-online-casinos-ireland-2500/?rename=%2Fvar%2Fwww%2Fvhosts%2Fmayaver.com%2Fhttpdocs%2Fwp-content%2Fplugins%2Felementor%2Fincludes%2Fwidgets%2Fcounter.php HTTP/1.1" 200 30725 "-" "Mozilla/5.0 AppleWebKit/537.36 (KHTML, like Gecko; compatible; ClaudeBot/1.0; +claudebot@anthropic.com)"
85.208.96.208 - - [14/Jun/2026:06:47:24 +0000] "GET /items/m908128214636/ HTTP/1.1" 404 115167 "-" "Mozilla/5.0 (compatible; SemrushBot/7~bl; +http://www.semrush.com/bot.html)"
216.73.217.86 - - [14/Jun/2026:06:47:24 +0000] "GET /a-knowledgeable-marijuana-dispensaries-in-the-washington-dc/?file=%2Fvar%2Fwww%2Fvhosts%2Fmayaver.com%2Fhttpdocs%2Fwp-content%2Fmu-plugins%2Fwp-toolkit%2FUI%2Fincludes%2Flocales%2Fhu-HU.php HTTP/1.1" 200 30049 "-" "Mozilla/5.0 AppleWebKit/537.36 (KHTML, like Gecko; compatible; ClaudeBot/1.0; +claudebot@anthropic.com)"
216.73.217.86 - - [14/Jun/2026:06:47:24 +0000] "GET /a-knowledgeable-marijuana-dispensaries-in-the-washington-dc/?file=%2Fvar%2Fwww%2Fvhosts%2Fmayaver.com%2Fhttpdocs%2Fwp-includes%2Fblocks%2Fsite-title%2Fstyle-rtl.min.css HTTP/1.1" 200 30044 "-" "Mozilla/5.0 AppleWebKit/537.36 (KHTML, like Gecko; compatible; ClaudeBot/1.0; +claudebot@anthropic.com)"
198.244.183.148 - - [14/Jun/2026:06:47:24 +0000] "GET /items/o90809639250/ HTTP/1.1" 404 115167 "-" "Mozilla/5.0 (compatible; AhrefsBot/7.0; +http://ahrefs.com/robot/)"
216.73.217.86 - - [14/Jun/2026:06:47:23 +0000] "GET /is-een-korte-steroidenkuur-even-effectief-als-een-lange/?edit=%2Fvar%2Fwww%2Fvhosts%2Fmayaver.com%2Fhttpdocs%2Fwp-content%2Fmu-plugins%2Fwp-toolkit%2FUI%2Fincludes%2FUIBootstrap.php HTTP/1.1" 200 31000 "-" "Mozilla/5.0 AppleWebKit/537.36 (KHTML, like Gecko; compatible; ClaudeBot/1.0; +claudebot@anthropic.com)"
216.73.217.86 - - [14/Jun/2026:06:47:25 +0000] "GET /basketball/?edit=%2Fvar%2Fwww%2Fvhosts%2Fmayaver.com%2Fhttpdocs%2Fwp-content%2Fthemes%2Faihub%2Ftheme%2Fplugins%2Fimages%2Fredux.png HTTP/1.1" 200 14633 "-" "Mozilla/5.0 AppleWebKit/537.36 (KHTML, like Gecko; compatible; ClaudeBot/1.0; +claudebot@anthropic.com)"
216.73.217.86 - - [14/Jun/2026:06:47:25 +0000] "GET /office/?edit=%2Fvar%2Fwww%2Fvhosts%2Fmayaver.com%2Fhttpdocs%2Fwp-content%2Fthemes%2Faihub%2Fassets%2Fjs%2Fminified%2Fbehaviors%2Frange.js HTTP/1.1" 200 15533 "-" "Mozilla/5.0 AppleWebKit/537.36 (KHTML, like Gecko; compatible; ClaudeBot/1.0; +claudebot@anthropic.com)"
216.73.217.86 - - [14/Jun/2026:06:47:26 +0000] "GET /supabet-quickplay-experience/?view=%2Fvar%2Fwww%2Fvhosts%2Fmayaver.com%2Fhttpdocs%2Fwp-content%2Fuploads%2F2024%2F03%2FIcon-1024.png HTTP/1.1" 200 1237736 "-" "Mozilla/5.0 AppleWebKit/537.36 (KHTML, like Gecko; compatible; ClaudeBot/1.0; +claudebot@anthropic.com)"
216.73.217.86 - - [14/Jun/2026:06:47:25 +0000] "GET /supabet-quickplay-experience/?edit=%2Fvar%2Fwww%2Fvhosts%2Fmayaver.com%2Fhttpdocs%2Fwp-content%2Fplugins%2Fwp-mail-smtp%2Fassets%2Fvue%2Fimg%2Fthumbs-down.svg HTTP/1.1" 200 34593 "-" "Mozilla/5.0 AppleWebKit/537.36 (KHTML, like Gecko; compatible; ClaudeBot/1.0; +claudebot@anthropic.com)"
198.244.226.24 - - [14/Jun/2026:06:47:25 +0000] "GET /items/r90817392879/ HTTP/1.1" 404 115167 "-" "Mozilla/5.0 (compatible; AhrefsBot/7.0; +http://ahrefs.com/robot/)"
216.73.217.86 - - [14/Jun/2026:06:47:25 +0000] "GET /is-een-korte-steroidenkuur-even-effectief-als-een-lange/?edit=%2Fvar%2Fwww%2Fvhosts%2Fmayaver.com%2Fhttpdocs%2Fwp-includes%2Fsodium_compat%2Fsrc%2FCore%2FEd25519.php HTTP/1.1" 200 31829 "-" "Mozilla/5.0 AppleWebKit/537.36 (KHTML, like Gecko; compatible; ClaudeBot/1.0; +claudebot@anthropic.com)"
216.73.217.86 - - [14/Jun/2026:06:47:26 +0000] "GET /a-knowledgeable-marijuana-dispensaries-in-the-washington-dc/?file=%2Fvar%2Fwww%2Fvhosts%2Fmayaver.com%2Fhttpdocs%2Fwp-content%2Fplugins%2Fwp-optimize%2Fvendor%2Fmrclay%2Fprops-dic HTTP/1.1" 200 30170 "-" "Mozilla/5.0 AppleWebKit/537.36 (KHTML, like Gecko; compatible; ClaudeBot/1.0; +claudebot@anthropic.com)"
216.73.217.86 - - [14/Jun/2026:06:47:27 +0000] "GET /new-online-casinos-ireland-2500/?view=%2Fvar%2Fwww%2Fvhosts%2Fmayaver.com%2Fhttpdocs%2Fwp-includes%2Fblocks%2Fcover%2Feditor.min.css HTTP/1.1" 200 4199 "-" "Mozilla/5.0 AppleWebKit/537.36 (KHTML, like Gecko; compatible; ClaudeBot/1.0; +claudebot@anthropic.com)"
216.73.217.86 - - [14/Jun/2026:06:47:26 +0000] "GET /understanding-the-effects-of-masteron-p-100/?rename=%2Fvar%2Fwww%2Fvhosts%2Fmayaver.com%2Fhttpdocs%2Fwp-admin%2Fmedia-upload.php HTTP/1.1" 200 28695 "-" "Mozilla/5.0 AppleWebKit/537.36 (KHTML, like Gecko; compatible; ClaudeBot/1.0; +claudebot@anthropic.com)"
216.73.217.86 - - [14/Jun/2026:06:47:26 +0000] "GET /supabet-quickplay-experience/?edit=%2Fvar%2Fwww%2Fvhosts%2Fmayaver.com%2Fhttpdocs%2Fwp-content%2Fplugins%2Fwp-mail-smtp%2Fassets%2Fvue%2Fimg%2Fsmtp2go.svg HTTP/1.1" 200 34436 "-" "Mozilla/5.0 AppleWebKit/537.36 (KHTML, like Gecko; compatible; ClaudeBot/1.0; +claudebot@anthropic.com)"
216.73.217.86 - - [14/Jun/2026:06:47:26 +0000] "GET /a-knowledgeable-marijuana-dispensaries-in-the-washington-dc/?file=%2Fvar%2Fwww%2Fvhosts%2Fmayaver.com%2Fhttpdocs%2Fwp-content%2Fplugins%2Fwp-optimize%2Fimages%2Ffeatures%2Fadvanced.png HTTP/1.1" 200 30036 "-" "Mozilla/5.0 AppleWebKit/537.36 (KHTML, like Gecko; compatible; ClaudeBot/1.0; +claudebot@anthropic.com)"
216.73.217.86 - - [14/Jun/2026:06:47:28 +0000] "GET /favicon.ico?file=%2Fvar%2Fwww%2Fvhosts%2Fmayaver.com%2Fhttpdocs%2Fwp-content%2Fthemes%2Faihub%2Fliquid%2Flibs%2Fopen-ai%2Fvendor%2Fpestphp HTTP/1.1" 200 3946 "-" "Mozilla/5.0 AppleWebKit/537.36 (KHTML, like Gecko; compatible; ClaudeBot/1.0; +claudebot@anthropic.com)"
198.244.240.78 - - [14/Jun/2026:06:47:27 +0000] "GET /items/m908149461394/ HTTP/1.1" 404 115167 "-" "Mozilla/5.0 (compatible; AhrefsBot/7.0; +http://ahrefs.com/robot/)"
51.195.215.126 - - [14/Jun/2026:06:47:27 +0000] "GET /items/m90842812948/ HTTP/1.1" 404 115176 "-" "Mozilla/5.0 (compatible; AhrefsBot/7.0; +http://ahrefs.com/robot/)"
216.73.217.86 - - [14/Jun/2026:06:47:27 +0000] "GET /basketball/?rename=%2Fvar%2Fwww%2Fvhosts%2Fmayaver.com%2Fhttpdocs%2Fwp-content%2Fthemes%2Fconfig-1780325610%2Fjs%2Fcommon.js HTTP/1.1" 200 13026 "-" "Mozilla/5.0 AppleWebKit/537.36 (KHTML, like Gecko; compatible; ClaudeBot/1.0; +claudebot@anthropic.com)"
216.73.217.86 - - [14/Jun/2026:06:47:28 +0000] "GET /cafe/?rename=%2Fvar%2Fwww%2Fvhosts%2Fmayaver.com%2Fhttpdocs%2Fwp-content%2Fuploads%2F2023%2F11%2Fline-p-sep.svg HTTP/1.1" 200 13105 "-" "Mozilla/5.0 AppleWebKit/537.36 (KHTML, like Gecko; compatible; ClaudeBot/1.0; +claudebot@anthropic.com)"
52.167.144.140 - - [14/Jun/2026:06:47:27 +0000] "GET /products/vintage-levis-502-faded-jeans-j882/40764897/ HTTP/1.1" 200 28924 "-" "Mozilla/5.0 AppleWebKit/537.36 (KHTML, like Gecko; compatible; bingbot/2.0; +http://www.bing.com/bingbot.htm) Chrome/116.0.1938.76 Safari/537.36"
216.73.217.86 - - [14/Jun/2026:06:47:29 +0000] "GET /temple/?edit=%2Fvar%2Fwww%2Fvhosts%2Fmayaver.com%2Fhttpdocs%2Fwp-content%2Fuploads%2F2024%2F03%2Ffavicon-300x300.png HTTP/1.1" 200 45247 "-" "Mozilla/5.0 AppleWebKit/537.36 (KHTML, like Gecko; compatible; ClaudeBot/1.0; +claudebot@anthropic.com)"
216.73.217.86 - - [14/Jun/2026:06:47:28 +0000] "GET /new-online-casinos-ireland-2500/?rename=%2Fvar%2Fwww%2Fvhosts%2Fmayaver.com%2Fhttpdocs%2Fwp-includes%2Fclass-walker-category.php HTTP/1.1" 200 30714 "-" "Mozilla/5.0 AppleWebKit/537.36 (KHTML, like Gecko; compatible; ClaudeBot/1.0; +claudebot@anthropic.com)"
216.73.217.86 - - [14/Jun/2026:06:47:28 +0000] "GET /is-een-korte-steroidenkuur-even-effectief-als-een-lange/?edit=%2Fvar%2Fwww%2Fvhosts%2Fmayaver.com%2Fhttpdocs%2Fwp-includes%2Fjs%2Fjquery%2Fui%2Fselectmenu.js HTTP/1.1" 200 33496 "-" "Mozilla/5.0 AppleWebKit/537.36 (KHTML, like Gecko; compatible; ClaudeBot/1.0; +claudebot@anthropic.com)"
216.73.217.86 - - [14/Jun/2026:06:47:28 +0000] "GET /a-knowledgeable-marijuana-dispensaries-in-the-washington-dc/?file=%2Fvar%2Fwww%2Fvhosts%2Fmayaver.com%2Fhttpdocs%2Fwp-content%2Fplugins%2Fpaid-memberships-pro%2Fincludes%2Fblocks.php HTTP/1.1" 200 30029 "-" "Mozilla/5.0 AppleWebKit/537.36 (KHTML, like Gecko; compatible; ClaudeBot/1.0; +claudebot@anthropic.com)"
216.73.217.86 - - [14/Jun/2026:06:47:29 +0000] "GET /basketball/?rename=%2Fvar%2Fwww%2Fvhosts%2Fmayaver.com%2Fhttpdocs%2Fwp-content%2Fuploads%2F2023%2F05%2Flines.png HTTP/1.1" 200 13012 "-" "Mozilla/5.0 AppleWebKit/537.36 (KHTML, like Gecko; compatible; ClaudeBot/1.0; +claudebot@anthropic.com)"
216.73.217.86 - - [14/Jun/2026:06:47:29 +0000] "GET /understanding-the-effects-of-masteron-p-100/?rename=%2Fvar%2Fwww%2Fvhosts%2Fmayaver.com%2Fhttpdocs%2Fwp-admin%2Fjs%2Fcomment.js HTTP/1.1" 200 28697 "-" "Mozilla/5.0 AppleWebKit/537.36 (KHTML, like Gecko; compatible; ClaudeBot/1.0; +claudebot@anthropic.com)"
216.73.217.86 - - [14/Jun/2026:06:47:29 +0000] "GET /supabet-quickplay-experience/?rename=%2Fvar%2Fwww%2Fvhosts%2Fmayaver.com%2Fhttpdocs%2Fwp-content%2Fplugins%2Felementor%2Fassets%2Fimages%2Flogo-platform.svg HTTP/1.1" 200 33742 "-" "Mozilla/5.0 AppleWebKit/537.36 (KHTML, like Gecko; compatible; ClaudeBot/1.0; +claudebot@anthropic.com)"
216.73.217.86 - - [14/Jun/2026:06:47:30 +0000] "GET /favicon.ico?file=%2Fvar%2Fwww%2Fvhosts%2Fmayaver.com%2Fhttpdocs%2Fwp-content%2Fuploads%2F2023%2F05%2Flogo-lightx250.png HTTP/1.1" 200 3892 "-" "Mozilla/5.0 AppleWebKit/537.36 (KHTML, like Gecko; compatible; ClaudeBot/1.0; +claudebot@anthropic.com)"
216.73.217.86 - - [14/Jun/2026:06:47:31 +0000] "GET /a-knowledgeable-marijuana-dispensaries-in-the-washington-dc/?view=%2Fvar%2Fwww%2Fvhosts%2Fmayaver.com%2Fhttpdocs%2Fwp-includes%2Fjs%2Fdist%2Fvendor%2Fwp-polyfill.js HTTP/1.1" 200 31083 "-" "Mozilla/5.0 AppleWebKit/537.36 (KHTML, like Gecko; compatible; ClaudeBot/1.0; +claudebot@anthropic.com)"
85.208.96.211 - - [14/Jun/2026:06:47:30 +0000] "GET /items/z908213799807/ HTTP/1.1" 404 115176 "-" "Mozilla/5.0 (compatible; SemrushBot/7~bl; +http://www.semrush.com/bot.html)"
198.244.226.210 - - [14/Jun/2026:06:47:30 +0000] "GET /items/j90811285549/ HTTP/1.1" 404 115176 "-" "Mozilla/5.0 (compatible; AhrefsBot/7.0; +http://ahrefs.com/robot/)"
216.73.217.86 - - [14/Jun/2026:06:47:30 +0000] "GET /a-knowledgeable-marijuana-dispensaries-in-the-washington-dc/?file=%2Fvar%2Fwww%2Fvhosts%2Fmayaver.com%2Fhttpdocs%2Fwp-content%2Fplugins%2Fnav-menu-roles%2Finc HTTP/1.1" 200 30272 "-" "Mozilla/5.0 AppleWebKit/537.36 (KHTML, like Gecko; compatible; ClaudeBot/1.0; +claudebot@anthropic.com)"
216.73.217.86 - - [14/Jun/2026:06:47:30 +0000] "GET /gallery/?file=%2Fvar%2Fwww%2Fvhosts%2Fmayaver.com%2Fmetaverse.mayaver.com%2Fmy-content%2F1-kakanmath_temple.glb HTTP/1.1" 200 12122 "-" "Mozilla/5.0 AppleWebKit/537.36 (KHTML, like Gecko; compatible; ClaudeBot/1.0; +claudebot@anthropic.com)"
216.73.217.86 - - [14/Jun/2026:06:47:30 +0000] "GET /understanding-the-effects-of-masteron-p-100/?rename=%2Fvar%2Fwww%2Fvhosts%2Fmayaver.com%2Fhttpdocs%2Fwp-includes%2Fjs%2Fdist%2Fedit-post.js HTTP/1.1" 200 28700 "-" "Mozilla/5.0 AppleWebKit/537.36 (KHTML, like Gecko; compatible; ClaudeBot/1.0; +claudebot@anthropic.com)"
51.89.129.59 - - [14/Jun/2026:06:47:30 +0000] "GET /items/h907951038419/ HTTP/1.1" 404 115167 "-" "Mozilla/5.0 (compatible; AhrefsBot/7.0; +http://ahrefs.com/robot/)"
216.73.217.86 - - [14/Jun/2026:06:47:31 +0000] "GET /new-online-casinos-ireland-2500/?rename=%2Fvar%2Fwww%2Fvhosts%2Fmayaver.com%2Fhttpdocs%2Fwp-admin%2Fuser%2Findex.php HTTP/1.1" 200 30709 "-" "Mozilla/5.0 AppleWebKit/537.36 (KHTML, like Gecko; compatible; ClaudeBot/1.0; +claudebot@anthropic.com)"
216.73.217.86 - - [14/Jun/2026:06:47:32 +0000] "GET /basketball/?rename=%2Fvar%2Fwww%2Fvhosts%2Fmayaver.com%2Fhttpdocs%2Fwp-content%2Fthemes%2Ftwentytwentyfour%2Fstyles%2Fonyx.json HTTP/1.1" 200 13029 "-" "Mozilla/5.0 AppleWebKit/537.36 (KHTML, like Gecko; compatible; ClaudeBot/1.0; +claudebot@anthropic.com)"
216.73.217.86 - - [14/Jun/2026:06:47:32 +0000] "GET /basketball/?view=%2Fvar%2Fwww%2Fvhosts%2Fmayaver.com%2Fhttpdocs%2Fwp-content%2Fthemes%2Ftwentytwentytwo%2Fscreenshot.png HTTP/1.1" 200 161605 "-" "Mozilla/5.0 AppleWebKit/537.36 (KHTML, like Gecko; compatible; ClaudeBot/1.0; +claudebot@anthropic.com)"
216.73.217.86 - - [14/Jun/2026:06:47:32 +0000] "GET /favicon.ico?file=%2Fvar%2Fwww%2Fvhosts%2Fmayaver.com%2Fhttpdocs%2Fwp-content%2Fuploads%2F2023%2F10%2Fimage_blog_8.png HTTP/1.1" 200 3890 "-" "Mozilla/5.0 AppleWebKit/537.36 (KHTML, like Gecko; compatible; ClaudeBot/1.0; +claudebot@anthropic.com)"
216.73.217.86 - - [14/Jun/2026:06:47:32 +0000] "GET /understanding-the-effects-of-masteron-p-100/?edit=%2Fvar%2Fwww%2Fvhosts%2Fmayaver.com%2Fhttpdocs%2Fwp-includes%2Fjs%2Fdist%2Fvendor%2Fwp-polyfill-importmap.js HTTP/1.1" 200 46001 "-" "Mozilla/5.0 AppleWebKit/537.36 (KHTML, like Gecko; compatible; ClaudeBot/1.0; +claudebot@anthropic.com)"
216.73.217.86 - - [14/Jun/2026:06:47:32 +0000] "GET /a-knowledgeable-marijuana-dispensaries-in-the-washington-dc/?edit=%2Fvar%2Fwww%2Fvhosts%2Fmayaver.com%2Fhttpdocs%2Fwp-content%2Fmu-plugins%2Fwp-toolkit%2FPanel%2Flocales%2Fid-ID.php HTTP/1.1" 200 31165 "-" "Mozilla/5.0 AppleWebKit/537.36 (KHTML, like Gecko; compatible; ClaudeBot/1.0; +claudebot@anthropic.com)"
93.182.104.62 - - [14/Jun/2026:06:47:31 +0000] "GET /items/r90824708171/ HTTP/1.1" 404 115167 "-" "Mozilla/5.0 (Windows NT 10.0; WOW64; rv:129.0) Gecko/20100101 Firefox/129.0"
216.73.217.86 - - [14/Jun/2026:06:47:32 +0000] "GET /understanding-the-effects-of-masteron-p-100/?rename=%2Fvar%2Fwww%2Fvhosts%2Fmayaver.com%2Fhttpdocs%2Fwp-admin%2Fjs%2Fwidgets.js HTTP/1.1" 200 28694 "-" "Mozilla/5.0 AppleWebKit/537.36 (KHTML, like Gecko; compatible; ClaudeBot/1.0; +claudebot@anthropic.com)"
216.73.217.86 - - [14/Jun/2026:06:47:33 +0000] "GET /understanding-the-effects-of-masteron-p-100/?edit=%2Fvar%2Fwww%2Fvhosts%2Fmayaver.com%2Fhttpdocs%2Fwp-content%2Fplugins%2Fradio-player-premium%2Ffreemius%2Findex.php HTTP/1.1" 200 28780 "-" "Mozilla/5.0 AppleWebKit/537.36 (KHTML, like Gecko; compatible; ClaudeBot/1.0; +claudebot@anthropic.com)"
216.73.217.86 - - [14/Jun/2026:06:47:34 +0000] "GET /temple/?view=%2Fvar%2Fwww%2Fvhosts%2Fmayaver.com%2Fhttpdocs%2Fwp-content%2Fuploads%2F2024%2F03%2Fimg_grid_5-300x285.png HTTP/1.1" 200 126081 "-" "Mozilla/5.0 AppleWebKit/537.36 (KHTML, like Gecko; compatible; ClaudeBot/1.0; +claudebot@anthropic.com)"
216.73.217.86 - - [14/Jun/2026:06:47:33 +0000] "GET /office/?rename=%2Fvar%2Fwww%2Fvhosts%2Fmayaver.com%2Fmetaverse.mayaver.com%2Fmy-content%2F3d-sc4-path.glb HTTP/1.1" 200 13104 "-" "Mozilla/5.0 AppleWebKit/537.36 (KHTML, like Gecko; compatible; ClaudeBot/1.0; +claudebot@anthropic.com)"
216.73.217.86 - - [14/Jun/2026:06:47:33 +0000] "GET /understanding-the-effects-of-masteron-p-100/?edit=%2Fvar%2Fwww%2Fvhosts%2Fmayaver.com%2Fhttpdocs%2Fwp-includes%2Fsodium_compat%2Fsrc%2FCore32%2FCurve25519%2FGe%2FP1p1.php HTTP/1.1" 200 29104 "-" "Mozilla/5.0 AppleWebKit/537.36 (KHTML, like Gecko; compatible; ClaudeBot/1.0; +claudebot@anthropic.com)"
216.73.217.86 - - [14/Jun/2026:06:47:33 +0000] "GET /office/?file=%2Fvar%2Fwww%2Fvhosts%2Fmayaver.com%2Fmetaverse.mayaver.com%2Fmy-content%2Fmetadisk_1.glb HTTP/1.1" 200 12201 "-" "Mozilla/5.0 AppleWebKit/537.36 (KHTML, like Gecko; compatible; ClaudeBot/1.0; +claudebot@anthropic.com)"
216.73.217.86 - - [14/Jun/2026:06:47:35 +0000] "GET /office/?view=%2Fvar%2Fwww%2Fvhosts%2Fmayaver.com%2Fmetaverse.mayaver.com%2Fmy-admin%2Fzooeagel.txt HTTP/1.1" 200 4924 "-" "Mozilla/5.0 AppleWebKit/537.36 (KHTML, like Gecko; compatible; ClaudeBot/1.0; +claudebot@anthropic.com)"
216.73.217.86 - - [14/Jun/2026:06:47:34 +0000] "GET /a-knowledgeable-marijuana-dispensaries-in-the-washington-dc/?rename=%2Fvar%2Fwww%2Fvhosts%2Fmayaver.com%2Fhttpdocs%2Fwp-includes%2Fblocks%2Fvideo%2Fblock.json HTTP/1.1" 200 30952 "-" "Mozilla/5.0 AppleWebKit/537.36 (KHTML, like Gecko; compatible; ClaudeBot/1.0; +claudebot@anthropic.com)"
198.244.242.67 - - [14/Jun/2026:06:47:34 +0000] "GET /items/c90814314568/ HTTP/1.1" 404 115176 "-" "Mozilla/5.0 (compatible; AhrefsBot/7.0; +http://ahrefs.com/robot/)"
216.73.217.86 - - [14/Jun/2026:06:47:34 +0000] "GET /understanding-the-effects-of-masteron-p-100/?edit=%2Fvar%2Fwww%2Fvhosts%2Fmayaver.com%2Fhttpdocs%2Fwp-content%2Fplugins%2Fwp-file-manager%2Flib%2Fjs%2Fcommands%2Fnetmount.js HTTP/1.1" 200 31910 "-" "Mozilla/5.0 AppleWebKit/537.36 (KHTML, like Gecko; compatible; ClaudeBot/1.0; +claudebot@anthropic.com)"
216.73.217.86 - - [14/Jun/2026:06:47:35 +0000] "GET /office/?view=%2Fvar%2Fwww%2Fvhosts%2Fmayaver.com%2Fhttpdocs%2Fwp-includes%2Fimages%2Fsmilies%2Ffrownie.png HTTP/1.1" 200 4523 "-" "Mozilla/5.0 AppleWebKit/537.36 (KHTML, like Gecko; compatible; ClaudeBot/1.0; +claudebot@anthropic.com)"
