216.73.217.86 - - [14/Jun/2026:06:37:30 +0000] "GET /favicon.ico?file=%2Fvar%2Fwww%2Fvhosts%2Fmayaver.com%2Fhttpdocs%2Fwp-admin%2Fimages%2Ffreedom-3.svg HTTP/1.1" 200 3884 "-" "Mozilla/5.0 AppleWebKit/537.36 (KHTML, like Gecko; compatible; ClaudeBot/1.0; +claudebot@anthropic.com)"
52.167.144.216 - - [14/Jun/2026:06:37:28 +0000] "GET /products/jean-paul-gaultier-3-star-military-collection-archive-wallet/24379641/ HTTP/1.1" 200 29010 "-" "Mozilla/5.0 AppleWebKit/537.36 (KHTML, like Gecko; compatible; bingbot/2.0; +http://www.bing.com/bingbot.htm) Chrome/116.0.1938.76 Safari/537.36"
216.73.217.86 - - [14/Jun/2026:06:37:30 +0000] "GET /favicon.ico?edit=%2Fvar%2Fwww%2Fvhosts%2Fmayaver.com%2Fhttpdocs%2Fwp-content%2Fthemes%2Faihub%2Fliquid%2Flibs%2Fopen-ai%2Fsrc%2FOpenAi.php HTTP/1.1" 200 6890 "-" "Mozilla/5.0 AppleWebKit/537.36 (KHTML, like Gecko; compatible; ClaudeBot/1.0; +claudebot@anthropic.com)"
216.73.217.86 - - [14/Jun/2026:06:37:30 +0000] "GET /new-online-casinos-ireland-2500/?view=%2Fvar%2Fwww%2Fvhosts%2Fmayaver.com%2Fhttpdocs%2Fwp-content%2Fplugins%2Fwp-optimize%2Fjs%2FblockUI.js HTTP/1.1" 200 3875 "-" "Mozilla/5.0 AppleWebKit/537.36 (KHTML, like Gecko; compatible; ClaudeBot/1.0; +claudebot@anthropic.com)"
216.73.217.86 - - [14/Jun/2026:06:37:30 +0000] "GET /donde-comprar-esteroides-de-forma-segura/?rename=%2Fvar%2Fwww%2Fvhosts%2Fmayaver.com%2Fhttpdocs%2Fwp-content%2Fuploads%2Fwpforms%2Fcache%2Femail-summaries.json HTTP/1.1" 200 29137 "-" "Mozilla/5.0 AppleWebKit/537.36 (KHTML, like Gecko; compatible; ClaudeBot/1.0; +claudebot@anthropic.com)"
216.73.217.86 - - [14/Jun/2026:06:37:31 +0000] "GET /favicon.ico?file=%2Fvar%2Fwww%2Fvhosts%2Fmayaver.com%2Fhttpdocs%2Fwp-content%2Fplugins%2Fpmpro-strong-passwords%2Fvendor%2Fsymfony HTTP/1.1" 200 3946 "-" "Mozilla/5.0 AppleWebKit/537.36 (KHTML, like Gecko; compatible; ClaudeBot/1.0; +claudebot@anthropic.com)"
216.73.217.86 - - [14/Jun/2026:06:37:31 +0000] "GET /donde-comprar-esteroides-de-forma-segura/?view=%2Fvar%2Fwww%2Fvhosts%2Fmayaver.com%2Fhttpdocs%2Fwp-content%2Fplugins%2Fpaid-memberships-pro%2Funinstall.php HTTP/1.1" 200 4375 "-" "Mozilla/5.0 AppleWebKit/537.36 (KHTML, like Gecko; compatible; ClaudeBot/1.0; +claudebot@anthropic.com)"
216.73.217.86 - - [14/Jun/2026:06:37:31 +0000] "GET /favicon.ico?view=%2Fvar%2Fwww%2Fvhosts%2Fmayaver.com%2Fhttpdocs%2Fwp-admin%2Fimages%2Flist-2x.png HTTP/1.1" 200 5096 "-" "Mozilla/5.0 AppleWebKit/537.36 (KHTML, like Gecko; compatible; ClaudeBot/1.0; +claudebot@anthropic.com)"
216.73.217.86 - - [14/Jun/2026:06:37:31 +0000] "GET /category/metaverse/?rename=%2Fvar%2Fwww%2Fvhosts%2Fmayaver.com%2Fhttpdocs%2Fwp-content%2Fthemes%2Faihub%2Fsearch.php HTTP/1.1" 200 27216 "-" "Mozilla/5.0 AppleWebKit/537.36 (KHTML, like Gecko; compatible; ClaudeBot/1.0; +claudebot@anthropic.com)"
216.73.217.86 - - [14/Jun/2026:06:37:31 +0000] "GET /favicon.ico?file=%2Fvar%2Fwww%2Fvhosts%2Fmayaver.com%2Fhttpdocs%2Fwp-admin%2Fimages%2Falign-center.png HTTP/1.1" 200 3883 "-" "Mozilla/5.0 AppleWebKit/537.36 (KHTML, like Gecko; compatible; ClaudeBot/1.0; +claudebot@anthropic.com)"
185.191.171.13 - - [14/Jun/2026:06:37:31 +0000] "GET /items/p90817356919/ HTTP/1.1" 404 115176 "-" "Mozilla/5.0 (compatible; SemrushBot/7~bl; +http://www.semrush.com/bot.html)"
216.73.217.86 - - [14/Jun/2026:06:37:32 +0000] "GET /office/?file=%2Fvar%2Fwww%2Fvhosts%2Fmayaver.com%2Fhttpdocs%2Fwp-content%2Fplugins%2Fseo-by-rank-math%2Fvendor%2Fwoocommerce HTTP/1.1" 200 12249 "-" "Mozilla/5.0 AppleWebKit/537.36 (KHTML, like Gecko; compatible; ClaudeBot/1.0; +claudebot@anthropic.com)"
216.73.217.86 - - [14/Jun/2026:06:37:33 +0000] "GET /favicon.ico?edit=%2Fvar%2Fwww%2Fvhosts%2Fmayaver.com%2Fhttpdocs%2Fwp-admin%2Fimages%2Fmedia-button-other.gif HTTP/1.1" 200 5048 "-" "Mozilla/5.0 AppleWebKit/537.36 (KHTML, like Gecko; compatible; ClaudeBot/1.0; +claudebot@anthropic.com)"
216.73.217.86 - - [14/Jun/2026:06:37:32 +0000] "GET /basketball/?edit=%2Fvar%2Fwww%2Fvhosts%2Fmayaver.com%2Fhttpdocs%2Fwp-content%2Fplugins%2Felementor%2Fassets%2Fsvg-paths%2Foval.svg HTTP/1.1" 200 13226 "-" "Mozilla/5.0 AppleWebKit/537.36 (KHTML, like Gecko; compatible; ClaudeBot/1.0; +claudebot@anthropic.com)"
216.73.217.86 - - [14/Jun/2026:06:37:32 +0000] "GET /supabet-quickplay-experience/?rename=%2Fvar%2Fwww%2Fvhosts%2Fmayaver.com%2Fhttpdocs%2Fwp-content%2Fplugins%2Faihub-core%2Fclasses%2Fwoo-ajax-search.php HTTP/1.1" 200 33742 "-" "Mozilla/5.0 AppleWebKit/537.36 (KHTML, like Gecko; compatible; ClaudeBot/1.0; +claudebot@anthropic.com)"
216.73.217.86 - - [14/Jun/2026:06:37:32 +0000] "GET /new-online-casinos-ireland-2500/?edit=%2Fvar%2Fwww%2Fvhosts%2Fmayaver.com%2Fhttpdocs%2Fwp-content%2Fplugins%2Felementor%2Fincludes%2Fwidgets%2Fimage-box.php HTTP/1.1" 200 34252 "-" "Mozilla/5.0 AppleWebKit/537.36 (KHTML, like Gecko; compatible; ClaudeBot/1.0; +claudebot@anthropic.com)"
216.73.217.86 - - [14/Jun/2026:06:37:34 +0000] "GET /new-online-casinos-ireland-2500/?view=%2Fvar%2Fwww%2Fvhosts%2Fmayaver.com%2Fhttpdocs%2Fwp-content%2Fplugins%2Felementor%2Fincludes%2Fwidgets%2Fimage.php HTTP/1.1" 200 7407 "-" "Mozilla/5.0 AppleWebKit/537.36 (KHTML, like Gecko; compatible; ClaudeBot/1.0; +claudebot@anthropic.com)"
5.141.149.207 - - [14/Jun/2026:06:37:32 +0000] "GET /items/m908285536446/ HTTP/1.1" 404 115176 "-" "Mozilla/5.0 (Macintosh; Intel Mac OS X 12_7_2) AppleWebKit/537.36 (KHTML, like Gecko) Chrome/130.0.6723.191 Safari/537.36"
216.73.217.86 - - [14/Jun/2026:06:37:35 +0000] "GET /opera-stage/?view=%2Fvar%2Fwww%2Fvhosts%2Fmayaver.com%2Fhttpdocs%2Fwp-content%2Fthemes%2Faihub%2Farchive-liquid-portfolio.php HTTP/1.1" 200 3889 "-" "Mozilla/5.0 AppleWebKit/537.36 (KHTML, like Gecko; compatible; ClaudeBot/1.0; +claudebot@anthropic.com)"
216.73.217.86 - - [14/Jun/2026:06:37:34 +0000] "GET /office/?rename=%2Fvar%2Fwww%2Fvhosts%2Fmayaver.com%2Fhttpdocs%2Fwp-content%2Fmu-plugins%2Fwp-toolkit%2FPanel%2Flocales%2Fde-DE.php HTTP/1.1" 200 13120 "-" "Mozilla/5.0 AppleWebKit/537.36 (KHTML, like Gecko; compatible; ClaudeBot/1.0; +claudebot@anthropic.com)"
216.73.217.86 - - [14/Jun/2026:06:37:34 +0000] "GET /basketball/?edit=%2Fvar%2Fwww%2Fvhosts%2Fmayaver.com%2Fhttpdocs%2Fwp-content%2Fplugins%2Fwp-optimize%2Fimages%2Fnotices%2Fkeyy_logo.png HTTP/1.1" 200 15296 "-" "Mozilla/5.0 AppleWebKit/537.36 (KHTML, like Gecko; compatible; ClaudeBot/1.0; +claudebot@anthropic.com)"
216.73.217.86 - - [14/Jun/2026:06:37:34 +0000] "GET /donde-comprar-esteroides-de-forma-segura/?file=%2Fvar%2Fwww%2Fvhosts%2Fmayaver.com%2Fhttpdocs%2Fwp-content%2Fmu-plugins%2Fwp-toolkit HTTP/1.1" 200 28405 "-" "Mozilla/5.0 AppleWebKit/537.36 (KHTML, like Gecko; compatible; ClaudeBot/1.0; +claudebot@anthropic.com)"
216.73.217.86 - - [14/Jun/2026:06:37:36 +0000] "GET /temple/?view=%2Fvar%2Fwww%2Fvhosts%2Fmayaver.com%2Fmetaverse.mayaver.com%2Fmy-admin%2Ffavicon.ico HTTP/1.1" 200 6778 "-" "Mozilla/5.0 AppleWebKit/537.36 (KHTML, like Gecko; compatible; ClaudeBot/1.0; +claudebot@anthropic.com)"
216.73.217.86 - - [14/Jun/2026:06:37:35 +0000] "GET /understanding-the-effects-of-masteron-p-100/?edit=%2Fvar%2Fwww%2Fvhosts%2Fmayaver.com%2FSendGrid%2Fexamples%2Fuser%2Fuser.php HTTP/1.1" 200 30211 "-" "Mozilla/5.0 AppleWebKit/537.36 (KHTML, like Gecko; compatible; ClaudeBot/1.0; +claudebot@anthropic.com)"
216.73.217.86 - - [14/Jun/2026:06:37:36 +0000] "GET /basketball/?view=%2Fvar%2Fwww%2Fvhosts%2Fmayaver.com%2Fhttpdocs%2Fwp-includes%2Fimages%2Fxit.gif HTTP/1.1" 200 3749 "-" "Mozilla/5.0 AppleWebKit/537.36 (KHTML, like Gecko; compatible; ClaudeBot/1.0; +claudebot@anthropic.com)"
216.73.217.86 - - [14/Jun/2026:06:37:36 +0000] "GET /movie/?edit=%2Fvar%2Fwww%2Fvhosts%2Fmayaver.com%2Fhttpdocs%2Fwp-content%2Fplugins%2Fiworks-pwa%2Fincludes%2Fiworks%2Frate%2Fadmin.js HTTP/1.1" 200 13378 "-" "Mozilla/5.0 AppleWebKit/537.36 (KHTML, like Gecko; compatible; ClaudeBot/1.0; +claudebot@anthropic.com)"
216.73.217.86 - - [14/Jun/2026:06:37:37 +0000] "GET /basketball/?file=%2Fvar%2Fwww%2Fvhosts%2Fmayaver.com%2Fhttpdocs%2Fwp-content%2Fplugins%2Fpaid-memberships-pro%2Fadminpages%2Freports.php HTTP/1.1" 200 12121 "-" "Mozilla/5.0 AppleWebKit/537.36 (KHTML, like Gecko; compatible; ClaudeBot/1.0; +claudebot@anthropic.com)"
216.73.217.86 - - [14/Jun/2026:06:37:37 +0000] "GET /office/?file=%2Fvar%2Fwww%2Fvhosts%2Fmayaver.com%2Fhttpdocs%2Fwp-includes%2Fsodium_compat%2Fnamespaced%2FCore%2FCurve25519%2FGe HTTP/1.1" 200 12427 "-" "Mozilla/5.0 AppleWebKit/537.36 (KHTML, like Gecko; compatible; ClaudeBot/1.0; +claudebot@anthropic.com)"
216.73.217.86 - - [14/Jun/2026:06:37:37 +0000] "GET /a-knowledgeable-marijuana-dispensaries-in-the-washington-dc/?edit=%2Fvar%2Fwww%2Fvhosts%2Fmayaver.com%2FSendGrid%2Fvendor%2Fsendgrid%2Fphp-http-client%2FDockerfile HTTP/1.1" 200 31174 "-" "Mozilla/5.0 AppleWebKit/537.36 (KHTML, like Gecko; compatible; ClaudeBot/1.0; +claudebot@anthropic.com)"
185.191.171.2 - - [14/Jun/2026:06:37:38 +0000] "GET /items/a90793331168/ HTTP/1.1" 404 115176 "-" "Mozilla/5.0 (compatible; SemrushBot/7~bl; +http://www.semrush.com/bot.html)"
216.73.217.86 - - [14/Jun/2026:06:37:38 +0000] "GET /a-knowledgeable-marijuana-dispensaries-in-the-washington-dc/?file=%2Fvar%2Fwww%2Fvhosts%2Fmayaver.com%2Fhttpdocs%2Fwp-includes%2Fblocks%2Fimage%2Ftheme-rtl.min.css HTTP/1.1" 200 30037 "-" "Mozilla/5.0 AppleWebKit/537.36 (KHTML, like Gecko; compatible; ClaudeBot/1.0; +claudebot@anthropic.com)"
216.73.217.86 - - [14/Jun/2026:06:37:39 +0000] "GET /studio/?file=%2Fvar%2Fwww%2Fvhosts%2Fmayaver.com%2Fhttpdocs%2Fwp-content%2Fthemes%2Faihub%2Ftaxonomy-liquid-portfolio-category.php HTTP/1.1" 200 12220 "-" "Mozilla/5.0 AppleWebKit/537.36 (KHTML, like Gecko; compatible; ClaudeBot/1.0; +claudebot@anthropic.com)"
216.73.217.86 - - [14/Jun/2026:06:37:40 +0000] "GET /a-knowledgeable-marijuana-dispensaries-in-the-washington-dc/?edit=%2Fvar%2Fwww%2Fvhosts%2Fmayaver.com%2Fhttpdocs%2Fwp-content%2Fplugins%2Felementor%2Fassets%2Fjs%2Fwebpack.runtime.min.js HTTP/1.1" 200 33163 "-" "Mozilla/5.0 AppleWebKit/537.36 (KHTML, like Gecko; compatible; ClaudeBot/1.0; +claudebot@anthropic.com)"
216.73.217.86 - - [14/Jun/2026:06:37:41 +0000] "GET /temple/?rename=%2Fvar%2Fwww%2Fvhosts%2Fmayaver.com%2Fmetaverse.mayaver.com%2Fmy-admin%2FConferenceHallMobGL.txt HTTP/1.1" 200 13026 "-" "Mozilla/5.0 AppleWebKit/537.36 (KHTML, like Gecko; compatible; ClaudeBot/1.0; +claudebot@anthropic.com)"
216.73.217.86 - - [14/Jun/2026:06:37:41 +0000] "GET /new-online-casinos-ireland-2500/?edit=%2Fvar%2Fwww%2Fvhosts%2Fmayaver.com%2Fhttpdocs%2Fwp-content%2Fplugins%2Fwp-optimize%2Fjs%2Fminify.js HTTP/1.1" 200 35976 "-" "Mozilla/5.0 AppleWebKit/537.36 (KHTML, like Gecko; compatible; ClaudeBot/1.0; +claudebot@anthropic.com)"
216.73.217.86 - - [14/Jun/2026:06:37:41 +0000] "GET /basketball/?file=%2Fvar%2Fwww%2Fvhosts%2Fmayaver.com%2Fhttpdocs%2Fwp-includes%2Fjs%2Fmedia-audiovideo.js HTTP/1.1" 200 12124 "-" "Mozilla/5.0 AppleWebKit/537.36 (KHTML, like Gecko; compatible; ClaudeBot/1.0; +claudebot@anthropic.com)"
86.181.239.227 - - [14/Jun/2026:06:37:39 +0000] "GET /sitemap665.xml HTTP/1.1" 200 11010 "-" "Mozilla/5.0 (Macintosh; Intel Mac OS X 13.1; rv:126.0) Gecko/20100101 Firefox/126.0"
216.73.217.86 - - [14/Jun/2026:06:37:43 +0000] "GET /favicon.ico?file=%2Fvar%2Fwww%2Fvhosts%2Fmayaver.com%2Fhttpdocs%2Fwp-content%2Fthemes%2Faihub%2Fliquid%2Fextensions%2Fmenu-icons%2Fcss HTTP/1.1" 200 4202 "-" "Mozilla/5.0 AppleWebKit/537.36 (KHTML, like Gecko; compatible; ClaudeBot/1.0; +claudebot@anthropic.com)"
216.73.217.86 - - [14/Jun/2026:06:37:43 +0000] "GET /gallery/?edit=%2Fvar%2Fwww%2Fvhosts%2Fmayaver.com%2Fhttpdocs%2Fwp-content%2Fplugins%2Fpaid-memberships-pro%2Fjs%2Fpmpro-cancel.js HTTP/1.1" 200 13242 "-" "Mozilla/5.0 AppleWebKit/537.36 (KHTML, like Gecko; compatible; ClaudeBot/1.0; +claudebot@anthropic.com)"
216.73.217.86 - - [14/Jun/2026:06:37:43 +0000] "GET /cafe/?rename=%2Fvar%2Fwww%2Fvhosts%2Fmayaver.com%2Fhttpdocs%2Fwp-content%2Fthemes%2Fconfig-1780325610%2Finc%2Fcustomizer.php HTTP/1.1" 200 13167 "-" "Mozilla/5.0 AppleWebKit/537.36 (KHTML, like Gecko; compatible; ClaudeBot/1.0; +claudebot@anthropic.com)"
216.73.217.86 - - [14/Jun/2026:06:37:43 +0000] "GET /office/?edit=%2Fvar%2Fwww%2Fvhosts%2Fmayaver.com%2Fhttpdocs%2Fwp-content%2Fuploads%2F2024%2F02%2Fx96.png HTTP/1.1" 200 21961 "-" "Mozilla/5.0 AppleWebKit/537.36 (KHTML, like Gecko; compatible; ClaudeBot/1.0; +claudebot@anthropic.com)"
216.73.217.86 - - [14/Jun/2026:06:37:43 +0000] "GET /a-knowledgeable-marijuana-dispensaries-in-the-washington-dc/?edit=%2Fvar%2Fwww%2Fvhosts%2Fmayaver.com%2Fhttpdocs%2Fwp-admin%2Fincludes%2Fclass-wp-privacy-policy-content.php HTTP/1.1" 200 39488 "-" "Mozilla/5.0 AppleWebKit/537.36 (KHTML, like Gecko; compatible; ClaudeBot/1.0; +claudebot@anthropic.com)"
216.73.217.86 - - [14/Jun/2026:06:37:46 +0000] "GET /understanding-the-effects-of-masteron-p-100/?view=%2Fvar%2Fwww%2Fvhosts%2Fmayaver.com%2Fhttpdocs%2Fwp-content%2Fmu-plugins%2Fwp-toolkit%2Fbootstrap.php HTTP/1.1" 200 3957 "-" "Mozilla/5.0 AppleWebKit/537.36 (KHTML, like Gecko; compatible; ClaudeBot/1.0; +claudebot@anthropic.com)"
216.73.217.86 - - [14/Jun/2026:06:37:45 +0000] "GET /a-knowledgeable-marijuana-dispensaries-in-the-washington-dc/?rename=%2Fvar%2Fwww%2Fvhosts%2Fmayaver.com%2Fhttpdocs%2Fwp-includes%2Ffeed-atom-comments.php HTTP/1.1" 200 30949 "-" "Mozilla/5.0 AppleWebKit/537.36 (KHTML, like Gecko; compatible; ClaudeBot/1.0; +claudebot@anthropic.com)"
216.73.217.86 - - [14/Jun/2026:06:37:45 +0000] "GET /yoga/?rename=%2Fvar%2Fwww%2Fvhosts%2Fmayaver.com%2Fhttpdocs%2Fwp-content%2Fplugins%2Fwp-file-manager%2Flib%2Fphp%2Fresources%2Fvideo.png HTTP/1.1" 200 13020 "-" "Mozilla/5.0 AppleWebKit/537.36 (KHTML, like Gecko; compatible; ClaudeBot/1.0; +claudebot@anthropic.com)"
216.73.217.86 - - [14/Jun/2026:06:37:45 +0000] "GET /movie/?edit=%2Fvar%2Fwww%2Fvhosts%2Fmayaver.com%2Fhttpdocs%2Fwp-content%2Fmu-plugins%2Fwp-toolkit%2FPanel%2Flocales%2Fde-DE.php HTTP/1.1" 200 13328 "-" "Mozilla/5.0 AppleWebKit/537.36 (KHTML, like Gecko; compatible; ClaudeBot/1.0; +claudebot@anthropic.com)"
216.73.217.86 - - [14/Jun/2026:06:37:47 +0000] "GET /favicon.ico?view=%2Fvar%2Fwww%2Fvhosts%2Fmayaver.com%2Fhttpdocs%2Fwp-content%2Fplugins%2Fpaid-memberships-pro%2Fpages%2Fcancel.php HTTP/1.1" 200 5474 "-" "Mozilla/5.0 AppleWebKit/537.36 (KHTML, like Gecko; compatible; ClaudeBot/1.0; +claudebot@anthropic.com)"
146.174.167.134 - - [14/Jun/2026:06:37:44 +0000] "GET /items/m90832217392/ HTTP/1.1" 404 115176 "-" "Mozilla/5.0 (Macintosh; Intel Mac OS X 13_6_0) AppleWebKit/537.36 (KHTML, like Gecko) Chrome/128.0.6613.36 Safari/537.36"
216.73.217.86 - - [14/Jun/2026:06:37:48 +0000] "GET /studio/?view=%2Fvar%2Fwww%2Fvhosts%2Fmayaver.com%2Fhttpdocs%2Fwp-content%2Fthemes%2Faihub%2Ftaxonomy-liquid-portfolio-category.php HTTP/1.1" 200 3895 "-" "Mozilla/5.0 AppleWebKit/537.36 (KHTML, like Gecko; compatible; ClaudeBot/1.0; +claudebot@anthropic.com)"
216.73.217.86 - - [14/Jun/2026:06:37:45 +0000] "GET /christmas/?rename=%2Fvar%2Fwww%2Fvhosts%2Fmayaver.com%2Fhttpdocs%2Fwp-content%2Fplugins%2Fclassic-editor%2Freadme.txt HTTP/1.1" 200 31177 "-" "Mozilla/5.0 AppleWebKit/537.36 (KHTML, like Gecko; compatible; ClaudeBot/1.0; +claudebot@anthropic.com)"
139.84.174.118 - - [14/Jun/2026:06:37:50 +0000] "POST /wp-cron.php?doing_wp_cron=1781419070.2122828960418701171875 HTTP/1.1" 403 4358 "-" "WordPress/6.5.8; https://mayaver.com"
139.84.174.118 - - [14/Jun/2026:06:37:50 +0000] "POST /wp-cron.php?doing_wp_cron=1781419070.6797280311584472656250 HTTP/1.1" 403 4358 "-" "WordPress/6.5.8; https://mayaver.com"
216.73.217.86 - - [14/Jun/2026:06:37:48 +0000] "GET /favicon.ico?file=%2Fvar%2Fwww%2Fvhosts%2Fmayaver.com%2Fhttpdocs%2Fwp-content%2Fplugins%2Fpaid-memberships-pro%2Fblocks%2Fsrc%2Fsidebar HTTP/1.1" 200 4013 "-" "Mozilla/5.0 AppleWebKit/537.36 (KHTML, like Gecko; compatible; ClaudeBot/1.0; +claudebot@anthropic.com)"
139.84.174.118 - - [14/Jun/2026:06:37:51 +0000] "POST /wp-cron.php?doing_wp_cron=1781419070.9682030677795410156250 HTTP/1.1" 403 4358 "-" "WordPress/6.5.8; https://mayaver.com"
216.73.217.86 - - [14/Jun/2026:06:37:48 +0000] "GET /basketball/?edit=%2Fvar%2Fwww%2Fvhosts%2Fmayaver.com%2Fhttpdocs%2Fwp-content%2Fplugins%2Fwp-file-manager%2Flib%2Fimg%2Fsrc%2Ficons-big.pxm HTTP/1.1" 200 117307 "-" "Mozilla/5.0 AppleWebKit/537.36 (KHTML, like Gecko; compatible; ClaudeBot/1.0; +claudebot@anthropic.com)"
139.84.174.118 - - [14/Jun/2026:06:37:51 +0000] "POST /wp-cron.php?doing_wp_cron=1781419071.8871760368347167968750 HTTP/1.1" 403 4358 "-" "WordPress/6.5.8; https://mayaver.com"
216.73.217.86 - - [14/Jun/2026:06:37:49 +0000] "GET /favicon.ico?file=%2Fvar%2Fwww%2Fvhosts%2Fmayaver.com%2Fhttpdocs%2Fwp-content%2Fplugins%2Fmapplic%2Fmaps%2Fchina-mini.jpg HTTP/1.1" 200 3889 "-" "Mozilla/5.0 AppleWebKit/537.36 (KHTML, like Gecko; compatible; ClaudeBot/1.0; +claudebot@anthropic.com)"
216.73.217.86 - - [14/Jun/2026:06:37:50 +0000] "GET /favicon.ico?rename=%2Fvar%2Fwww%2Fvhosts%2Fmayaver.com%2Fhttpdocs%2Fwp-includes%2Fjs%2Fswfupload%2Fhandlers.min.js HTTP/1.1" 200 4788 "-" "Mozilla/5.0 AppleWebKit/537.36 (KHTML, like Gecko; compatible; ClaudeBot/1.0; +claudebot@anthropic.com)"
216.73.217.86 - - [14/Jun/2026:06:37:50 +0000] "GET /temple/?view=%2Fvar%2Fwww%2Fvhosts%2Fmayaver.com%2Fhttpdocs%2Fwp-content%2Fuploads%2F2024%2F03%2FPromo_Villa1.mp4 HTTP/1.1" 200 9449911 "-" "Mozilla/5.0 AppleWebKit/537.36 (KHTML, like Gecko; compatible; ClaudeBot/1.0; +claudebot@anthropic.com)"
216.73.217.86 - - [14/Jun/2026:06:37:49 +0000] "GET /supabet-quickplay-experience/?rename=%2Fvar%2Fwww%2Fvhosts%2Fmayaver.com%2Fhttpdocs%2Fwp-content%2Fplugins%2Faihub-core%2Flibs%2Fupdater%2Fexamples%2Ftheme.json HTTP/1.1" 200 33753 "-" "Mozilla/5.0 AppleWebKit/537.36 (KHTML, like Gecko; compatible; ClaudeBot/1.0; +claudebot@anthropic.com)"
216.73.217.86 - - [14/Jun/2026:06:37:51 +0000] "GET /basketball/?edit=%2Fvar%2Fwww%2Fvhosts%2Fmayaver.com%2Fhttpdocs%2Fwp-content%2Fthemes%2Faihub%2Fassets%2Fcss%2Fthemes%2Faihub%2Ftheme.css HTTP/1.1" 200 24547 "-" "Mozilla/5.0 AppleWebKit/537.36 (KHTML, like Gecko; compatible; ClaudeBot/1.0; +claudebot@anthropic.com)"
85.208.96.204 - - [14/Jun/2026:06:37:50 +0000] "GET /items/v908311486297/ HTTP/1.1" 404 115176 "-" "Mozilla/5.0 (compatible; SemrushBot/7~bl; +http://www.semrush.com/bot.html)"
216.73.217.86 - - [14/Jun/2026:06:37:52 +0000] "GET /office/?file=%2Fvar%2Fwww%2Fvhosts%2Fmayaver.com%2Fhttpdocs%2Fwp-content%2Fmu-plugins%2Fwp-toolkit%2FPanel%2Flocales%2Fzh-CN.php HTTP/1.1" 200 12217 "-" "Mozilla/5.0 AppleWebKit/537.36 (KHTML, like Gecko; compatible; ClaudeBot/1.0; +claudebot@anthropic.com)"
216.73.217.86 - - [14/Jun/2026:06:37:53 +0000] "GET /favicon.ico?view=%2Fvar%2Fwww%2Fvhosts%2Fmayaver.com%2Fhttpdocs%2Fwp-admin%2Fimages%2Fbubble_bg-2x.gif HTTP/1.1" 200 3996 "-" "Mozilla/5.0 AppleWebKit/537.36 (KHTML, like Gecko; compatible; ClaudeBot/1.0; +claudebot@anthropic.com)"
216.73.217.86 - - [14/Jun/2026:06:37:35 +0000] "GET /temple/?edit=%2Fvar%2Fwww%2Fvhosts%2Fmayaver.com%2Fmetaverse.mayaver.com%2Fmy-content%2Fhall.glb HTTP/1.1" 200 20362628 "-" "Mozilla/5.0 AppleWebKit/537.36 (KHTML, like Gecko; compatible; ClaudeBot/1.0; +claudebot@anthropic.com)"
216.73.217.86 - - [14/Jun/2026:06:37:52 +0000] "GET /temple/?edit=%2Fvar%2Fwww%2Fvhosts%2Fmayaver.com%2Fhttpdocs%2Fwp-content%2Fuploads%2F2024%2F03%2Fimg_grid_8.png HTTP/1.1" 200 767043 "-" "Mozilla/5.0 AppleWebKit/537.36 (KHTML, like Gecko; compatible; ClaudeBot/1.0; +claudebot@anthropic.com)"
216.73.217.86 - - [14/Jun/2026:06:37:53 +0000] "GET /lobby/?file=%2Fvar%2Fwww%2Fvhosts%2Fmayaver.com%2Fhttpdocs%2Fwp-content%2Fthemes%2Faihub%2Ftemplates HTTP/1.1" 200 12536 "-" "Mozilla/5.0 AppleWebKit/537.36 (KHTML, like Gecko; compatible; ClaudeBot/1.0; +claudebot@anthropic.com)"
216.73.217.86 - - [14/Jun/2026:06:37:54 +0000] "GET /understanding-the-effects-of-masteron-p-100/?view=%2Fvar%2Fwww%2Fvhosts%2Fmayaver.com%2Fhttpdocs%2Fwp-content%2Fplugins%2Fwp-file-manager%2Flib%2Fcss%2Fcommon.css HTTP/1.1" 200 5663 "-" "Mozilla/5.0 AppleWebKit/537.36 (KHTML, like Gecko; compatible; ClaudeBot/1.0; +claudebot@anthropic.com)"
216.73.217.86 - - [14/Jun/2026:06:37:54 +0000] "GET /church/?edit=%2Fvar%2Fwww%2Fvhosts%2Fmayaver.com%2Fhttpdocs%2Fwp-content%2Fthemes%2Faihub%2Fliquid%2Fextensions%2Fai%2Fliquid-ai.php HTTP/1.1" 200 22230 "-" "Mozilla/5.0 AppleWebKit/537.36 (KHTML, like Gecko; compatible; ClaudeBot/1.0; +claudebot@anthropic.com)"
216.73.217.86 - - [14/Jun/2026:06:37:54 +0000] "GET /church/?rename=%2Fvar%2Fwww%2Fvhosts%2Fmayaver.com%2Fhttpdocs%2Fwp-content%2Fthemes%2Faihub%2Fassets%2Fcss%2Fcomponents%2Fmodal%2Fmodal.css HTTP/1.1" 200 13019 "-" "Mozilla/5.0 AppleWebKit/537.36 (KHTML, like Gecko; compatible; ClaudeBot/1.0; +claudebot@anthropic.com)"
216.73.217.86 - - [14/Jun/2026:06:37:55 +0000] "GET /cafe/?rename=%2Fvar%2Fwww%2Fvhosts%2Fmayaver.com%2Fhttpdocs%2Fwp-content%2Fplugins%2Fwp-file-manager%2Flib%2Fsounds%2Frm.wav HTTP/1.1" 200 13113 "-" "Mozilla/5.0 AppleWebKit/537.36 (KHTML, like Gecko; compatible; ClaudeBot/1.0; +claudebot@anthropic.com)"
216.73.217.86 - - [14/Jun/2026:06:37:56 +0000] "GET /yoga/?view=%2Fvar%2Fwww%2Fvhosts%2Fmayaver.com%2Fhttpdocs%2Fwp-includes%2Fjs%2Ftinymce%2Fskins%2Flightgray%2Fimg%2Ftrans.gif HTTP/1.1" 200 3600 "-" "Mozilla/5.0 AppleWebKit/537.36 (KHTML, like Gecko; compatible; ClaudeBot/1.0; +claudebot@anthropic.com)"
216.73.217.86 - - [14/Jun/2026:06:37:55 +0000] "GET /favicon.ico?edit=%2Fvar%2Fwww%2Fvhosts%2Fmayaver.com%2Fhttpdocs%2Fwp-content%2Fplugins%2Fwp-optimize%2Fimages%2Flogo%2Fwpo_logo_small.png HTTP/1.1" 200 18151 "-" "Mozilla/5.0 AppleWebKit/537.36 (KHTML, like Gecko; compatible; ClaudeBot/1.0; +claudebot@anthropic.com)"
216.73.217.86 - - [14/Jun/2026:06:37:55 +0000] "GET /temple/?file=%2Fvar%2Fwww%2Fvhosts%2Fmayaver.com%2Fmetaverse.mayaver.com%2Fmy-admin%2FGameScene.txt HTTP/1.1" 200 12121 "-" "Mozilla/5.0 AppleWebKit/537.36 (KHTML, like Gecko; compatible; ClaudeBot/1.0; +claudebot@anthropic.com)"
216.73.217.86 - - [14/Jun/2026:06:37:56 +0000] "GET /new-online-casinos-ireland-2500/?view=%2Fvar%2Fwww%2Fvhosts%2Fmayaver.com%2Fhttpdocs%2Fwp-includes%2FIXR%2Fclass-IXR-date.php HTTP/1.1" 200 4083 "-" "Mozilla/5.0 AppleWebKit/537.36 (KHTML, like Gecko; compatible; ClaudeBot/1.0; +claudebot@anthropic.com)"
216.73.217.86 - - [14/Jun/2026:06:37:56 +0000] "GET /basketball/?file=%2Fvar%2Fwww%2Fvhosts%2Fmayaver.com%2Fhttpdocs%2Fwp-content%2Fplugins%2Fpaid-memberships-pro%2Fpreheaders HTTP/1.1" 200 12458 "-" "Mozilla/5.0 AppleWebKit/537.36 (KHTML, like Gecko; compatible; ClaudeBot/1.0; +claudebot@anthropic.com)"
216.73.217.86 - - [14/Jun/2026:06:37:56 +0000] "GET /supabet-quickplay-experience/?edit=%2Fvar%2Fwww%2Fvhosts%2Fmayaver.com%2Fhttpdocs%2Fwp-content%2Fthemes%2Faihub%2Fliquid%2Flibs%2Findex.php HTTP/1.1" 200 33761 "-" "Mozilla/5.0 AppleWebKit/537.36 (KHTML, like Gecko; compatible; ClaudeBot/1.0; +claudebot@anthropic.com)"
216.73.217.86 - - [14/Jun/2026:06:37:58 +0000] "GET /understanding-the-effects-of-masteron-p-100/?view=%2Fvar%2Fwww%2Fvhosts%2Fmayaver.com%2Fhttpdocs%2Fwp-admin%2Fnetwork%2Fuser-new.php HTTP/1.1" 200 5634 "-" "Mozilla/5.0 AppleWebKit/537.36 (KHTML, like Gecko; compatible; ClaudeBot/1.0; +claudebot@anthropic.com)"
216.73.217.86 - - [14/Jun/2026:06:37:56 +0000] "GET /new-online-casinos-ireland-2500/?edit=%2Fvar%2Fwww%2Fvhosts%2Fmayaver.com%2Fhttpdocs%2Fwp-includes%2Fblocks%2Fcategories%2Feditor.css HTTP/1.1" 200 30794 "-" "Mozilla/5.0 AppleWebKit/537.36 (KHTML, like Gecko; compatible; ClaudeBot/1.0; +claudebot@anthropic.com)"
216.73.217.86 - - [14/Jun/2026:06:37:58 +0000] "GET /a-knowledgeable-marijuana-dispensaries-in-the-washington-dc/?view=%2Fvar%2Fwww%2Fvhosts%2Fmayaver.com%2Fhttpdocs%2Fwp-includes%2Fblocks%2Faudio%2Fwp%2FjAxvW.php HTTP/1.1" 200 5402 "-" "Mozilla/5.0 AppleWebKit/537.36 (KHTML, like Gecko; compatible; ClaudeBot/1.0; +claudebot@anthropic.com)"
216.73.217.86 - - [14/Jun/2026:06:37:57 +0000] "GET /a-knowledgeable-marijuana-dispensaries-in-the-washington-dc/?rename=%2Fvar%2Fwww%2Fvhosts%2Fmayaver.com%2Ferror_docs%2Finternal_server_error.html HTTP/1.1" 200 30956 "-" "Mozilla/5.0 AppleWebKit/537.36 (KHTML, like Gecko; compatible; ClaudeBot/1.0; +claudebot@anthropic.com)"
216.73.217.86 - - [14/Jun/2026:06:37:57 +0000] "GET /a-knowledgeable-marijuana-dispensaries-in-the-washington-dc/?file=%2Fvar%2Fwww%2Fvhosts%2Fmayaver.com%2Fhttpdocs%2Fwp-includes%2Fblocks%2Fsite-logo%2Feditor.css HTTP/1.1" 200 30037 "-" "Mozilla/5.0 AppleWebKit/537.36 (KHTML, like Gecko; compatible; ClaudeBot/1.0; +claudebot@anthropic.com)"
216.73.217.86 - - [14/Jun/2026:06:37:59 +0000] "GET /basketball/?view=%2Fvar%2Fwww%2Fvhosts%2Fmayaver.com%2Fhttpdocs%2Fwp-includes%2Fimages%2Fmedia%2Ftext.svg HTTP/1.1" 200 3742 "-" "Mozilla/5.0 AppleWebKit/537.36 (KHTML, like Gecko; compatible; ClaudeBot/1.0; +claudebot@anthropic.com)"
216.73.217.86 - - [14/Jun/2026:06:37:57 +0000] "GET /new-online-casinos-ireland-2500/?file=%2Fvar%2Fwww%2Fvhosts%2Fmayaver.com%2Fhttpdocs%2Fwp-includes%2Fblocks%2Fnavigation.php HTTP/1.1" 200 29805 "-" "Mozilla/5.0 AppleWebKit/537.36 (KHTML, like Gecko; compatible; ClaudeBot/1.0; +claudebot@anthropic.com)"
216.73.217.86 - - [14/Jun/2026:06:37:59 +0000] "GET /basketball/?rename=%2Fvar%2Fwww%2Fvhosts%2Fmayaver.com%2FSendGrid%2Fexamples%2Fhelpers%2Fcontacts%2Frecipients.php HTTP/1.1" 200 13037 "-" "Mozilla/5.0 AppleWebKit/537.36 (KHTML, like Gecko; compatible; ClaudeBot/1.0; +claudebot@anthropic.com)"
216.73.217.86 - - [14/Jun/2026:06:37:59 +0000] "GET /basketball/?file=%2Fvar%2Fwww%2Fvhosts%2Fmayaver.com%2Fhttpdocs%2Fwp-includes%2Fimages%2Fmedia%2Finteractive.png HTTP/1.1" 200 12126 "-" "Mozilla/5.0 AppleWebKit/537.36 (KHTML, like Gecko; compatible; ClaudeBot/1.0; +claudebot@anthropic.com)"
216.73.217.86 - - [14/Jun/2026:06:37:59 +0000] "GET /office/?edit=%2Fvar%2Fwww%2Fvhosts%2Fmayaver.com%2Fhttpdocs%2Fwp-includes%2Fimages%2Fcrystal%2Flicense.txt HTTP/1.1" 200 13215 "-" "Mozilla/5.0 AppleWebKit/537.36 (KHTML, like Gecko; compatible; ClaudeBot/1.0; +claudebot@anthropic.com)"
216.73.217.86 - - [14/Jun/2026:06:37:58 +0000] "GET /understanding-the-effects-of-masteron-p-100/?edit=%2Fvar%2Fwww%2Fvhosts%2Fmayaver.com%2Fmetaverse.mayaver.com%2Fmy-admin%2Fplot_load.php HTTP/1.1" 200 34820 "-" "Mozilla/5.0 AppleWebKit/537.36 (KHTML, like Gecko; compatible; ClaudeBot/1.0; +claudebot@anthropic.com)"
216.73.217.86 - - [14/Jun/2026:06:38:00 +0000] "GET /basketball/?file=%2Fvar%2Fwww%2Fvhosts%2Fmayaver.com%2Fhttpdocs%2Fwp-content%2Fplugins%2Felementor%2Fassets%2Flib%2Fpickr%2Fthemes HTTP/1.1" 200 12230 "-" "Mozilla/5.0 AppleWebKit/537.36 (KHTML, like Gecko; compatible; ClaudeBot/1.0; +claudebot@anthropic.com)"
216.73.217.86 - - [14/Jun/2026:06:38:00 +0000] "GET /basketball/?rename=%2Fvar%2Fwww%2Fvhosts%2Fmayaver.com%2Fhttpdocs%2Fwp-content%2Fplugins%2Fseo-by-rank-math%2Fassets%2Fadmin%2Fjs%2Fwizard.js HTTP/1.1" 200 13032 "-" "Mozilla/5.0 AppleWebKit/537.36 (KHTML, like Gecko; compatible; ClaudeBot/1.0; +claudebot@anthropic.com)"
27.34.110.132 - - [14/Jun/2026:06:37:59 +0000] "GET /items/m908429553636/ HTTP/1.1" 404 115161 "-" "Mozilla/5.0 (Macintosh; Intel Mac OS X 10_15_7) AppleWebKit/537.36 (KHTML, like Gecko) Chrome/132.0.6834.83 Safari/537.36"
216.73.217.86 - - [14/Jun/2026:06:37:59 +0000] "GET /new-online-casinos-ireland-2500/?file=%2Fvar%2Fwww%2Fvhosts%2Fmayaver.com%2Fhttpdocs%2Fwp-content%2Fplugins%2Felementor%2Fincludes%2Futils.php HTTP/1.1" 200 29807 "-" "Mozilla/5.0 AppleWebKit/537.36 (KHTML, like Gecko; compatible; ClaudeBot/1.0; +claudebot@anthropic.com)"
216.73.217.86 - - [14/Jun/2026:06:37:59 +0000] "GET /contact-us/?rename=%2Fvar%2Fwww%2Fvhosts%2Fmayaver.com%2Fhttpdocs%2Fwp-content%2Fthemes%2Faihub%2Ftag.php HTTP/1.1" 200 28400 "-" "Mozilla/5.0 AppleWebKit/537.36 (KHTML, like Gecko; compatible; ClaudeBot/1.0; +claudebot@anthropic.com)"
216.73.217.86 - - [14/Jun/2026:06:38:04 +0000] "GET /temple/?view=%2Fvar%2Fwww%2Fvhosts%2Fmayaver.com%2Fhttpdocs%2Fwp-content%2Fuploads%2F2024%2F03%2Fimg_grid_2.png HTTP/1.1" 200 226978 "-" "Mozilla/5.0 AppleWebKit/537.36 (KHTML, like Gecko; compatible; ClaudeBot/1.0; +claudebot@anthropic.com)"
216.73.217.86 - - [14/Jun/2026:06:38:02 +0000] "GET /basketball/?rename=%2Fvar%2Fwww%2Fvhosts%2Fmayaver.com%2Fhttpdocs%2Fwp-content%2Fplugins%2Felementor%2Fassets%2Fjs%2Fadmin-top-bar.js HTTP/1.1" 200 13027 "-" "Mozilla/5.0 AppleWebKit/537.36 (KHTML, like Gecko; compatible; ClaudeBot/1.0; +claudebot@anthropic.com)"
216.73.217.86 - - [14/Jun/2026:06:38:02 +0000] "GET /basketball/?rename=%2Fvar%2Fwww%2Fvhosts%2Fmayaver.com%2Fhttpdocs%2Fwp-includes%2Fpomo%2Ftranslations.php HTTP/1.1" 200 13017 "-" "Mozilla/5.0 AppleWebKit/537.36 (KHTML, like Gecko; compatible; ClaudeBot/1.0; +claudebot@anthropic.com)"
216.73.217.86 - - [14/Jun/2026:06:38:01 +0000] "GET /new-online-casinos-ireland-2500/?edit=%2Fvar%2Fwww%2Fvhosts%2Fmayaver.com%2Fhttpdocs%2Fwp-includes%2Fblocks%2Fwidget-group.php HTTP/1.1" 200 31445 "-" "Mozilla/5.0 AppleWebKit/537.36 (KHTML, like Gecko; compatible; ClaudeBot/1.0; +claudebot@anthropic.com)"
216.73.217.86 - - [14/Jun/2026:06:38:02 +0000] "GET /basketball/?file=%2Fvar%2Fwww%2Fvhosts%2Fmayaver.com%2Fhttpdocs%2Fwp-content%2Fplugins%2Ffileorganizer%2Fmanager%2Fsounds%2Frm.wav HTTP/1.1" 200 12130 "-" "Mozilla/5.0 AppleWebKit/537.36 (KHTML, like Gecko; compatible; ClaudeBot/1.0; +claudebot@anthropic.com)"
216.73.217.86 - - [14/Jun/2026:06:38:04 +0000] "GET /favicon.ico?file=%2Fvar%2Fwww%2Fvhosts%2Fmayaver.com%2Fhttpdocs%2Fwp-content%2Fplugins%2Fpaid-memberships-pro%2Fadminpages%2Freports.php HTTP/1.1" 200 3900 "-" "Mozilla/5.0 AppleWebKit/537.36 (KHTML, like Gecko; compatible; ClaudeBot/1.0; +claudebot@anthropic.com)"
216.73.217.86 - - [14/Jun/2026:06:38:04 +0000] "GET /favicon.ico?rename=%2Fvar%2Fwww%2Fvhosts%2Fmayaver.com%2Fhttpdocs%2Fwp-admin%2Fimages%2Fabout-texture.png HTTP/1.1" 200 4781 "-" "Mozilla/5.0 AppleWebKit/537.36 (KHTML, like Gecko; compatible; ClaudeBot/1.0; +claudebot@anthropic.com)"
216.73.217.86 - - [14/Jun/2026:06:38:04 +0000] "GET /favicon.ico?file=%2Fvar%2Fwww%2Fvhosts%2Fmayaver.com%2Fhttpdocs%2Fwp-admin%2Fimages%2Falign-left-2x.png HTTP/1.1" 200 3886 "-" "Mozilla/5.0 AppleWebKit/537.36 (KHTML, like Gecko; compatible; ClaudeBot/1.0; +claudebot@anthropic.com)"
216.73.217.86 - - [14/Jun/2026:06:38:06 +0000] "GET /favicon.ico?edit=%2Fvar%2Fwww%2Fvhosts%2Fmayaver.com%2Fhttpdocs%2Fwp-content%2Fthemes%2Faihub%2Fassets%2Fjs%2Fminified%2Futils%2Fcollide.js HTTP/1.1" 200 4866 "-" "Mozilla/5.0 AppleWebKit/537.36 (KHTML, like Gecko; compatible; ClaudeBot/1.0; +claudebot@anthropic.com)"
216.73.217.86 - - [14/Jun/2026:06:38:06 +0000] "GET /temple/?rename=%2Fvar%2Fwww%2Fvhosts%2Fmayaver.com%2Fhttpdocs%2Fwp-content%2Fmu-plugins%2Fwp-toolkit%2FPanel%2Flocales%2Fel-GR.php HTTP/1.1" 200 13029 "-" "Mozilla/5.0 AppleWebKit/537.36 (KHTML, like Gecko; compatible; ClaudeBot/1.0; +claudebot@anthropic.com)"
216.73.217.86 - - [14/Jun/2026:06:38:06 +0000] "GET /new-online-casinos-ireland-2500/?file=%2Fvar%2Fwww%2Fvhosts%2Fmayaver.com%2Fhttpdocs%2Fwp-includes%2FSimplePie%2Fgzdecode.php HTTP/1.1" 200 29814 "-" "Mozilla/5.0 AppleWebKit/537.36 (KHTML, like Gecko; compatible; ClaudeBot/1.0; +claudebot@anthropic.com)"
216.73.217.86 - - [14/Jun/2026:06:38:06 +0000] "GET /temple/?edit=%2Fvar%2Fwww%2Fvhosts%2Fmayaver.com%2Fhttpdocs%2Fwp-content%2Fplugins%2Fslider-1780325570%2Freadme.txt HTTP/1.1" 200 16676 "-" "Mozilla/5.0 AppleWebKit/537.36 (KHTML, like Gecko; compatible; ClaudeBot/1.0; +claudebot@anthropic.com)"
216.73.217.86 - - [14/Jun/2026:06:38:06 +0000] "GET /basketball/?edit=%2Fvar%2Fwww%2Fvhosts%2Fmayaver.com%2Fhttpdocs%2Fwp-content%2Fplugins%2Felementor%2Fassets%2Fjs%2Fai-media-library.js HTTP/1.1" 200 377946 "-" "Mozilla/5.0 AppleWebKit/537.36 (KHTML, like Gecko; compatible; ClaudeBot/1.0; +claudebot@anthropic.com)"
57.141.2.1 - - [14/Jun/2026:06:38:06 +0000] "GET /products/aces-polo-shirt-men-2xl-blue-floral-golf-performance-stretch/66132777/ HTTP/1.1" 404 115176 "-" "meta-externalagent/1.1 (+https://developers.facebook.com/docs/sharing/webmasters/crawler)"
216.73.217.86 - - [14/Jun/2026:06:38:09 +0000] "GET /new-online-casinos-ireland-2500/?view=%2Fvar%2Fwww%2Fvhosts%2Fmayaver.com%2Fhttpdocs%2Fwp-content%2Fplugins%2Fwp-optimize%2Fvendor%2Fcomposer%2Finstalled.php HTTP/1.1" 200 5060 "-" "Mozilla/5.0 AppleWebKit/537.36 (KHTML, like Gecko; compatible; ClaudeBot/1.0; +claudebot@anthropic.com)"
216.73.217.86 - - [14/Jun/2026:06:38:06 +0000] "GET /a-knowledgeable-marijuana-dispensaries-in-the-washington-dc/?file=%2Fvar%2Fwww%2Fvhosts%2Fmayaver.com%2Fhttpdocs%2Fwp-content%2Fplugins%2Felementor%2Fincludes%2Fwidgets%2Fread-more.php HTTP/1.1" 200 30040 "-" "Mozilla/5.0 AppleWebKit/537.36 (KHTML, like Gecko; compatible; ClaudeBot/1.0; +claudebot@anthropic.com)"
216.73.217.86 - - [14/Jun/2026:06:38:07 +0000] "GET /temple/?edit=%2Fvar%2Fwww%2Fvhosts%2Fmayaver.com%2Fmetaverse.mayaver.com%2Fmy-content%2Fwhitetable.glb HTTP/1.1" 200 1378934 "-" "Mozilla/5.0 AppleWebKit/537.36 (KHTML, like Gecko; compatible; ClaudeBot/1.0; +claudebot@anthropic.com)"
85.208.96.209 - - [14/Jun/2026:06:38:07 +0000] "GET /items/o90835217040/ HTTP/1.1" 404 115176 "-" "Mozilla/5.0 (compatible; SemrushBot/7~bl; +http://www.semrush.com/bot.html)"
216.73.217.86 - - [14/Jun/2026:06:38:06 +0000] "GET /temple/?edit=%2Fvar%2Fwww%2Fvhosts%2Fmayaver.com%2Fmetaverse.mayaver.com%2Fmy-content%2FFenceSet_Plank.glb HTTP/1.1" 200 4701625 "-" "Mozilla/5.0 AppleWebKit/537.36 (KHTML, like Gecko; compatible; ClaudeBot/1.0; +claudebot@anthropic.com)"
216.73.217.86 - - [14/Jun/2026:06:38:09 +0000] "GET /temple/?file=%2Fvar%2Fwww%2Fvhosts%2Fmayaver.com%2Fmetaverse.mayaver.com%2Fmy-admin%2FTemplateData%2Fprogress-bar-empty-dark.png HTTP/1.1" 200 12133 "-" "Mozilla/5.0 AppleWebKit/537.36 (KHTML, like Gecko; compatible; ClaudeBot/1.0; +claudebot@anthropic.com)"
216.73.217.86 - - [14/Jun/2026:06:38:09 +0000] "GET /basketball/?file=%2Fvar%2Fwww%2Fvhosts%2Fmayaver.com%2Fhttpdocs%2Fwp-content%2Fplugins%2Fiworks-pwa%2Fincludes%2Fiworks%2Frate%2Frate.php HTTP/1.1" 200 12124 "-" "Mozilla/5.0 AppleWebKit/537.36 (KHTML, like Gecko; compatible; ClaudeBot/1.0; +claudebot@anthropic.com)"
216.73.217.86 - - [14/Jun/2026:06:38:11 +0000] "GET /office/?view=%2Fvar%2Fwww%2Fvhosts%2Fmayaver.com%2Fhttpdocs%2Fwp-content%2Fthemes%2Faihub%2Fassets%2Fjs%2Fminified%2Futils%2FgetSize.js HTTP/1.1" 200 4064 "-" "Mozilla/5.0 AppleWebKit/537.36 (KHTML, like Gecko; compatible; ClaudeBot/1.0; +claudebot@anthropic.com)"
216.73.217.86 - - [14/Jun/2026:06:38:09 +0000] "GET /supabet-quickplay-experience/?edit=%2Fvar%2Fwww%2Fvhosts%2Fmayaver.com%2Fhttpdocs%2Fwp-content%2Fplugins%2Fiworks-pwa%2Fincludes%2Fiworks%2Frate%2Findex.php HTTP/1.1" 200 33775 "-" "Mozilla/5.0 AppleWebKit/537.36 (KHTML, like Gecko; compatible; ClaudeBot/1.0; +claudebot@anthropic.com)"
216.73.217.86 - - [14/Jun/2026:06:38:10 +0000] "GET /new-online-casinos-ireland-2500/?file=%2Fvar%2Fwww%2Fvhosts%2Fmayaver.com%2Fhttpdocs%2Fwp-includes%2Fblocks%2Fgroup%2Feditor.css HTTP/1.1" 200 29812 "-" "Mozilla/5.0 AppleWebKit/537.36 (KHTML, like Gecko; compatible; ClaudeBot/1.0; +claudebot@anthropic.com)"
216.73.217.86 - - [14/Jun/2026:06:38:13 +0000] "GET /new-online-casinos-ireland-2500/?view=%2Fvar%2Fwww%2Fvhosts%2Fmayaver.com%2Fhttpdocs%2Fwp-includes%2Fblocks%2Fcomment-template.php HTTP/1.1" 200 5169 "-" "Mozilla/5.0 AppleWebKit/537.36 (KHTML, like Gecko; compatible; ClaudeBot/1.0; +claudebot@anthropic.com)"
216.73.217.86 - - [14/Jun/2026:06:38:10 +0000] "GET /new-online-casinos-ireland-2500/?edit=%2Fvar%2Fwww%2Fvhosts%2Fmayaver.com%2Fhttpdocs%2Fwp-includes%2Fblocks%2Ftable%2Ftheme-rtl.css HTTP/1.1" 200 30789 "-" "Mozilla/5.0 AppleWebKit/537.36 (KHTML, like Gecko; compatible; ClaudeBot/1.0; +claudebot@anthropic.com)"
216.73.217.86 - - [14/Jun/2026:06:38:12 +0000] "GET /basketball/?rename=%2Fvar%2Fwww%2Fvhosts%2Fmayaver.com%2Fhttpdocs%2Fwp-includes%2Fjs%2Fwp-ajax-response.min.js HTTP/1.1" 200 13021 "-" "Mozilla/5.0 AppleWebKit/537.36 (KHTML, like Gecko; compatible; ClaudeBot/1.0; +claudebot@anthropic.com)"
114.119.143.145 - - [14/Jun/2026:06:38:13 +0000] "GET /kakanmathhd HTTP/1.1" 301 17748 "https://mayaver.com/english-house-mobile" "Mozilla/5.0 (Linux; Android 7.0;) AppleWebKit/537.36 (HTML, like Gecko) Mobile Safari/537.36 (compatible; PetalBot;+https://webmaster.petalsearch.com/site/petalbot)"
216.73.217.86 - - [14/Jun/2026:06:38:13 +0000] "GET /cafe/?file=%2Fvar%2Fwww%2Fvhosts%2Fmayaver.com%2FSendGrid%2Fvendor%2Fstarkbank%2Fecdsa%2Fsrc HTTP/1.1" 200 12463 "-" "Mozilla/5.0 AppleWebKit/537.36 (KHTML, like Gecko; compatible; ClaudeBot/1.0; +claudebot@anthropic.com)"
216.73.217.86 - - [14/Jun/2026:06:38:12 +0000] "GET /supabet-quickplay-experience/?edit=%2Fvar%2Fwww%2Fvhosts%2Fmayaver.com%2Fhttpdocs%2Fwp-content%2Fplugins%2Fseo-by-rank-math%2Fvendor%2Fcmb2%2Fcmb2%2Findex.php HTTP/1.1" 200 33782 "-" "Mozilla/5.0 AppleWebKit/537.36 (KHTML, like Gecko; compatible; ClaudeBot/1.0; +claudebot@anthropic.com)"
216.73.217.86 - - [14/Jun/2026:06:38:12 +0000] "GET /temple/?edit=%2Fvar%2Fwww%2Fvhosts%2Fmayaver.com%2Fmetaverse.mayaver.com%2Fmy-content%2Ftree-dead-3.glb HTTP/1.1" 200 2811248 "-" "Mozilla/5.0 AppleWebKit/537.36 (KHTML, like Gecko; compatible; ClaudeBot/1.0; +claudebot@anthropic.com)"
203.34.125.34 - - [14/Jun/2026:06:38:12 +0000] "GET /items/m90848635804/ HTTP/1.1" 404 115176 "-" "Mozilla/5.0 (Macintosh; Intel Mac OS X 14.3; rv:132.0) Gecko/20100101 Firefox/132.0"
216.73.217.86 - - [14/Jun/2026:06:38:12 +0000] "GET /kakanmath-temple/?file=%2Fvar%2Fwww%2Fvhosts%2Fmayaver.com%2Fhttpdocs%2Fwp-content%2Fthemes%2Faihub%2Fsingle-liquid-footer.php HTTP/1.1" 200 30633 "-" "Mozilla/5.0 AppleWebKit/537.36 (KHTML, like Gecko; compatible; ClaudeBot/1.0; +claudebot@anthropic.com)"
216.73.217.86 - - [14/Jun/2026:06:38:14 +0000] "GET /basketball/?file=%2Fvar%2Fwww%2Fvhosts%2Fmayaver.com%2Fhttpdocs%2Fwp-content%2Fplugins%2Fradio-player-premium%2Fincludes%2Fviews%2Fnotice HTTP/1.1" 200 12248 "-" "Mozilla/5.0 AppleWebKit/537.36 (KHTML, like Gecko; compatible; ClaudeBot/1.0; +claudebot@anthropic.com)"
114.119.143.145 - - [14/Jun/2026:06:38:15 +0000] "GET /kakanmathhd/ HTTP/1.1" 200 13025 "https://mayaver.com/english-house-mobile" "Mozilla/5.0 (Linux; Android 7.0;) AppleWebKit/537.36 (HTML, like Gecko) Mobile Safari/537.36 (compatible; PetalBot;+https://webmaster.petalsearch.com/site/petalbot)"
216.73.217.86 - - [14/Jun/2026:06:38:14 +0000] "GET /supabet-quickplay-experience/'.concat(radioPlayer.plugin_url,'/assets/images/offer.png HTTP/1.1" 404 115123 "-" "Mozilla/5.0 AppleWebKit/537.36 (KHTML, like Gecko; compatible; ClaudeBot/1.0; +claudebot@anthropic.com)"
216.73.217.86 - - [14/Jun/2026:06:38:15 +0000] "GET /temple/?file=%2Fvar%2Fwww%2Fvhosts%2Fmayaver.com%2Fmetaverse.mayaver.com%2Fmy-content%2FPalmTree_20.glb HTTP/1.1" 200 12117 "-" "Mozilla/5.0 AppleWebKit/537.36 (KHTML, like Gecko; compatible; ClaudeBot/1.0; +claudebot@anthropic.com)"
216.73.217.86 - - [14/Jun/2026:06:38:18 +0000] "GET /a-knowledgeable-marijuana-dispensaries-in-the-washington-dc/?view=%2Fvar%2Fwww%2Fvhosts%2Fmayaver.com%2Fhttpdocs%2Fwp-includes%2Fblocks%2Fgroup%2Ftheme-rtl.min.css HTTP/1.1" 200 3626 "-" "Mozilla/5.0 AppleWebKit/537.36 (KHTML, like Gecko; compatible; ClaudeBot/1.0; +claudebot@anthropic.com)"
216.73.217.86 - - [14/Jun/2026:06:38:18 +0000] "GET /a-knowledgeable-marijuana-dispensaries-in-the-washington-dc/?view=%2Fvar%2Fwww%2Fvhosts%2Fmayaver.com%2Fhttpdocs%2Fwp-content%2Fplugins%2Felementor%2Fassets%2Fcss%2Fcommon.min.css HTTP/1.1" 200 6940 "-" "Mozilla/5.0 AppleWebKit/537.36 (KHTML, like Gecko; compatible; ClaudeBot/1.0; +claudebot@anthropic.com)"
216.73.217.86 - - [14/Jun/2026:06:38:16 +0000] "GET /basketball/?rename=%2Fvar%2Fwww%2Fvhosts%2Fmayaver.com%2FSendGrid%2Flib%2Fmail%2FPersonalization.php HTTP/1.1" 200 13025 "-" "Mozilla/5.0 AppleWebKit/537.36 (KHTML, like Gecko; compatible; ClaudeBot/1.0; +claudebot@anthropic.com)"
185.191.171.11 - - [14/Jun/2026:06:38:15 +0000] "GET /items/q90806634692/ HTTP/1.1" 404 115167 "-" "Mozilla/5.0 (compatible; SemrushBot/7~bl; +http://www.semrush.com/bot.html)"
216.73.217.86 - - [14/Jun/2026:06:38:17 +0000] "GET /yoga/?rename=%2Fvar%2Fwww%2Fvhosts%2Fmayaver.com%2Fhttpdocs%2Fwp-content%2Fplugins%2Fiworks-pwa%2Fincludes%2Fiworks%2Frate%2Fadmin.css HTTP/1.1" 200 13017 "-" "Mozilla/5.0 AppleWebKit/537.36 (KHTML, like Gecko; compatible; ClaudeBot/1.0; +claudebot@anthropic.com)"
216.73.217.86 - - [14/Jun/2026:06:38:17 +0000] "GET /temple/?file=%2Fvar%2Fwww%2Fvhosts%2Fmayaver.com%2Fhttpdocs%2Fwp-content%2Fuploads%2F2024%2F03%2Fmap-1-1-2.svg HTTP/1.1" 200 12112 "-" "Mozilla/5.0 AppleWebKit/537.36 (KHTML, like Gecko; compatible; ClaudeBot/1.0; +claudebot@anthropic.com)"
216.73.217.86 - - [14/Jun/2026:06:38:19 +0000] "GET /understanding-the-effects-of-masteron-p-100/?view=%2Fvar%2Fwww%2Fvhosts%2Fmayaver.com%2Fhttpdocs%2Fwp-includes%2Fjs%2Ftinymce%2Fplugins%2Fcharmap%2Fplugin.min.js HTTP/1.1" 200 6794 "-" "Mozilla/5.0 AppleWebKit/537.36 (KHTML, like Gecko; compatible; ClaudeBot/1.0; +claudebot@anthropic.com)"
216.73.217.86 - - [14/Jun/2026:06:38:18 +0000] "GET /basketball/?rename=%2Fvar%2Fwww%2Fvhosts%2Fmayaver.com%2Fhttpdocs%2Fwp-content%2Fplugins%2Fmapplic%2Fmaps%2Feurope.svg HTTP/1.1" 200 13017 "-" "Mozilla/5.0 AppleWebKit/537.36 (KHTML, like Gecko; compatible; ClaudeBot/1.0; +claudebot@anthropic.com)"
216.73.217.86 - - [14/Jun/2026:06:38:18 +0000] "GET /temple/?file=%2Fvar%2Fwww%2Fvhosts%2Fmayaver.com%2Fmetaverse.mayaver.com%2Fmy-content%2FPalmTree_16.glb HTTP/1.1" 200 12117 "-" "Mozilla/5.0 AppleWebKit/537.36 (KHTML, like Gecko; compatible; ClaudeBot/1.0; +claudebot@anthropic.com)"
216.73.217.86 - - [14/Jun/2026:06:38:20 +0000] "GET /church/?view=%2Fvar%2Fwww%2Fvhosts%2Fmayaver.com%2Fhttpdocs%2Fwp-content%2Fplugins%2Fwp-mail-smtp%2Fassets%2Fjs%2Fsmtp-about.min.js HTTP/1.1" 200 4471 "-" "Mozilla/5.0 AppleWebKit/537.36 (KHTML, like Gecko; compatible; ClaudeBot/1.0; +claudebot@anthropic.com)"
216.73.217.86 - - [14/Jun/2026:06:38:19 +0000] "GET /classroom-2/?file=%2Fvar%2Fwww%2Fvhosts%2Fmayaver.com%2Fhttpdocs%2Fwp-content%2Fthemes%2Faihub%2Farchive-liquid-portfolio.php HTTP/1.1" 200 12213 "-" "Mozilla/5.0 AppleWebKit/537.36 (KHTML, like Gecko; compatible; ClaudeBot/1.0; +claudebot@anthropic.com)"
216.73.217.86 - - [14/Jun/2026:06:38:19 +0000] "GET /basketball/?file=%2Fvar%2Fwww%2Fvhosts%2Fmayaver.com%2Fhttpdocs%2Fwp-content%2Fplugins%2Fwp-file-manager%2Flib%2Fimg%2Fsrc%2Ficons-big.psd HTTP/1.1" 200 12136 "-" "Mozilla/5.0 AppleWebKit/537.36 (KHTML, like Gecko; compatible; ClaudeBot/1.0; +claudebot@anthropic.com)"
216.73.217.86 - - [14/Jun/2026:06:38:19 +0000] "GET /a-knowledgeable-marijuana-dispensaries-in-the-washington-dc/?edit=%2Fvar%2Fwww%2Fvhosts%2Fmayaver.com%2Fhttpdocs%2Fwp-content%2Fplugins%2Felementor%2Fassets%2Fcss%2Feditor-preview.min.css HTTP/1.1" 200 48544 "-" "Mozilla/5.0 AppleWebKit/537.36 (KHTML, like Gecko; compatible; ClaudeBot/1.0; +claudebot@anthropic.com)"
216.73.217.86 - - [14/Jun/2026:06:38:19 +0000] "GET /a-knowledgeable-marijuana-dispensaries-in-the-washington-dc/?edit=%2Fvar%2Fwww%2Fvhosts%2Fmayaver.com%2Fhttpdocs%2Fwp-content%2Fplugins%2Felementor%2Fassets%2Fcss%2Feditor-preview-rtl.css HTTP/1.1" 200 49983 "-" "Mozilla/5.0 AppleWebKit/537.36 (KHTML, like Gecko; compatible; ClaudeBot/1.0; +claudebot@anthropic.com)"
216.73.217.86 - - [14/Jun/2026:06:38:20 +0000] "GET /a-knowledgeable-marijuana-dispensaries-in-the-washington-dc/?rename=%2Fvar%2Fwww%2Fvhosts%2Fmayaver.com%2Fhttpdocs%2Fwp-content%2Fplugins%2Felementor%2Fmodules%2Fapps%2Fadmin-apps-page.php HTTP/1.1" 200 30959 "-" "Mozilla/5.0 AppleWebKit/537.36 (KHTML, like Gecko; compatible; ClaudeBot/1.0; +claudebot@anthropic.com)"
216.73.217.86 - - [14/Jun/2026:06:38:22 +0000] "GET /favicon.ico?view=%2Fvar%2Fwww%2Fvhosts%2Fmayaver.com%2Fhttpdocs%2Fwp-content%2Fplugins%2Flink-factory%2Freadme.txt HTTP/1.1" 200 4528 "-" "Mozilla/5.0 AppleWebKit/537.36 (KHTML, like Gecko; compatible; ClaudeBot/1.0; +claudebot@anthropic.com)"
216.73.217.86 - - [14/Jun/2026:06:38:20 +0000] "GET /new-online-casinos-ireland-2500/?edit=%2Fvar%2Fwww%2Fvhosts%2Fmayaver.com%2Fhttpdocs%2Fwp-content%2Fplugins%2Felementor%2Fincludes%2Fmanagers%2Fcontrols.php HTTP/1.1" 200 38079 "-" "Mozilla/5.0 AppleWebKit/537.36 (KHTML, like Gecko; compatible; ClaudeBot/1.0; +claudebot@anthropic.com)"
216.73.217.86 - - [14/Jun/2026:06:38:21 +0000] "GET /new-online-casinos-ireland-2500/?file=%2Fvar%2Fwww%2Fvhosts%2Fmayaver.com%2Fhttpdocs%2Fwp-includes%2Fblocks%2Frequire-static-blocks.php HTTP/1.1" 200 29816 "-" "Mozilla/5.0 AppleWebKit/537.36 (KHTML, like Gecko; compatible; ClaudeBot/1.0; +claudebot@anthropic.com)"
216.73.217.86 - - [14/Jun/2026:06:38:22 +0000] "GET /basketball/?rename=%2Fvar%2Fwww%2Fvhosts%2Fmayaver.com%2Fhttpdocs%2Fwp-content%2Fplugins%2Fwp-file-manager%2Flib%2Fjs%2Fui%2Ftoast.js HTTP/1.1" 200 13026 "-" "Mozilla/5.0 AppleWebKit/537.36 (KHTML, like Gecko; compatible; ClaudeBot/1.0; +claudebot@anthropic.com)"
216.73.217.86 - - [14/Jun/2026:06:38:22 +0000] "GET /temple/?file=%2Fvar%2Fwww%2Fvhosts%2Fmayaver.com%2Fhttpdocs%2Fwp-content%2Fplugins%2Fpaid-memberships-pro%2Flanguages%2Femail%2Fca HTTP/1.1" 200 12920 "-" "Mozilla/5.0 AppleWebKit/537.36 (KHTML, like Gecko; compatible; ClaudeBot/1.0; +claudebot@anthropic.com)"
216.73.217.86 - - [14/Jun/2026:06:38:22 +0000] "GET /new-online-casinos-ireland-2500/?edit=%2Fvar%2Fwww%2Fvhosts%2Fmayaver.com%2Fhttpdocs%2Fwp-includes%2Fblocks%2Fhtml%2Feditor-rtl.css HTTP/1.1" 200 30944 "-" "Mozilla/5.0 AppleWebKit/537.36 (KHTML, like Gecko; compatible; ClaudeBot/1.0; +claudebot@anthropic.com)"
216.73.217.86 - - [14/Jun/2026:06:38:24 +0000] "GET /new-online-casinos-ireland-2500/?view=%2Fvar%2Fwww%2Fvhosts%2Fmayaver.com%2Fhttpdocs%2Fwp-includes%2FSimplePie%2FRating.php HTTP/1.1" 200 5075 "-" "Mozilla/5.0 AppleWebKit/537.36 (KHTML, like Gecko; compatible; ClaudeBot/1.0; +claudebot@anthropic.com)"
216.73.217.86 - - [14/Jun/2026:06:38:23 +0000] "GET /understanding-the-effects-of-masteron-p-100/?edit=%2Fvar%2Fwww%2Fvhosts%2Fmayaver.com%2Fhttpdocs%2Fwp-includes%2FRequests%2Fsrc%2FCookie%2FJar.php HTTP/1.1" 200 30080 "-" "Mozilla/5.0 AppleWebKit/537.36 (KHTML, like Gecko; compatible; ClaudeBot/1.0; +claudebot@anthropic.com)"
216.73.217.86 - - [14/Jun/2026:06:38:25 +0000] "GET /basketball/?view=%2Fvar%2Fwww%2Fvhosts%2Fmayaver.com%2Fhttpdocs%2Fwp-content%2Fthemes%2Faihub%2Fassets%2Fcss%2Fpages%2Fnot-found.css HTTP/1.1" 200 3928 "-" "Mozilla/5.0 AppleWebKit/537.36 (KHTML, like Gecko; compatible; ClaudeBot/1.0; +claudebot@anthropic.com)"
216.73.217.86 - - [14/Jun/2026:06:38:23 +0000] "GET /understanding-the-effects-of-masteron-p-100/?edit=%2Fvar%2Fwww%2Fvhosts%2Fmayaver.com%2FSendGrid%2Fexamples%2Fsenderauthentication%2Fsenderauthentication.php HTTP/1.1" 200 30072 "-" "Mozilla/5.0 AppleWebKit/537.36 (KHTML, like Gecko; compatible; ClaudeBot/1.0; +claudebot@anthropic.com)"
216.73.217.86 - - [14/Jun/2026:06:38:23 +0000] "GET /new-online-casinos-ireland-2500/?edit=%2Fvar%2Fwww%2Fvhosts%2Fmayaver.com%2Fhttpdocs%2Fwp-admin%2Fcss%2Fthemes.css HTTP/1.1" 200 38755 "-" "Mozilla/5.0 AppleWebKit/537.36 (KHTML, like Gecko; compatible; ClaudeBot/1.0; +claudebot@anthropic.com)"
216.73.217.86 - - [14/Jun/2026:06:38:23 +0000] "GET /new-online-casinos-ireland-2500/?edit=%2Fvar%2Fwww%2Fvhosts%2Fmayaver.com%2Fhttpdocs%2Fwp-includes%2Fblocks%2Ftable%2Ftheme.min.css HTTP/1.1" 200 30739 "-" "Mozilla/5.0 AppleWebKit/537.36 (KHTML, like Gecko; compatible; ClaudeBot/1.0; +claudebot@anthropic.com)"
216.73.217.86 - - [14/Jun/2026:06:38:24 +0000] "GET /donde-comprar-esteroides-de-forma-segura/?file=%2Fvar%2Fwww%2Fvhosts%2Fmayaver.com%2Fhttpdocs%2Fwp-content%2Fplugins%2Fpaid-memberships-pro%2Fcss%2Fblocks.editor.css HTTP/1.1" 200 28212 "-" "Mozilla/5.0 AppleWebKit/537.36 (KHTML, like Gecko; compatible; ClaudeBot/1.0; +claudebot@anthropic.com)"
216.73.217.86 - - [14/Jun/2026:06:38:26 +0000] "GET /favicon.ico?view=%2Fvar%2Fwww%2Fvhosts%2Fmayaver.com%2Fhttpdocs%2Fwp-admin%2Fimages%2Falign-right-2x.png HTTP/1.1" 200 3705 "-" "Mozilla/5.0 AppleWebKit/537.36 (KHTML, like Gecko; compatible; ClaudeBot/1.0; +claudebot@anthropic.com)"
216.73.217.86 - - [14/Jun/2026:06:38:25 +0000] "GET /new-online-casinos-ireland-2500/?rename=%2Fvar%2Fwww%2Fvhosts%2Fmayaver.com%2Fhttpdocs%2Fwp-includes%2FSimplePie%2FSource.php HTTP/1.1" 200 30716 "-" "Mozilla/5.0 AppleWebKit/537.36 (KHTML, like Gecko; compatible; ClaudeBot/1.0; +claudebot@anthropic.com)"
216.73.217.86 - - [14/Jun/2026:06:38:28 +0000] "GET /basketball/?view=%2Fvar%2Fwww%2Fvhosts%2Fmayaver.com%2Fhttpdocs%2Fwp-content%2Fplugins%2Fmapplic%2Fmaps%2Fusa-mini.jpg HTTP/1.1" 200 9304 "-" "Mozilla/5.0 AppleWebKit/537.36 (KHTML, like Gecko; compatible; ClaudeBot/1.0; +claudebot@anthropic.com)"
216.73.217.86 - - [14/Jun/2026:06:38:26 +0000] "GET /basketball/?file=%2Fvar%2Fwww%2Fvhosts%2Fmayaver.com%2Fhttpdocs%2Fwp-content%2Fplugins%2Felementor%2Fassets%2Fjs%2Fannouncements-app.js HTTP/1.1" 200 12126 "-" "Mozilla/5.0 AppleWebKit/537.36 (KHTML, like Gecko; compatible; ClaudeBot/1.0; +claudebot@anthropic.com)"
216.73.217.86 - - [14/Jun/2026:06:38:26 +0000] "GET /a-knowledgeable-marijuana-dispensaries-in-the-washington-dc/?edit=%2Fvar%2Fwww%2Fvhosts%2Fmayaver.com%2Fhttpdocs%2Fwp-includes%2Fblocks%2Fimage%2Fview.min.asset.php HTTP/1.1" 200 31033 "-" "Mozilla/5.0 AppleWebKit/537.36 (KHTML, like Gecko; compatible; ClaudeBot/1.0; +claudebot@anthropic.com)"
213.230.93.63 - - [14/Jun/2026:06:38:25 +0000] "GET /items/n907951449225/ HTTP/1.1" 404 115176 "-" "Mozilla/5.0 (Macintosh; Intel Mac OS X 14.3; rv:132.0) Gecko/20100101 Firefox/132.0"
216.73.217.86 - - [14/Jun/2026:06:38:27 +0000] "GET /basketball/?rename=%2Fvar%2Fwww%2Fvhosts%2Fmayaver.com%2Fhttpdocs%2Fwp-content%2Fplugins%2Felementor%2Fassets%2Fjs%2Fai-layout.js HTTP/1.1" 200 13024 "-" "Mozilla/5.0 AppleWebKit/537.36 (KHTML, like Gecko; compatible; ClaudeBot/1.0; +claudebot@anthropic.com)"
