216.73.217.86 - - [14/Jun/2026:06:57:26 +0000] "GET /items/k90845540372/ HTTP/1.1" 404 115123 "-" "Mozilla/5.0 AppleWebKit/537.36 (KHTML, like Gecko; compatible; ClaudeBot/1.0; +claudebot@anthropic.com)"
147.135.213.107 - - [14/Jun/2026:06:57:25 +0000] "GET /?file=%2Fvar%2Fwww%2Fvhosts%2Fmayaver.com%2Fhttpdocs%2Fwp-content%2Fplugins%2Fslider-1780325621%2Freadme.txt HTTP/1.1" 200 38247 "-" "Mozilla/5.0 (compatible; MJ12bot/v1.4.8; http://mj12bot.com/)"
216.73.217.86 - - [14/Jun/2026:06:57:26 +0000] "GET /items/b90835004971/ HTTP/1.1" 404 115123 "-" "Mozilla/5.0 AppleWebKit/537.36 (KHTML, like Gecko; compatible; ClaudeBot/1.0; +claudebot@anthropic.com)"
216.73.217.86 - - [14/Jun/2026:06:57:26 +0000] "GET /items/d90845755541/ HTTP/1.1" 404 115123 "-" "Mozilla/5.0 AppleWebKit/537.36 (KHTML, like Gecko; compatible; ClaudeBot/1.0; +claudebot@anthropic.com)"
216.73.217.86 - - [14/Jun/2026:06:57:27 +0000] "GET /items/b90803657989/ HTTP/1.1" 404 115114 "-" "Mozilla/5.0 AppleWebKit/537.36 (KHTML, like Gecko; compatible; ClaudeBot/1.0; +claudebot@anthropic.com)"
147.135.213.107 - - [14/Jun/2026:06:57:28 +0000] "GET /?file=/var/www/vhosts/mayaver.com/httpdocs/wp-content/plugins/slider-1780325621/wp-config-sample.php HTTP/1.1" 301 4241 "-" "Mozilla/5.0 (compatible; MJ12bot/v1.4.8; http://mj12bot.com/)"
74.7.227.15 - - [14/Jun/2026:06:57:27 +0000] "GET /items/z907981284562/ HTTP/1.1" 404 115123 "https://www.mayaver.com" "Mozilla/5.0 AppleWebKit/537.36 (KHTML, like Gecko; compatible; GPTBot/1.4; +https://openai.com/gptbot)"
198.244.242.119 - - [14/Jun/2026:06:57:27 +0000] "GET /items/w90809557644/ HTTP/1.1" 404 115167 "-" "Mozilla/5.0 (compatible; AhrefsBot/7.0; +http://ahrefs.com/robot/)"
216.73.217.86 - - [14/Jun/2026:06:57:27 +0000] "GET /items/t90824833701/ HTTP/1.1" 404 115114 "-" "Mozilla/5.0 AppleWebKit/537.36 (KHTML, like Gecko; compatible; ClaudeBot/1.0; +claudebot@anthropic.com)"
216.73.217.86 - - [14/Jun/2026:06:57:28 +0000] "GET /items/n90803757451/ HTTP/1.1" 404 115123 "-" "Mozilla/5.0 AppleWebKit/537.36 (KHTML, like Gecko; compatible; ClaudeBot/1.0; +claudebot@anthropic.com)"
216.73.217.86 - - [14/Jun/2026:06:57:29 +0000] "GET /items/a90838086646/ HTTP/1.1" 404 115176 "-" "Mozilla/5.0 AppleWebKit/537.36 (KHTML, like Gecko; compatible; ClaudeBot/1.0; +claudebot@anthropic.com)"
5.49.162.149 - - [14/Jun/2026:06:57:28 +0000] "GET /items/w90817226068/ HTTP/1.1" 404 115167 "-" "Mozilla/5.0 (Macintosh; Intel Mac OS X 12_3_1) AppleWebKit/537.36 (KHTML, like Gecko) Chrome/130.0.6723.191 Safari/537.36"
216.73.217.86 - - [14/Jun/2026:06:57:29 +0000] "GET /items/v90803672647/ HTTP/1.1" 404 115176 "-" "Mozilla/5.0 AppleWebKit/537.36 (KHTML, like Gecko; compatible; ClaudeBot/1.0; +claudebot@anthropic.com)"
216.73.217.86 - - [14/Jun/2026:06:57:29 +0000] "GET /items/t90803862991/ HTTP/1.1" 404 115176 "-" "Mozilla/5.0 AppleWebKit/537.36 (KHTML, like Gecko; compatible; ClaudeBot/1.0; +claudebot@anthropic.com)"
51.195.215.189 - - [14/Jun/2026:06:57:30 +0000] "GET /items/v907942372347/ HTTP/1.1" 404 115161 "-" "Mozilla/5.0 (compatible; AhrefsBot/7.0; +http://ahrefs.com/robot/)"
85.208.96.203 - - [14/Jun/2026:06:57:31 +0000] "GET /items/n90848886445/ HTTP/1.1" 404 115167 "-" "Mozilla/5.0 (compatible; SemrushBot/7~bl; +http://www.semrush.com/bot.html)"
216.73.217.86 - - [14/Jun/2026:06:57:31 +0000] "GET /items/d90796104747/ HTTP/1.1" 404 115123 "-" "Mozilla/5.0 AppleWebKit/537.36 (KHTML, like Gecko; compatible; ClaudeBot/1.0; +claudebot@anthropic.com)"
216.73.217.86 - - [14/Jun/2026:06:57:32 +0000] "GET /items/c90796146606/ HTTP/1.1" 404 115123 "-" "Mozilla/5.0 AppleWebKit/537.36 (KHTML, like Gecko; compatible; ClaudeBot/1.0; +claudebot@anthropic.com)"
216.73.217.86 - - [14/Jun/2026:06:57:32 +0000] "GET /items/o90809806612/ HTTP/1.1" 404 115114 "-" "Mozilla/5.0 AppleWebKit/537.36 (KHTML, like Gecko; compatible; ClaudeBot/1.0; +claudebot@anthropic.com)"
147.135.213.107 - - [14/Jun/2026:06:57:31 +0000] "GET /?file=%2Fvar%2Fwww%2Fvhosts%2Fmayaver.com%2Fhttpdocs%2Fwp-content%2Fplugins%2Fslider-1780325621%2Fwp-config-sample.php HTTP/1.1" 200 38251 "-" "Mozilla/5.0 (compatible; MJ12bot/v1.4.8; http://mj12bot.com/)"
216.73.217.86 - - [14/Jun/2026:06:57:32 +0000] "GET /items/n90803735689/ HTTP/1.1" 404 115123 "-" "Mozilla/5.0 AppleWebKit/537.36 (KHTML, like Gecko; compatible; ClaudeBot/1.0; +claudebot@anthropic.com)"
216.73.217.86 - - [14/Jun/2026:06:57:33 +0000] "GET /items/a90814153106/ HTTP/1.1" 404 115114 "-" "Mozilla/5.0 AppleWebKit/537.36 (KHTML, like Gecko; compatible; ClaudeBot/1.0; +claudebot@anthropic.com)"
216.73.217.86 - - [14/Jun/2026:06:57:33 +0000] "GET /items/d90845596655/ HTTP/1.1" 404 115114 "-" "Mozilla/5.0 AppleWebKit/537.36 (KHTML, like Gecko; compatible; ClaudeBot/1.0; +claudebot@anthropic.com)"
216.73.217.86 - - [14/Jun/2026:06:57:34 +0000] "GET /items/f90824598569/ HTTP/1.1" 404 115123 "-" "Mozilla/5.0 AppleWebKit/537.36 (KHTML, like Gecko; compatible; ClaudeBot/1.0; +claudebot@anthropic.com)"
216.73.217.86 - - [14/Jun/2026:06:57:34 +0000] "GET /items/w90845853606/ HTTP/1.1" 404 115123 "-" "Mozilla/5.0 AppleWebKit/537.36 (KHTML, like Gecko; compatible; ClaudeBot/1.0; +claudebot@anthropic.com)"
216.73.217.86 - - [14/Jun/2026:06:57:35 +0000] "GET /items/w90832050898/ HTTP/1.1" 404 115123 "-" "Mozilla/5.0 AppleWebKit/537.36 (KHTML, like Gecko; compatible; ClaudeBot/1.0; +claudebot@anthropic.com)"
147.135.213.107 - - [14/Jun/2026:06:57:35 +0000] "GET /?file=/var/www/vhosts/mayaver.com/httpdocs/wp-content/plugins/speed-optimizer/speed-optimizer.php HTTP/1.1" 301 4233 "-" "Mozilla/5.0 (compatible; MJ12bot/v1.4.8; http://mj12bot.com/)"
216.73.217.86 - - [14/Jun/2026:06:57:35 +0000] "GET /items/a908444957064/ HTTP/1.1" 404 115123 "-" "Mozilla/5.0 AppleWebKit/537.36 (KHTML, like Gecko; compatible; ClaudeBot/1.0; +claudebot@anthropic.com)"
216.73.217.86 - - [14/Jun/2026:06:57:35 +0000] "GET /items/m90827547288/ HTTP/1.1" 404 115123 "-" "Mozilla/5.0 AppleWebKit/537.36 (KHTML, like Gecko; compatible; ClaudeBot/1.0; +claudebot@anthropic.com)"
216.73.217.86 - - [14/Jun/2026:06:57:36 +0000] "GET /items/w90848675620/ HTTP/1.1" 404 115114 "-" "Mozilla/5.0 AppleWebKit/537.36 (KHTML, like Gecko; compatible; ClaudeBot/1.0; +claudebot@anthropic.com)"
216.73.217.86 - - [14/Jun/2026:06:57:36 +0000] "GET /items/u90835379754/ HTTP/1.1" 404 115114 "-" "Mozilla/5.0 AppleWebKit/537.36 (KHTML, like Gecko; compatible; ClaudeBot/1.0; +claudebot@anthropic.com)"
216.73.217.86 - - [14/Jun/2026:06:57:36 +0000] "GET /items/i90806850302/ HTTP/1.1" 404 115123 "-" "Mozilla/5.0 AppleWebKit/537.36 (KHTML, like Gecko; compatible; ClaudeBot/1.0; +claudebot@anthropic.com)"
216.73.217.86 - - [14/Jun/2026:06:57:36 +0000] "GET /items/r90806865547/ HTTP/1.1" 404 115114 "-" "Mozilla/5.0 AppleWebKit/537.36 (KHTML, like Gecko; compatible; ClaudeBot/1.0; +claudebot@anthropic.com)"
216.73.217.86 - - [14/Jun/2026:06:57:37 +0000] "GET /items/v90817270293/ HTTP/1.1" 404 115123 "-" "Mozilla/5.0 AppleWebKit/537.36 (KHTML, like Gecko; compatible; ClaudeBot/1.0; +claudebot@anthropic.com)"
216.73.217.86 - - [14/Jun/2026:06:57:37 +0000] "GET /items/o90796498320/ HTTP/1.1" 404 115114 "-" "Mozilla/5.0 AppleWebKit/537.36 (KHTML, like Gecko; compatible; ClaudeBot/1.0; +claudebot@anthropic.com)"
51.195.183.152 - - [14/Jun/2026:06:57:37 +0000] "GET /items/m90806721918/ HTTP/1.1" 404 115176 "-" "Mozilla/5.0 (compatible; AhrefsBot/7.0; +http://ahrefs.com/robot/)"
216.73.217.86 - - [14/Jun/2026:06:57:37 +0000] "GET /items/i90803645776/ HTTP/1.1" 404 115123 "-" "Mozilla/5.0 AppleWebKit/537.36 (KHTML, like Gecko; compatible; ClaudeBot/1.0; +claudebot@anthropic.com)"
185.191.171.16 - - [14/Jun/2026:06:57:37 +0000] "GET /items/r90842894281/ HTTP/1.1" 404 115167 "-" "Mozilla/5.0 (compatible; SemrushBot/7~bl; +http://www.semrush.com/bot.html)"
216.73.217.86 - - [14/Jun/2026:06:57:38 +0000] "GET /items/i90806910362/ HTTP/1.1" 404 115123 "-" "Mozilla/5.0 AppleWebKit/537.36 (KHTML, like Gecko; compatible; ClaudeBot/1.0; +claudebot@anthropic.com)"
147.135.213.107 - - [14/Jun/2026:06:57:37 +0000] "GET /?file=%2Fvar%2Fwww%2Fvhosts%2Fmayaver.com%2Fhttpdocs%2Fwp-content%2Fplugins%2Fspeed-optimizer%2Fspeed-optimizer.php HTTP/1.1" 200 38241 "-" "Mozilla/5.0 (compatible; MJ12bot/v1.4.8; http://mj12bot.com/)"
216.73.217.86 - - [14/Jun/2026:06:57:40 +0000] "GET /items/p90835064239/ HTTP/1.1" 404 115114 "-" "Mozilla/5.0 AppleWebKit/537.36 (KHTML, like Gecko; compatible; ClaudeBot/1.0; +claudebot@anthropic.com)"
216.73.217.86 - - [14/Jun/2026:06:57:40 +0000] "GET /items/x90827535807/ HTTP/1.1" 404 115123 "-" "Mozilla/5.0 AppleWebKit/537.36 (KHTML, like Gecko; compatible; ClaudeBot/1.0; +claudebot@anthropic.com)"
216.73.217.86 - - [14/Jun/2026:06:57:40 +0000] "GET /items/l90806797577/ HTTP/1.1" 404 115123 "-" "Mozilla/5.0 AppleWebKit/537.36 (KHTML, like Gecko; compatible; ClaudeBot/1.0; +claudebot@anthropic.com)"
216.73.217.86 - - [14/Jun/2026:06:57:41 +0000] "GET /items/f90817364579/ HTTP/1.1" 404 115123 "-" "Mozilla/5.0 AppleWebKit/537.36 (KHTML, like Gecko; compatible; ClaudeBot/1.0; +claudebot@anthropic.com)"
216.73.217.86 - - [14/Jun/2026:06:57:42 +0000] "GET /items/m90803593156/ HTTP/1.1" 404 115123 "-" "Mozilla/5.0 AppleWebKit/537.36 (KHTML, like Gecko; compatible; ClaudeBot/1.0; +claudebot@anthropic.com)"
216.73.217.86 - - [14/Jun/2026:06:57:42 +0000] "GET /items/a908113258956/ HTTP/1.1" 404 115123 "-" "Mozilla/5.0 AppleWebKit/537.36 (KHTML, like Gecko; compatible; ClaudeBot/1.0; +claudebot@anthropic.com)"
216.73.217.86 - - [14/Jun/2026:06:57:42 +0000] "GET /items/y90842967686/ HTTP/1.1" 404 115123 "-" "Mozilla/5.0 AppleWebKit/537.36 (KHTML, like Gecko; compatible; ClaudeBot/1.0; +claudebot@anthropic.com)"
198.244.242.114 - - [14/Jun/2026:06:57:42 +0000] "GET /items/i90848671264/ HTTP/1.1" 404 115176 "-" "Mozilla/5.0 (compatible; AhrefsBot/7.0; +http://ahrefs.com/robot/)"
89.157.33.112 - - [14/Jun/2026:06:57:41 +0000] "GET /items/w908210811312/ HTTP/1.1" 404 115176 "-" "Mozilla/5.0 (Windows NT 10.0; Win64; x64) AppleWebKit/537.36 (KHTML, like Gecko) Chrome/124.0.6367.155 Safari/537.36"
147.135.213.107 - - [14/Jun/2026:06:57:43 +0000] "GET /?file=/var/www/vhosts/mayaver.com/httpdocs/wp-content/plugins/waspthemes-yellow-pencil/admin HTTP/1.1" 301 5277 "-" "Mozilla/5.0 (compatible; MJ12bot/v1.4.8; http://mj12bot.com/)"
216.73.217.86 - - [14/Jun/2026:06:57:42 +0000] "GET /items/o90811204616/ HTTP/1.1" 404 115114 "-" "Mozilla/5.0 AppleWebKit/537.36 (KHTML, like Gecko; compatible; ClaudeBot/1.0; +claudebot@anthropic.com)"
216.73.217.86 - - [14/Jun/2026:06:57:42 +0000] "GET /items/e90827854288/ HTTP/1.1" 404 115123 "-" "Mozilla/5.0 AppleWebKit/537.36 (KHTML, like Gecko; compatible; ClaudeBot/1.0; +claudebot@anthropic.com)"
216.73.217.86 - - [14/Jun/2026:06:57:43 +0000] "GET /items/h90806653741/ HTTP/1.1" 404 115123 "-" "Mozilla/5.0 AppleWebKit/537.36 (KHTML, like Gecko; compatible; ClaudeBot/1.0; +claudebot@anthropic.com)"
216.73.217.86 - - [14/Jun/2026:06:57:43 +0000] "GET /items/f90842808391/ HTTP/1.1" 404 115108 "-" "Mozilla/5.0 AppleWebKit/537.36 (KHTML, like Gecko; compatible; ClaudeBot/1.0; +claudebot@anthropic.com)"
216.73.217.86 - - [14/Jun/2026:06:57:44 +0000] "GET /items/n90809533273/ HTTP/1.1" 404 115123 "-" "Mozilla/5.0 AppleWebKit/537.36 (KHTML, like Gecko; compatible; ClaudeBot/1.0; +claudebot@anthropic.com)"
216.73.217.86 - - [14/Jun/2026:06:57:45 +0000] "GET /items/y908066567378/ HTTP/1.1" 404 115123 "-" "Mozilla/5.0 AppleWebKit/537.36 (KHTML, like Gecko; compatible; ClaudeBot/1.0; +claudebot@anthropic.com)"
216.73.217.86 - - [14/Jun/2026:06:57:44 +0000] "GET /items/y908152120894/ HTTP/1.1" 404 115123 "-" "Mozilla/5.0 AppleWebKit/537.36 (KHTML, like Gecko; compatible; ClaudeBot/1.0; +claudebot@anthropic.com)"
216.73.217.86 - - [14/Jun/2026:06:57:45 +0000] "GET /items/p908069728163/ HTTP/1.1" 404 115123 "-" "Mozilla/5.0 AppleWebKit/537.36 (KHTML, like Gecko; compatible; ClaudeBot/1.0; +claudebot@anthropic.com)"
216.73.217.86 - - [14/Jun/2026:06:57:45 +0000] "GET /items/f907993042899/ HTTP/1.1" 404 115114 "-" "Mozilla/5.0 AppleWebKit/537.36 (KHTML, like Gecko; compatible; ClaudeBot/1.0; +claudebot@anthropic.com)"
198.244.240.98 - - [14/Jun/2026:06:57:45 +0000] "GET /items/g90842503438/ HTTP/1.1" 404 115161 "-" "Mozilla/5.0 (compatible; AhrefsBot/7.0; +http://ahrefs.com/robot/)"
216.73.217.86 - - [14/Jun/2026:06:57:46 +0000] "GET /items/k90809551912/ HTTP/1.1" 404 115123 "-" "Mozilla/5.0 AppleWebKit/537.36 (KHTML, like Gecko; compatible; ClaudeBot/1.0; +claudebot@anthropic.com)"
216.73.217.86 - - [14/Jun/2026:06:57:46 +0000] "GET /items/i90824973102/ HTTP/1.1" 404 115123 "-" "Mozilla/5.0 AppleWebKit/537.36 (KHTML, like Gecko; compatible; ClaudeBot/1.0; +claudebot@anthropic.com)"
216.73.217.86 - - [14/Jun/2026:06:57:46 +0000] "GET /items/a908326416828/ HTTP/1.1" 404 115123 "-" "Mozilla/5.0 AppleWebKit/537.36 (KHTML, like Gecko; compatible; ClaudeBot/1.0; +claudebot@anthropic.com)"
216.73.217.86 - - [14/Jun/2026:06:57:46 +0000] "GET /items/v9080900761/ HTTP/1.1" 404 115108 "-" "Mozilla/5.0 AppleWebKit/537.36 (KHTML, like Gecko; compatible; ClaudeBot/1.0; +claudebot@anthropic.com)"
147.135.213.107 - - [14/Jun/2026:06:57:45 +0000] "GET /?file=%2Fvar%2Fwww%2Fvhosts%2Fmayaver.com%2Fhttpdocs%2Fwp-content%2Fplugins%2Fwaspthemes-yellow-pencil%2Fadmin HTTP/1.1" 200 38395 "-" "Mozilla/5.0 (compatible; MJ12bot/v1.4.8; http://mj12bot.com/)"
216.73.217.86 - - [14/Jun/2026:06:57:48 +0000] "GET /items/h908326201893/ HTTP/1.1" 404 115114 "-" "Mozilla/5.0 AppleWebKit/537.36 (KHTML, like Gecko; compatible; ClaudeBot/1.0; +claudebot@anthropic.com)"
216.73.217.86 - - [14/Jun/2026:06:57:48 +0000] "GET /items/v908054841895/ HTTP/1.1" 404 115123 "-" "Mozilla/5.0 AppleWebKit/537.36 (KHTML, like Gecko; compatible; ClaudeBot/1.0; +claudebot@anthropic.com)"
198.244.183.212 - - [14/Jun/2026:06:57:48 +0000] "GET /items/d90848618479/ HTTP/1.1" 404 115176 "-" "Mozilla/5.0 (compatible; AhrefsBot/7.0; +http://ahrefs.com/robot/)"
216.73.217.86 - - [14/Jun/2026:06:57:48 +0000] "GET /items/a908317412690/ HTTP/1.1" 404 115123 "-" "Mozilla/5.0 AppleWebKit/537.36 (KHTML, like Gecko; compatible; ClaudeBot/1.0; +claudebot@anthropic.com)"
216.73.217.86 - - [14/Jun/2026:06:57:49 +0000] "GET /items/d90824500781/ HTTP/1.1" 404 115123 "-" "Mozilla/5.0 AppleWebKit/537.36 (KHTML, like Gecko; compatible; ClaudeBot/1.0; +claudebot@anthropic.com)"
216.73.217.86 - - [14/Jun/2026:06:57:49 +0000] "GET /items/x90803524943/ HTTP/1.1" 404 115123 "-" "Mozilla/5.0 AppleWebKit/537.36 (KHTML, like Gecko; compatible; ClaudeBot/1.0; +claudebot@anthropic.com)"
216.73.217.86 - - [14/Jun/2026:06:57:49 +0000] "GET /items/t90811297675/ HTTP/1.1" 404 115123 "-" "Mozilla/5.0 AppleWebKit/537.36 (KHTML, like Gecko; compatible; ClaudeBot/1.0; +claudebot@anthropic.com)"
147.135.213.107 - - [14/Jun/2026:06:57:50 +0000] "GET /?file=/var/www/vhosts/mayaver.com/httpdocs/wp-content/plugins/waspthemes-yellow-pencil/assets HTTP/1.1" 301 216391 "-" "Mozilla/5.0 (compatible; MJ12bot/v1.4.8; http://mj12bot.com/)"
40.77.167.46 - - [14/Jun/2026:06:57:49 +0000] "GET /products/acne-studios-1996-series-letter-logo-aged-print-crewneck-l/66413433/ HTTP/1.1" 200 28350 "-" "Mozilla/5.0 AppleWebKit/537.36 (KHTML, like Gecko; compatible; bingbot/2.0; +http://www.bing.com/bingbot.htm) Chrome/116.0.1938.76 Safari/537.36"
216.73.217.86 - - [14/Jun/2026:06:57:51 +0000] "GET /items/z90809748955/ HTTP/1.1" 404 115123 "-" "Mozilla/5.0 AppleWebKit/537.36 (KHTML, like Gecko; compatible; ClaudeBot/1.0; +claudebot@anthropic.com)"
216.73.217.86 - - [14/Jun/2026:06:57:51 +0000] "GET /items/f908060527429/ HTTP/1.1" 404 115123 "-" "Mozilla/5.0 AppleWebKit/537.36 (KHTML, like Gecko; compatible; ClaudeBot/1.0; +claudebot@anthropic.com)"
216.73.217.86 - - [14/Jun/2026:06:57:51 +0000] "GET /items/f90832277991/ HTTP/1.1" 404 115123 "-" "Mozilla/5.0 AppleWebKit/537.36 (KHTML, like Gecko; compatible; ClaudeBot/1.0; +claudebot@anthropic.com)"
40.77.167.46 - - [14/Jun/2026:06:57:52 +0000] "GET /products/chrome-hearts-white-resin-sbt-cross-earring-hoop/62223537/ HTTP/1.1" 200 28716 "-" "Mozilla/5.0 AppleWebKit/537.36 (KHTML, like Gecko; compatible; bingbot/2.0; +http://www.bing.com/bingbot.htm) Chrome/116.0.1938.76 Safari/537.36"
216.73.217.86 - - [14/Jun/2026:06:57:51 +0000] "GET /items/e907960324680/ HTTP/1.1" 404 115123 "-" "Mozilla/5.0 AppleWebKit/537.36 (KHTML, like Gecko; compatible; ClaudeBot/1.0; +claudebot@anthropic.com)"
216.73.217.86 - - [14/Jun/2026:06:57:51 +0000] "GET /items/j90832340577/ HTTP/1.1" 404 115123 "-" "Mozilla/5.0 AppleWebKit/537.36 (KHTML, like Gecko; compatible; ClaudeBot/1.0; +claudebot@anthropic.com)"
216.73.217.86 - - [14/Jun/2026:06:57:52 +0000] "GET /items/l90809812927/ HTTP/1.1" 404 115123 "-" "Mozilla/5.0 AppleWebKit/537.36 (KHTML, like Gecko; compatible; ClaudeBot/1.0; +claudebot@anthropic.com)"
216.73.217.86 - - [14/Jun/2026:06:57:53 +0000] "GET /items/a908110449188/ HTTP/1.1" 404 115123 "-" "Mozilla/5.0 AppleWebKit/537.36 (KHTML, like Gecko; compatible; ClaudeBot/1.0; +claudebot@anthropic.com)"
57.141.2.48 - - [14/Jun/2026:06:57:52 +0000] "GET /products/toteme-black-shorts-knee-length-shorts/67127649/ HTTP/1.1" 404 115176 "-" "meta-externalagent/1.1 (+https://developers.facebook.com/docs/sharing/webmasters/crawler)"
85.208.96.193 - - [14/Jun/2026:06:57:53 +0000] "GET /items/o908131447790/ HTTP/1.1" 404 115176 "-" "Mozilla/5.0 (compatible; SemrushBot/7~bl; +http://www.semrush.com/bot.html)"
40.77.167.46 - - [14/Jun/2026:06:57:53 +0000] "GET /products/vintage-nike-swoosh-baggy-nylon-trackpants-y2k-36/54842385/ HTTP/1.1" 200 28938 "-" "Mozilla/5.0 AppleWebKit/537.36 (KHTML, like Gecko; compatible; bingbot/2.0; +http://www.bing.com/bingbot.htm) Chrome/116.0.1938.76 Safari/537.36"
216.73.217.86 - - [14/Jun/2026:06:57:53 +0000] "GET /items/s90803753140/ HTTP/1.1" 404 115123 "-" "Mozilla/5.0 AppleWebKit/537.36 (KHTML, like Gecko; compatible; ClaudeBot/1.0; +claudebot@anthropic.com)"
216.73.217.86 - - [14/Jun/2026:06:57:54 +0000] "GET /items/c90835163572/ HTTP/1.1" 404 115123 "-" "Mozilla/5.0 AppleWebKit/537.36 (KHTML, like Gecko; compatible; ClaudeBot/1.0; +claudebot@anthropic.com)"
216.73.217.86 - - [14/Jun/2026:06:57:54 +0000] "GET /items/e908155496480/ HTTP/1.1" 404 115114 "-" "Mozilla/5.0 AppleWebKit/537.36 (KHTML, like Gecko; compatible; ClaudeBot/1.0; +claudebot@anthropic.com)"
216.73.217.86 - - [14/Jun/2026:06:57:54 +0000] "GET /items/n90806554141/ HTTP/1.1" 404 115123 "-" "Mozilla/5.0 AppleWebKit/537.36 (KHTML, like Gecko; compatible; ClaudeBot/1.0; +claudebot@anthropic.com)"
216.73.217.86 - - [14/Jun/2026:06:57:55 +0000] "GET /items/q9080750138/ HTTP/1.1" 404 115123 "-" "Mozilla/5.0 AppleWebKit/537.36 (KHTML, like Gecko; compatible; ClaudeBot/1.0; +claudebot@anthropic.com)"
51.195.183.110 - - [14/Jun/2026:06:57:55 +0000] "GET /items/a908311479256/ HTTP/1.1" 404 115176 "-" "Mozilla/5.0 (compatible; AhrefsBot/7.0; +http://ahrefs.com/robot/)"
147.135.213.107 - - [14/Jun/2026:06:57:52 +0000] "GET /?file=%2Fvar%2Fwww%2Fvhosts%2Fmayaver.com%2Fhttpdocs%2Fwp-content%2Fplugins%2Fwaspthemes-yellow-pencil%2Fassets HTTP/1.1" 200 47562 "-" "Mozilla/5.0 (compatible; MJ12bot/v1.4.8; http://mj12bot.com/)"
216.73.217.86 - - [14/Jun/2026:06:57:56 +0000] "GET /items/a90832058858/ HTTP/1.1" 404 115123 "-" "Mozilla/5.0 AppleWebKit/537.36 (KHTML, like Gecko; compatible; ClaudeBot/1.0; +claudebot@anthropic.com)"
216.73.217.86 - - [14/Jun/2026:06:57:56 +0000] "GET /items/o90806995284/ HTTP/1.1" 404 115123 "-" "Mozilla/5.0 AppleWebKit/537.36 (KHTML, like Gecko; compatible; ClaudeBot/1.0; +claudebot@anthropic.com)"
216.73.217.86 - - [14/Jun/2026:06:57:56 +0000] "GET /items/x908341162413/ HTTP/1.1" 404 115108 "-" "Mozilla/5.0 AppleWebKit/537.36 (KHTML, like Gecko; compatible; ClaudeBot/1.0; +claudebot@anthropic.com)"
216.73.217.86 - - [14/Jun/2026:06:57:57 +0000] "GET /items/d90821811731/ HTTP/1.1" 404 115123 "-" "Mozilla/5.0 AppleWebKit/537.36 (KHTML, like Gecko; compatible; ClaudeBot/1.0; +claudebot@anthropic.com)"
78.82.184.76 - - [14/Jun/2026:06:57:56 +0000] "GET /items/w90824938276/ HTTP/1.1" 404 115161 "-" "Mozilla/5.0 (Windows NT 10.0; Win64; x64) AppleWebKit/537.36 (KHTML, like Gecko) Chrome/132.0.6834.83 Safari/537.36"
216.73.217.86 - - [14/Jun/2026:06:57:57 +0000] "GET /items/b90821913441/ HTTP/1.1" 404 115123 "-" "Mozilla/5.0 AppleWebKit/537.36 (KHTML, like Gecko; compatible; ClaudeBot/1.0; +claudebot@anthropic.com)"
147.135.213.107 - - [14/Jun/2026:06:57:59 +0000] "GET /?file=/var/www/vhosts/mayaver.com/httpdocs/wp-content/plugins/waspthemes-yellow-pencil/editor HTTP/1.1" 301 5434 "-" "Mozilla/5.0 (compatible; MJ12bot/v1.4.8; http://mj12bot.com/)"
216.73.217.86 - - [14/Jun/2026:06:57:58 +0000] "GET /items/j90793320673/ HTTP/1.1" 404 115123 "-" "Mozilla/5.0 AppleWebKit/537.36 (KHTML, like Gecko; compatible; ClaudeBot/1.0; +claudebot@anthropic.com)"
216.73.217.86 - - [14/Jun/2026:06:57:58 +0000] "GET /items/l90842937097/ HTTP/1.1" 404 115114 "-" "Mozilla/5.0 AppleWebKit/537.36 (KHTML, like Gecko; compatible; ClaudeBot/1.0; +claudebot@anthropic.com)"
198.244.240.34 - - [14/Jun/2026:06:57:58 +0000] "GET /items/a90809661882/ HTTP/1.1" 404 115176 "-" "Mozilla/5.0 (compatible; AhrefsBot/7.0; +http://ahrefs.com/robot/)"
216.73.217.86 - - [14/Jun/2026:06:57:59 +0000] "GET /items/i90809881876/ HTTP/1.1" 404 115123 "-" "Mozilla/5.0 AppleWebKit/537.36 (KHTML, like Gecko; compatible; ClaudeBot/1.0; +claudebot@anthropic.com)"
216.73.217.86 - - [14/Jun/2026:06:57:59 +0000] "GET /items/c90806987446/ HTTP/1.1" 404 115123 "-" "Mozilla/5.0 AppleWebKit/537.36 (KHTML, like Gecko; compatible; ClaudeBot/1.0; +claudebot@anthropic.com)"
216.73.217.86 - - [14/Jun/2026:06:58:00 +0000] "GET /items/e908054632552/ HTTP/1.1" 404 115123 "-" "Mozilla/5.0 AppleWebKit/537.36 (KHTML, like Gecko; compatible; ClaudeBot/1.0; +claudebot@anthropic.com)"
51.195.215.135 - - [14/Jun/2026:06:58:00 +0000] "GET /items/d908137211615/ HTTP/1.1" 404 115176 "-" "Mozilla/5.0 (compatible; AhrefsBot/7.0; +http://ahrefs.com/robot/)"
216.73.217.86 - - [14/Jun/2026:06:58:01 +0000] "GET /items/x90803582689/ HTTP/1.1" 404 115123 "-" "Mozilla/5.0 AppleWebKit/537.36 (KHTML, like Gecko; compatible; ClaudeBot/1.0; +claudebot@anthropic.com)"
216.73.217.86 - - [14/Jun/2026:06:58:01 +0000] "GET /items/f908255847039/ HTTP/1.1" 404 115108 "-" "Mozilla/5.0 AppleWebKit/537.36 (KHTML, like Gecko; compatible; ClaudeBot/1.0; +claudebot@anthropic.com)"
216.73.217.86 - - [14/Jun/2026:06:58:02 +0000] "GET /items/e908015610140/ HTTP/1.1" 404 115123 "-" "Mozilla/5.0 AppleWebKit/537.36 (KHTML, like Gecko; compatible; ClaudeBot/1.0; +claudebot@anthropic.com)"
216.73.217.86 - - [14/Jun/2026:06:58:02 +0000] "GET /items/y90821906366/ HTTP/1.1" 404 115123 "-" "Mozilla/5.0 AppleWebKit/537.36 (KHTML, like Gecko; compatible; ClaudeBot/1.0; +claudebot@anthropic.com)"
216.73.217.86 - - [14/Jun/2026:06:58:02 +0000] "GET /items/x90803630633/ HTTP/1.1" 404 115123 "-" "Mozilla/5.0 AppleWebKit/537.36 (KHTML, like Gecko; compatible; ClaudeBot/1.0; +claudebot@anthropic.com)"
216.73.217.86 - - [14/Jun/2026:06:58:04 +0000] "GET /items/f90835022265/ HTTP/1.1" 404 115123 "-" "Mozilla/5.0 AppleWebKit/537.36 (KHTML, like Gecko; compatible; ClaudeBot/1.0; +claudebot@anthropic.com)"
51.89.129.218 - - [14/Jun/2026:06:58:04 +0000] "GET /gold-star-provision-promo-codes-lediglich-fur-jedes-deutsche-gamer/ HTTP/1.1" 404 115176 "-" "Mozilla/5.0 (compatible; AhrefsBot/7.0; +http://ahrefs.com/robot/)"
147.135.213.107 - - [14/Jun/2026:06:58:02 +0000] "GET /?file=%2Fvar%2Fwww%2Fvhosts%2Fmayaver.com%2Fhttpdocs%2Fwp-content%2Fplugins%2Fwaspthemes-yellow-pencil%2Feditor HTTP/1.1" 200 38406 "-" "Mozilla/5.0 (compatible; MJ12bot/v1.4.8; http://mj12bot.com/)"
216.73.217.86 - - [14/Jun/2026:06:58:04 +0000] "GET /items/f908332240287/ HTTP/1.1" 404 115123 "-" "Mozilla/5.0 AppleWebKit/537.36 (KHTML, like Gecko; compatible; ClaudeBot/1.0; +claudebot@anthropic.com)"
216.73.217.86 - - [14/Jun/2026:06:58:04 +0000] "GET /items/e908317135196/ HTTP/1.1" 404 115108 "-" "Mozilla/5.0 AppleWebKit/537.36 (KHTML, like Gecko; compatible; ClaudeBot/1.0; +claudebot@anthropic.com)"
216.73.217.86 - - [14/Jun/2026:06:58:04 +0000] "GET /items/j908087561115/ HTTP/1.1" 404 115123 "-" "Mozilla/5.0 AppleWebKit/537.36 (KHTML, like Gecko; compatible; ClaudeBot/1.0; +claudebot@anthropic.com)"
216.73.217.86 - - [14/Jun/2026:06:58:04 +0000] "GET /items/o908024901588/ HTTP/1.1" 404 115123 "-" "Mozilla/5.0 AppleWebKit/537.36 (KHTML, like Gecko; compatible; ClaudeBot/1.0; +claudebot@anthropic.com)"
216.73.217.86 - - [14/Jun/2026:06:58:06 +0000] "GET /items/c90842965168/ HTTP/1.1" 404 115123 "-" "Mozilla/5.0 AppleWebKit/537.36 (KHTML, like Gecko; compatible; ClaudeBot/1.0; +claudebot@anthropic.com)"
198.244.168.169 - - [14/Jun/2026:06:58:05 +0000] "GET /items/s908137262148/ HTTP/1.1" 404 115176 "-" "Mozilla/5.0 (compatible; AhrefsBot/7.0; +http://ahrefs.com/robot/)"
216.73.217.86 - - [14/Jun/2026:06:58:06 +0000] "GET /items/x90817038765/ HTTP/1.1" 404 115123 "-" "Mozilla/5.0 AppleWebKit/537.36 (KHTML, like Gecko; compatible; ClaudeBot/1.0; +claudebot@anthropic.com)"
147.135.213.107 - - [14/Jun/2026:06:58:07 +0000] "GET /?file=/var/www/vhosts/mayaver.com/httpdocs/wp-content/plugins/waspthemes-yellow-pencil/index.php HTTP/1.1" 301 4240 "-" "Mozilla/5.0 (compatible; MJ12bot/v1.4.8; http://mj12bot.com/)"
216.73.217.86 - - [14/Jun/2026:06:58:06 +0000] "GET /items/a90803778810/ HTTP/1.1" 404 115123 "-" "Mozilla/5.0 AppleWebKit/537.36 (KHTML, like Gecko; compatible; ClaudeBot/1.0; +claudebot@anthropic.com)"
216.73.217.86 - - [14/Jun/2026:06:58:07 +0000] "GET /items/n908353211739/ HTTP/1.1" 404 115108 "-" "Mozilla/5.0 AppleWebKit/537.36 (KHTML, like Gecko; compatible; ClaudeBot/1.0; +claudebot@anthropic.com)"
216.73.217.86 - - [14/Jun/2026:06:58:07 +0000] "GET /items/s90796092932/ HTTP/1.1" 404 115123 "-" "Mozilla/5.0 AppleWebKit/537.36 (KHTML, like Gecko; compatible; ClaudeBot/1.0; +claudebot@anthropic.com)"
216.73.217.86 - - [14/Jun/2026:06:58:07 +0000] "GET /items/x90835339223/ HTTP/1.1" 404 115123 "-" "Mozilla/5.0 AppleWebKit/537.36 (KHTML, like Gecko; compatible; ClaudeBot/1.0; +claudebot@anthropic.com)"
85.208.96.193 - - [14/Jun/2026:06:58:07 +0000] "GET /items/h90817493645/ HTTP/1.1" 404 115176 "-" "Mozilla/5.0 (compatible; SemrushBot/7~bl; +http://www.semrush.com/bot.html)"
216.73.217.86 - - [14/Jun/2026:06:58:08 +0000] "GET /items/m90793399560/ HTTP/1.1" 404 115123 "-" "Mozilla/5.0 AppleWebKit/537.36 (KHTML, like Gecko; compatible; ClaudeBot/1.0; +claudebot@anthropic.com)"
216.73.217.86 - - [14/Jun/2026:06:58:08 +0000] "GET /items/a90821563636/ HTTP/1.1" 404 115123 "-" "Mozilla/5.0 AppleWebKit/537.36 (KHTML, like Gecko; compatible; ClaudeBot/1.0; +claudebot@anthropic.com)"
216.73.217.86 - - [14/Jun/2026:06:58:09 +0000] "GET /items/a907912137706/ HTTP/1.1" 404 115114 "-" "Mozilla/5.0 AppleWebKit/537.36 (KHTML, like Gecko; compatible; ClaudeBot/1.0; +claudebot@anthropic.com)"
216.73.217.86 - - [14/Jun/2026:06:58:09 +0000] "GET /items/m908326358808/ HTTP/1.1" 404 115123 "-" "Mozilla/5.0 AppleWebKit/537.36 (KHTML, like Gecko; compatible; ClaudeBot/1.0; +claudebot@anthropic.com)"
216.73.217.86 - - [14/Jun/2026:06:58:09 +0000] "GET /items/d90824950789/ HTTP/1.1" 404 115123 "-" "Mozilla/5.0 AppleWebKit/537.36 (KHTML, like Gecko; compatible; ClaudeBot/1.0; +claudebot@anthropic.com)"
216.73.217.86 - - [14/Jun/2026:06:58:10 +0000] "GET /items/e908423641228/ HTTP/1.1" 404 115123 "-" "Mozilla/5.0 AppleWebKit/537.36 (KHTML, like Gecko; compatible; ClaudeBot/1.0; +claudebot@anthropic.com)"
103.255.67.248 - - [14/Jun/2026:06:58:09 +0000] "GET /items/w908267707450/ HTTP/1.1" 404 115176 "-" "Mozilla/5.0 (Macintosh; Intel Mac OS X 12.5; rv:136.0) Gecko/20100101 Firefox/136.0"
216.73.217.86 - - [14/Jun/2026:06:58:10 +0000] "GET /items/e90814360174/ HTTP/1.1" 404 115108 "-" "Mozilla/5.0 AppleWebKit/537.36 (KHTML, like Gecko; compatible; ClaudeBot/1.0; +claudebot@anthropic.com)"
216.73.217.86 - - [14/Jun/2026:06:58:11 +0000] "GET /items/y9080598748/ HTTP/1.1" 404 115108 "-" "Mozilla/5.0 AppleWebKit/537.36 (KHTML, like Gecko; compatible; ClaudeBot/1.0; +claudebot@anthropic.com)"
216.73.217.86 - - [14/Jun/2026:06:58:11 +0000] "GET /items/d908030555667/ HTTP/1.1" 404 115123 "-" "Mozilla/5.0 AppleWebKit/537.36 (KHTML, like Gecko; compatible; ClaudeBot/1.0; +claudebot@anthropic.com)"
147.135.213.107 - - [14/Jun/2026:06:58:10 +0000] "GET /?file=%2Fvar%2Fwww%2Fvhosts%2Fmayaver.com%2Fhttpdocs%2Fwp-content%2Fplugins%2Fwaspthemes-yellow-pencil%2Findex.php HTTP/1.1" 200 38247 "-" "Mozilla/5.0 (compatible; MJ12bot/v1.4.8; http://mj12bot.com/)"
216.73.217.86 - - [14/Jun/2026:06:58:12 +0000] "GET /items/j90811180639/ HTTP/1.1" 404 115123 "-" "Mozilla/5.0 AppleWebKit/537.36 (KHTML, like Gecko; compatible; ClaudeBot/1.0; +claudebot@anthropic.com)"
216.73.217.86 - - [14/Jun/2026:06:58:12 +0000] "GET /items/b90845821579/ HTTP/1.1" 404 115114 "-" "Mozilla/5.0 AppleWebKit/537.36 (KHTML, like Gecko; compatible; ClaudeBot/1.0; +claudebot@anthropic.com)"
216.73.217.86 - - [14/Jun/2026:06:58:12 +0000] "GET /items/k90806995462/ HTTP/1.1" 404 115123 "-" "Mozilla/5.0 AppleWebKit/537.36 (KHTML, like Gecko; compatible; ClaudeBot/1.0; +claudebot@anthropic.com)"
216.73.217.86 - - [14/Jun/2026:06:58:13 +0000] "GET /items/x90824734671/ HTTP/1.1" 404 115123 "-" "Mozilla/5.0 AppleWebKit/537.36 (KHTML, like Gecko; compatible; ClaudeBot/1.0; +claudebot@anthropic.com)"
216.73.217.86 - - [14/Jun/2026:06:58:13 +0000] "GET /items/t90814476539/ HTTP/1.1" 404 115123 "-" "Mozilla/5.0 AppleWebKit/537.36 (KHTML, like Gecko; compatible; ClaudeBot/1.0; +claudebot@anthropic.com)"
216.73.217.86 - - [14/Jun/2026:06:58:14 +0000] "GET /items/o90838498552/ HTTP/1.1" 404 115123 "-" "Mozilla/5.0 AppleWebKit/537.36 (KHTML, like Gecko; compatible; ClaudeBot/1.0; +claudebot@anthropic.com)"
216.73.217.86 - - [14/Jun/2026:06:58:14 +0000] "GET /items/p90814325501/ HTTP/1.1" 404 115114 "-" "Mozilla/5.0 AppleWebKit/537.36 (KHTML, like Gecko; compatible; ClaudeBot/1.0; +claudebot@anthropic.com)"
51.195.244.17 - - [14/Jun/2026:06:58:14 +0000] "GET /items/s90814227458/ HTTP/1.1" 404 115176 "-" "Mozilla/5.0 (compatible; AhrefsBot/7.0; +http://ahrefs.com/robot/)"
216.73.217.86 - - [14/Jun/2026:06:58:14 +0000] "GET /items/a90848575316/ HTTP/1.1" 404 115123 "-" "Mozilla/5.0 AppleWebKit/537.36 (KHTML, like Gecko; compatible; ClaudeBot/1.0; +claudebot@anthropic.com)"
216.73.217.86 - - [14/Jun/2026:06:58:14 +0000] "GET /items/x90827648439/ HTTP/1.1" 404 115123 "-" "Mozilla/5.0 AppleWebKit/537.36 (KHTML, like Gecko; compatible; ClaudeBot/1.0; +claudebot@anthropic.com)"
147.135.213.107 - - [14/Jun/2026:06:58:15 +0000] "GET /?file=/var/www/vhosts/mayaver.com/httpdocs/wp-content/plugins/waspthemes-yellow-pencil/public HTTP/1.1" 301 4544 "-" "Mozilla/5.0 (compatible; MJ12bot/v1.4.8; http://mj12bot.com/)"
216.73.217.86 - - [14/Jun/2026:06:58:15 +0000] "GET /items/b90814235111/ HTTP/1.1" 404 115123 "-" "Mozilla/5.0 AppleWebKit/537.36 (KHTML, like Gecko; compatible; ClaudeBot/1.0; +claudebot@anthropic.com)"
216.73.217.86 - - [14/Jun/2026:06:58:16 +0000] "GET /items/k90848898298/ HTTP/1.1" 404 115123 "-" "Mozilla/5.0 AppleWebKit/537.36 (KHTML, like Gecko; compatible; ClaudeBot/1.0; +claudebot@anthropic.com)"
216.73.217.86 - - [14/Jun/2026:06:58:16 +0000] "GET /items/t9080532911/ HTTP/1.1" 404 115123 "-" "Mozilla/5.0 AppleWebKit/537.36 (KHTML, like Gecko; compatible; ClaudeBot/1.0; +claudebot@anthropic.com)"
216.73.217.86 - - [14/Jun/2026:06:58:16 +0000] "GET /items/k908453802092/ HTTP/1.1" 404 115123 "-" "Mozilla/5.0 AppleWebKit/537.36 (KHTML, like Gecko; compatible; ClaudeBot/1.0; +claudebot@anthropic.com)"
216.73.217.86 - - [14/Jun/2026:06:58:17 +0000] "GET /items/k90832226516/ HTTP/1.1" 404 115123 "-" "Mozilla/5.0 AppleWebKit/537.36 (KHTML, like Gecko; compatible; ClaudeBot/1.0; +claudebot@anthropic.com)"
216.73.217.86 - - [14/Jun/2026:06:58:17 +0000] "GET /items/s90832439490/ HTTP/1.1" 404 115108 "-" "Mozilla/5.0 AppleWebKit/537.36 (KHTML, like Gecko; compatible; ClaudeBot/1.0; +claudebot@anthropic.com)"
139.84.174.118 - - [14/Jun/2026:06:58:20 +0000] "POST /wp-cron.php?doing_wp_cron=1781420300.3707311153411865234375 HTTP/1.1" 403 4358 "-" "WordPress/6.5.8; https://mayaver.com"
139.84.174.118 - - [14/Jun/2026:06:58:20 +0000] "POST /wp-cron.php?doing_wp_cron=1781420300.4581980705261230468750 HTTP/1.1" 403 4358 "-" "WordPress/6.5.8; https://mayaver.com"
216.73.217.86 - - [14/Jun/2026:06:58:17 +0000] "GET /items/v90832234067/ HTTP/1.1" 404 115123 "-" "Mozilla/5.0 AppleWebKit/537.36 (KHTML, like Gecko; compatible; ClaudeBot/1.0; +claudebot@anthropic.com)"
139.84.174.118 - - [14/Jun/2026:06:58:21 +0000] "POST /wp-cron.php?doing_wp_cron=1781420301.0292708873748779296875 HTTP/1.1" 403 4358 "-" "WordPress/6.5.8; https://mayaver.com"
139.84.174.118 - - [14/Jun/2026:06:58:21 +0000] "POST /wp-cron.php?doing_wp_cron=1781420301.4139020442962646484375 HTTP/1.1" 403 4358 "-" "WordPress/6.5.8; https://mayaver.com"
139.84.174.118 - - [14/Jun/2026:06:58:21 +0000] "POST /wp-cron.php?doing_wp_cron=1781420301.5063250064849853515625 HTTP/1.1" 403 4358 "-" "WordPress/6.5.8; https://mayaver.com"
139.84.174.118 - - [14/Jun/2026:06:58:21 +0000] "POST /wp-cron.php?doing_wp_cron=1781420301.5543680191040039062500 HTTP/1.1" 403 4358 "-" "WordPress/6.5.8; https://mayaver.com"
139.84.174.118 - - [14/Jun/2026:06:58:21 +0000] "POST /wp-cron.php?doing_wp_cron=1781420301.8242459297180175781250 HTTP/1.1" 403 4358 "-" "WordPress/6.5.8; https://mayaver.com"
216.73.217.86 - - [14/Jun/2026:06:58:18 +0000] "GET /items/d9080887509/ HTTP/1.1" 404 115123 "-" "Mozilla/5.0 AppleWebKit/537.36 (KHTML, like Gecko; compatible; ClaudeBot/1.0; +claudebot@anthropic.com)"
216.73.217.86 - - [14/Jun/2026:06:58:18 +0000] "GET /items/b90793408623/ HTTP/1.1" 404 115123 "-" "Mozilla/5.0 AppleWebKit/537.36 (KHTML, like Gecko; compatible; ClaudeBot/1.0; +claudebot@anthropic.com)"
51.195.215.32 - - [14/Jun/2026:06:58:19 +0000] "GET /items/w907974742/ HTTP/1.1" 404 115176 "-" "Mozilla/5.0 (compatible; AhrefsBot/7.0; +http://ahrefs.com/robot/)"
216.73.217.86 - - [14/Jun/2026:06:58:19 +0000] "GET /items/e908030831580/ HTTP/1.1" 404 115123 "-" "Mozilla/5.0 AppleWebKit/537.36 (KHTML, like Gecko; compatible; ClaudeBot/1.0; +claudebot@anthropic.com)"
198.244.242.3 - - [14/Jun/2026:06:58:19 +0000] "GET /items/n908048863785/ HTTP/1.1" 404 115167 "-" "Mozilla/5.0 (compatible; AhrefsBot/7.0; +http://ahrefs.com/robot/)"
216.73.217.86 - - [14/Jun/2026:06:58:20 +0000] "GET /items/x90835123085/ HTTP/1.1" 404 115123 "-" "Mozilla/5.0 AppleWebKit/537.36 (KHTML, like Gecko; compatible; ClaudeBot/1.0; +claudebot@anthropic.com)"
216.73.217.86 - - [14/Jun/2026:06:58:21 +0000] "GET /items/o90824521670/ HTTP/1.1" 404 115108 "-" "Mozilla/5.0 AppleWebKit/537.36 (KHTML, like Gecko; compatible; ClaudeBot/1.0; +claudebot@anthropic.com)"
147.135.213.107 - - [14/Jun/2026:06:58:18 +0000] "GET /?file=%2Fvar%2Fwww%2Fvhosts%2Fmayaver.com%2Fhttpdocs%2Fwp-content%2Fplugins%2Fwaspthemes-yellow-pencil%2Fpublic HTTP/1.1" 200 38292 "-" "Mozilla/5.0 (compatible; MJ12bot/v1.4.8; http://mj12bot.com/)"
14.232.72.107 - - [14/Jun/2026:06:58:20 +0000] "GET /items/w908347307408/ HTTP/1.1" 404 115161 "-" "Mozilla/5.0 (Macintosh; Intel Mac OS X 14.6; rv:132.0) Gecko/20100101 Firefox/132.0"
198.244.240.161 - - [14/Jun/2026:06:58:22 +0000] "GET /items/l908444615123/ HTTP/1.1" 404 115161 "-" "Mozilla/5.0 (compatible; AhrefsBot/7.0; +http://ahrefs.com/robot/)"
216.73.217.86 - - [14/Jun/2026:06:58:22 +0000] "GET /items/b90838054511/ HTTP/1.1" 404 115123 "-" "Mozilla/5.0 AppleWebKit/537.36 (KHTML, like Gecko; compatible; ClaudeBot/1.0; +claudebot@anthropic.com)"
216.73.217.86 - - [14/Jun/2026:06:58:22 +0000] "GET /items/d907993146429/ HTTP/1.1" 404 115108 "-" "Mozilla/5.0 AppleWebKit/537.36 (KHTML, like Gecko; compatible; ClaudeBot/1.0; +claudebot@anthropic.com)"
216.73.217.86 - - [14/Jun/2026:06:58:23 +0000] "GET /items/d908261550163/ HTTP/1.1" 404 115114 "-" "Mozilla/5.0 AppleWebKit/537.36 (KHTML, like Gecko; compatible; ClaudeBot/1.0; +claudebot@anthropic.com)"
216.73.217.86 - - [14/Jun/2026:06:58:24 +0000] "GET /items/u908048664684/ HTTP/1.1" 404 115123 "-" "Mozilla/5.0 AppleWebKit/537.36 (KHTML, like Gecko; compatible; ClaudeBot/1.0; +claudebot@anthropic.com)"
216.73.217.86 - - [14/Jun/2026:06:58:24 +0000] "GET /items/k90832334494/ HTTP/1.1" 404 115123 "-" "Mozilla/5.0 AppleWebKit/537.36 (KHTML, like Gecko; compatible; ClaudeBot/1.0; +claudebot@anthropic.com)"
216.73.217.86 - - [14/Jun/2026:06:58:25 +0000] "GET /items/i90796042664/ HTTP/1.1" 404 115123 "-" "Mozilla/5.0 AppleWebKit/537.36 (KHTML, like Gecko; compatible; ClaudeBot/1.0; +claudebot@anthropic.com)"
216.73.217.86 - - [14/Jun/2026:06:58:25 +0000] "GET /items/x908066516183/ HTTP/1.1" 404 115123 "-" "Mozilla/5.0 AppleWebKit/537.36 (KHTML, like Gecko; compatible; ClaudeBot/1.0; +claudebot@anthropic.com)"
147.135.213.107 - - [14/Jun/2026:06:58:26 +0000] "GET /?file=/var/www/vhosts/mayaver.com/httpdocs/wp-content/plugins/waspthemes-yellow-pencil/yellow-pencil.php HTTP/1.1" 301 4256 "-" "Mozilla/5.0 (compatible; MJ12bot/v1.4.8; http://mj12bot.com/)"
216.73.217.86 - - [14/Jun/2026:06:58:25 +0000] "GET /items/l90806527385/ HTTP/1.1" 404 115123 "-" "Mozilla/5.0 AppleWebKit/537.36 (KHTML, like Gecko; compatible; ClaudeBot/1.0; +claudebot@anthropic.com)"
216.73.217.86 - - [14/Jun/2026:06:58:26 +0000] "GET /items/a90832286514/ HTTP/1.1" 404 115114 "-" "Mozilla/5.0 AppleWebKit/537.36 (KHTML, like Gecko; compatible; ClaudeBot/1.0; +claudebot@anthropic.com)"
216.73.217.86 - - [14/Jun/2026:06:58:26 +0000] "GET /items/a90796339628/ HTTP/1.1" 404 115123 "-" "Mozilla/5.0 AppleWebKit/537.36 (KHTML, like Gecko; compatible; ClaudeBot/1.0; +claudebot@anthropic.com)"
216.73.217.86 - - [14/Jun/2026:06:58:26 +0000] "GET /items/k90848705118/ HTTP/1.1" 404 115123 "-" "Mozilla/5.0 AppleWebKit/537.36 (KHTML, like Gecko; compatible; ClaudeBot/1.0; +claudebot@anthropic.com)"
216.73.217.86 - - [14/Jun/2026:06:58:26 +0000] "GET /items/g90803696604/ HTTP/1.1" 404 115123 "-" "Mozilla/5.0 AppleWebKit/537.36 (KHTML, like Gecko; compatible; ClaudeBot/1.0; +claudebot@anthropic.com)"
198.244.242.196 - - [14/Jun/2026:06:58:27 +0000] "GET /items/f907954292759/ HTTP/1.1" 404 115176 "-" "Mozilla/5.0 (compatible; AhrefsBot/7.0; +http://ahrefs.com/robot/)"
216.73.217.86 - - [14/Jun/2026:06:58:28 +0000] "GET /items/j90824740429/ HTTP/1.1" 404 115123 "-" "Mozilla/5.0 AppleWebKit/537.36 (KHTML, like Gecko; compatible; ClaudeBot/1.0; +claudebot@anthropic.com)"
216.73.217.86 - - [14/Jun/2026:06:58:28 +0000] "GET /items/l90806892035/ HTTP/1.1" 404 115108 "-" "Mozilla/5.0 AppleWebKit/537.36 (KHTML, like Gecko; compatible; ClaudeBot/1.0; +claudebot@anthropic.com)"
216.73.217.86 - - [14/Jun/2026:06:58:28 +0000] "GET /items/v90824650247/ HTTP/1.1" 404 115123 "-" "Mozilla/5.0 AppleWebKit/537.36 (KHTML, like Gecko; compatible; ClaudeBot/1.0; +claudebot@anthropic.com)"
216.73.217.86 - - [14/Jun/2026:06:58:28 +0000] "GET /items/t90803594671/ HTTP/1.1" 404 115123 "-" "Mozilla/5.0 AppleWebKit/537.36 (KHTML, like Gecko; compatible; ClaudeBot/1.0; +claudebot@anthropic.com)"
216.73.217.86 - - [14/Jun/2026:06:58:28 +0000] "GET /items/p90796022001/ HTTP/1.1" 404 115123 "-" "Mozilla/5.0 AppleWebKit/537.36 (KHTML, like Gecko; compatible; ClaudeBot/1.0; +claudebot@anthropic.com)"
216.73.217.86 - - [14/Jun/2026:06:58:29 +0000] "GET /items/k90832381918/ HTTP/1.1" 404 115123 "-" "Mozilla/5.0 AppleWebKit/537.36 (KHTML, like Gecko; compatible; ClaudeBot/1.0; +claudebot@anthropic.com)"
74.7.227.15 - - [14/Jun/2026:06:58:29 +0000] "GET /items/h908411633118/ HTTP/1.1" 404 115114 "https://www.mayaver.com" "Mozilla/5.0 AppleWebKit/537.36 (KHTML, like Gecko; compatible; GPTBot/1.4; +https://openai.com/gptbot)"
198.244.183.134 - - [14/Jun/2026:06:58:29 +0000] "GET /items/e90827736066/ HTTP/1.1" 404 115176 "-" "Mozilla/5.0 (compatible; AhrefsBot/7.0; +http://ahrefs.com/robot/)"
216.73.217.86 - - [14/Jun/2026:06:58:29 +0000] "GET /items/t90845961139/ HTTP/1.1" 404 115123 "-" "Mozilla/5.0 AppleWebKit/537.36 (KHTML, like Gecko; compatible; ClaudeBot/1.0; +claudebot@anthropic.com)"
147.135.213.107 - - [14/Jun/2026:06:58:28 +0000] "GET /?file=%2Fvar%2Fwww%2Fvhosts%2Fmayaver.com%2Fhttpdocs%2Fwp-content%2Fplugins%2Fwaspthemes-yellow-pencil%2Fyellow-pencil.php HTTP/1.1" 200 38247 "-" "Mozilla/5.0 (compatible; MJ12bot/v1.4.8; http://mj12bot.com/)"
216.73.217.86 - - [14/Jun/2026:06:58:30 +0000] "GET /items/l9080973811/ HTTP/1.1" 404 115123 "-" "Mozilla/5.0 AppleWebKit/537.36 (KHTML, like Gecko; compatible; ClaudeBot/1.0; +claudebot@anthropic.com)"
216.73.217.86 - - [14/Jun/2026:06:58:31 +0000] "GET /items/b9079277911/ HTTP/1.1" 404 115108 "-" "Mozilla/5.0 AppleWebKit/537.36 (KHTML, like Gecko; compatible; ClaudeBot/1.0; +claudebot@anthropic.com)"
216.73.217.86 - - [14/Jun/2026:06:58:31 +0000] "GET /items/q90803633772/ HTTP/1.1" 404 115123 "-" "Mozilla/5.0 AppleWebKit/537.36 (KHTML, like Gecko; compatible; ClaudeBot/1.0; +claudebot@anthropic.com)"
216.73.217.86 - - [14/Jun/2026:06:58:32 +0000] "GET /items/f90803809859/ HTTP/1.1" 404 115108 "-" "Mozilla/5.0 AppleWebKit/537.36 (KHTML, like Gecko; compatible; ClaudeBot/1.0; +claudebot@anthropic.com)"
57.141.2.69 - - [14/Jun/2026:06:58:32 +0000] "GET /products/italy-home-football-shirt-2000-soccer-template-maglia-jersey/16969257/ HTTP/1.1" 404 115176 "-" "meta-externalagent/1.1 (+https://developers.facebook.com/docs/sharing/webmasters/crawler)"
216.73.217.86 - - [14/Jun/2026:06:58:32 +0000] "GET /items/j90842914033/ HTTP/1.1" 404 115123 "-" "Mozilla/5.0 AppleWebKit/537.36 (KHTML, like Gecko; compatible; ClaudeBot/1.0; +claudebot@anthropic.com)"
216.73.217.86 - - [14/Jun/2026:06:58:33 +0000] "GET /items/p90842578431/ HTTP/1.1" 404 115114 "-" "Mozilla/5.0 AppleWebKit/537.36 (KHTML, like Gecko; compatible; ClaudeBot/1.0; +claudebot@anthropic.com)"
147.135.213.107 - - [14/Jun/2026:06:58:34 +0000] "GET /?file=/var/www/vhosts/mayaver.com/httpdocs/wp-content/plugins/wordpress-importer/class-wp-import.php HTTP/1.1" 301 4242 "-" "Mozilla/5.0 (compatible; MJ12bot/v1.4.8; http://mj12bot.com/)"
216.73.217.86 - - [14/Jun/2026:06:58:34 +0000] "GET /items/m90809617798/ HTTP/1.1" 404 115123 "-" "Mozilla/5.0 AppleWebKit/537.36 (KHTML, like Gecko; compatible; ClaudeBot/1.0; +claudebot@anthropic.com)"
85.61.190.228 - - [14/Jun/2026:06:58:33 +0000] "GET /items/w90835318760/ HTTP/1.1" 404 115176 "-" "Mozilla/5.0 (Macintosh; U; PPC Mac OS X; fr-fr) AppleWebKit/416.11 (KHTML, like Gecko) Safari/416.12"
216.73.217.86 - - [14/Jun/2026:06:58:34 +0000] "GET /items/v908240714639/ HTTP/1.1" 404 115123 "-" "Mozilla/5.0 AppleWebKit/537.36 (KHTML, like Gecko; compatible; ClaudeBot/1.0; +claudebot@anthropic.com)"
216.73.217.86 - - [14/Jun/2026:06:58:34 +0000] "GET /items/o90827607142/ HTTP/1.1" 404 115123 "-" "Mozilla/5.0 AppleWebKit/537.36 (KHTML, like Gecko; compatible; ClaudeBot/1.0; +claudebot@anthropic.com)"
216.73.217.86 - - [14/Jun/2026:06:58:35 +0000] "GET /items/c90803770726/ HTTP/1.1" 404 115114 "-" "Mozilla/5.0 AppleWebKit/537.36 (KHTML, like Gecko; compatible; ClaudeBot/1.0; +claudebot@anthropic.com)"
216.73.217.86 - - [14/Jun/2026:06:58:35 +0000] "GET /items/d90811329353/ HTTP/1.1" 404 115108 "-" "Mozilla/5.0 AppleWebKit/537.36 (KHTML, like Gecko; compatible; ClaudeBot/1.0; +claudebot@anthropic.com)"
216.73.217.86 - - [14/Jun/2026:06:58:35 +0000] "GET /items/q90845845384/ HTTP/1.1" 404 115123 "-" "Mozilla/5.0 AppleWebKit/537.36 (KHTML, like Gecko; compatible; ClaudeBot/1.0; +claudebot@anthropic.com)"
51.89.129.170 - - [14/Jun/2026:06:58:36 +0000] "GET /items/d908210736803/ HTTP/1.1" 404 115176 "-" "Mozilla/5.0 (compatible; AhrefsBot/7.0; +http://ahrefs.com/robot/)"
216.73.217.86 - - [14/Jun/2026:06:58:36 +0000] "GET /items/g90835112720/ HTTP/1.1" 404 115123 "-" "Mozilla/5.0 AppleWebKit/537.36 (KHTML, like Gecko; compatible; ClaudeBot/1.0; +claudebot@anthropic.com)"
216.73.217.86 - - [14/Jun/2026:06:58:36 +0000] "GET /items/j90832000107/ HTTP/1.1" 404 115123 "-" "Mozilla/5.0 AppleWebKit/537.36 (KHTML, like Gecko; compatible; ClaudeBot/1.0; +claudebot@anthropic.com)"
216.73.217.86 - - [14/Jun/2026:06:58:37 +0000] "GET /items/d90799076287/ HTTP/1.1" 404 115123 "-" "Mozilla/5.0 AppleWebKit/537.36 (KHTML, like Gecko; compatible; ClaudeBot/1.0; +claudebot@anthropic.com)"
216.73.217.86 - - [14/Jun/2026:06:58:37 +0000] "GET /items/t90811147161/ HTTP/1.1" 404 115123 "-" "Mozilla/5.0 AppleWebKit/537.36 (KHTML, like Gecko; compatible; ClaudeBot/1.0; +claudebot@anthropic.com)"
216.73.217.86 - - [14/Jun/2026:06:58:37 +0000] "GET /items/n90845984065/ HTTP/1.1" 404 115123 "-" "Mozilla/5.0 AppleWebKit/537.36 (KHTML, like Gecko; compatible; ClaudeBot/1.0; +claudebot@anthropic.com)"
85.208.96.193 - - [14/Jun/2026:06:58:37 +0000] "GET /items/u90809744998/ HTTP/1.1" 404 115176 "-" "Mozilla/5.0 (compatible; SemrushBot/7~bl; +http://www.semrush.com/bot.html)"
147.135.213.107 - - [14/Jun/2026:06:58:36 +0000] "GET /?file=%2Fvar%2Fwww%2Fvhosts%2Fmayaver.com%2Fhttpdocs%2Fwp-content%2Fplugins%2Fwordpress-importer%2Fclass-wp-import.php HTTP/1.1" 200 38248 "-" "Mozilla/5.0 (compatible; MJ12bot/v1.4.8; http://mj12bot.com/)"
198.244.240.186 - - [14/Jun/2026:06:58:38 +0000] "GET /items/b908143476755/ HTTP/1.1" 404 115176 "-" "Mozilla/5.0 (compatible; AhrefsBot/7.0; +http://ahrefs.com/robot/)"
216.73.217.86 - - [14/Jun/2026:06:58:38 +0000] "GET /items/p90842500561/ HTTP/1.1" 404 115123 "-" "Mozilla/5.0 AppleWebKit/537.36 (KHTML, like Gecko; compatible; ClaudeBot/1.0; +claudebot@anthropic.com)"
216.73.217.86 - - [14/Jun/2026:06:58:39 +0000] "GET /items/p90832420299/ HTTP/1.1" 404 115123 "-" "Mozilla/5.0 AppleWebKit/537.36 (KHTML, like Gecko; compatible; ClaudeBot/1.0; +claudebot@anthropic.com)"
216.73.217.86 - - [14/Jun/2026:06:58:39 +0000] "GET /items/b90796310067/ HTTP/1.1" 404 115123 "-" "Mozilla/5.0 AppleWebKit/537.36 (KHTML, like Gecko; compatible; ClaudeBot/1.0; +claudebot@anthropic.com)"
216.73.217.86 - - [14/Jun/2026:06:58:39 +0000] "GET /items/d90793171609/ HTTP/1.1" 404 115114 "-" "Mozilla/5.0 AppleWebKit/537.36 (KHTML, like Gecko; compatible; ClaudeBot/1.0; +claudebot@anthropic.com)"
216.73.217.86 - - [14/Jun/2026:06:58:40 +0000] "GET /items/l90811096375/ HTTP/1.1" 404 115123 "-" "Mozilla/5.0 AppleWebKit/537.36 (KHTML, like Gecko; compatible; ClaudeBot/1.0; +claudebot@anthropic.com)"
198.244.226.16 - - [14/Jun/2026:06:58:40 +0000] "GET /items/d90838250813/ HTTP/1.1" 404 115176 "-" "Mozilla/5.0 (compatible; AhrefsBot/7.0; +http://ahrefs.com/robot/)"
147.135.213.107 - - [14/Jun/2026:06:58:44 +0000] "GET /?file=/var/www/vhosts/mayaver.com/httpdocs/wp-content/plugins/wordpress-importer/compat.php HTTP/1.1" 301 4224 "-" "Mozilla/5.0 (compatible; MJ12bot/v1.4.8; http://mj12bot.com/)"
54.38.147.84 - - [14/Jun/2026:06:58:42 +0000] "GET /items/z90809620125/ HTTP/1.1" 404 115167 "-" "Mozilla/5.0 (compatible; AhrefsBot/7.0; +http://ahrefs.com/robot/)"
216.73.217.86 - - [14/Jun/2026:06:58:43 +0000] "GET /items/j90832443771/ HTTP/1.1" 404 115114 "-" "Mozilla/5.0 AppleWebKit/537.36 (KHTML, like Gecko; compatible; ClaudeBot/1.0; +claudebot@anthropic.com)"
185.191.171.12 - - [14/Jun/2026:06:58:43 +0000] "GET /items/c90821926650/ HTTP/1.1" 404 115167 "-" "Mozilla/5.0 (compatible; SemrushBot/7~bl; +http://www.semrush.com/bot.html)"
216.73.217.86 - - [14/Jun/2026:06:58:43 +0000] "GET /items/h90832089727/ HTTP/1.1" 404 115123 "-" "Mozilla/5.0 AppleWebKit/537.36 (KHTML, like Gecko; compatible; ClaudeBot/1.0; +claudebot@anthropic.com)"
216.73.217.86 - - [14/Jun/2026:06:58:45 +0000] "GET /items/t90803832571/ HTTP/1.1" 404 115123 "-" "Mozilla/5.0 AppleWebKit/537.36 (KHTML, like Gecko; compatible; ClaudeBot/1.0; +claudebot@anthropic.com)"
216.73.217.86 - - [14/Jun/2026:06:58:44 +0000] "GET /items/j90821860409/ HTTP/1.1" 404 115123 "-" "Mozilla/5.0 AppleWebKit/537.36 (KHTML, like Gecko; compatible; ClaudeBot/1.0; +claudebot@anthropic.com)"
216.73.217.86 - - [14/Jun/2026:06:58:45 +0000] "GET /items/c907993012944/ HTTP/1.1" 404 115114 "-" "Mozilla/5.0 AppleWebKit/537.36 (KHTML, like Gecko; compatible; ClaudeBot/1.0; +claudebot@anthropic.com)"
198.244.183.103 - - [14/Jun/2026:06:58:45 +0000] "GET /items/a908110303588/ HTTP/1.1" 404 115176 "-" "Mozilla/5.0 (compatible; AhrefsBot/7.0; +http://ahrefs.com/robot/)"
202.76.176.83 - - [14/Jun/2026:06:58:45 +0000] "GET /items/w90838332654/ HTTP/1.1" 404 115176 "-" "Mozilla/5.0 (Macintosh; Intel Mac OS X 10_15_7) AppleWebKit/537.36 (KHTML, like Gecko) Chrome/125.0.6422.176 Safari/537.36"
216.73.217.86 - - [14/Jun/2026:06:58:46 +0000] "GET /items/p90848566959/ HTTP/1.1" 404 115114 "-" "Mozilla/5.0 AppleWebKit/537.36 (KHTML, like Gecko; compatible; ClaudeBot/1.0; +claudebot@anthropic.com)"
216.73.217.86 - - [14/Jun/2026:06:58:46 +0000] "GET /items/i90814258232/ HTTP/1.1" 404 115123 "-" "Mozilla/5.0 AppleWebKit/537.36 (KHTML, like Gecko; compatible; ClaudeBot/1.0; +claudebot@anthropic.com)"
216.73.217.86 - - [14/Jun/2026:06:58:47 +0000] "GET /items/p90817306739/ HTTP/1.1" 404 115108 "-" "Mozilla/5.0 AppleWebKit/537.36 (KHTML, like Gecko; compatible; ClaudeBot/1.0; +claudebot@anthropic.com)"
216.73.217.86 - - [14/Jun/2026:06:58:47 +0000] "GET /items/q90803579302/ HTTP/1.1" 404 115123 "-" "Mozilla/5.0 AppleWebKit/537.36 (KHTML, like Gecko; compatible; ClaudeBot/1.0; +claudebot@anthropic.com)"
216.73.217.86 - - [14/Jun/2026:06:58:47 +0000] "GET /items/c90814399562/ HTTP/1.1" 404 115123 "-" "Mozilla/5.0 AppleWebKit/537.36 (KHTML, like Gecko; compatible; ClaudeBot/1.0; +claudebot@anthropic.com)"
51.195.244.107 - - [14/Jun/2026:06:58:48 +0000] "GET /items/a908149486264/ HTTP/1.1" 404 115176 "-" "Mozilla/5.0 (compatible; AhrefsBot/7.0; +http://ahrefs.com/robot/)"
51.195.215.162 - - [14/Jun/2026:06:58:48 +0000] "GET /items/y90832071804/ HTTP/1.1" 404 115176 "-" "Mozilla/5.0 (compatible; AhrefsBot/7.0; +http://ahrefs.com/robot/)"
