216.73.217.86 - - [14/Jun/2026:06:48:43 +0000] "GET /items/p9080105972059/ HTTP/1.1" 404 115114 "-" "Mozilla/5.0 AppleWebKit/537.36 (KHTML, like Gecko; compatible; ClaudeBot/1.0; +claudebot@anthropic.com)"
54.38.147.236 - - [14/Jun/2026:06:48:43 +0000] "GET /items/c90806928348/ HTTP/1.1" 404 115176 "-" "Mozilla/5.0 (compatible; AhrefsBot/7.0; +http://ahrefs.com/robot/)"
216.73.217.86 - - [14/Jun/2026:06:48:43 +0000] "GET /items/p90838002057/ HTTP/1.1" 404 115123 "-" "Mozilla/5.0 AppleWebKit/537.36 (KHTML, like Gecko; compatible; ClaudeBot/1.0; +claudebot@anthropic.com)"
216.73.217.86 - - [14/Jun/2026:06:48:43 +0000] "GET /items/p9082100707839/ HTTP/1.1" 404 115123 "-" "Mozilla/5.0 AppleWebKit/537.36 (KHTML, like Gecko; compatible; ClaudeBot/1.0; +claudebot@anthropic.com)"
216.73.217.86 - - [14/Jun/2026:06:48:44 +0000] "GET /items/s908273738224/ HTTP/1.1" 404 115123 "-" "Mozilla/5.0 AppleWebKit/537.36 (KHTML, like Gecko; compatible; ClaudeBot/1.0; +claudebot@anthropic.com)"
216.73.217.86 - - [14/Jun/2026:06:48:45 +0000] "GET /items/s908237525788/ HTTP/1.1" 404 115123 "-" "Mozilla/5.0 AppleWebKit/537.36 (KHTML, like Gecko; compatible; ClaudeBot/1.0; +claudebot@anthropic.com)"
216.73.217.86 - - [14/Jun/2026:06:48:45 +0000] "GET /items/z90842608627/ HTTP/1.1" 404 115123 "-" "Mozilla/5.0 AppleWebKit/537.36 (KHTML, like Gecko; compatible; ClaudeBot/1.0; +claudebot@anthropic.com)"
216.73.217.86 - - [14/Jun/2026:06:48:45 +0000] "GET /items/w908276513936/ HTTP/1.1" 404 115114 "-" "Mozilla/5.0 AppleWebKit/537.36 (KHTML, like Gecko; compatible; ClaudeBot/1.0; +claudebot@anthropic.com)"
216.73.217.86 - - [14/Jun/2026:06:48:46 +0000] "GET /items/u908039592920/ HTTP/1.1" 404 115123 "-" "Mozilla/5.0 AppleWebKit/537.36 (KHTML, like Gecko; compatible; ClaudeBot/1.0; +claudebot@anthropic.com)"
198.244.183.231 - - [14/Jun/2026:06:48:46 +0000] "GET /items/b908036671463/ HTTP/1.1" 404 115176 "-" "Mozilla/5.0 (compatible; AhrefsBot/7.0; +http://ahrefs.com/robot/)"
216.73.217.86 - - [14/Jun/2026:06:48:46 +0000] "GET /items/q90814118542/ HTTP/1.1" 404 115114 "-" "Mozilla/5.0 AppleWebKit/537.36 (KHTML, like Gecko; compatible; ClaudeBot/1.0; +claudebot@anthropic.com)"
216.73.217.86 - - [14/Jun/2026:06:48:46 +0000] "GET /items/n90814169317/ HTTP/1.1" 404 115114 "-" "Mozilla/5.0 AppleWebKit/537.36 (KHTML, like Gecko; compatible; ClaudeBot/1.0; +claudebot@anthropic.com)"
216.73.217.86 - - [14/Jun/2026:06:48:47 +0000] "GET /items/z9080102984305/ HTTP/1.1" 404 115123 "-" "Mozilla/5.0 AppleWebKit/537.36 (KHTML, like Gecko; compatible; ClaudeBot/1.0; +claudebot@anthropic.com)"
216.73.217.86 - - [14/Jun/2026:06:48:47 +0000] "GET /items/r908099590387/ HTTP/1.1" 404 115114 "-" "Mozilla/5.0 AppleWebKit/537.36 (KHTML, like Gecko; compatible; ClaudeBot/1.0; +claudebot@anthropic.com)"
51.89.129.103 - - [14/Jun/2026:06:48:47 +0000] "GET /items/a90796491494/ HTTP/1.1" 404 115176 "-" "Mozilla/5.0 (compatible; AhrefsBot/7.0; +http://ahrefs.com/robot/)"
51.195.244.186 - - [14/Jun/2026:06:48:47 +0000] "GET /items/b908438699307/ HTTP/1.1" 404 115176 "-" "Mozilla/5.0 (compatible; AhrefsBot/7.0; +http://ahrefs.com/robot/)"
216.73.217.86 - - [14/Jun/2026:06:48:48 +0000] "GET /items/x907936278833/ HTTP/1.1" 404 115123 "-" "Mozilla/5.0 AppleWebKit/537.36 (KHTML, like Gecko; compatible; ClaudeBot/1.0; +claudebot@anthropic.com)"
216.73.217.86 - - [14/Jun/2026:06:48:48 +0000] "GET /items/s908234662070/ HTTP/1.1" 404 115123 "-" "Mozilla/5.0 AppleWebKit/537.36 (KHTML, like Gecko; compatible; ClaudeBot/1.0; +claudebot@anthropic.com)"
216.73.217.86 - - [14/Jun/2026:06:48:48 +0000] "GET /items/e9084104966654/ HTTP/1.1" 404 115123 "-" "Mozilla/5.0 AppleWebKit/537.36 (KHTML, like Gecko; compatible; ClaudeBot/1.0; +claudebot@anthropic.com)"
93.176.130.150 - - [14/Jun/2026:06:48:48 +0000] "GET /items/s90811478920/ HTTP/1.1" 404 115176 "-" "Mozilla/5.0 (Macintosh; Intel Mac OS X 12.2; rv:125.0) Gecko/20100101 Firefox/125.0"
216.73.217.86 - - [14/Jun/2026:06:48:49 +0000] "GET /items/s907939139062/ HTTP/1.1" 404 115123 "-" "Mozilla/5.0 AppleWebKit/537.36 (KHTML, like Gecko; compatible; ClaudeBot/1.0; +claudebot@anthropic.com)"
216.73.217.86 - - [14/Jun/2026:06:48:49 +0000] "GET /items/x908110412317/ HTTP/1.1" 404 115123 "-" "Mozilla/5.0 AppleWebKit/537.36 (KHTML, like Gecko; compatible; ClaudeBot/1.0; +claudebot@anthropic.com)"
216.73.217.86 - - [14/Jun/2026:06:48:50 +0000] "GET /items/q908341295188/ HTTP/1.1" 404 115123 "-" "Mozilla/5.0 AppleWebKit/537.36 (KHTML, like Gecko; compatible; ClaudeBot/1.0; +claudebot@anthropic.com)"
216.73.217.86 - - [14/Jun/2026:06:48:51 +0000] "GET /items/m908039582538/ HTTP/1.1" 404 115123 "-" "Mozilla/5.0 AppleWebKit/537.36 (KHTML, like Gecko; compatible; ClaudeBot/1.0; +claudebot@anthropic.com)"
51.195.183.131 - - [14/Jun/2026:06:48:51 +0000] "GET /items/y907939142994/ HTTP/1.1" 404 115176 "-" "Mozilla/5.0 (compatible; AhrefsBot/7.0; +http://ahrefs.com/robot/)"
216.73.217.86 - - [14/Jun/2026:06:48:51 +0000] "GET /items/z908213746663/ HTTP/1.1" 404 115123 "-" "Mozilla/5.0 AppleWebKit/537.36 (KHTML, like Gecko; compatible; ClaudeBot/1.0; +claudebot@anthropic.com)"
216.73.217.86 - - [14/Jun/2026:06:48:51 +0000] "GET /items/j908012614373/ HTTP/1.1" 404 115123 "-" "Mozilla/5.0 AppleWebKit/537.36 (KHTML, like Gecko; compatible; ClaudeBot/1.0; +claudebot@anthropic.com)"
216.73.217.86 - - [14/Jun/2026:06:48:51 +0000] "GET /items/k908273938910/ HTTP/1.1" 404 115123 "-" "Mozilla/5.0 AppleWebKit/537.36 (KHTML, like Gecko; compatible; ClaudeBot/1.0; +claudebot@anthropic.com)"
216.73.217.86 - - [14/Jun/2026:06:48:52 +0000] "GET /items/c907936142858/ HTTP/1.1" 404 115114 "-" "Mozilla/5.0 AppleWebKit/537.36 (KHTML, like Gecko; compatible; ClaudeBot/1.0; +claudebot@anthropic.com)"
198.244.242.73 - - [14/Jun/2026:06:48:52 +0000] "GET /items/x907936275193/ HTTP/1.1" 404 115176 "-" "Mozilla/5.0 (compatible; AhrefsBot/7.0; +http://ahrefs.com/robot/)"
216.73.217.86 - - [14/Jun/2026:06:48:53 +0000] "GET /items/q9079102022634/ HTTP/1.1" 404 115123 "-" "Mozilla/5.0 AppleWebKit/537.36 (KHTML, like Gecko; compatible; ClaudeBot/1.0; +claudebot@anthropic.com)"
216.73.217.86 - - [14/Jun/2026:06:48:53 +0000] "GET /items/q908237595518/ HTTP/1.1" 404 115123 "-" "Mozilla/5.0 AppleWebKit/537.36 (KHTML, like Gecko; compatible; ClaudeBot/1.0; +claudebot@anthropic.com)"
216.73.217.86 - - [14/Jun/2026:06:48:53 +0000] "GET /items/v908234587453/ HTTP/1.1" 404 115123 "-" "Mozilla/5.0 AppleWebKit/537.36 (KHTML, like Gecko; compatible; ClaudeBot/1.0; +claudebot@anthropic.com)"
216.73.217.86 - - [14/Jun/2026:06:48:54 +0000] "GET /items/f908335005647/ HTTP/1.1" 404 115108 "-" "Mozilla/5.0 AppleWebKit/537.36 (KHTML, like Gecko; compatible; ClaudeBot/1.0; +claudebot@anthropic.com)"
216.73.217.86 - - [14/Jun/2026:06:48:54 +0000] "GET /items/n908216806825/ HTTP/1.1" 404 115108 "-" "Mozilla/5.0 AppleWebKit/537.36 (KHTML, like Gecko; compatible; ClaudeBot/1.0; +claudebot@anthropic.com)"
216.73.217.86 - - [14/Jun/2026:06:48:55 +0000] "GET /items/l908234978977/ HTTP/1.1" 404 115123 "-" "Mozilla/5.0 AppleWebKit/537.36 (KHTML, like Gecko; compatible; ClaudeBot/1.0; +claudebot@anthropic.com)"
198.244.183.140 - - [14/Jun/2026:06:48:55 +0000] "GET /items/v908110232733/ HTTP/1.1" 404 115176 "-" "Mozilla/5.0 (compatible; AhrefsBot/7.0; +http://ahrefs.com/robot/)"
185.191.171.18 - - [14/Jun/2026:06:48:55 +0000] "GET /items/w90832152766/ HTTP/1.1" 404 115176 "-" "Mozilla/5.0 (compatible; SemrushBot/7~bl; +http://www.semrush.com/bot.html)"
74.7.227.15 - - [14/Jun/2026:06:48:55 +0000] "GET /items/b908210733278/ HTTP/1.1" 404 115114 "https://www.mayaver.com" "Mozilla/5.0 AppleWebKit/537.36 (KHTML, like Gecko; compatible; GPTBot/1.4; +https://openai.com/gptbot)"
198.244.240.23 - - [14/Jun/2026:06:48:55 +0000] "GET /items/v90809575349/ HTTP/1.1" 404 115176 "-" "Mozilla/5.0 (compatible; AhrefsBot/7.0; +http://ahrefs.com/robot/)"
216.73.217.86 - - [14/Jun/2026:06:48:57 +0000] "GET /items/r908338255815/ HTTP/1.1" 404 115176 "-" "Mozilla/5.0 AppleWebKit/537.36 (KHTML, like Gecko; compatible; ClaudeBot/1.0; +claudebot@anthropic.com)"
51.195.215.207 - - [14/Jun/2026:06:48:56 +0000] "GET /items/z908311441347/ HTTP/1.1" 404 115176 "-" "Mozilla/5.0 (compatible; AhrefsBot/7.0; +http://ahrefs.com/robot/)"
216.73.217.86 - - [14/Jun/2026:06:48:57 +0000] "GET /items/r90821830777/ HTTP/1.1" 404 115161 "-" "Mozilla/5.0 AppleWebKit/537.36 (KHTML, like Gecko; compatible; ClaudeBot/1.0; +claudebot@anthropic.com)"
216.73.217.86 - - [14/Jun/2026:06:48:57 +0000] "GET /items/x9081100051529/ HTTP/1.1" 404 115167 "-" "Mozilla/5.0 AppleWebKit/537.36 (KHTML, like Gecko; compatible; ClaudeBot/1.0; +claudebot@anthropic.com)"
216.73.217.86 - - [14/Jun/2026:06:48:57 +0000] "GET /items/z908039825703/ HTTP/1.1" 404 115176 "-" "Mozilla/5.0 AppleWebKit/537.36 (KHTML, like Gecko; compatible; ClaudeBot/1.0; +claudebot@anthropic.com)"
216.73.217.86 - - [14/Jun/2026:06:48:57 +0000] "GET /items/q9082103840034/ HTTP/1.1" 404 115176 "-" "Mozilla/5.0 AppleWebKit/537.36 (KHTML, like Gecko; compatible; ClaudeBot/1.0; +claudebot@anthropic.com)"
216.73.217.86 - - [14/Jun/2026:06:49:00 +0000] "GET /items/s908338252358/ HTTP/1.1" 404 115123 "-" "Mozilla/5.0 AppleWebKit/537.36 (KHTML, like Gecko; compatible; ClaudeBot/1.0; +claudebot@anthropic.com)"
51.195.183.173 - - [14/Jun/2026:06:49:00 +0000] "GET /items/s908110322248/ HTTP/1.1" 404 115167 "-" "Mozilla/5.0 (compatible; AhrefsBot/7.0; +http://ahrefs.com/robot/)"
216.73.217.86 - - [14/Jun/2026:06:49:00 +0000] "GET /items/z90817141207/ HTTP/1.1" 404 115123 "-" "Mozilla/5.0 AppleWebKit/537.36 (KHTML, like Gecko; compatible; ClaudeBot/1.0; +claudebot@anthropic.com)"
216.73.217.86 - - [14/Jun/2026:06:49:00 +0000] "GET /items/g908344268122/ HTTP/1.1" 404 115108 "-" "Mozilla/5.0 AppleWebKit/537.36 (KHTML, like Gecko; compatible; ClaudeBot/1.0; +claudebot@anthropic.com)"
216.73.217.86 - - [14/Jun/2026:06:49:01 +0000] "GET /items/v908012846123/ HTTP/1.1" 404 115123 "-" "Mozilla/5.0 AppleWebKit/537.36 (KHTML, like Gecko; compatible; ClaudeBot/1.0; +claudebot@anthropic.com)"
85.208.96.208 - - [14/Jun/2026:06:49:00 +0000] "GET /items/n90835032361/ HTTP/1.1" 404 115176 "-" "Mozilla/5.0 (compatible; SemrushBot/7~bl; +http://www.semrush.com/bot.html)"
216.73.217.86 - - [14/Jun/2026:06:49:01 +0000] "GET /items/g908146274360/ HTTP/1.1" 404 115123 "-" "Mozilla/5.0 AppleWebKit/537.36 (KHTML, like Gecko; compatible; ClaudeBot/1.0; +claudebot@anthropic.com)"
51.89.129.196 - - [14/Jun/2026:06:49:01 +0000] "GET /items/s90809765250/ HTTP/1.1" 404 115176 "-" "Mozilla/5.0 (compatible; AhrefsBot/7.0; +http://ahrefs.com/robot/)"
88.185.126.174 - - [14/Jun/2026:06:49:01 +0000] "GET /items/s908125451544/ HTTP/1.1" 404 115176 "-" "Mozilla/5.0 (Macintosh; Intel Mac OS X 14.2; rv:132.0) Gecko/20100101 Firefox/132.0"
54.38.147.179 - - [14/Jun/2026:06:49:02 +0000] "GET /items/u908249650760/ HTTP/1.1" 404 115176 "-" "Mozilla/5.0 (compatible; AhrefsBot/7.0; +http://ahrefs.com/robot/)"
198.244.242.80 - - [14/Jun/2026:06:49:04 +0000] "GET /items/s90806599074/ HTTP/1.1" 404 115161 "-" "Mozilla/5.0 (compatible; AhrefsBot/7.0; +http://ahrefs.com/robot/)"
216.73.217.86 - - [14/Jun/2026:06:49:04 +0000] "GET /items/y908234652742/ HTTP/1.1" 404 115123 "-" "Mozilla/5.0 AppleWebKit/537.36 (KHTML, like Gecko; compatible; ClaudeBot/1.0; +claudebot@anthropic.com)"
216.73.217.86 - - [14/Jun/2026:06:49:04 +0000] "GET /items/z908314223867/ HTTP/1.1" 404 115114 "-" "Mozilla/5.0 AppleWebKit/537.36 (KHTML, like Gecko; compatible; ClaudeBot/1.0; +claudebot@anthropic.com)"
216.73.217.86 - - [14/Jun/2026:06:49:04 +0000] "GET /items/z908231818509/ HTTP/1.1" 404 115123 "-" "Mozilla/5.0 AppleWebKit/537.36 (KHTML, like Gecko; compatible; ClaudeBot/1.0; +claudebot@anthropic.com)"
216.73.217.86 - - [14/Jun/2026:06:49:05 +0000] "GET /items/c908282732622/ HTTP/1.1" 404 115123 "-" "Mozilla/5.0 AppleWebKit/537.36 (KHTML, like Gecko; compatible; ClaudeBot/1.0; +claudebot@anthropic.com)"
216.73.217.86 - - [14/Jun/2026:06:49:06 +0000] "GET /items/d9081100254725/ HTTP/1.1" 404 115108 "-" "Mozilla/5.0 AppleWebKit/537.36 (KHTML, like Gecko; compatible; ClaudeBot/1.0; +claudebot@anthropic.com)"
43.173.177.18 - - [14/Jun/2026:06:49:06 +0000] "GET /studio-room?file=/var/www/vhosts/mayaver.com/httpdocs/wp-content/themes/aihub/404.php HTTP/1.1" 301 4189 "-" "Mozilla/5.0 (Windows NT 10.0; Win64; x64) AppleWebKit/537.36 (KHTML, like Gecko) Chrome/124.0.0.0 Safari/537.36"
51.89.129.73 - - [14/Jun/2026:06:49:07 +0000] "GET /items/p908137417235/ HTTP/1.1" 404 115176 "-" "Mozilla/5.0 (compatible; AhrefsBot/7.0; +http://ahrefs.com/robot/)"
216.73.217.86 - - [14/Jun/2026:06:49:07 +0000] "GET /items/v90817122119/ HTTP/1.1" 404 115114 "-" "Mozilla/5.0 AppleWebKit/537.36 (KHTML, like Gecko; compatible; ClaudeBot/1.0; +claudebot@anthropic.com)"
216.73.217.86 - - [14/Jun/2026:06:49:07 +0000] "GET /items/p9081100130405/ HTTP/1.1" 404 115123 "-" "Mozilla/5.0 AppleWebKit/537.36 (KHTML, like Gecko; compatible; ClaudeBot/1.0; +claudebot@anthropic.com)"
216.73.217.86 - - [14/Jun/2026:06:49:07 +0000] "GET /items/a908282718216/ HTTP/1.1" 404 115123 "-" "Mozilla/5.0 AppleWebKit/537.36 (KHTML, like Gecko; compatible; ClaudeBot/1.0; +claudebot@anthropic.com)"
139.84.174.118 - - [14/Jun/2026:06:49:09 +0000] "POST /wp-cron.php?doing_wp_cron=1781419749.8826758861541748046875 HTTP/1.1" 403 4358 "-" "WordPress/6.5.8; https://mayaver.com"
216.73.217.86 - - [14/Jun/2026:06:49:08 +0000] "GET /items/i9084104996480/ HTTP/1.1" 404 115114 "-" "Mozilla/5.0 AppleWebKit/537.36 (KHTML, like Gecko; compatible; ClaudeBot/1.0; +claudebot@anthropic.com)"
139.84.174.118 - - [14/Jun/2026:06:49:10 +0000] "POST /wp-cron.php?doing_wp_cron=1781419750.3168919086456298828125 HTTP/1.1" 403 4358 "-" "WordPress/6.5.8; https://mayaver.com"
198.244.240.160 - - [14/Jun/2026:06:49:08 +0000] "GET /items/o90824847918/ HTTP/1.1" 404 115176 "-" "Mozilla/5.0 (compatible; AhrefsBot/7.0; +http://ahrefs.com/robot/)"
216.73.217.86 - - [14/Jun/2026:06:49:08 +0000] "GET /items/l90824897237/ HTTP/1.1" 404 115123 "-" "Mozilla/5.0 AppleWebKit/537.36 (KHTML, like Gecko; compatible; ClaudeBot/1.0; +claudebot@anthropic.com)"
216.73.217.86 - - [14/Jun/2026:06:49:08 +0000] "GET /items/z908432747177/ HTTP/1.1" 404 115114 "-" "Mozilla/5.0 AppleWebKit/537.36 (KHTML, like Gecko; compatible; ClaudeBot/1.0; +claudebot@anthropic.com)"
43.172.194.176 - - [14/Jun/2026:06:49:07 +0000] "GET /studio-room/?file=/var/www/vhosts/mayaver.com/httpdocs/wp-content/themes/aihub/404.php HTTP/1.1" 200 30262 "-" "Mozilla/5.0 (Windows NT 10.0; Win64; x64) AppleWebKit/537.36 (KHTML, like Gecko) Chrome/124.0.0.0 Safari/537.36"
185.191.171.14 - - [14/Jun/2026:06:49:09 +0000] "GET /items/u90821925004/ HTTP/1.1" 404 115167 "-" "Mozilla/5.0 (compatible; SemrushBot/7~bl; +http://www.semrush.com/bot.html)"
216.73.217.86 - - [14/Jun/2026:06:49:10 +0000] "GET /items/p908110060295/ HTTP/1.1" 404 115123 "-" "Mozilla/5.0 AppleWebKit/537.36 (KHTML, like Gecko; compatible; ClaudeBot/1.0; +claudebot@anthropic.com)"
216.73.217.86 - - [14/Jun/2026:06:49:10 +0000] "GET /items/k908240563490/ HTTP/1.1" 404 115114 "-" "Mozilla/5.0 AppleWebKit/537.36 (KHTML, like Gecko; compatible; ClaudeBot/1.0; +claudebot@anthropic.com)"
216.73.217.86 - - [14/Jun/2026:06:49:10 +0000] "GET /items/i90806545608/ HTTP/1.1" 404 115123 "-" "Mozilla/5.0 AppleWebKit/537.36 (KHTML, like Gecko; compatible; ClaudeBot/1.0; +claudebot@anthropic.com)"
51.89.129.94 - - [14/Jun/2026:06:49:11 +0000] "GET /items/l908441962655/ HTTP/1.1" 404 115176 "-" "Mozilla/5.0 (compatible; AhrefsBot/7.0; +http://ahrefs.com/robot/)"
216.73.217.86 - - [14/Jun/2026:06:49:11 +0000] "GET /items/q908311288328/ HTTP/1.1" 404 115114 "-" "Mozilla/5.0 AppleWebKit/537.36 (KHTML, like Gecko; compatible; ClaudeBot/1.0; +claudebot@anthropic.com)"
216.73.217.86 - - [14/Jun/2026:06:49:11 +0000] "GET /items/p908341344223/ HTTP/1.1" 404 115123 "-" "Mozilla/5.0 AppleWebKit/537.36 (KHTML, like Gecko; compatible; ClaudeBot/1.0; +claudebot@anthropic.com)"
54.38.147.230 - - [14/Jun/2026:06:49:11 +0000] "GET /items/q90848944818/ HTTP/1.1" 404 115167 "-" "Mozilla/5.0 (compatible; AhrefsBot/7.0; +http://ahrefs.com/robot/)"
216.73.217.86 - - [14/Jun/2026:06:49:12 +0000] "GET /items/n908131422725/ HTTP/1.1" 404 115123 "-" "Mozilla/5.0 AppleWebKit/537.36 (KHTML, like Gecko; compatible; ClaudeBot/1.0; +claudebot@anthropic.com)"
216.73.217.86 - - [14/Jun/2026:06:49:12 +0000] "GET /items/n908240973747/ HTTP/1.1" 404 115123 "-" "Mozilla/5.0 AppleWebKit/537.36 (KHTML, like Gecko; compatible; ClaudeBot/1.0; +claudebot@anthropic.com)"
57.141.2.9 - - [14/Jun/2026:06:49:12 +0000] "GET /products/o1s1wg110125-canyon-shoes-in-black/29574057/ HTTP/1.1" 404 115176 "-" "meta-externalagent/1.1 (+https://developers.facebook.com/docs/sharing/webmasters/crawler)"
216.73.217.86 - - [14/Jun/2026:06:49:13 +0000] "GET /items/f908435758503/ HTTP/1.1" 404 115123 "-" "Mozilla/5.0 AppleWebKit/537.36 (KHTML, like Gecko; compatible; ClaudeBot/1.0; +claudebot@anthropic.com)"
216.73.217.86 - - [14/Jun/2026:06:49:13 +0000] "GET /items/r9084101505287/ HTTP/1.1" 404 115114 "-" "Mozilla/5.0 AppleWebKit/537.36 (KHTML, like Gecko; compatible; ClaudeBot/1.0; +claudebot@anthropic.com)"
216.73.217.86 - - [14/Jun/2026:06:49:14 +0000] "GET /items/z9083104064059/ HTTP/1.1" 404 115108 "-" "Mozilla/5.0 AppleWebKit/537.36 (KHTML, like Gecko; compatible; ClaudeBot/1.0; +claudebot@anthropic.com)"
216.73.217.86 - - [14/Jun/2026:06:49:14 +0000] "GET /items/z9081103275635/ HTTP/1.1" 404 115123 "-" "Mozilla/5.0 AppleWebKit/537.36 (KHTML, like Gecko; compatible; ClaudeBot/1.0; +claudebot@anthropic.com)"
84.247.41.113 - - [14/Jun/2026:06:49:13 +0000] "GET /items/s90814189680/ HTTP/1.1" 404 115167 "-" "Mozilla/5.0 (Macintosh; Intel Mac OS X 15_1_0) AppleWebKit/537.36 (KHTML, like Gecko) Chrome/129.0.6668.100 Safari/537.36"
198.244.168.130 - - [14/Jun/2026:06:49:14 +0000] "GET /items/k908140266752/ HTTP/1.1" 404 115176 "-" "Mozilla/5.0 (compatible; AhrefsBot/7.0; +http://ahrefs.com/robot/)"
216.73.217.86 - - [14/Jun/2026:06:49:14 +0000] "GET /items/i9083104127794/ HTTP/1.1" 404 115114 "-" "Mozilla/5.0 AppleWebKit/537.36 (KHTML, like Gecko; compatible; ClaudeBot/1.0; +claudebot@anthropic.com)"
216.73.217.86 - - [14/Jun/2026:06:49:15 +0000] "GET /items/z908099920387/ HTTP/1.1" 404 115114 "-" "Mozilla/5.0 AppleWebKit/537.36 (KHTML, like Gecko; compatible; ClaudeBot/1.0; +claudebot@anthropic.com)"
51.195.244.136 - - [14/Jun/2026:06:49:15 +0000] "GET /items/l908338095649/ HTTP/1.1" 404 115176 "-" "Mozilla/5.0 (compatible; AhrefsBot/7.0; +http://ahrefs.com/robot/)"
216.73.217.86 - - [14/Jun/2026:06:49:16 +0000] "GET /items/n908383004671/ HTTP/1.1" 404 115123 "-" "Mozilla/5.0 AppleWebKit/537.36 (KHTML, like Gecko; compatible; ClaudeBot/1.0; +claudebot@anthropic.com)"
198.244.168.112 - - [14/Jun/2026:06:49:16 +0000] "GET /items/j908341431733/ HTTP/1.1" 404 115176 "-" "Mozilla/5.0 (compatible; AhrefsBot/7.0; +http://ahrefs.com/robot/)"
216.73.217.86 - - [14/Jun/2026:06:49:17 +0000] "GET /items/u908311181316/ HTTP/1.1" 404 115114 "-" "Mozilla/5.0 AppleWebKit/537.36 (KHTML, like Gecko; compatible; ClaudeBot/1.0; +claudebot@anthropic.com)"
216.73.217.86 - - [14/Jun/2026:06:49:18 +0000] "GET /items/r908137327537/ HTTP/1.1" 404 115114 "-" "Mozilla/5.0 AppleWebKit/537.36 (KHTML, like Gecko; compatible; ClaudeBot/1.0; +claudebot@anthropic.com)"
216.73.217.86 - - [14/Jun/2026:06:49:18 +0000] "GET /items/q908285944572/ HTTP/1.1" 404 115123 "-" "Mozilla/5.0 AppleWebKit/537.36 (KHTML, like Gecko; compatible; ClaudeBot/1.0; +claudebot@anthropic.com)"
216.73.217.86 - - [14/Jun/2026:06:49:18 +0000] "GET /items/h90838115851/ HTTP/1.1" 404 115123 "-" "Mozilla/5.0 AppleWebKit/537.36 (KHTML, like Gecko; compatible; ClaudeBot/1.0; +claudebot@anthropic.com)"
216.73.217.86 - - [14/Jun/2026:06:49:19 +0000] "GET /items/s9084101785412/ HTTP/1.1" 404 115123 "-" "Mozilla/5.0 AppleWebKit/537.36 (KHTML, like Gecko; compatible; ClaudeBot/1.0; +claudebot@anthropic.com)"
216.73.217.86 - - [14/Jun/2026:06:49:19 +0000] "GET /items/y90838499524/ HTTP/1.1" 404 115123 "-" "Mozilla/5.0 AppleWebKit/537.36 (KHTML, like Gecko; compatible; ClaudeBot/1.0; +claudebot@anthropic.com)"
216.73.217.86 - - [14/Jun/2026:06:49:20 +0000] "GET /items/z908113058157/ HTTP/1.1" 404 115123 "-" "Mozilla/5.0 AppleWebKit/537.36 (KHTML, like Gecko; compatible; ClaudeBot/1.0; +claudebot@anthropic.com)"
216.73.217.86 - - [14/Jun/2026:06:49:20 +0000] "GET /items/i908110059768/ HTTP/1.1" 404 115108 "-" "Mozilla/5.0 AppleWebKit/537.36 (KHTML, like Gecko; compatible; ClaudeBot/1.0; +claudebot@anthropic.com)"
216.73.217.86 - - [14/Jun/2026:06:49:20 +0000] "GET /items/x90811001617/ HTTP/1.1" 404 115123 "-" "Mozilla/5.0 AppleWebKit/537.36 (KHTML, like Gecko; compatible; ClaudeBot/1.0; +claudebot@anthropic.com)"
198.244.226.68 - - [14/Jun/2026:06:49:20 +0000] "GET /items/i908012529612/ HTTP/1.1" 404 115167 "-" "Mozilla/5.0 (compatible; AhrefsBot/7.0; +http://ahrefs.com/robot/)"
216.73.217.86 - - [14/Jun/2026:06:49:21 +0000] "GET /items/p908243606223/ HTTP/1.1" 404 115123 "-" "Mozilla/5.0 AppleWebKit/537.36 (KHTML, like Gecko; compatible; ClaudeBot/1.0; +claudebot@anthropic.com)"
216.73.217.86 - - [14/Jun/2026:06:49:21 +0000] "GET /items/d908285502351/ HTTP/1.1" 404 115123 "-" "Mozilla/5.0 AppleWebKit/537.36 (KHTML, like Gecko; compatible; ClaudeBot/1.0; +claudebot@anthropic.com)"
216.73.217.86 - - [14/Jun/2026:06:49:21 +0000] "GET /items/m90827811058/ HTTP/1.1" 404 115123 "-" "Mozilla/5.0 AppleWebKit/537.36 (KHTML, like Gecko; compatible; ClaudeBot/1.0; +claudebot@anthropic.com)"
216.73.217.86 - - [14/Jun/2026:06:49:21 +0000] "GET /items/l908276786951/ HTTP/1.1" 404 115123 "-" "Mozilla/5.0 AppleWebKit/537.36 (KHTML, like Gecko; compatible; ClaudeBot/1.0; +claudebot@anthropic.com)"
185.191.171.19 - - [14/Jun/2026:06:49:21 +0000] "GET /items/p90824617221/ HTTP/1.1" 404 115167 "-" "Mozilla/5.0 (compatible; SemrushBot/7~bl; +http://www.semrush.com/bot.html)"
216.73.217.86 - - [14/Jun/2026:06:49:22 +0000] "GET /items/x908134263807/ HTTP/1.1" 404 115123 "-" "Mozilla/5.0 AppleWebKit/537.36 (KHTML, like Gecko; compatible; ClaudeBot/1.0; +claudebot@anthropic.com)"
216.73.217.86 - - [14/Jun/2026:06:49:23 +0000] "GET /items/g908341084942/ HTTP/1.1" 404 115123 "-" "Mozilla/5.0 AppleWebKit/537.36 (KHTML, like Gecko; compatible; ClaudeBot/1.0; +claudebot@anthropic.com)"
216.73.217.86 - - [14/Jun/2026:06:49:23 +0000] "GET /items/q908033662628/ HTTP/1.1" 404 115123 "-" "Mozilla/5.0 AppleWebKit/537.36 (KHTML, like Gecko; compatible; ClaudeBot/1.0; +claudebot@anthropic.com)"
216.73.217.86 - - [14/Jun/2026:06:49:23 +0000] "GET /items/r90817380529/ HTTP/1.1" 404 115123 "-" "Mozilla/5.0 AppleWebKit/537.36 (KHTML, like Gecko; compatible; ClaudeBot/1.0; +claudebot@anthropic.com)"
216.73.217.86 - - [14/Jun/2026:06:49:23 +0000] "GET /items/p90803810961/ HTTP/1.1" 404 115123 "-" "Mozilla/5.0 AppleWebKit/537.36 (KHTML, like Gecko; compatible; ClaudeBot/1.0; +claudebot@anthropic.com)"
216.73.217.86 - - [14/Jun/2026:06:49:24 +0000] "GET /items/f9081100239959/ HTTP/1.1" 404 115123 "-" "Mozilla/5.0 AppleWebKit/537.36 (KHTML, like Gecko; compatible; ClaudeBot/1.0; +claudebot@anthropic.com)"
216.73.217.86 - - [14/Jun/2026:06:49:24 +0000] "GET /items/p908237800163/ HTTP/1.1" 404 115108 "-" "Mozilla/5.0 AppleWebKit/537.36 (KHTML, like Gecko; compatible; ClaudeBot/1.0; +claudebot@anthropic.com)"
216.73.217.86 - - [14/Jun/2026:06:49:25 +0000] "GET /items/i90817170466/ HTTP/1.1" 404 115108 "-" "Mozilla/5.0 AppleWebKit/537.36 (KHTML, like Gecko; compatible; ClaudeBot/1.0; +claudebot@anthropic.com)"
216.73.217.86 - - [14/Jun/2026:06:49:26 +0000] "GET /items/p907915000867/ HTTP/1.1" 404 115123 "-" "Mozilla/5.0 AppleWebKit/537.36 (KHTML, like Gecko; compatible; ClaudeBot/1.0; +claudebot@anthropic.com)"
216.73.217.86 - - [14/Jun/2026:06:49:26 +0000] "GET /items/c9082100589162/ HTTP/1.1" 404 115123 "-" "Mozilla/5.0 AppleWebKit/537.36 (KHTML, like Gecko; compatible; ClaudeBot/1.0; +claudebot@anthropic.com)"
216.73.217.86 - - [14/Jun/2026:06:49:26 +0000] "GET /items/q9083104082224/ HTTP/1.1" 404 115123 "-" "Mozilla/5.0 AppleWebKit/537.36 (KHTML, like Gecko; compatible; ClaudeBot/1.0; +claudebot@anthropic.com)"
216.73.217.86 - - [14/Jun/2026:06:49:26 +0000] "GET /items/i90838234854/ HTTP/1.1" 404 115123 "-" "Mozilla/5.0 AppleWebKit/537.36 (KHTML, like Gecko; compatible; ClaudeBot/1.0; +claudebot@anthropic.com)"
51.195.244.44 - - [14/Jun/2026:06:49:26 +0000] "GET /items/g90806677998/ HTTP/1.1" 404 115176 "-" "Mozilla/5.0 (compatible; AhrefsBot/7.0; +http://ahrefs.com/robot/)"
216.73.217.86 - - [14/Jun/2026:06:49:27 +0000] "GET /items/k908243806860/ HTTP/1.1" 404 115123 "-" "Mozilla/5.0 AppleWebKit/537.36 (KHTML, like Gecko; compatible; ClaudeBot/1.0; +claudebot@anthropic.com)"
216.73.217.86 - - [14/Jun/2026:06:49:27 +0000] "GET /items/q908099882314/ HTTP/1.1" 404 115123 "-" "Mozilla/5.0 AppleWebKit/537.36 (KHTML, like Gecko; compatible; ClaudeBot/1.0; +claudebot@anthropic.com)"
216.73.217.86 - - [14/Jun/2026:06:49:28 +0000] "GET /items/c908282657976/ HTTP/1.1" 404 115108 "-" "Mozilla/5.0 AppleWebKit/537.36 (KHTML, like Gecko; compatible; ClaudeBot/1.0; +claudebot@anthropic.com)"
216.73.217.86 - - [14/Jun/2026:06:49:28 +0000] "GET /items/m90796408904/ HTTP/1.1" 404 115123 "-" "Mozilla/5.0 AppleWebKit/537.36 (KHTML, like Gecko; compatible; ClaudeBot/1.0; +claudebot@anthropic.com)"
92.209.214.133 - - [14/Jun/2026:06:49:27 +0000] "GET /items/s90817301412/ HTTP/1.1" 404 115176 "-" "Mozilla/5.0 (Macintosh; Intel Mac OS X 11_6_0) AppleWebKit/537.36 (KHTML, like Gecko) Chrome/129.0.6668.100 Safari/537.36"
216.73.217.86 - - [14/Jun/2026:06:49:28 +0000] "GET /items/y908134161342/ HTTP/1.1" 404 115114 "-" "Mozilla/5.0 AppleWebKit/537.36 (KHTML, like Gecko; compatible; ClaudeBot/1.0; +claudebot@anthropic.com)"
216.73.217.86 - - [14/Jun/2026:06:49:29 +0000] "GET /items/u90799380816/ HTTP/1.1" 404 115123 "-" "Mozilla/5.0 AppleWebKit/537.36 (KHTML, like Gecko; compatible; ClaudeBot/1.0; +claudebot@anthropic.com)"
216.73.217.86 - - [14/Jun/2026:06:49:29 +0000] "GET /items/o908116118892/ HTTP/1.1" 404 115123 "-" "Mozilla/5.0 AppleWebKit/537.36 (KHTML, like Gecko; compatible; ClaudeBot/1.0; +claudebot@anthropic.com)"
216.73.217.86 - - [14/Jun/2026:06:49:30 +0000] "GET /items/w90803521588/ HTTP/1.1" 404 115114 "-" "Mozilla/5.0 AppleWebKit/537.36 (KHTML, like Gecko; compatible; ClaudeBot/1.0; +claudebot@anthropic.com)"
216.73.217.86 - - [14/Jun/2026:06:49:30 +0000] "GET /items/j90817451943/ HTTP/1.1" 404 115114 "-" "Mozilla/5.0 AppleWebKit/537.36 (KHTML, like Gecko; compatible; ClaudeBot/1.0; +claudebot@anthropic.com)"
216.73.217.86 - - [14/Jun/2026:06:49:30 +0000] "GET /items/z908134322699/ HTTP/1.1" 404 115123 "-" "Mozilla/5.0 AppleWebKit/537.36 (KHTML, like Gecko; compatible; ClaudeBot/1.0; +claudebot@anthropic.com)"
216.73.217.86 - - [14/Jun/2026:06:49:30 +0000] "GET /items/c908320408386/ HTTP/1.1" 404 115123 "-" "Mozilla/5.0 AppleWebKit/537.36 (KHTML, like Gecko; compatible; ClaudeBot/1.0; +claudebot@anthropic.com)"
216.73.217.86 - - [14/Jun/2026:06:49:31 +0000] "GET /items/x908374142451/ HTTP/1.1" 404 115123 "-" "Mozilla/5.0 AppleWebKit/537.36 (KHTML, like Gecko; compatible; ClaudeBot/1.0; +claudebot@anthropic.com)"
185.191.171.18 - - [14/Jun/2026:06:49:31 +0000] "GET /items/a90796197668/ HTTP/1.1" 404 115176 "-" "Mozilla/5.0 (compatible; SemrushBot/7~bl; +http://www.semrush.com/bot.html)"
216.73.217.86 - - [14/Jun/2026:06:49:31 +0000] "GET /items/s908128287884/ HTTP/1.1" 404 115123 "-" "Mozilla/5.0 AppleWebKit/537.36 (KHTML, like Gecko; compatible; ClaudeBot/1.0; +claudebot@anthropic.com)"
198.244.226.201 - - [14/Jun/2026:06:49:31 +0000] "GET /items/m908311366038/ HTTP/1.1" 404 115176 "-" "Mozilla/5.0 (compatible; AhrefsBot/7.0; +http://ahrefs.com/robot/)"
216.73.217.86 - - [14/Jun/2026:06:49:32 +0000] "GET /items/n908131116419/ HTTP/1.1" 404 115108 "-" "Mozilla/5.0 AppleWebKit/537.36 (KHTML, like Gecko; compatible; ClaudeBot/1.0; +claudebot@anthropic.com)"
216.73.217.86 - - [14/Jun/2026:06:49:33 +0000] "GET /items/x90811182577/ HTTP/1.1" 404 115123 "-" "Mozilla/5.0 AppleWebKit/537.36 (KHTML, like Gecko; compatible; ClaudeBot/1.0; +claudebot@anthropic.com)"
216.73.217.86 - - [14/Jun/2026:06:49:33 +0000] "GET /items/u908311056698/ HTTP/1.1" 404 115123 "-" "Mozilla/5.0 AppleWebKit/537.36 (KHTML, like Gecko; compatible; ClaudeBot/1.0; +claudebot@anthropic.com)"
216.73.217.86 - - [14/Jun/2026:06:49:33 +0000] "GET /items/v908176214311/ HTTP/1.1" 404 115123 "-" "Mozilla/5.0 AppleWebKit/537.36 (KHTML, like Gecko; compatible; ClaudeBot/1.0; +claudebot@anthropic.com)"
216.73.217.86 - - [14/Jun/2026:06:49:33 +0000] "GET /items/m908113271058/ HTTP/1.1" 404 115108 "-" "Mozilla/5.0 AppleWebKit/537.36 (KHTML, like Gecko; compatible; ClaudeBot/1.0; +claudebot@anthropic.com)"
216.73.217.86 - - [14/Jun/2026:06:49:34 +0000] "GET /items/z908213665777/ HTTP/1.1" 404 115123 "-" "Mozilla/5.0 AppleWebKit/537.36 (KHTML, like Gecko; compatible; ClaudeBot/1.0; +claudebot@anthropic.com)"
216.73.217.86 - - [14/Jun/2026:06:49:34 +0000] "GET /items/n908341247917/ HTTP/1.1" 404 115123 "-" "Mozilla/5.0 AppleWebKit/537.36 (KHTML, like Gecko; compatible; ClaudeBot/1.0; +claudebot@anthropic.com)"
216.73.217.86 - - [14/Jun/2026:06:49:34 +0000] "GET /items/p90799312275/ HTTP/1.1" 404 115123 "-" "Mozilla/5.0 AppleWebKit/537.36 (KHTML, like Gecko; compatible; ClaudeBot/1.0; +claudebot@anthropic.com)"
216.73.217.86 - - [14/Jun/2026:06:49:35 +0000] "GET /items/q907936380902/ HTTP/1.1" 404 115108 "-" "Mozilla/5.0 AppleWebKit/537.36 (KHTML, like Gecko; compatible; ClaudeBot/1.0; +claudebot@anthropic.com)"
216.73.217.86 - - [14/Jun/2026:06:49:35 +0000] "GET /items/w90821502662/ HTTP/1.1" 404 115123 "-" "Mozilla/5.0 AppleWebKit/537.36 (KHTML, like Gecko; compatible; ClaudeBot/1.0; +claudebot@anthropic.com)"
51.195.244.223 - - [14/Jun/2026:06:49:35 +0000] "GET /items/b907915095233/ HTTP/1.1" 404 115176 "-" "Mozilla/5.0 (compatible; AhrefsBot/7.0; +http://ahrefs.com/robot/)"
216.73.217.86 - - [14/Jun/2026:06:49:36 +0000] "GET /items/u90845785796/ HTTP/1.1" 404 115114 "-" "Mozilla/5.0 AppleWebKit/537.36 (KHTML, like Gecko; compatible; ClaudeBot/1.0; +claudebot@anthropic.com)"
85.208.96.206 - - [14/Jun/2026:06:49:36 +0000] "GET /items/l90824606973/ HTTP/1.1" 404 115176 "-" "Mozilla/5.0 (compatible; SemrushBot/7~bl; +http://www.semrush.com/bot.html)"
216.73.217.86 - - [14/Jun/2026:06:49:36 +0000] "GET /items/i9081103120424/ HTTP/1.1" 404 115123 "-" "Mozilla/5.0 AppleWebKit/537.36 (KHTML, like Gecko; compatible; ClaudeBot/1.0; +claudebot@anthropic.com)"
216.73.217.86 - - [14/Jun/2026:06:49:37 +0000] "GET /items/h90811171381/ HTTP/1.1" 404 115123 "-" "Mozilla/5.0 AppleWebKit/537.36 (KHTML, like Gecko; compatible; ClaudeBot/1.0; +claudebot@anthropic.com)"
216.73.217.86 - - [14/Jun/2026:06:49:36 +0000] "GET /items/i9084104760140/ HTTP/1.1" 404 115108 "-" "Mozilla/5.0 AppleWebKit/537.36 (KHTML, like Gecko; compatible; ClaudeBot/1.0; +claudebot@anthropic.com)"
216.73.217.86 - - [14/Jun/2026:06:49:37 +0000] "GET /items/x9083101182139/ HTTP/1.1" 404 115123 "-" "Mozilla/5.0 AppleWebKit/537.36 (KHTML, like Gecko; compatible; ClaudeBot/1.0; +claudebot@anthropic.com)"
216.73.217.86 - - [14/Jun/2026:06:49:38 +0000] "GET /items/g907942253460/ HTTP/1.1" 404 115123 "-" "Mozilla/5.0 AppleWebKit/537.36 (KHTML, like Gecko; compatible; ClaudeBot/1.0; +claudebot@anthropic.com)"
51.195.183.71 - - [14/Jun/2026:06:49:38 +0000] "GET /items/z90848730769/ HTTP/1.1" 404 115176 "-" "Mozilla/5.0 (compatible; AhrefsBot/7.0; +http://ahrefs.com/robot/)"
216.73.217.86 - - [14/Jun/2026:06:49:38 +0000] "GET /items/i908285524482/ HTTP/1.1" 404 115108 "-" "Mozilla/5.0 AppleWebKit/537.36 (KHTML, like Gecko; compatible; ClaudeBot/1.0; +claudebot@anthropic.com)"
216.73.217.86 - - [14/Jun/2026:06:49:38 +0000] "GET /items/z908210591719/ HTTP/1.1" 404 115123 "-" "Mozilla/5.0 AppleWebKit/537.36 (KHTML, like Gecko; compatible; ClaudeBot/1.0; +claudebot@anthropic.com)"
216.73.217.86 - - [14/Jun/2026:06:49:38 +0000] "GET /items/q90817061274/ HTTP/1.1" 404 115123 "-" "Mozilla/5.0 AppleWebKit/537.36 (KHTML, like Gecko; compatible; ClaudeBot/1.0; +claudebot@anthropic.com)"
51.195.215.204 - - [14/Jun/2026:06:49:39 +0000] "GET /items/c908411873002/ HTTP/1.1" 404 115167 "-" "Mozilla/5.0 (compatible; AhrefsBot/7.0; +http://ahrefs.com/robot/)"
146.174.162.100 - - [14/Jun/2026:06:49:38 +0000] "GET /items/s908179183040/ HTTP/1.1" 404 115161 "-" "Mozilla/5.0 (Macintosh; Intel Mac OS X 10_15_7) AppleWebKit/537.36 (KHTML, like Gecko) Chrome/132.0.6834.83 Safari/537.36"
216.73.217.86 - - [14/Jun/2026:06:49:39 +0000] "GET /items/k908099689024/ HTTP/1.1" 404 115123 "-" "Mozilla/5.0 AppleWebKit/537.36 (KHTML, like Gecko; compatible; ClaudeBot/1.0; +claudebot@anthropic.com)"
216.73.217.86 - - [14/Jun/2026:06:49:40 +0000] "GET /items/p908216605483/ HTTP/1.1" 404 115123 "-" "Mozilla/5.0 AppleWebKit/537.36 (KHTML, like Gecko; compatible; ClaudeBot/1.0; +claudebot@anthropic.com)"
216.73.217.86 - - [14/Jun/2026:06:49:40 +0000] "GET /items/z908411675373/ HTTP/1.1" 404 115123 "-" "Mozilla/5.0 AppleWebKit/537.36 (KHTML, like Gecko; compatible; ClaudeBot/1.0; +claudebot@anthropic.com)"
216.73.217.86 - - [14/Jun/2026:06:49:40 +0000] "GET /items/q90793053504/ HTTP/1.1" 404 115123 "-" "Mozilla/5.0 AppleWebKit/537.36 (KHTML, like Gecko; compatible; ClaudeBot/1.0; +claudebot@anthropic.com)"
51.89.129.241 - - [14/Jun/2026:06:49:41 +0000] "GET /items/z90799361893/ HTTP/1.1" 404 115167 "-" "Mozilla/5.0 (compatible; AhrefsBot/7.0; +http://ahrefs.com/robot/)"
216.73.217.86 - - [14/Jun/2026:06:49:41 +0000] "GET /items/q90796256054/ HTTP/1.1" 404 115123 "-" "Mozilla/5.0 AppleWebKit/537.36 (KHTML, like Gecko; compatible; ClaudeBot/1.0; +claudebot@anthropic.com)"
216.73.217.86 - - [14/Jun/2026:06:49:42 +0000] "GET /items/b90821511299/ HTTP/1.1" 404 115167 "-" "Mozilla/5.0 AppleWebKit/537.36 (KHTML, like Gecko; compatible; ClaudeBot/1.0; +claudebot@anthropic.com)"
216.73.217.86 - - [14/Jun/2026:06:49:42 +0000] "GET /items/v90811116041/ HTTP/1.1" 404 115176 "-" "Mozilla/5.0 AppleWebKit/537.36 (KHTML, like Gecko; compatible; ClaudeBot/1.0; +claudebot@anthropic.com)"
216.73.217.86 - - [14/Jun/2026:06:49:42 +0000] "GET /items/p908234933533/ HTTP/1.1" 404 115176 "-" "Mozilla/5.0 AppleWebKit/537.36 (KHTML, like Gecko; compatible; ClaudeBot/1.0; +claudebot@anthropic.com)"
216.73.217.86 - - [14/Jun/2026:06:49:42 +0000] "GET /items/x90796016809/ HTTP/1.1" 404 115176 "-" "Mozilla/5.0 AppleWebKit/537.36 (KHTML, like Gecko; compatible; ClaudeBot/1.0; +claudebot@anthropic.com)"
51.89.129.121 - - [14/Jun/2026:06:49:43 +0000] "GET /items/u908140334622/ HTTP/1.1" 404 115176 "-" "Mozilla/5.0 (compatible; AhrefsBot/7.0; +http://ahrefs.com/robot/)"
51.195.244.75 - - [14/Jun/2026:06:49:44 +0000] "GET /items/d908411665549/ HTTP/1.1" 404 115176 "-" "Mozilla/5.0 (compatible; AhrefsBot/7.0; +http://ahrefs.com/robot/)"
216.73.217.86 - - [14/Jun/2026:06:49:44 +0000] "GET /items/d908090874601/ HTTP/1.1" 404 115123 "-" "Mozilla/5.0 AppleWebKit/537.36 (KHTML, like Gecko; compatible; ClaudeBot/1.0; +claudebot@anthropic.com)"
216.73.217.86 - - [14/Jun/2026:06:49:44 +0000] "GET /items/v907993159161/ HTTP/1.1" 404 115123 "-" "Mozilla/5.0 AppleWebKit/537.36 (KHTML, like Gecko; compatible; ClaudeBot/1.0; +claudebot@anthropic.com)"
216.73.217.86 - - [14/Jun/2026:06:49:44 +0000] "GET /items/e90824573114/ HTTP/1.1" 404 115123 "-" "Mozilla/5.0 AppleWebKit/537.36 (KHTML, like Gecko; compatible; ClaudeBot/1.0; +claudebot@anthropic.com)"
216.73.217.86 - - [14/Jun/2026:06:49:45 +0000] "GET /items/a90824747102/ HTTP/1.1" 404 115114 "-" "Mozilla/5.0 AppleWebKit/537.36 (KHTML, like Gecko; compatible; ClaudeBot/1.0; +claudebot@anthropic.com)"
198.244.240.146 - - [14/Jun/2026:06:49:46 +0000] "GET /items/u908039848292/ HTTP/1.1" 404 115176 "-" "Mozilla/5.0 (compatible; AhrefsBot/7.0; +http://ahrefs.com/robot/)"
185.187.131.186 - - [14/Jun/2026:06:49:42 +0000] "GET /sitemap911.xml HTTP/1.1" 200 11006 "-" "Mozilla/5.0 (Macintosh; Intel Mac OS X 14_5_1) AppleWebKit/537.36 (KHTML, like Gecko) Chrome/125.0.6422.141 Safari/537.36"
216.73.217.86 - - [14/Jun/2026:06:49:47 +0000] "GET /items/f90817137183/ HTTP/1.1" 404 115123 "-" "Mozilla/5.0 AppleWebKit/537.36 (KHTML, like Gecko; compatible; ClaudeBot/1.0; +claudebot@anthropic.com)"
216.73.217.86 - - [14/Jun/2026:06:49:47 +0000] "GET /items/e90811223066/ HTTP/1.1" 404 115123 "-" "Mozilla/5.0 AppleWebKit/537.36 (KHTML, like Gecko; compatible; ClaudeBot/1.0; +claudebot@anthropic.com)"
216.73.217.86 - - [14/Jun/2026:06:49:47 +0000] "GET /items/e90827869628/ HTTP/1.1" 404 115108 "-" "Mozilla/5.0 AppleWebKit/537.36 (KHTML, like Gecko; compatible; ClaudeBot/1.0; +claudebot@anthropic.com)"
216.73.217.86 - - [14/Jun/2026:06:49:47 +0000] "GET /items/k90809660488/ HTTP/1.1" 404 115123 "-" "Mozilla/5.0 AppleWebKit/537.36 (KHTML, like Gecko; compatible; ClaudeBot/1.0; +claudebot@anthropic.com)"
216.73.217.86 - - [14/Jun/2026:06:49:47 +0000] "GET /items/x90832438949/ HTTP/1.1" 404 115114 "-" "Mozilla/5.0 AppleWebKit/537.36 (KHTML, like Gecko; compatible; ClaudeBot/1.0; +claudebot@anthropic.com)"
51.195.183.167 - - [14/Jun/2026:06:49:48 +0000] "GET /items/p90811372681/ HTTP/1.1" 404 115167 "-" "Mozilla/5.0 (compatible; AhrefsBot/7.0; +http://ahrefs.com/robot/)"
185.191.171.19 - - [14/Jun/2026:06:49:48 +0000] "GET /items/e90821726972/ HTTP/1.1" 404 115176 "-" "Mozilla/5.0 (compatible; SemrushBot/7~bl; +http://www.semrush.com/bot.html)"
216.73.217.86 - - [14/Jun/2026:06:49:48 +0000] "GET /items/f90803999685/ HTTP/1.1" 404 115108 "-" "Mozilla/5.0 AppleWebKit/537.36 (KHTML, like Gecko; compatible; ClaudeBot/1.0; +claudebot@anthropic.com)"
216.73.217.86 - - [14/Jun/2026:06:49:48 +0000] "GET /items/a90811359302/ HTTP/1.1" 404 115114 "-" "Mozilla/5.0 AppleWebKit/537.36 (KHTML, like Gecko; compatible; ClaudeBot/1.0; +claudebot@anthropic.com)"
216.73.217.86 - - [14/Jun/2026:06:49:49 +0000] "GET /items/v90832401299/ HTTP/1.1" 404 115123 "-" "Mozilla/5.0 AppleWebKit/537.36 (KHTML, like Gecko; compatible; ClaudeBot/1.0; +claudebot@anthropic.com)"
216.73.217.86 - - [14/Jun/2026:06:49:49 +0000] "GET /items/x908146254591/ HTTP/1.1" 404 115123 "-" "Mozilla/5.0 AppleWebKit/537.36 (KHTML, like Gecko; compatible; ClaudeBot/1.0; +claudebot@anthropic.com)"
216.73.217.86 - - [14/Jun/2026:06:49:49 +0000] "GET /items/h90824516645/ HTTP/1.1" 404 115114 "-" "Mozilla/5.0 AppleWebKit/537.36 (KHTML, like Gecko; compatible; ClaudeBot/1.0; +claudebot@anthropic.com)"
51.195.215.184 - - [14/Jun/2026:06:49:50 +0000] "GET /items/n908012979729/ HTTP/1.1" 404 115176 "-" "Mozilla/5.0 (compatible; AhrefsBot/7.0; +http://ahrefs.com/robot/)"
216.73.217.86 - - [14/Jun/2026:06:49:50 +0000] "GET /items/b90793358053/ HTTP/1.1" 404 115123 "-" "Mozilla/5.0 AppleWebKit/537.36 (KHTML, like Gecko; compatible; ClaudeBot/1.0; +claudebot@anthropic.com)"
216.73.217.86 - - [14/Jun/2026:06:49:50 +0000] "GET /items/f90811353145/ HTTP/1.1" 404 115108 "-" "Mozilla/5.0 AppleWebKit/537.36 (KHTML, like Gecko; compatible; ClaudeBot/1.0; +claudebot@anthropic.com)"
103.109.95.123 - - [14/Jun/2026:06:49:48 +0000] "GET /sitemap987.xml HTTP/1.1" 200 10972 "-" "Mozilla/5.0 (Macintosh; Intel Mac OS X 14_1_0) AppleWebKit/537.36 (KHTML, like Gecko) Chrome/129.0.6668.58 Safari/537.36"
51.195.215.203 - - [14/Jun/2026:06:49:50 +0000] "GET /items/f908210981569/ HTTP/1.1" 404 115167 "-" "Mozilla/5.0 (compatible; AhrefsBot/7.0; +http://ahrefs.com/robot/)"
216.73.217.86 - - [14/Jun/2026:06:49:50 +0000] "GET /items/v90845523769/ HTTP/1.1" 404 115123 "-" "Mozilla/5.0 AppleWebKit/537.36 (KHTML, like Gecko; compatible; ClaudeBot/1.0; +claudebot@anthropic.com)"
216.73.217.86 - - [14/Jun/2026:06:49:51 +0000] "GET /items/k908335104608/ HTTP/1.1" 404 115114 "-" "Mozilla/5.0 AppleWebKit/537.36 (KHTML, like Gecko; compatible; ClaudeBot/1.0; +claudebot@anthropic.com)"
216.73.217.86 - - [14/Jun/2026:06:49:51 +0000] "GET /items/e90832495662/ HTTP/1.1" 404 115123 "-" "Mozilla/5.0 AppleWebKit/537.36 (KHTML, like Gecko; compatible; ClaudeBot/1.0; +claudebot@anthropic.com)"
216.73.217.86 - - [14/Jun/2026:06:49:52 +0000] "GET /items/e90848749936/ HTTP/1.1" 404 115114 "-" "Mozilla/5.0 AppleWebKit/537.36 (KHTML, like Gecko; compatible; ClaudeBot/1.0; +claudebot@anthropic.com)"
57.141.2.24 - - [14/Jun/2026:06:49:52 +0000] "GET /products/us-military-pants-unisex-xl-long-camo-multicam-cotton-blend/66606393/ HTTP/1.1" 404 115176 "-" "meta-externalagent/1.1 (+https://developers.facebook.com/docs/sharing/webmasters/crawler)"
216.73.217.86 - - [14/Jun/2026:06:49:52 +0000] "GET /items/i90809749640/ HTTP/1.1" 404 115114 "-" "Mozilla/5.0 AppleWebKit/537.36 (KHTML, like Gecko; compatible; ClaudeBot/1.0; +claudebot@anthropic.com)"
216.73.217.86 - - [14/Jun/2026:06:49:52 +0000] "GET /items/f90803845635/ HTTP/1.1" 404 115123 "-" "Mozilla/5.0 AppleWebKit/537.36 (KHTML, like Gecko; compatible; ClaudeBot/1.0; +claudebot@anthropic.com)"
51.195.183.26 - - [14/Jun/2026:06:49:52 +0000] "GET /items/j908450706505/ HTTP/1.1" 404 115176 "-" "Mozilla/5.0 (compatible; AhrefsBot/7.0; +http://ahrefs.com/robot/)"
198.244.240.231 - - [14/Jun/2026:06:49:53 +0000] "GET /items/h90809737887/ HTTP/1.1" 404 115176 "-" "Mozilla/5.0 (compatible; AhrefsBot/7.0; +http://ahrefs.com/robot/)"
216.73.217.86 - - [14/Jun/2026:06:49:54 +0000] "GET /items/e90842669654/ HTTP/1.1" 404 115123 "-" "Mozilla/5.0 AppleWebKit/537.36 (KHTML, like Gecko; compatible; ClaudeBot/1.0; +claudebot@anthropic.com)"
216.73.217.86 - - [14/Jun/2026:06:49:54 +0000] "GET /items/f90821827307/ HTTP/1.1" 404 115123 "-" "Mozilla/5.0 AppleWebKit/537.36 (KHTML, like Gecko; compatible; ClaudeBot/1.0; +claudebot@anthropic.com)"
82.36.118.184 - - [14/Jun/2026:06:49:54 +0000] "GET /items/s90824762226/ HTTP/1.1" 404 115176 "-" "Mozilla/5.0 (Windows NT 10.0; Win64; x64) AppleWebKit/537.36 (KHTML, like Gecko) Chrome/128.0.6613.137 Safari/537.36"
216.73.217.86 - - [14/Jun/2026:06:49:55 +0000] "GET /items/a90821594732/ HTTP/1.1" 404 115123 "-" "Mozilla/5.0 AppleWebKit/537.36 (KHTML, like Gecko; compatible; ClaudeBot/1.0; +claudebot@anthropic.com)"
216.73.217.86 - - [14/Jun/2026:06:49:55 +0000] "GET /items/f90842941927/ HTTP/1.1" 404 115123 "-" "Mozilla/5.0 AppleWebKit/537.36 (KHTML, like Gecko; compatible; ClaudeBot/1.0; +claudebot@anthropic.com)"
216.73.217.86 - - [14/Jun/2026:06:49:55 +0000] "GET /items/d90793315727/ HTTP/1.1" 404 115123 "-" "Mozilla/5.0 AppleWebKit/537.36 (KHTML, like Gecko; compatible; ClaudeBot/1.0; +claudebot@anthropic.com)"
216.73.217.86 - - [14/Jun/2026:06:49:55 +0000] "GET /items/j908093645089/ HTTP/1.1" 404 115114 "-" "Mozilla/5.0 AppleWebKit/537.36 (KHTML, like Gecko; compatible; ClaudeBot/1.0; +claudebot@anthropic.com)"
216.73.217.86 - - [14/Jun/2026:06:49:56 +0000] "GET /items/f90842643161/ HTTP/1.1" 404 115123 "-" "Mozilla/5.0 AppleWebKit/537.36 (KHTML, like Gecko; compatible; ClaudeBot/1.0; +claudebot@anthropic.com)"
216.73.217.86 - - [14/Jun/2026:06:49:56 +0000] "GET /items/f90838359781/ HTTP/1.1" 404 115108 "-" "Mozilla/5.0 AppleWebKit/537.36 (KHTML, like Gecko; compatible; ClaudeBot/1.0; +claudebot@anthropic.com)"
74.7.227.15 - - [14/Jun/2026:06:49:57 +0000] "GET /items/e908015796365/ HTTP/1.1" 404 115123 "https://www.mayaver.com" "Mozilla/5.0 AppleWebKit/537.36 (KHTML, like Gecko; compatible; GPTBot/1.4; +https://openai.com/gptbot)"
216.73.217.86 - - [14/Jun/2026:06:49:58 +0000] "GET /temple/%7B%7B%20link_url%20%7D%7D HTTP/1.1" 301 17756 "-" "Mozilla/5.0 AppleWebKit/537.36 (KHTML, like Gecko; compatible; ClaudeBot/1.0; +claudebot@anthropic.com)"
216.73.217.86 - - [14/Jun/2026:06:49:57 +0000] "GET /items/l908326282575/ HTTP/1.1" 404 115123 "-" "Mozilla/5.0 AppleWebKit/537.36 (KHTML, like Gecko; compatible; ClaudeBot/1.0; +claudebot@anthropic.com)"
216.73.217.86 - - [14/Jun/2026:06:49:58 +0000] "GET /items/v9079251463/ HTTP/1.1" 404 115123 "-" "Mozilla/5.0 AppleWebKit/537.36 (KHTML, like Gecko; compatible; ClaudeBot/1.0; +claudebot@anthropic.com)"
216.73.217.86 - - [14/Jun/2026:06:49:58 +0000] "GET /items/s908039749178/ HTTP/1.1" 404 115108 "-" "Mozilla/5.0 AppleWebKit/537.36 (KHTML, like Gecko; compatible; ClaudeBot/1.0; +claudebot@anthropic.com)"
216.73.217.86 - - [14/Jun/2026:06:49:58 +0000] "GET /items/q90845859710/ HTTP/1.1" 404 115114 "-" "Mozilla/5.0 AppleWebKit/537.36 (KHTML, like Gecko; compatible; ClaudeBot/1.0; +claudebot@anthropic.com)"
216.73.217.86 - - [14/Jun/2026:06:49:58 +0000] "GET /items/m908066748170/ HTTP/1.1" 404 115108 "-" "Mozilla/5.0 AppleWebKit/537.36 (KHTML, like Gecko; compatible; ClaudeBot/1.0; +claudebot@anthropic.com)"
51.195.183.3 - - [14/Jun/2026:06:49:58 +0000] "GET /items/e908240890824/ HTTP/1.1" 404 115176 "-" "Mozilla/5.0 (compatible; AhrefsBot/7.0; +http://ahrefs.com/robot/)"
216.73.217.86 - - [14/Jun/2026:06:49:59 +0000] "GET /temple/%7B%7B%20link_url HTTP/1.1" 404 115123 "https://mayaver.com/temple/%7B%7B%20link_url%20%7D%7D" "Mozilla/5.0 AppleWebKit/537.36 (KHTML, like Gecko; compatible; ClaudeBot/1.0; +claudebot@anthropic.com)"
216.73.217.86 - - [14/Jun/2026:06:49:59 +0000] "GET /items/q9080576172/ HTTP/1.1" 404 115123 "-" "Mozilla/5.0 AppleWebKit/537.36 (KHTML, like Gecko; compatible; ClaudeBot/1.0; +claudebot@anthropic.com)"
216.73.217.86 - - [14/Jun/2026:06:50:00 +0000] "GET /items/r90811400113/ HTTP/1.1" 404 115123 "-" "Mozilla/5.0 AppleWebKit/537.36 (KHTML, like Gecko; compatible; ClaudeBot/1.0; +claudebot@anthropic.com)"
216.73.217.86 - - [14/Jun/2026:06:50:00 +0000] "GET /items/d90835229925/ HTTP/1.1" 404 115123 "-" "Mozilla/5.0 AppleWebKit/537.36 (KHTML, like Gecko; compatible; ClaudeBot/1.0; +claudebot@anthropic.com)"
216.73.217.86 - - [14/Jun/2026:06:50:00 +0000] "GET /items/f90832449357/ HTTP/1.1" 404 115123 "-" "Mozilla/5.0 AppleWebKit/537.36 (KHTML, like Gecko; compatible; ClaudeBot/1.0; +claudebot@anthropic.com)"
216.73.217.86 - - [14/Jun/2026:06:50:00 +0000] "GET /items/e908036560784/ HTTP/1.1" 404 115123 "-" "Mozilla/5.0 AppleWebKit/537.36 (KHTML, like Gecko; compatible; ClaudeBot/1.0; +claudebot@anthropic.com)"
216.73.217.86 - - [14/Jun/2026:06:50:01 +0000] "GET /items/m90803569600/ HTTP/1.1" 404 115114 "-" "Mozilla/5.0 AppleWebKit/537.36 (KHTML, like Gecko; compatible; ClaudeBot/1.0; +claudebot@anthropic.com)"
51.195.215.1 - - [14/Jun/2026:06:50:01 +0000] "GET /items/d90799108033/ HTTP/1.1" 404 115161 "-" "Mozilla/5.0 (compatible; AhrefsBot/7.0; +http://ahrefs.com/robot/)"
216.73.217.86 - - [14/Jun/2026:06:50:02 +0000] "GET /items/d90845945497/ HTTP/1.1" 404 115123 "-" "Mozilla/5.0 AppleWebKit/537.36 (KHTML, like Gecko; compatible; ClaudeBot/1.0; +claudebot@anthropic.com)"
216.73.217.86 - - [14/Jun/2026:06:50:02 +0000] "GET /items/a90809785642/ HTTP/1.1" 404 115108 "-" "Mozilla/5.0 AppleWebKit/537.36 (KHTML, like Gecko; compatible; ClaudeBot/1.0; +claudebot@anthropic.com)"
216.73.217.86 - - [14/Jun/2026:06:50:02 +0000] "GET /items/z90832013019/ HTTP/1.1" 404 115114 "-" "Mozilla/5.0 AppleWebKit/537.36 (KHTML, like Gecko; compatible; ClaudeBot/1.0; +claudebot@anthropic.com)"
216.73.217.86 - - [14/Jun/2026:06:50:03 +0000] "GET /items/c90806562528/ HTTP/1.1" 404 115123 "-" "Mozilla/5.0 AppleWebKit/537.36 (KHTML, like Gecko; compatible; ClaudeBot/1.0; +claudebot@anthropic.com)"
216.73.217.86 - - [14/Jun/2026:06:50:03 +0000] "GET /items/z908090935567/ HTTP/1.1" 404 115123 "-" "Mozilla/5.0 AppleWebKit/537.36 (KHTML, like Gecko; compatible; ClaudeBot/1.0; +claudebot@anthropic.com)"
216.73.217.86 - - [14/Jun/2026:06:50:03 +0000] "GET /items/e90806628960/ HTTP/1.1" 404 115123 "-" "Mozilla/5.0 AppleWebKit/537.36 (KHTML, like Gecko; compatible; ClaudeBot/1.0; +claudebot@anthropic.com)"
216.73.217.86 - - [14/Jun/2026:06:50:04 +0000] "GET /items/c908170233408/ HTTP/1.1" 404 115123 "-" "Mozilla/5.0 AppleWebKit/537.36 (KHTML, like Gecko; compatible; ClaudeBot/1.0; +claudebot@anthropic.com)"
198.244.183.60 - - [14/Jun/2026:06:50:04 +0000] "GET /items/w90845840788/ HTTP/1.1" 404 115176 "-" "Mozilla/5.0 (compatible; AhrefsBot/7.0; +http://ahrefs.com/robot/)"
216.73.217.86 - - [14/Jun/2026:06:50:04 +0000] "GET /items/y908246720902/ HTTP/1.1" 404 115114 "-" "Mozilla/5.0 AppleWebKit/537.36 (KHTML, like Gecko; compatible; ClaudeBot/1.0; +claudebot@anthropic.com)"
216.73.217.86 - - [14/Jun/2026:06:50:05 +0000] "GET /items/p908093801017/ HTTP/1.1" 404 115123 "-" "Mozilla/5.0 AppleWebKit/537.36 (KHTML, like Gecko; compatible; ClaudeBot/1.0; +claudebot@anthropic.com)"
216.73.217.86 - - [14/Jun/2026:06:50:05 +0000] "GET /items/b908288508339/ HTTP/1.1" 404 115114 "-" "Mozilla/5.0 AppleWebKit/537.36 (KHTML, like Gecko; compatible; ClaudeBot/1.0; +claudebot@anthropic.com)"
216.73.217.86 - - [14/Jun/2026:06:50:05 +0000] "GET /items/k90811095620/ HTTP/1.1" 404 115123 "-" "Mozilla/5.0 AppleWebKit/537.36 (KHTML, like Gecko; compatible; ClaudeBot/1.0; +claudebot@anthropic.com)"
216.73.217.86 - - [14/Jun/2026:06:50:06 +0000] "GET /items/s9080790700/ HTTP/1.1" 404 115123 "-" "Mozilla/5.0 AppleWebKit/537.36 (KHTML, like Gecko; compatible; ClaudeBot/1.0; +claudebot@anthropic.com)"
139.84.174.118 - - [14/Jun/2026:06:50:10 +0000] "POST /wp-cron.php?doing_wp_cron=1781419810.4551460742950439453125 HTTP/1.1" 403 4358 "-" "WordPress/6.5.8; https://mayaver.com"
216.73.217.86 - - [14/Jun/2026:06:50:06 +0000] "GET /items/f90845641897/ HTTP/1.1" 404 115108 "-" "Mozilla/5.0 AppleWebKit/537.36 (KHTML, like Gecko; compatible; ClaudeBot/1.0; +claudebot@anthropic.com)"
216.73.217.86 - - [14/Jun/2026:06:50:07 +0000] "GET /items/l90835249121/ HTTP/1.1" 404 115114 "-" "Mozilla/5.0 AppleWebKit/537.36 (KHTML, like Gecko; compatible; ClaudeBot/1.0; +claudebot@anthropic.com)"
139.84.174.118 - - [14/Jun/2026:06:50:10 +0000] "POST /wp-cron.php?doing_wp_cron=1781419810.6341700553894042968750 HTTP/1.1" 403 4358 "-" "WordPress/6.5.8; https://mayaver.com"
